--
-- Host: localhost    Database: keragen_final
-- ------------------------------------------------------


--
-- Table structure for table `admin_system_messages`
--

CREATE TABLE `admin_system_messages` (
  `identity` varchar(100) NOT NULL COMMENT 'Message id',
  `severity` smallint(5) unsigned NOT NULL DEFAULT '0' COMMENT 'Problem type',
  `created_at` timestamp NOT NULL DEFAULT CURRENT_TIMESTAMP COMMENT 'Create date',
  PRIMARY KEY (`identity`)
) ENGINE=InnoDB DEFAULT CHARSET=utf8 COMMENT='Admin System Messages';

--
-- Dumping data for table `admin_system_messages`
--


--
-- Table structure for table `adminnotification_inbox`
--

CREATE TABLE `adminnotification_inbox` (
  `notification_id` int(10) unsigned NOT NULL AUTO_INCREMENT COMMENT 'Notification id',
  `severity` smallint(5) unsigned NOT NULL DEFAULT '0' COMMENT 'Problem type',
  `date_added` timestamp NOT NULL DEFAULT CURRENT_TIMESTAMP COMMENT 'Create date',
  `title` varchar(255) NOT NULL COMMENT 'Title',
  `description` text COMMENT 'Description',
  `url` varchar(255) DEFAULT NULL COMMENT 'Url',
  `is_read` smallint(5) unsigned NOT NULL DEFAULT '0' COMMENT 'Flag if notification read',
  `is_remove` smallint(5) unsigned NOT NULL DEFAULT '0' COMMENT 'Flag if notification might be removed',
  PRIMARY KEY (`notification_id`),
  KEY `ADMINNOTIFICATION_INBOX_SEVERITY` (`severity`),
  KEY `ADMINNOTIFICATION_INBOX_IS_READ` (`is_read`),
  KEY `ADMINNOTIFICATION_INBOX_IS_REMOVE` (`is_remove`)
) ENGINE=InnoDB AUTO_INCREMENT=80 DEFAULT CHARSET=utf8 COMMENT='Adminnotification Inbox';

--
-- Dumping data for table `adminnotification_inbox`
--

INSERT INTO `adminnotification_inbox` VALUES (1,1,'2017-01-14 14:33:07','New Zend Framework Security Vulnerability – 1/13/2017','We’ve found a new vulnerability in a Zend Framework 1 and 2 email component used by all Magento 1 and Magento 2 software (as well as other PHP solutions). This vulnerability is serious and can lead to a remote code execution attack if your servers use Sendmail as a mail transport agent. Learn how to protect your sites at https://magento.com/security/news/new-zend-framework-1-security-vulnerability\n\n','https://magento.com/security/news/new-zend-framework-1-security-vulnerability',0,0),(2,4,'2017-01-20 04:59:15','New Magento DevBox Beta Speeds Magento 2 Setup – 1/19/2017','Magento DevBox Beta makes it faster and easier than ever to setup your Magento 2 development environment. Read our blog post to find out more at: https://magento.com/blog/technical/set-your-magento-2-development-environment-faster.','https://magento.com/blog/technical/set-your-magento-2-development-environment-faster',0,0),(3,1,'2017-02-08 02:02:30','Community Editions 2.1.4 and 2.0.12 Resolve Zend Framework Security Issue & Enhance Product Quality – 2/7/2017','Community Editions 2.1.4 and 2.0.12 address the recent Zend Framework 1 security vulnerability and improve catalog, payments, and sales modules. Review the release notes for more information:  http://devdocs.magento.com/guides/v2.1/release-notes/bk-release-notes.html','http://devdocs.magento.com/guides/v2.1/release-notes/bk-release-notes.html',0,0),(4,3,'2017-02-09 14:22:00','Enjoy Sweet Valentine at Mageplaza','&quot;Sweet Valentine 2017! Get 25% off with coupon VALENTINE17 at https://www.mageplaza.com&quot;','https://www.mageplaza.com/?utm_source=notification&utm_medium=rss&utm_campaign=Valentine2017',0,0),(5,4,'2017-02-18 03:09:01','Inspirational athlete, Serena Williams, will join Magento at Imagine 2017.','Imagine 2017 will bring together 3000+ international commerce experts to exchange ideas on the future of commerce. Don’t miss this opportunity to hear from inspirational athlete, Serena Williams, and Stella & Dot CEO, Jessica Herrin. Join us in Las Vegas, April 3-5. Register now at https://imagine.magento.com/\n','https://imagine.magento.com/',0,0),(6,4,'2017-02-21 23:06:57','Community Editions 2.1.5 and 2.0.13 Update Magento Copyright – 2/21/2017','Community Editions 2.1.5 and 2.0.13 contain 2017 copyright updates. That’s it. Nothing else. Isolating these changes in a single release is intended to simplify future updates and developer workflow. For more information, please review the release notes:   http://devdocs.magento.com/guides/v2.1/release-notes/bk-release-notes.html.','http://devdocs.magento.com/guides/v2.1/release-notes/bk-release-notes.html',0,0),(7,3,'2017-03-03 14:22:00','HAPPY INTERNATIONAL WOMEN\'s DAY','&quot;Happy International Women\'s Day! Offer discount 30% for each Magento 2 extension at https://www.mageplaza.com&quot;','https://www.mageplaza.com/?utm_source=notification&utm_medium=rss&utm_campaign=WOMEN',0,0),(8,3,'2017-03-03 14:22:00','HAPPY INTERNATIONAL WOMEN\'s DAY','&quot;Happy International Women\'s Day! Offer discount 30% for each Magento 2 extension at https://www.mageplaza.com&quot;','https://www.mageplaza.com/?utm_source=notification&utm_medium=rss&utm_campaign=WOMEN30',0,0),(9,4,'2017-04-11 16:46:39','Community Edition 2.1.6 Accelerates Performance – 4/11/2017','Community Edition 2.1.6 includes several exciting performance enhancements and optimizations to category pages, layered navigation, and image resizing. Review the release notes for more information: http://devdocs.magento.com/guides/v2.1/release-notes/bk-release-notes.html','http://devdocs.magento.com/guides/v2.1/release-notes/bk-release-notes.html',0,0),(10,3,'2017-04-25 08:22:00','Shop By Brand 2.1.0 for Magento 2 released','&quot;Compatible with Layered Naivgation, brand friendly URL and import CSV file. Learn more https://www.mageplaza.com&quot;\n','https://www.mageplaza.com/magento-2-shop-by-brand/?utm_source=notification&utm_medium=rss&utm_campaign=RELEASED',0,0),(11,3,'2017-04-13 08:22:00','Eggs Hunter','&quot;Hunt Fantastic Easter Eggs with 15% Coupon when Entering EASTER2017 at https://www.mageplaza.com&quot;\n','https://www.mageplaza.com/?utm_source=notification&utm_medium=rss&utm_campaign=EASTER',0,0),(12,3,'2017-04-12 08:22:00','Social Login Updates','&quot;Fixed Facebook, Google login. Update Hybridauth  lib and more. Learn more at https://goo.gl/kw0aoP&quot;\n','https://www.mageplaza.com/magento-2-social-login-extension/?utm_source=notification&utm_medium=rss&utm_campaign=social-login-updates',0,0),(13,1,'2018-02-27 19:45:24','Magento Open Source 2.2.3, 2.1.12, and 2.0.18 Enhance Security and Functionality – 2/27/2018','Magento Open Source 2.2.3, 2.1.12, and 2.0.18 include critical security enhancements and feature updates, including support for recent USPS API changes. Review the release notes for more information: http://devdocs.magento.com/guides/v2.2/release-notes/ReleaseNotes2.2.3CE.html, http://devdocs.magento.com/guides/v2.1/release-notes/ReleaseNotes2.1.12CE.html, http://devdocs.magento.com/guides/v2.0/release-notes/ReleaseNotes2.0.18CE.html  \n','http://devdocs.magento.com/guides/v2.2/release-notes/ReleaseNotes2.2.3CE.html',0,0),(14,1,'2018-04-09 05:04:15','Take Steps to Protect Your Site ','Our goal is to help you deliver the highest level of security to your Magento site. \n\nYou now have access to a security scan tool that enables you to regularly monitor your sites and receive updates regarding known security risks, malware, and unauthorized access. It provides over 30 security tests to identify potential vulnerabilities, such as missing Magento patches, configuration issues, and failure to follow security best practices. Please be sure to set your site up for security scanning – activation is quick and easy. Access today in your Magento account.\n\nYou should also visit our Security Center which provides alerts around potential issues as well as best practices to help you protect your site against issues, such as brute force attacks. Brute-force password guessing attacks continue to target Magento Open Source (formerly Community Edition) sites worldwide and we have published an  article that explains multiple actions you can take to protect your site from such attacks. In some cases, these attacks have resulted in unauthorized administrative access, so it is important to implement these recommendations.\n\nTo visit the Magento Security Center:\nwww.magento.com/security\n\nTo view steps you can take to protect against issues like brute force, go to:\nwww.magento.com/security/best-practices/5-immediate-actions-protect-against-brute-force-attacks','https://magento.com/security/best-practices/5-immediate-actions-protect-against-brute-force-attacks',0,0),(15,4,'2018-04-18 16:49:05','We want your opinion! Take our Digital Ad Tools survey.','We\'d like to invite you to take our online survey on digital advertising tools. Your input is valuable to us and will help to inform future products.\n\nThe survey should take no more than 5 minutes to complete. \n\nTo get started, go to: \n\nhttps://www.surveymonkey.com/r/9QQLV67\n\nThank you in advance for your participation.','https://www.surveymonkey.com/r/9QQLV67',0,0),(16,4,'2018-03-23 08:00:00','Protect & Secure your online stores.','Mageplaza released Security module designed to keep the bad guys out. It resolves common security issues. Download it for FREE!','https://www.mageplaza.com/magento-2-security/?utm_source=notification&utm_medium=rss&utm_campaign=security-m2',0,0),(17,4,'2018-03-02 08:00:00','Reward Points is now available for pre-order','Reward Points is now available for pre-order from March 02 to March 08. Let\'s double the effectiveness of your customer engagement with Mageplaza\'s special preorder package. Go explore now and make a big saving of $229!','https://www.mageplaza.com/magento-2-reward-points-extension/?utm_source=notification&utm_medium=rss&utm_campaign=preorder-reward-points',0,0),(18,3,'2018-01-08 08:00:00','PDF Invoice is now available for pre-order','The pre-order for PDF Invoice is available now until Jan 10th with LIMITED SPECIAL OFFERS. Go explore now!','https://www.mageplaza.com/magento-2-pdf-invoice-extension/?utm_source=notification&utm_medium=rss&utm_campaign=pre-order-pdf',0,0),(19,3,'2017-12-20 00:00:00','SMTP v1.1.0 released','Support multistores, AWS SES, Improve Email Log features and performance.','https://www.mageplaza.com/magento-2-smtp/?utm_source=notification&utm_medium=rss&utm_campaign=halloween',0,0),(20,3,'2017-10-23 08:00:00','Creepy Party: up to 100% Off','Mageplaza Creepy Party up to 100% off all extensions ... Explore now','https://services.mageplaza.com/halloween2017/?utm_source=notification&utm_medium=rss&utm_campaign=halloween',0,0),(21,3,'2017-10-12 08:00:00','Gift Card Statistics You may not know','Global digital gift card sales is projected to hit USD $698 Bilion in ... Explore now','https://www.mageplaza.com/blog/gift-card-statistics.html?utm_source=notification&utm_medium=rss&utm_campaign=blog',0,0),(22,3,'2017-09-28 08:00:00','September Flash Sales - 29% OFF','We’re proud to be one of the most dedicated Vietnamese pioneers in Magento extensions. All stuff is 29% off TODAY only. Hurry up!','https://www.mageplaza.com/promo/september-flash-sales-2017/?utm_source=notification&utm_medium=rss&utm_campaign=september-flash-sales-2017',0,0),(23,3,'2017-08-28 08:00:00','Abandoned Cart Email released','Say goodbye Abandoned Cart','https://www.mageplaza.com/magento-2-abandoned-cart-email/?utm_source=notification&utm_medium=rss&utm_campaign=released',0,0),(24,3,'2017-08-29 08:00:00','Happy Vietnam Independence Day! 29% OFF','We’re proud to be one of the most dedicated Vietnamese pioneers in Magento extensions. We’re striving to grow bigger and thrive along with your business. To observe Vietnam national day Sep 2nd, we’re honored to offer you a big sale on all our extensions. All stuff is 29% off in 5 days only. Hurry up!','https://www.mageplaza.com/promo/vietnam-independence-day-2017/?utm_source=notification&utm_medium=rss&utm_campaign=vietnam-independence-day',0,0),(25,3,'2017-08-10 08:00:00','Who Bought This Also Bought Released, 30% OFF','&quot;Mageplaza Who Bought This Also Bought - SALE 30%, valid before 15th August&quot;\n','https://www.mageplaza.com/magento-2-who-bought-this-also-bought/?utm_source=notification&utm_medium=rss&utm_campaign=RELEASED',0,0),(26,3,'2017-08-01 08:00:00','SMTP for Magento 2 released. Configure Email Settings never easier.','&quot;Supports 20+ SMTP service providers, Test Email and email logs.&quot;\n','https://www.mageplaza.com/magento-2-smtp/?utm_source=notification&utm_medium=rss&utm_campaign=RELEASED',0,0),(27,3,'2017-07-01 08:00:00','Happy US Independence Day - Save 25%: AMERICAN25','&quot;Happy US Independence Day - Save 25%: AMERICAN25 (Before 4th July)&quot;\n','https://www.mageplaza.com/?utm_source=notification&utm_medium=rss&utm_campaign=us-independence-day',0,0),(28,3,'2017-06-29 08:00:00','Flash Sales - 20% Off: OSC, Layered Navigation, SEO','&quot;Flash Sales coupon: FS20&quot;\n','https://www.mageplaza.com/?utm_source=notification&utm_medium=rss&utm_campaign=RELEASED',0,0),(29,3,'2017-06-29 08:00:00','One Step Checkout: new features released','&quot;Billing address before shipping address feature released, and more.&quot;\n','https://www.mageplaza.com/magento-2-one-step-checkout-extension/?utm_source=notification&utm_medium=rss&utm_campaign=RELEASED',0,0),(30,3,'2017-05-23 08:22:00','SEO Ultimate pack released','&quot;Full features of SEO extension for Magento 2. 20% Off coupon: SEO20&quot;\n','https://www.mageplaza.com/magento-2-seo-extension/?utm_source=notification&utm_medium=rss&utm_campaign=RELEASED',0,0),(31,3,'2017-04-28 08:22:00','Blog v2.3.0 for Magento 2 released','&quot;Improve Sitemap, router and added cloud tags, Comment, Instant search ... Learn more https://www.mageplaza.com&quot;\n','https://www.mageplaza.com/magento-2-blog-extension/?utm_source=notification&utm_medium=rss&utm_campaign=RELEASED',0,0),(32,4,'2018-05-02 21:07:10','Magento Open Source 2.2.4 Enables Better Shopping Experiences with Integrated Payment, Tax, and Shipping Solutions – 5/2/2018','The latest release of Magento Open Source empowers merchants to create better shopping experiences with performance enhancements and integrations with Amazon Pay, Klarna, and Vertex. Learn how these features can help you reduce cart abandonment and increase average order value, while simplifying your operations at https://magento.com/blog/magento-news/create-better-shopping-experiences-magento-commerce','https://magento.com/blog/magento-news/create-better-shopping-experiences-magento-commerce',0,0),(33,1,'2018-06-27 18:45:34','Magento Open Source 2.2.5 delivers important security updates along with performance and functionality enhancements – 6/27/2018','The latest release of Magento Open Source includes important security enhancements along with performance and functionality improvements. With these important updates we strongly recommend that you upgrade to ensure your sites maintain the highest level of security. You can review the release notes for more information about all of the enhancements. For more information about security updates included in these versions of Magento please see our Security Center: https://magento.com/security/patches/magento-2.2.5-and-2.1.14-security-update','https://devdocs.magento.com/guides/v2.2/release-notes/bk-release-notes.html',0,0),(34,4,'2018-07-17 00:00:20','Survey: Help us improve the Admin Panel usability by taking this 5 minute survey.','We\'d like to invite you to take our online survey on Admin Panel Usability. Your input is valuable to us and will help to inform the user experience direction. The survey should take no more than 5 minutes to complete.\n \nTo get started, go to:\nhttps://www.surveymonkey.com/r/SUS-AdHoc-M2','https://www.surveymonkey.com/r/SUS-AdHoc-M2',0,0),(35,1,'2018-09-18 23:21:46','Magento Open Source 2.2.6 delivers important security updates along with performance and functionality enhancements – 9/18/2018','The latest release of Magento Open Source includes important security enhancements along with performance and functionality improvements. With these important updates we strongly recommend that you upgrade to ensure your sites maintain the highest level of security. You can review the release notes for more information about all of the enhancements. For more information about security updates included in these versions of Magento please see our Security Center: https://magento.com/security/patches/magento-2.2.6-and-2.1.15-security-update','https://devdocs.magento.com/guides/v2.2/release-notes/bk-release-notes.html',0,0),(36,3,'2018-07-26 08:00:00','Size Chart v1.0.1 released','Unlimited size charts built based on flexible catalog rules, 6 premade standard size chart. See more.','https://www.mageplaza.com/magento-2-size-chart/?utm_source=notification&utm_medium=rss&utm_campaign=released',0,0),(37,3,'2018-07-20 08:00:00','Blog v2.7.0 released','Feature: Import data from Wordpress, Aheadworks Blog M1, Magefan Blog M2. Bugfixing and performance improvements. See more.','https://www.mageplaza.com/magento-2-blog-extension/?utm_source=notification&utm_medium=rss&utm_campaign=released',0,0),(38,4,'2018-07-10 08:00:00','Mageplaza Is Now A Select Magento Extension Builder ','It’s our honor to announce that Mageplaza has successfully formed a partnership with Magento as a Select Magento extension builder.','https://www.mageplaza.com/blog/mageplaza-select-magento-extension-builder.html?utm_source=notification&utm_medium=rss&utm_campaign=select-partner',0,0),(39,4,'2018-05-24 08:00:00','Preparing for the GDPR: Easy step to implement','Every organisation that processes personal data must be compliant with new GDPR rules on 25 May 2018 and this includes charities and voluntary ...','https://www.mageplaza.com/magento-2-gdpr-extension/?utm_source=notification&utm_medium=rss&utm_campaign=gdpr-m2',0,0),(40,4,'2018-11-27 20:30:21','Benefit from the Magento Ad Channels Early Access Program','Magento Ad Channels will simplify the set up and administration of Google Merchant Center and Google Ads, while also helping maximize Google Ads ROI to help you accelerate your business growth.\n \nAs an Early Access Program participant, you will gain:\n \n• Exclusive pre-release access to Magento Ad Channels\n• Feedback opportunities to impact features and capabilities\n \nIf you’re a Magento Open Source 2.2.2 or later user, please send an email to sales_channels@magento.com to participate.','https://magento.com/google-smart-shopping-campaigns-in-magento',0,0),(41,1,'2018-11-28 21:03:20','Magento Open Source 2.3.0 delivers Powerful New Merchant and Developer Experience Enhancements – 11/28/2018','The latest release of Magento Commerce includes powerful new tools that enhance both merchant and developer experiences like multi-source inventory management to improve operations and PWA Studio to help create engaging mobile shopping experiences. Magento 2.3 also delivers important security enhancements and performance improvements. With these important updates we strongly recommend that you upgrade to ensure your sites maintain the highest level of security. You can review the release notes for more information about all of the enhancements.','https://devdocs.magento.com/guides/v2.3/release-notes/bk-release-notes.html',0,0),(42,3,'2018-09-29 08:00:00','September 2018: Mageplaza Extensions Releases','In September 2018, we released 4 brand new extension(s), and update 9 extension(s). Please read the following information to learn what we’ve worked on this month.','https://www.mageplaza.com/blog/releases-2018-09/?utm_source=notification&utm_medium=rss&utm_campaign=released',0,0),(43,3,'2018-10-29 08:00:00','October 2018: Mageplaza Extensions Releases','In October 2018, we released 3 brand new extension(s), and update 10 extension(s). Please read the following information to learn what we’ve worked on this month.','https://www.mageplaza.com/blog/releases-2018-10/?utm_source=notification&utm_medium=rss&utm_campaign=released',0,0),(44,4,'2018-10-30 00:00:00','Creepy Halloween Sales up to 100% off','This party is not for the faint-hearted. Are you brave enough to join us? If you stay, the good news is you have a chance to get from at least 10% to 100% discount on Mageplaza store.','https://www.mageplaza.com/halloween-2018/?utm_source=notification&utm_medium=rss&utm_campaign=halloween',0,0),(45,4,'2018-11-22 00:00:00','Holiday Shopping Season Ultimate Guidelines 2018','The Ultimate Guides for Holiday Shopping Season','https://www.mageplaza.com/blog/holiday-shopping-season/home.html?utm_source=notification&utm_medium=rss&utm_campaign=BFCM',0,0),(46,4,'2018-11-23 00:00:00','BFCM is here, 40% OFF','The biggest sales of the year. 40% off on everything Nov 23-26 EST Time.','https://www.mageplaza.com/magento-2-extensions/?utm_source=notification&utm_medium=rss&utm_campaign=BFCM',0,0),(47,4,'2018-11-30 00:00:00','November Updates & Releases for your Mageplaza Extensions','In November 2018, we released 2 brand new extensions, and update 3 extensions. Please read the following information to learn what we’ve worked on this month.','https://www.mageplaza.com/blog/releases-2018-11/?utm_source=notification&utm_medium=rss&utm_campaign=released',0,0),(48,4,'2018-12-12 00:00:00','December Updates & Releases for your Mageplaza Extensions','In December 2018, we released 5 brand new extensions, and update 4 extensions. Please read the following information to learn what we’ve worked on this month.','https://www.mageplaza.com/blog/releases-2018-12/?utm_source=notification&utm_medium=rss&utm_campaign=released',0,0),(49,4,'2018-12-21 00:00:00','Xmas sale 2018 - 30% off on all extensions','A big chance to buy Mageplaza extensions with 30% off which you will definitely use in 2019. Be quick and save money NOW!','https://www.mageplaza.com/magento-2-extensions/?utm_source=notification&utm_medium=rss&utm_campaign=XMAS',0,0),(50,3,'2017-04-28 08:22:00','Blog v2.3.0 for Magento 2 released','&quot;Improve Sitemap, router and added cloud tags, Comment, Instant search ... Learn more https://www.mageplaza.com&quot;\n','https://www.mageplaza.com/magento-2-better-blog/?utm_source=notification&utm_medium=rss&utm_campaign=RELEASED',0,0),(51,3,'2018-07-20 08:00:00','Blog v2.7.0 released','Feature: Import data from Wordpress, Aheadworks Blog M1, Magefan Blog M2. Bugfixing and performance improvements. See more.','https://www.mageplaza.com/magento-2-better-blog/?utm_source=notification&utm_medium=rss&utm_campaign=released',0,0),(52,4,'2019-01-31 00:00:00','January Updates & Releases for your Mageplaza Extensions','In January 2019, we released 20 brand new extensions, and update 17 extensions. Please read the following information to learn what we’ve worked on this month.','https://www.mageplaza.com/blog/releases-2019-01/?utm_source=notification&utm_medium=rss&utm_campaign=released',0,0),(53,4,'2019-02-01 00:00:00','A Big Change in Mageplaza Refund Policy from Feb 01 2019','From Feb 01, 2019, Mageplaza officially applies a new refund policy which allows customers to ask for a full refund within 60 days instead of 30 days. Please read the details to learn more','https://www.mageplaza.com//blog/double-extend-to-60-day-money-back-guarantee.html/?utm_source=notification&utm_medium=rss&utm_campaign=refundpolicy',0,0),(54,4,'2019-02-04 00:00:00','Lunar New Year Sale 2019','Don\'t miss a chance to get Mageplaza extensions with 25% off from Feb 04 to Feb 06 (EST timezone). Be quick friends!','https://www.mageplaza.com/magento-2-extensions/?utm_source=notification&utm_medium=rss&utm_campaign=Tetsale2019',0,0),(55,4,'2019-02-14 00:00:00','Couples\' Day Sale 2019','Use code COUPLE25 when you buy 2 extensions to get 25% off. From Feb 14 to 16 (EST timezone). Our message: Great things come in pairs','https://www.mageplaza.com/deals/?utm_source=notification&utm_medium=rss&utm_campaign=valentine2019',0,0),(56,4,'2019-02-14 00:00:00','Reward Points Ultimate Released 2 Hot Features','Reward Points extension now supports API and importation function. Check it out','https://www.mageplaza.com/magento-2-reward-points-extension/?utm_source=notification&utm_medium=rss&utm_campaign=released',0,0),(57,4,'2019-03-04 00:00:00','February Updates & Releases for your Mageplaza Extensions','In February 2019, we released 4 brand new extensions, and update 7 extensions. Please read the following information to learn what we’ve worked on this month.','https://www.mageplaza.com/blog/releases-2019-02/?utm_source=notification&utm_medium=rss&utm_campaign=released',0,0),(58,4,'2019-03-17 00:00:00','St Patrick\'s Day Sale - 20% off','Happy St. Patrick\'s Day! You have 25% discount on every extension on Mageplaza. Don\'t forget to use it before the sale ends. Explore now!!!','https://www.mageplaza.com/magento-2-extensions/?utm_source=notification&utm_medium=rss&utm_campaign=stpatrick',0,0),(59,4,'2019-03-23 00:00:00','Hot release of the week','Mageplaza Mass Order Action for Magento has been released on our store this week. It cuts down a huge amount of time for admins. Yass!! Give it a try and have more time to enjoy your coffee at work!!!','https://www.mageplaza.com/magento-2-mass-order-actions/?utm_source=notification&utm_medium=rss&utm_campaign=release',0,0),(60,4,'2019-04-04 00:00:00','March releases & updates for your Mageplaza extensions','Last month, Mageplaza released 5 brand new extensions and update 1 extension. Check it out and find out your favorite one!','https://www.mageplaza.com/blog/releases-2019-03/?utm_source=notification&utm_medium=rss&utm_campaign=release',0,0),(61,4,'2019-04-04 00:00:00','June releases & updates for your Mageplaza extensions','Last month, Mageplaza released 1 brand new extension and 18 updates. Check it out!','https://www.mageplaza.com/blog/releases-2019-06/?utm_source=notification&utm_medium=rss&utm_campaign=release',0,0),(62,4,'2019-09-02 00:00:00','Big sale on Vietnam Independence Day','20% off on all extensions from Sep 02 - 04. Grab your deals now! Happy Independence Day xxx','https://www.mageplaza.com/magento-2-extensions/?utm_source=notification&utm_medium=rss&utm_campaign=sale',0,0),(63,4,'2019-09-30 00:00:00','Flash sale - TODAY only','15% off on all extensions TODAY ONLY (Sep 30). Find your extensions now','https://www.mageplaza.com/magento-2-extensions/?utm_source=notification&utm_medium=rss&utm_campaign=sale',0,0),(64,4,'2019-09-30 00:00:00','BLACK FRIDAY CYBER WEEK SUPER SALES','Up to 30% off on ALL extensions PLUS up to 15% off when buying from 2 modules. Check it out NOW.','https://www.mageplaza.com/magento-2-extensions/?utm_source=notification&utm_medium=rss&utm_campaign=sale',0,0),(65,4,'2019-12-11 00:00:00','Last chance 2019','30% ALL extensions on everything. Check it out NOW.','https://www.mageplaza.com/magento-2-extensions/?utm_source=notification&utm_medium=rss&utm_campaign=sale-12',0,0),(66,4,'2019-12-11 00:00:00','Holiday Announcement & Christmas sale','Some important notes about holiday supports and Christmas sales in 3 days. Read more here','https://www.mageplaza.com/blog/holiday-announcement.html/?utm_source=notification&utm_medium=rss&utm_campaign=sale-12',0,0),(67,4,'2020-01-07 00:00:00','8 New deals have been up. All hot extensions. Up to 33% off','8 high-demand Mageplaza extensions are on sales, up to 33% off. You don\'t want to miss them! Check it out NOW','https://www.mageplaza.com/deals/',0,0),(68,4,'2020-01-14 00:00:00','Releases & updates in 2019 December on Mageplaza','15 hot releases and 33 important updates last month. Read more here','https://www.mageplaza.com/blog/releases-2019-12/?utm_source=notification&utm_medium=rss&utm_campaign=sale-12',0,0),(69,4,'2020-03-16 00:00:00','St. Patrick\'s Day Sale Announcement','20% discount on every extension is on NOW. Ends on March 18th, don\'t miss out','https://www.mageplaza.com/deals/?utm_source=notification&utm_medium=rss&utm_campaign=sale-12',0,0),(70,4,'2020-03-25 00:00:00','COVID-19 Mageplaza Support Campaign','25% discount on all extensions for young business during the coronavirus pandemic. Check it out','https://www.mageplaza.com/blog/covid-mageplaza-support-young-ebusiness-during-pandemic.html?utm_source=notification&utm_medium=rss&utm_campaign=sale-12',0,0),(71,4,'2020-05-26 00:00:00','6 days left: COVID-19 Mageplaza Support Campaign','Mageplaza Covid-19 Support Program ends on May 31, if you have not signed up, do it NOW. 25% discount on all extensions for young business during the coronavirus pandemic','https://www.mageplaza.com/blog/covid-mageplaza-support-young-ebusiness-during-pandemic.html?utm_source=notification&utm_medium=rss&utm_campaign=sale-12',0,0),(72,4,'2020-06-10 00:00:00','8 New deals have been up. All hot extensions','8 high-demand Mageplaza extensions are on sales, up to 25% off. You don\'t want to miss them! Check it out NOW','https://www.mageplaza.com/deals/',0,0),(73,4,'2020-07-24 00:00:00','Flash Sales - Happy Friday - Only TODAY','15% discount on every extension is on TODAY ONLY. Check it out. Don\'t miss out','https://www.mageplaza.com/deals/?utm_source=notification&utm_medium=rss&utm_campaign=sale-12',0,0),(74,4,'2020-09-28 00:00:00','BUY MORE - SAVE MORE - PAY LESS','10% to 25% discount on every extension depending on how much you buy. Check it out. Don\'t miss out','https://www.mageplaza.com/deals/?utm_source=notification&utm_medium=rss&utm_campaign=sale-12',0,0),(75,4,'2020-10-19 00:00:00','FREE INSTALLATION - STARTS TODAY','Free installation services for all orders from 3+ extensions. Check it out. Don\'t miss out','https://www.mageplaza.com/deals/?utm_source=notification&utm_medium=rss&utm_campaign=sale-12',0,0),(76,4,'2020-10-29 00:00:00','Happy Halloween - Spooky Discounts','20% off on ALL extensions. Reveal the spooky code NOW! No trick---','https://www.mageplaza.com/deals/?utm_source=notification&utm_medium=rss&utm_campaign=sale-12',0,0),(77,4,'2020-11-26 00:00:00','BFCM MEGA SALES 2020 - UP TO 25% OFF','Up to 25% off on your order. Black friday starts early. Don\'t miss out. Check it out!!!','https://www.mageplaza.com/deals/?utm_source=notification&utm_medium=rss&utm_campaign=bfcm20',0,0),(78,4,'2020-12-24 00:00:00','XMAS SALES - 20% OFF','Merry Christmas and Happy New Year. Visit Mageplaza website to get your 20% off - every extension. Check it out','https://www.mageplaza.com/deals/?utm_source=notification&utm_medium=rss&utm_campaign=bfcm20',0,0),(79,4,'2021-01-25 00:00:00','FLASH SALES - 10% OFF','10% OFF on ALL extensions. Flash sales - Ends Anytime. Check it out','https://www.mageplaza.com/deals/?utm_source=notification&utm_medium=rss&utm_campaign=bfcm20',0,0);

--
-- Table structure for table `authorization_role`
--

CREATE TABLE `authorization_role` (
  `role_id` int(10) unsigned NOT NULL AUTO_INCREMENT COMMENT 'Role ID',
  `parent_id` int(10) unsigned NOT NULL DEFAULT '0' COMMENT 'Parent Role ID',
  `tree_level` smallint(5) unsigned NOT NULL DEFAULT '0' COMMENT 'Role Tree Level',
  `sort_order` smallint(5) unsigned NOT NULL DEFAULT '0' COMMENT 'Role Sort Order',
  `role_type` varchar(1) NOT NULL DEFAULT '0' COMMENT 'Role Type',
  `user_id` int(10) unsigned NOT NULL DEFAULT '0' COMMENT 'User ID',
  `user_type` varchar(16) DEFAULT NULL COMMENT 'User Type',
  `role_name` varchar(50) DEFAULT NULL COMMENT 'Role Name',
  PRIMARY KEY (`role_id`),
  KEY `AUTHORIZATION_ROLE_PARENT_ID_SORT_ORDER` (`parent_id`,`sort_order`),
  KEY `AUTHORIZATION_ROLE_TREE_LEVEL` (`tree_level`)
) ENGINE=InnoDB AUTO_INCREMENT=3 DEFAULT CHARSET=utf8 COMMENT='Admin Role Table';

--
-- Dumping data for table `authorization_role`
--

INSERT INTO `authorization_role` VALUES (1,0,1,1,'G',0,'2','Administrators'),(2,1,2,0,'U',1,'2','System');

--
-- Table structure for table `authorization_rule`
--

CREATE TABLE `authorization_rule` (
  `rule_id` int(10) unsigned NOT NULL AUTO_INCREMENT COMMENT 'Rule ID',
  `role_id` int(10) unsigned NOT NULL DEFAULT '0' COMMENT 'Role ID',
  `resource_id` varchar(255) DEFAULT NULL COMMENT 'Resource ID',
  `privileges` varchar(20) DEFAULT NULL COMMENT 'Privileges',
  `permission` varchar(10) DEFAULT NULL COMMENT 'Permission',
  PRIMARY KEY (`rule_id`),
  KEY `AUTHORIZATION_RULE_RESOURCE_ID_ROLE_ID` (`resource_id`,`role_id`),
  KEY `AUTHORIZATION_RULE_ROLE_ID_RESOURCE_ID` (`role_id`,`resource_id`),
  CONSTRAINT `AUTHORIZATION_RULE_ROLE_ID_AUTHORIZATION_ROLE_ROLE_ID` FOREIGN KEY (`role_id`) REFERENCES `authorization_role` (`role_id`) ON DELETE CASCADE
) ENGINE=InnoDB AUTO_INCREMENT=2 DEFAULT CHARSET=utf8 COMMENT='Admin Rule Table';

--
-- Dumping data for table `authorization_rule`
--

INSERT INTO `authorization_rule` VALUES (1,1,'Magento_Backend::all',NULL,'allow');

--
-- Table structure for table `cache`
--

CREATE TABLE `cache` (
  `id` varchar(200) NOT NULL COMMENT 'Cache Id',
  `data` mediumblob COMMENT 'Cache Data',
  `create_time` int(11) DEFAULT NULL COMMENT 'Cache Creation Time',
  `update_time` int(11) DEFAULT NULL COMMENT 'Time of Cache Updating',
  `expire_time` int(11) DEFAULT NULL COMMENT 'Cache Expiration Time',
  PRIMARY KEY (`id`),
  KEY `CACHE_EXPIRE_TIME` (`expire_time`)
) ENGINE=InnoDB DEFAULT CHARSET=utf8 COMMENT='Caches';

--
-- Dumping data for table `cache`
--


--
-- Table structure for table `cache_tag`
--

CREATE TABLE `cache_tag` (
  `tag` varchar(100) NOT NULL COMMENT 'Tag',
  `cache_id` varchar(200) NOT NULL COMMENT 'Cache Id',
  PRIMARY KEY (`tag`,`cache_id`),
  KEY `CACHE_TAG_CACHE_ID` (`cache_id`)
) ENGINE=InnoDB DEFAULT CHARSET=utf8 COMMENT='Tag Caches';

--
-- Dumping data for table `cache_tag`
--


--
-- Table structure for table `captcha_log`
--

CREATE TABLE `captcha_log` (
  `type` varchar(32) NOT NULL COMMENT 'Type',
  `value` varchar(32) NOT NULL COMMENT 'Value',
  `count` int(10) unsigned NOT NULL DEFAULT '0' COMMENT 'Count',
  `updated_at` timestamp NULL DEFAULT NULL COMMENT 'Update Time',
  PRIMARY KEY (`type`,`value`)
) ENGINE=InnoDB DEFAULT CHARSET=utf8 COMMENT='Count Login Attempts';

--
-- Dumping data for table `captcha_log`
--


--
-- Table structure for table `catalog_category_entity`
--

CREATE TABLE `catalog_category_entity` (
  `entity_id` int(10) unsigned NOT NULL AUTO_INCREMENT COMMENT 'Entity ID',
  `attribute_set_id` smallint(5) unsigned NOT NULL DEFAULT '0' COMMENT 'Attriute Set ID',
  `parent_id` int(10) unsigned NOT NULL DEFAULT '0' COMMENT 'Parent Category ID',
  `created_at` timestamp NOT NULL DEFAULT CURRENT_TIMESTAMP COMMENT 'Creation Time',
  `updated_at` timestamp NOT NULL DEFAULT CURRENT_TIMESTAMP ON UPDATE CURRENT_TIMESTAMP COMMENT 'Update Time',
  `path` varchar(255) NOT NULL COMMENT 'Tree Path',
  `position` int(11) NOT NULL COMMENT 'Position',
  `level` int(11) NOT NULL DEFAULT '0' COMMENT 'Tree Level',
  `children_count` int(11) NOT NULL COMMENT 'Child Count',
  PRIMARY KEY (`entity_id`),
  KEY `CATALOG_CATEGORY_ENTITY_LEVEL` (`level`)
) ENGINE=InnoDB AUTO_INCREMENT=6 DEFAULT CHARSET=utf8 COMMENT='Catalog Category Table';

--
-- Dumping data for table `catalog_category_entity`
--

INSERT INTO `catalog_category_entity` VALUES (1,3,0,'2017-01-06 01:24:05','2017-01-09 12:07:55','1',0,0,3),(2,3,1,'2017-01-06 01:24:05','2017-01-09 12:07:55','1/2',1,1,2),(3,3,2,'2017-01-09 12:02:37','2017-01-09 12:06:41','1/2/3',1,2,0),(5,3,2,'2017-01-09 12:07:55','2017-01-09 12:07:55','1/2/5',2,2,0);

--
-- Table structure for table `catalog_category_entity_datetime`
--

CREATE TABLE `catalog_category_entity_datetime` (
  `value_id` int(11) NOT NULL AUTO_INCREMENT COMMENT 'Value ID',
  `attribute_id` smallint(5) unsigned NOT NULL DEFAULT '0' COMMENT 'Attribute ID',
  `store_id` smallint(5) unsigned NOT NULL DEFAULT '0' COMMENT 'Store ID',
  `entity_id` int(10) unsigned NOT NULL DEFAULT '0' COMMENT 'Entity ID',
  `value` datetime DEFAULT NULL COMMENT 'Value',
  PRIMARY KEY (`value_id`),
  UNIQUE KEY `CAT_CTGR_ENTT_DTIME_ENTT_ID_ATTR_ID_STORE_ID` (`entity_id`,`attribute_id`,`store_id`),
  KEY `CATALOG_CATEGORY_ENTITY_DATETIME_ENTITY_ID` (`entity_id`),
  KEY `CATALOG_CATEGORY_ENTITY_DATETIME_ATTRIBUTE_ID` (`attribute_id`),
  KEY `CATALOG_CATEGORY_ENTITY_DATETIME_STORE_ID` (`store_id`),
  CONSTRAINT `CATALOG_CATEGORY_ENTITY_DATETIME_STORE_ID_STORE_STORE_ID` FOREIGN KEY (`store_id`) REFERENCES `store` (`store_id`) ON DELETE CASCADE,
  CONSTRAINT `CAT_CTGR_ENTT_DTIME_ATTR_ID_EAV_ATTR_ATTR_ID` FOREIGN KEY (`attribute_id`) REFERENCES `eav_attribute` (`attribute_id`) ON DELETE CASCADE,
  CONSTRAINT `CAT_CTGR_ENTT_DTIME_ENTT_ID_CAT_CTGR_ENTT_ENTT_ID` FOREIGN KEY (`entity_id`) REFERENCES `catalog_category_entity` (`entity_id`) ON DELETE CASCADE
) ENGINE=InnoDB DEFAULT CHARSET=utf8 COMMENT='Catalog Category Datetime Attribute Backend Table';

--
-- Dumping data for table `catalog_category_entity_datetime`
--


--
-- Table structure for table `catalog_category_entity_decimal`
--

CREATE TABLE `catalog_category_entity_decimal` (
  `value_id` int(11) NOT NULL AUTO_INCREMENT COMMENT 'Value ID',
  `attribute_id` smallint(5) unsigned NOT NULL DEFAULT '0' COMMENT 'Attribute ID',
  `store_id` smallint(5) unsigned NOT NULL DEFAULT '0' COMMENT 'Store ID',
  `entity_id` int(10) unsigned NOT NULL DEFAULT '0' COMMENT 'Entity ID',
  `value` decimal(12,4) DEFAULT NULL COMMENT 'Value',
  PRIMARY KEY (`value_id`),
  UNIQUE KEY `CAT_CTGR_ENTT_DEC_ENTT_ID_ATTR_ID_STORE_ID` (`entity_id`,`attribute_id`,`store_id`),
  KEY `CATALOG_CATEGORY_ENTITY_DECIMAL_ENTITY_ID` (`entity_id`),
  KEY `CATALOG_CATEGORY_ENTITY_DECIMAL_ATTRIBUTE_ID` (`attribute_id`),
  KEY `CATALOG_CATEGORY_ENTITY_DECIMAL_STORE_ID` (`store_id`),
  CONSTRAINT `CATALOG_CATEGORY_ENTITY_DECIMAL_STORE_ID_STORE_STORE_ID` FOREIGN KEY (`store_id`) REFERENCES `store` (`store_id`) ON DELETE CASCADE,
  CONSTRAINT `CAT_CTGR_ENTT_DEC_ATTR_ID_EAV_ATTR_ATTR_ID` FOREIGN KEY (`attribute_id`) REFERENCES `eav_attribute` (`attribute_id`) ON DELETE CASCADE,
  CONSTRAINT `CAT_CTGR_ENTT_DEC_ENTT_ID_CAT_CTGR_ENTT_ENTT_ID` FOREIGN KEY (`entity_id`) REFERENCES `catalog_category_entity` (`entity_id`) ON DELETE CASCADE
) ENGINE=InnoDB DEFAULT CHARSET=utf8 COMMENT='Catalog Category Decimal Attribute Backend Table';

--
-- Dumping data for table `catalog_category_entity_decimal`
--


--
-- Table structure for table `catalog_category_entity_int`
--

CREATE TABLE `catalog_category_entity_int` (
  `value_id` int(11) NOT NULL AUTO_INCREMENT COMMENT 'Value ID',
  `attribute_id` smallint(5) unsigned NOT NULL DEFAULT '0' COMMENT 'Attribute ID',
  `store_id` smallint(5) unsigned NOT NULL DEFAULT '0' COMMENT 'Store ID',
  `entity_id` int(10) unsigned NOT NULL DEFAULT '0' COMMENT 'Entity ID',
  `value` int(11) DEFAULT NULL COMMENT 'Value',
  PRIMARY KEY (`value_id`),
  UNIQUE KEY `CATALOG_CATEGORY_ENTITY_INT_ENTITY_ID_ATTRIBUTE_ID_STORE_ID` (`entity_id`,`attribute_id`,`store_id`),
  KEY `CATALOG_CATEGORY_ENTITY_INT_ENTITY_ID` (`entity_id`),
  KEY `CATALOG_CATEGORY_ENTITY_INT_ATTRIBUTE_ID` (`attribute_id`),
  KEY `CATALOG_CATEGORY_ENTITY_INT_STORE_ID` (`store_id`),
  CONSTRAINT `CATALOG_CATEGORY_ENTITY_INT_STORE_ID_STORE_STORE_ID` FOREIGN KEY (`store_id`) REFERENCES `store` (`store_id`) ON DELETE CASCADE,
  CONSTRAINT `CAT_CTGR_ENTT_INT_ATTR_ID_EAV_ATTR_ATTR_ID` FOREIGN KEY (`attribute_id`) REFERENCES `eav_attribute` (`attribute_id`) ON DELETE CASCADE,
  CONSTRAINT `CAT_CTGR_ENTT_INT_ENTT_ID_CAT_CTGR_ENTT_ENTT_ID` FOREIGN KEY (`entity_id`) REFERENCES `catalog_category_entity` (`entity_id`) ON DELETE CASCADE
) ENGINE=InnoDB AUTO_INCREMENT=30 DEFAULT CHARSET=utf8 COMMENT='Catalog Category Integer Attribute Backend Table';

--
-- Dumping data for table `catalog_category_entity_int`
--

INSERT INTO `catalog_category_entity_int` VALUES (1,69,0,1,1),(2,46,0,2,1),(3,69,0,2,0),(4,54,0,2,1),(5,70,0,2,0),(6,71,0,2,0),(7,136,0,2,0),(8,150,0,2,0),(9,46,0,3,1),(10,54,0,3,1),(11,69,0,3,0),(12,70,0,3,0),(13,71,0,3,0),(14,136,0,3,0),(15,150,0,3,0),(23,46,0,5,1),(24,54,0,5,1),(25,69,0,5,0),(26,70,0,5,0),(27,71,0,5,0),(28,136,0,5,0),(29,150,0,5,0);

--
-- Table structure for table `catalog_category_entity_text`
--

CREATE TABLE `catalog_category_entity_text` (
  `value_id` int(11) NOT NULL AUTO_INCREMENT COMMENT 'Value ID',
  `attribute_id` smallint(5) unsigned NOT NULL DEFAULT '0' COMMENT 'Attribute ID',
  `store_id` smallint(5) unsigned NOT NULL DEFAULT '0' COMMENT 'Store ID',
  `entity_id` int(10) unsigned NOT NULL DEFAULT '0' COMMENT 'Entity ID',
  `value` text COMMENT 'Value',
  PRIMARY KEY (`value_id`),
  UNIQUE KEY `CAT_CTGR_ENTT_TEXT_ENTT_ID_ATTR_ID_STORE_ID` (`entity_id`,`attribute_id`,`store_id`),
  KEY `CATALOG_CATEGORY_ENTITY_TEXT_ENTITY_ID` (`entity_id`),
  KEY `CATALOG_CATEGORY_ENTITY_TEXT_ATTRIBUTE_ID` (`attribute_id`),
  KEY `CATALOG_CATEGORY_ENTITY_TEXT_STORE_ID` (`store_id`),
  CONSTRAINT `CATALOG_CATEGORY_ENTITY_TEXT_STORE_ID_STORE_STORE_ID` FOREIGN KEY (`store_id`) REFERENCES `store` (`store_id`) ON DELETE CASCADE,
  CONSTRAINT `CAT_CTGR_ENTT_TEXT_ATTR_ID_EAV_ATTR_ATTR_ID` FOREIGN KEY (`attribute_id`) REFERENCES `eav_attribute` (`attribute_id`) ON DELETE CASCADE,
  CONSTRAINT `CAT_CTGR_ENTT_TEXT_ENTT_ID_CAT_CTGR_ENTT_ENTT_ID` FOREIGN KEY (`entity_id`) REFERENCES `catalog_category_entity` (`entity_id`) ON DELETE CASCADE
) ENGINE=InnoDB AUTO_INCREMENT=8 DEFAULT CHARSET=utf8 COMMENT='Catalog Category Text Attribute Backend Table';

--
-- Dumping data for table `catalog_category_entity_text`
--

INSERT INTO `catalog_category_entity_text` VALUES (1,50,0,3,'Hair Building Fibers'),(2,51,0,3,'Hair Building Fibers'),(5,50,0,5,'Hair Building Fibers'),(6,51,0,5,'Hair Building Fibers'),(7,64,0,5,'<referenceContainer name=\"footer-container\">\r\n<block class=\"Magento\\Cms\\Block\\Block\" name=\"free_sample_bar\">\r\n        <arguments>\r\n            <argument name=\"block_id\" xsi:type=\"string\">free_sample_bar</argument>\r\n        </arguments>\r\n    </block>\r\n<block class=\"Magento\\Cms\\Block\\Block\" name=\"social_bar\">\r\n        <arguments>\r\n            <argument name=\"block_id\" xsi:type=\"string\">social_bar</argument>\r\n        </arguments>\r\n    </block>\r\n</referenceContainer>');

--
-- Table structure for table `catalog_category_entity_varchar`
--

CREATE TABLE `catalog_category_entity_varchar` (
  `value_id` int(11) NOT NULL AUTO_INCREMENT COMMENT 'Value ID',
  `attribute_id` smallint(5) unsigned NOT NULL DEFAULT '0' COMMENT 'Attribute ID',
  `store_id` smallint(5) unsigned NOT NULL DEFAULT '0' COMMENT 'Store ID',
  `entity_id` int(10) unsigned NOT NULL DEFAULT '0' COMMENT 'Entity ID',
  `value` varchar(255) DEFAULT NULL COMMENT 'Value',
  PRIMARY KEY (`value_id`),
  UNIQUE KEY `CAT_CTGR_ENTT_VCHR_ENTT_ID_ATTR_ID_STORE_ID` (`entity_id`,`attribute_id`,`store_id`),
  KEY `CATALOG_CATEGORY_ENTITY_VARCHAR_ENTITY_ID` (`entity_id`),
  KEY `CATALOG_CATEGORY_ENTITY_VARCHAR_ATTRIBUTE_ID` (`attribute_id`),
  KEY `CATALOG_CATEGORY_ENTITY_VARCHAR_STORE_ID` (`store_id`),
  CONSTRAINT `CATALOG_CATEGORY_ENTITY_VARCHAR_STORE_ID_STORE_STORE_ID` FOREIGN KEY (`store_id`) REFERENCES `store` (`store_id`) ON DELETE CASCADE,
  CONSTRAINT `CAT_CTGR_ENTT_VCHR_ATTR_ID_EAV_ATTR_ATTR_ID` FOREIGN KEY (`attribute_id`) REFERENCES `eav_attribute` (`attribute_id`) ON DELETE CASCADE,
  CONSTRAINT `CAT_CTGR_ENTT_VCHR_ENTT_ID_CAT_CTGR_ENTT_ENTT_ID` FOREIGN KEY (`entity_id`) REFERENCES `catalog_category_entity` (`entity_id`) ON DELETE CASCADE
) ENGINE=InnoDB AUTO_INCREMENT=30 DEFAULT CHARSET=utf8 COMMENT='Catalog Category Varchar Attribute Backend Table';

--
-- Dumping data for table `catalog_category_entity_varchar`
--

INSERT INTO `catalog_category_entity_varchar` VALUES (1,45,0,1,'Root Catalog'),(2,45,0,2,'Keragen Store'),(3,52,0,2,'PRODUCTS'),(4,117,0,2,'keragen-store'),(5,145,0,2,'0'),(6,147,0,2,'0'),(7,45,0,3,'Hair Building Fibers'),(8,49,0,3,'Keragen Hair Building Fibers'),(9,52,0,3,'PRODUCTS'),(10,117,0,3,'hair-building-fibers'),(11,118,0,3,'hair-building-fibers'),(12,145,0,3,'0'),(13,147,0,3,'0'),(21,45,0,5,'Shop'),(22,49,0,5,'Keragen Hair Building Fibers'),(23,52,0,5,'PRODUCTS'),(24,117,0,5,'shop'),(25,118,0,5,'shop'),(26,145,0,5,'0'),(27,147,0,5,'0'),(28,60,0,5,'4'),(29,63,0,5,'2columns-left');

--
-- Table structure for table `catalog_category_product`
--

CREATE TABLE `catalog_category_product` (
  `entity_id` int(11) NOT NULL AUTO_INCREMENT COMMENT 'Entity ID',
  `category_id` int(10) unsigned NOT NULL DEFAULT '0' COMMENT 'Category ID',
  `product_id` int(10) unsigned NOT NULL DEFAULT '0' COMMENT 'Product ID',
  `position` int(11) NOT NULL DEFAULT '0' COMMENT 'Position',
  PRIMARY KEY (`entity_id`,`category_id`,`product_id`),
  UNIQUE KEY `CATALOG_CATEGORY_PRODUCT_CATEGORY_ID_PRODUCT_ID` (`category_id`,`product_id`),
  KEY `CATALOG_CATEGORY_PRODUCT_PRODUCT_ID` (`product_id`),
  CONSTRAINT `CAT_CTGR_PRD_CTGR_ID_CAT_CTGR_ENTT_ENTT_ID` FOREIGN KEY (`category_id`) REFERENCES `catalog_category_entity` (`entity_id`) ON DELETE CASCADE,
  CONSTRAINT `CAT_CTGR_PRD_PRD_ID_CAT_PRD_ENTT_ENTT_ID` FOREIGN KEY (`product_id`) REFERENCES `catalog_product_entity` (`entity_id`) ON DELETE CASCADE
) ENGINE=InnoDB AUTO_INCREMENT=60 DEFAULT CHARSET=utf8 COMMENT='Catalog Product To Category Linkage Table';

--
-- Dumping data for table `catalog_category_product`
--

INSERT INTO `catalog_category_product` VALUES (47,3,45,1),(48,5,45,1),(49,3,46,1),(50,5,46,1),(51,3,47,1),(52,5,47,1),(53,3,48,1),(54,5,48,1),(55,3,49,1),(56,5,49,1),(57,3,50,1),(58,5,50,1),(59,5,51,1);

--
-- Table structure for table `catalog_category_product_index`
--

CREATE TABLE `catalog_category_product_index` (
  `category_id` int(10) unsigned NOT NULL DEFAULT '0' COMMENT 'Category ID',
  `product_id` int(10) unsigned NOT NULL DEFAULT '0' COMMENT 'Product ID',
  `position` int(11) DEFAULT NULL COMMENT 'Position',
  `is_parent` smallint(5) unsigned NOT NULL DEFAULT '0' COMMENT 'Is Parent',
  `store_id` smallint(5) unsigned NOT NULL DEFAULT '0' COMMENT 'Store ID',
  `visibility` smallint(5) unsigned NOT NULL COMMENT 'Visibility',
  PRIMARY KEY (`category_id`,`product_id`,`store_id`),
  KEY `CAT_CTGR_PRD_IDX_PRD_ID_STORE_ID_CTGR_ID_VISIBILITY` (`product_id`,`store_id`,`category_id`,`visibility`),
  KEY `IDX_BB4A590114301ED9D94C8239D3EF6DA8` (`store_id`,`category_id`,`visibility`,`is_parent`,`position`)
) ENGINE=InnoDB DEFAULT CHARSET=utf8 COMMENT='Catalog Category Product Index';

--
-- Dumping data for table `catalog_category_product_index`
--


--
-- Table structure for table `catalog_category_product_index_tmp`
--

CREATE TABLE `catalog_category_product_index_tmp` (
  `category_id` int(10) unsigned NOT NULL DEFAULT '0' COMMENT 'Category ID',
  `product_id` int(10) unsigned NOT NULL DEFAULT '0' COMMENT 'Product ID',
  `position` int(11) NOT NULL DEFAULT '0' COMMENT 'Position',
  `is_parent` smallint(5) unsigned NOT NULL DEFAULT '0' COMMENT 'Is Parent',
  `store_id` smallint(5) unsigned NOT NULL DEFAULT '0' COMMENT 'Store ID',
  `visibility` smallint(5) unsigned NOT NULL COMMENT 'Visibility',
  KEY `CAT_CTGR_PRD_IDX_TMP_PRD_ID_CTGR_ID_STORE_ID` (`product_id`,`category_id`,`store_id`)
) ENGINE=MEMORY DEFAULT CHARSET=utf8 COMMENT='Catalog Category Product Indexer Temp Table';

--
-- Dumping data for table `catalog_category_product_index_tmp`
--


--
-- Table structure for table `catalog_compare_item`
--

CREATE TABLE `catalog_compare_item` (
  `catalog_compare_item_id` int(10) unsigned NOT NULL AUTO_INCREMENT COMMENT 'Compare Item ID',
  `visitor_id` int(10) unsigned NOT NULL DEFAULT '0' COMMENT 'Visitor ID',
  `customer_id` int(10) unsigned DEFAULT NULL COMMENT 'Customer ID',
  `product_id` int(10) unsigned NOT NULL DEFAULT '0' COMMENT 'Product ID',
  `store_id` smallint(5) unsigned DEFAULT NULL COMMENT 'Store ID',
  PRIMARY KEY (`catalog_compare_item_id`),
  KEY `CATALOG_COMPARE_ITEM_PRODUCT_ID` (`product_id`),
  KEY `CATALOG_COMPARE_ITEM_VISITOR_ID_PRODUCT_ID` (`visitor_id`,`product_id`),
  KEY `CATALOG_COMPARE_ITEM_CUSTOMER_ID_PRODUCT_ID` (`customer_id`,`product_id`),
  KEY `CATALOG_COMPARE_ITEM_STORE_ID` (`store_id`),
  CONSTRAINT `CATALOG_COMPARE_ITEM_CUSTOMER_ID_CUSTOMER_ENTITY_ENTITY_ID` FOREIGN KEY (`customer_id`) REFERENCES `customer_entity` (`entity_id`) ON DELETE CASCADE,
  CONSTRAINT `CATALOG_COMPARE_ITEM_STORE_ID_STORE_STORE_ID` FOREIGN KEY (`store_id`) REFERENCES `store` (`store_id`) ON DELETE SET NULL,
  CONSTRAINT `CAT_CMP_ITEM_PRD_ID_CAT_PRD_ENTT_ENTT_ID` FOREIGN KEY (`product_id`) REFERENCES `catalog_product_entity` (`entity_id`) ON DELETE CASCADE
) ENGINE=InnoDB DEFAULT CHARSET=utf8 COMMENT='Catalog Compare Table';

--
-- Dumping data for table `catalog_compare_item`
--


--
-- Table structure for table `catalog_eav_attribute`
--

CREATE TABLE `catalog_eav_attribute` (
  `attribute_id` smallint(5) unsigned NOT NULL COMMENT 'Attribute ID',
  `frontend_input_renderer` varchar(255) DEFAULT NULL COMMENT 'Frontend Input Renderer',
  `is_global` smallint(5) unsigned NOT NULL DEFAULT '1' COMMENT 'Is Global',
  `is_visible` smallint(5) unsigned NOT NULL DEFAULT '1' COMMENT 'Is Visible',
  `is_searchable` smallint(5) unsigned NOT NULL DEFAULT '0' COMMENT 'Is Searchable',
  `is_filterable` smallint(5) unsigned NOT NULL DEFAULT '0' COMMENT 'Is Filterable',
  `is_comparable` smallint(5) unsigned NOT NULL DEFAULT '0' COMMENT 'Is Comparable',
  `is_visible_on_front` smallint(5) unsigned NOT NULL DEFAULT '0' COMMENT 'Is Visible On Front',
  `is_html_allowed_on_front` smallint(5) unsigned NOT NULL DEFAULT '0' COMMENT 'Is HTML Allowed On Front',
  `is_used_for_price_rules` smallint(5) unsigned NOT NULL DEFAULT '0' COMMENT 'Is Used For Price Rules',
  `is_filterable_in_search` smallint(5) unsigned NOT NULL DEFAULT '0' COMMENT 'Is Filterable In Search',
  `used_in_product_listing` smallint(5) unsigned NOT NULL DEFAULT '0' COMMENT 'Is Used In Product Listing',
  `used_for_sort_by` smallint(5) unsigned NOT NULL DEFAULT '0' COMMENT 'Is Used For Sorting',
  `apply_to` varchar(255) DEFAULT NULL COMMENT 'Apply To',
  `is_visible_in_advanced_search` smallint(5) unsigned NOT NULL DEFAULT '0' COMMENT 'Is Visible In Advanced Search',
  `position` int(11) NOT NULL DEFAULT '0' COMMENT 'Position',
  `is_wysiwyg_enabled` smallint(5) unsigned NOT NULL DEFAULT '0' COMMENT 'Is WYSIWYG Enabled',
  `is_used_for_promo_rules` smallint(5) unsigned NOT NULL DEFAULT '0' COMMENT 'Is Used For Promo Rules',
  `is_required_in_admin_store` smallint(5) unsigned NOT NULL DEFAULT '0' COMMENT 'Is Required In Admin Store',
  `is_used_in_grid` smallint(5) unsigned NOT NULL DEFAULT '0' COMMENT 'Is Used in Grid',
  `is_visible_in_grid` smallint(5) unsigned NOT NULL DEFAULT '0' COMMENT 'Is Visible in Grid',
  `is_filterable_in_grid` smallint(5) unsigned NOT NULL DEFAULT '0' COMMENT 'Is Filterable in Grid',
  `search_weight` float NOT NULL DEFAULT '1' COMMENT 'Search Weight',
  `additional_data` text COMMENT 'Additional swatch attributes data',
  PRIMARY KEY (`attribute_id`),
  KEY `CATALOG_EAV_ATTRIBUTE_USED_FOR_SORT_BY` (`used_for_sort_by`),
  KEY `CATALOG_EAV_ATTRIBUTE_USED_IN_PRODUCT_LISTING` (`used_in_product_listing`),
  CONSTRAINT `CAT_EAV_ATTR_ATTR_ID_EAV_ATTR_ATTR_ID` FOREIGN KEY (`attribute_id`) REFERENCES `eav_attribute` (`attribute_id`) ON DELETE CASCADE
) ENGINE=InnoDB DEFAULT CHARSET=utf8 COMMENT='Catalog EAV Attribute Table';

--
-- Dumping data for table `catalog_eav_attribute`
--

INSERT INTO `catalog_eav_attribute` VALUES (45,NULL,0,1,0,0,0,0,0,0,0,0,0,NULL,0,0,0,0,0,0,0,0,1,NULL),(46,NULL,0,1,0,0,0,0,0,0,0,0,0,NULL,0,0,0,0,0,0,0,0,1,NULL),(47,NULL,0,1,0,0,0,0,1,0,0,0,0,NULL,0,0,1,0,0,0,0,0,1,NULL),(48,NULL,0,1,0,0,0,0,0,0,0,0,0,NULL,0,0,0,0,0,0,0,0,1,NULL),(49,NULL,0,1,0,0,0,0,0,0,0,0,0,NULL,0,0,0,0,0,0,0,0,1,NULL),(50,NULL,0,1,0,0,0,0,0,0,0,0,0,NULL,0,0,0,0,0,0,0,0,1,NULL),(51,NULL,0,1,0,0,0,0,0,0,0,0,0,NULL,0,0,0,0,0,0,0,0,1,NULL),(52,NULL,0,1,0,0,0,0,0,0,0,0,0,NULL,0,0,0,0,0,0,0,0,1,NULL),(53,NULL,0,1,0,0,0,0,0,0,0,0,0,NULL,0,0,0,0,0,0,0,0,1,NULL),(54,NULL,1,1,0,0,0,0,0,0,0,0,0,NULL,0,0,0,0,0,0,0,0,1,NULL),(55,NULL,1,0,0,0,0,0,0,0,0,0,0,NULL,0,0,0,0,0,0,0,0,1,NULL),(56,NULL,1,0,0,0,0,0,0,0,0,0,0,NULL,0,0,0,0,0,0,0,0,1,NULL),(57,NULL,1,0,0,0,0,0,0,0,0,0,0,NULL,0,0,0,0,0,0,0,0,1,NULL),(58,NULL,1,0,0,0,0,0,0,0,0,0,0,NULL,0,0,0,0,0,0,0,0,1,NULL),(59,NULL,1,0,0,0,0,0,0,0,0,0,0,NULL,0,0,0,0,0,0,0,0,1,NULL),(60,NULL,0,1,0,0,0,0,0,0,0,0,0,NULL,0,0,0,0,0,0,0,0,1,NULL),(61,NULL,0,1,0,0,0,0,0,0,0,0,0,NULL,0,0,0,0,0,0,0,0,1,NULL),(62,NULL,0,1,0,0,0,0,0,0,0,0,0,NULL,0,0,0,0,0,0,0,0,1,NULL),(63,NULL,0,1,0,0,0,0,0,0,0,0,0,NULL,0,0,0,0,0,0,0,0,1,NULL),(64,NULL,0,1,0,0,0,0,0,0,0,0,0,NULL,0,0,0,0,0,0,0,0,1,NULL),(65,NULL,1,0,0,0,0,0,0,0,0,0,0,NULL,0,0,0,0,0,0,0,0,1,NULL),(66,NULL,1,0,0,0,0,0,0,0,0,0,0,NULL,0,0,0,0,0,0,0,0,1,NULL),(67,'Magento\\Catalog\\Block\\Adminhtml\\Category\\Helper\\Sortby\\Available',0,1,0,0,0,0,0,0,0,0,0,NULL,0,0,0,0,0,0,0,0,1,NULL),(68,'Magento\\Catalog\\Block\\Adminhtml\\Category\\Helper\\Sortby\\DefaultSortby',0,1,0,0,0,0,0,0,0,0,0,NULL,0,0,0,0,0,0,0,0,1,NULL),(69,NULL,0,1,0,0,0,0,0,0,0,0,0,NULL,0,0,0,0,0,0,0,0,1,NULL),(70,NULL,0,1,0,0,0,0,0,0,0,0,0,NULL,0,0,0,0,0,0,0,0,1,NULL),(71,NULL,0,1,0,0,0,0,0,0,0,0,0,NULL,0,0,0,0,0,0,0,0,1,NULL),(72,'Magento\\Catalog\\Block\\Adminhtml\\Category\\Helper\\Pricestep',0,1,0,0,0,0,0,0,0,0,0,NULL,0,0,0,0,0,0,0,0,1,NULL),(73,NULL,0,1,1,0,0,0,0,0,0,1,1,NULL,1,0,0,0,0,0,0,0,5,NULL),(74,NULL,1,1,1,0,1,0,0,0,0,0,0,NULL,1,0,0,0,0,0,0,0,6,NULL),(75,NULL,0,1,1,0,1,0,1,0,0,0,0,NULL,1,0,1,0,0,0,0,0,1,NULL),(76,NULL,0,1,1,0,1,0,1,0,0,1,0,NULL,1,0,1,0,0,1,0,0,1,NULL),(77,NULL,1,1,1,1,0,0,0,0,0,1,1,'simple,virtual,bundle,downloadable,configurable',1,0,0,0,0,0,0,0,1,NULL),(78,NULL,1,1,0,0,0,0,0,0,0,1,0,'simple,virtual,bundle,downloadable,configurable',0,0,0,0,0,1,0,1,1,NULL),(79,NULL,2,1,0,0,0,0,0,0,0,1,0,'simple,virtual,bundle,downloadable,configurable',0,0,0,0,0,1,0,0,1,NULL),(80,NULL,2,1,0,0,0,0,0,0,0,1,0,'simple,virtual,bundle,downloadable,configurable',0,0,0,0,0,1,0,0,1,NULL),(81,NULL,1,1,0,0,0,0,0,0,0,0,0,'simple,virtual,downloadable',0,0,0,0,0,1,0,1,1,NULL),(82,'Magento\\Catalog\\Block\\Adminhtml\\Product\\Helper\\Form\\Weight',1,1,0,0,0,0,0,0,0,0,0,'simple,virtual,bundle,downloadable,configurable',0,0,0,0,0,1,0,1,1,NULL),(83,NULL,1,1,1,1,1,0,0,0,0,0,0,'simple',1,0,0,0,0,1,0,1,1,NULL),(84,NULL,0,1,0,0,0,0,0,0,0,0,0,NULL,0,0,0,0,0,1,0,1,1,NULL),(85,NULL,0,1,0,0,0,0,0,0,0,0,0,NULL,0,0,0,0,0,1,0,1,1,NULL),(86,NULL,0,1,0,0,0,0,0,0,0,0,0,NULL,0,0,0,0,0,1,0,1,1,NULL),(87,NULL,0,1,0,0,0,0,0,0,0,1,0,NULL,0,0,0,0,0,0,0,0,1,NULL),(88,NULL,0,1,0,0,0,0,0,0,0,1,0,NULL,0,0,0,0,0,0,0,0,1,NULL),(89,NULL,0,1,0,0,0,0,0,0,0,1,0,NULL,0,0,0,0,0,0,0,0,1,NULL),(90,NULL,1,1,0,0,0,0,0,0,0,0,0,NULL,0,0,0,0,0,0,0,0,1,NULL),(91,NULL,1,0,0,0,0,0,0,0,0,0,0,NULL,0,0,0,0,0,0,0,0,1,NULL),(92,NULL,2,1,0,0,0,0,0,0,0,0,0,'simple,virtual,bundle,downloadable,configurable',0,0,0,0,0,0,0,0,1,NULL),(93,NULL,1,1,1,1,1,0,0,0,1,0,1,NULL,1,0,0,0,0,1,0,1,1,NULL),(94,NULL,2,1,0,0,0,0,0,0,0,1,0,NULL,0,0,0,0,0,1,0,0,1,NULL),(95,NULL,2,1,0,0,0,0,0,0,0,1,0,NULL,0,0,0,0,0,1,0,0,1,NULL),(96,NULL,1,1,0,0,0,0,0,0,0,0,0,NULL,0,0,0,0,0,0,0,0,1,NULL),(97,'Magento\\Framework\\Data\\Form\\Element\\Hidden',2,1,1,0,0,0,0,0,0,1,0,NULL,0,0,0,0,1,0,0,0,1,NULL),(98,NULL,0,0,0,0,0,0,0,0,0,0,0,'simple,virtual,bundle,downloadable,configurable',0,0,0,0,0,0,0,0,1,NULL),(99,NULL,0,1,0,0,0,0,0,0,0,0,0,NULL,0,0,0,0,1,0,0,0,1,NULL),(100,NULL,0,1,0,0,0,0,0,0,0,0,0,NULL,0,0,0,0,0,1,0,1,1,NULL),(101,NULL,0,1,0,0,0,0,0,0,0,0,0,NULL,0,0,0,0,0,1,0,0,1,NULL),(102,NULL,0,1,0,0,0,0,0,0,0,0,0,NULL,0,0,0,0,0,1,0,0,1,NULL),(103,NULL,0,1,0,0,0,0,0,0,0,0,0,NULL,0,0,0,0,0,0,0,0,1,NULL),(104,NULL,0,1,0,0,0,0,0,0,0,0,0,NULL,0,0,0,0,0,1,0,0,1,NULL),(105,'Magento\\Catalog\\Block\\Adminhtml\\Product\\Helper\\Form\\Category',1,1,0,0,0,0,0,0,0,0,0,NULL,0,0,0,0,0,0,0,0,1,NULL),(106,NULL,0,1,0,0,0,0,0,0,0,0,0,NULL,0,0,0,0,0,0,0,0,1,NULL),(107,NULL,1,0,0,0,0,0,0,0,0,1,0,NULL,0,0,0,0,0,0,0,0,1,NULL),(108,NULL,1,0,0,0,0,0,0,0,0,0,0,NULL,0,0,0,0,0,0,0,0,1,NULL),(109,NULL,0,0,0,0,0,0,0,0,0,1,0,NULL,0,0,0,0,0,0,0,0,1,NULL),(110,NULL,0,0,0,0,0,0,0,0,0,1,0,NULL,0,0,0,0,0,0,0,0,1,NULL),(111,NULL,0,0,0,0,0,0,0,0,0,1,0,NULL,0,0,0,0,0,0,0,0,1,NULL),(112,NULL,1,0,0,0,0,0,0,0,0,0,0,NULL,0,0,0,0,0,0,0,0,1,NULL),(113,NULL,1,0,0,0,0,0,0,0,0,0,0,NULL,0,0,0,0,0,0,0,0,1,NULL),(114,NULL,2,1,0,0,0,0,0,0,0,0,0,'simple,bundle,grouped,configurable',0,0,0,0,0,1,0,1,1,NULL),(115,'Magento\\CatalogInventory\\Block\\Adminhtml\\Form\\Field\\Stock',1,1,0,0,0,0,0,0,0,0,0,NULL,0,0,0,0,0,0,0,0,1,NULL),(116,NULL,0,1,0,0,0,0,0,0,0,0,0,NULL,0,0,0,0,0,1,0,0,1,NULL),(117,NULL,0,1,0,0,0,0,0,0,0,0,0,NULL,0,0,0,0,0,0,0,0,1,NULL),(118,NULL,0,0,0,0,0,0,0,0,0,0,0,NULL,0,0,0,0,0,0,0,0,1,NULL),(119,NULL,0,1,0,0,0,0,0,0,0,1,0,NULL,0,0,0,0,0,1,0,1,1,NULL),(120,NULL,0,0,0,0,0,0,0,0,0,0,0,NULL,0,0,0,0,0,0,0,0,1,NULL),(121,'Magento\\Msrp\\Block\\Adminhtml\\Product\\Helper\\Form\\Type',1,1,0,0,0,0,0,0,0,1,0,'simple,virtual,downloadable,bundle,configurable',0,0,0,0,0,1,0,1,1,NULL),(122,'Magento\\Msrp\\Block\\Adminhtml\\Product\\Helper\\Form\\Type\\Price',2,1,0,0,0,0,0,0,0,1,0,'simple,virtual,downloadable,bundle,configurable',0,0,0,0,0,0,0,0,1,NULL),(123,NULL,1,1,0,0,0,0,0,0,0,1,0,'bundle',0,0,0,0,0,0,0,0,1,NULL),(124,NULL,1,1,0,0,0,0,0,0,0,0,0,'bundle',0,0,0,0,0,0,0,0,1,NULL),(125,NULL,1,1,0,0,0,0,0,0,0,1,0,'bundle',0,0,0,0,0,0,0,0,1,NULL),(126,NULL,1,1,0,0,0,0,0,0,0,1,0,'bundle',0,0,0,0,0,0,0,0,1,NULL),(127,NULL,1,1,0,0,0,0,0,0,0,1,0,'bundle',0,0,0,0,0,0,0,0,1,NULL),(128,NULL,1,0,0,0,0,0,0,0,0,1,0,'downloadable',0,0,0,0,0,0,0,0,1,NULL),(129,NULL,0,0,0,0,0,0,0,0,0,0,0,'downloadable',0,0,0,0,0,0,0,0,1,NULL),(130,NULL,0,0,0,0,0,0,0,0,0,0,0,'downloadable',0,0,0,0,0,0,0,0,1,NULL),(131,NULL,1,0,0,0,0,0,0,0,0,1,0,'downloadable',0,0,0,0,0,0,0,0,1,NULL),(132,NULL,0,1,0,0,0,0,0,0,0,1,0,NULL,0,0,0,0,0,0,0,0,1,NULL),(133,NULL,2,1,1,0,0,0,0,0,0,1,0,'simple,virtual,bundle,downloadable,configurable',0,0,0,0,0,1,0,1,1,NULL),(134,'Magento\\GiftMessage\\Block\\Adminhtml\\Product\\Helper\\Form\\Config',1,1,0,0,0,0,0,0,0,0,0,NULL,0,0,0,0,0,1,0,0,1,NULL),(135,NULL,1,1,0,0,0,0,0,0,0,1,0,'simple,configurable,virtual,bundle,downloadable',0,0,0,0,0,0,0,0,1,NULL),(136,NULL,0,1,0,0,0,0,0,0,0,0,0,NULL,0,0,0,0,0,0,0,0,1,NULL),(137,NULL,0,1,0,0,0,0,0,0,0,0,0,NULL,0,0,0,0,0,0,0,0,1,NULL),(138,NULL,0,1,0,0,0,0,0,0,0,0,0,NULL,0,0,0,0,0,0,0,0,1,NULL),(139,NULL,0,1,0,0,0,0,0,0,0,0,0,NULL,0,0,0,0,0,0,0,0,1,NULL),(140,NULL,0,1,0,0,0,0,0,0,0,0,0,NULL,0,0,0,0,0,0,0,0,1,NULL),(141,NULL,0,1,0,0,0,0,0,0,0,0,0,NULL,0,0,0,0,0,0,0,0,1,NULL),(142,NULL,0,1,0,0,0,0,0,0,0,0,0,NULL,0,0,0,0,0,0,0,0,1,NULL),(143,NULL,0,1,0,0,0,0,0,0,0,0,0,NULL,0,0,0,0,0,0,0,0,1,NULL),(144,NULL,0,1,0,0,0,0,1,0,0,0,0,NULL,0,0,1,0,0,0,0,0,1,NULL),(145,NULL,0,1,0,0,0,0,0,0,0,0,0,NULL,0,0,0,0,0,0,0,0,1,NULL),(146,NULL,0,1,0,0,0,0,1,0,0,0,0,NULL,0,0,1,0,0,0,0,0,1,NULL),(147,NULL,0,1,0,0,0,0,0,0,0,0,0,NULL,0,0,0,0,0,0,0,0,1,NULL),(148,NULL,0,1,0,0,0,0,1,0,0,0,0,NULL,0,0,1,0,0,0,0,0,1,NULL),(149,NULL,0,1,0,0,0,0,1,0,0,0,0,NULL,0,0,1,0,0,0,0,0,1,NULL),(150,NULL,0,1,0,0,0,0,0,0,0,0,0,NULL,0,0,0,0,0,0,0,0,1,NULL),(151,NULL,0,1,0,0,0,0,0,0,0,0,0,NULL,0,0,0,0,0,0,0,0,1,NULL),(152,NULL,0,1,0,0,0,0,0,0,0,0,0,NULL,0,0,0,0,0,0,0,0,1,NULL),(153,NULL,0,1,0,0,0,0,0,0,0,0,0,NULL,0,0,0,0,0,0,0,0,1,NULL),(154,NULL,0,1,0,0,0,0,1,0,0,0,0,NULL,0,0,1,0,0,0,0,0,1,NULL),(155,NULL,1,1,1,1,1,0,1,0,0,0,0,NULL,1,0,0,0,0,1,1,1,1,NULL);

--
-- Table structure for table `catalog_product_bundle_option`
--

CREATE TABLE `catalog_product_bundle_option` (
  `option_id` int(10) unsigned NOT NULL AUTO_INCREMENT COMMENT 'Option Id',
  `parent_id` int(10) unsigned NOT NULL COMMENT 'Parent Id',
  `required` smallint(5) unsigned NOT NULL DEFAULT '0' COMMENT 'Required',
  `position` int(10) unsigned NOT NULL DEFAULT '0' COMMENT 'Position',
  `type` varchar(255) DEFAULT NULL COMMENT 'Type',
  PRIMARY KEY (`option_id`),
  KEY `CATALOG_PRODUCT_BUNDLE_OPTION_PARENT_ID` (`parent_id`),
  CONSTRAINT `CAT_PRD_BNDL_OPT_PARENT_ID_CAT_PRD_ENTT_ENTT_ID` FOREIGN KEY (`parent_id`) REFERENCES `catalog_product_entity` (`entity_id`) ON DELETE CASCADE
) ENGINE=InnoDB DEFAULT CHARSET=utf8 COMMENT='Catalog Product Bundle Option';

--
-- Dumping data for table `catalog_product_bundle_option`
--


--
-- Table structure for table `catalog_product_bundle_option_value`
--

CREATE TABLE `catalog_product_bundle_option_value` (
  `value_id` int(10) unsigned NOT NULL AUTO_INCREMENT COMMENT 'Value Id',
  `option_id` int(10) unsigned NOT NULL COMMENT 'Option Id',
  `store_id` smallint(5) unsigned NOT NULL COMMENT 'Store Id',
  `title` varchar(255) DEFAULT NULL COMMENT 'Title',
  PRIMARY KEY (`value_id`),
  UNIQUE KEY `CATALOG_PRODUCT_BUNDLE_OPTION_VALUE_OPTION_ID_STORE_ID` (`option_id`,`store_id`),
  CONSTRAINT `CAT_PRD_BNDL_OPT_VAL_OPT_ID_CAT_PRD_BNDL_OPT_OPT_ID` FOREIGN KEY (`option_id`) REFERENCES `catalog_product_bundle_option` (`option_id`) ON DELETE CASCADE
) ENGINE=InnoDB DEFAULT CHARSET=utf8 COMMENT='Catalog Product Bundle Option Value';

--
-- Dumping data for table `catalog_product_bundle_option_value`
--


--
-- Table structure for table `catalog_product_bundle_price_index`
--

CREATE TABLE `catalog_product_bundle_price_index` (
  `entity_id` int(10) unsigned NOT NULL COMMENT 'Entity Id',
  `website_id` smallint(5) unsigned NOT NULL COMMENT 'Website Id',
  `customer_group_id` smallint(5) unsigned NOT NULL COMMENT 'Customer Group Id',
  `min_price` decimal(12,4) NOT NULL COMMENT 'Min Price',
  `max_price` decimal(12,4) NOT NULL COMMENT 'Max Price',
  PRIMARY KEY (`entity_id`,`website_id`,`customer_group_id`),
  KEY `CATALOG_PRODUCT_BUNDLE_PRICE_INDEX_WEBSITE_ID` (`website_id`),
  KEY `CATALOG_PRODUCT_BUNDLE_PRICE_INDEX_CUSTOMER_GROUP_ID` (`customer_group_id`),
  CONSTRAINT `CAT_PRD_BNDL_PRICE_IDX_ENTT_ID_CAT_PRD_ENTT_ENTT_ID` FOREIGN KEY (`entity_id`) REFERENCES `catalog_product_entity` (`entity_id`) ON DELETE CASCADE,
  CONSTRAINT `CAT_PRD_BNDL_PRICE_IDX_WS_ID_STORE_WS_WS_ID` FOREIGN KEY (`website_id`) REFERENCES `store_website` (`website_id`) ON DELETE CASCADE,
  CONSTRAINT `FK_836F87C064A51D55580D10C0D3EE19FE` FOREIGN KEY (`customer_group_id`) REFERENCES `customer_group` (`customer_group_id`) ON DELETE CASCADE
) ENGINE=InnoDB DEFAULT CHARSET=utf8 COMMENT='Catalog Product Bundle Price Index';

--
-- Dumping data for table `catalog_product_bundle_price_index`
--


--
-- Table structure for table `catalog_product_bundle_selection`
--

CREATE TABLE `catalog_product_bundle_selection` (
  `selection_id` int(10) unsigned NOT NULL AUTO_INCREMENT COMMENT 'Selection Id',
  `option_id` int(10) unsigned NOT NULL COMMENT 'Option Id',
  `parent_product_id` int(10) unsigned NOT NULL COMMENT 'Parent Product Id',
  `product_id` int(10) unsigned NOT NULL COMMENT 'Product Id',
  `position` int(10) unsigned NOT NULL DEFAULT '0' COMMENT 'Position',
  `is_default` smallint(5) unsigned NOT NULL DEFAULT '0' COMMENT 'Is Default',
  `selection_price_type` smallint(5) unsigned NOT NULL DEFAULT '0' COMMENT 'Selection Price Type',
  `selection_price_value` decimal(12,4) NOT NULL DEFAULT '0.0000' COMMENT 'Selection Price Value',
  `selection_qty` decimal(12,4) DEFAULT NULL COMMENT 'Selection Qty',
  `selection_can_change_qty` smallint(6) NOT NULL DEFAULT '0' COMMENT 'Selection Can Change Qty',
  PRIMARY KEY (`selection_id`),
  KEY `CATALOG_PRODUCT_BUNDLE_SELECTION_OPTION_ID` (`option_id`),
  KEY `CATALOG_PRODUCT_BUNDLE_SELECTION_PRODUCT_ID` (`product_id`),
  CONSTRAINT `CAT_PRD_BNDL_SELECTION_OPT_ID_CAT_PRD_BNDL_OPT_OPT_ID` FOREIGN KEY (`option_id`) REFERENCES `catalog_product_bundle_option` (`option_id`) ON DELETE CASCADE,
  CONSTRAINT `CAT_PRD_BNDL_SELECTION_PRD_ID_CAT_PRD_ENTT_ENTT_ID` FOREIGN KEY (`product_id`) REFERENCES `catalog_product_entity` (`entity_id`) ON DELETE CASCADE
) ENGINE=InnoDB DEFAULT CHARSET=utf8 COMMENT='Catalog Product Bundle Selection';

--
-- Dumping data for table `catalog_product_bundle_selection`
--


--
-- Table structure for table `catalog_product_bundle_selection_price`
--

CREATE TABLE `catalog_product_bundle_selection_price` (
  `selection_id` int(10) unsigned NOT NULL COMMENT 'Selection Id',
  `website_id` smallint(5) unsigned NOT NULL COMMENT 'Website Id',
  `selection_price_type` smallint(5) unsigned NOT NULL DEFAULT '0' COMMENT 'Selection Price Type',
  `selection_price_value` decimal(12,4) NOT NULL DEFAULT '0.0000' COMMENT 'Selection Price Value',
  PRIMARY KEY (`selection_id`,`website_id`),
  KEY `CATALOG_PRODUCT_BUNDLE_SELECTION_PRICE_WEBSITE_ID` (`website_id`),
  CONSTRAINT `CAT_PRD_BNDL_SELECTION_PRICE_WS_ID_STORE_WS_WS_ID` FOREIGN KEY (`website_id`) REFERENCES `store_website` (`website_id`) ON DELETE CASCADE,
  CONSTRAINT `FK_0E97634B7AEF4E204ECE7FCD216E0933` FOREIGN KEY (`selection_id`) REFERENCES `catalog_product_bundle_selection` (`selection_id`) ON DELETE CASCADE
) ENGINE=InnoDB DEFAULT CHARSET=utf8 COMMENT='Catalog Product Bundle Selection Price';

--
-- Dumping data for table `catalog_product_bundle_selection_price`
--


--
-- Table structure for table `catalog_product_bundle_stock_index`
--

CREATE TABLE `catalog_product_bundle_stock_index` (
  `entity_id` int(10) unsigned NOT NULL COMMENT 'Entity Id',
  `website_id` smallint(5) unsigned NOT NULL COMMENT 'Website Id',
  `stock_id` smallint(5) unsigned NOT NULL COMMENT 'Stock Id',
  `option_id` int(10) unsigned NOT NULL DEFAULT '0' COMMENT 'Option Id',
  `stock_status` smallint(6) DEFAULT '0' COMMENT 'Stock Status',
  PRIMARY KEY (`entity_id`,`website_id`,`stock_id`,`option_id`)
) ENGINE=InnoDB DEFAULT CHARSET=utf8 COMMENT='Catalog Product Bundle Stock Index';

--
-- Dumping data for table `catalog_product_bundle_stock_index`
--


--
-- Table structure for table `catalog_product_entity`
--

CREATE TABLE `catalog_product_entity` (
  `entity_id` int(10) unsigned NOT NULL AUTO_INCREMENT COMMENT 'Entity ID',
  `attribute_set_id` smallint(5) unsigned NOT NULL DEFAULT '0' COMMENT 'Attribute Set ID',
  `type_id` varchar(32) NOT NULL DEFAULT 'simple' COMMENT 'Type ID',
  `sku` varchar(64) DEFAULT NULL COMMENT 'SKU',
  `has_options` smallint(6) NOT NULL DEFAULT '0' COMMENT 'Has Options',
  `required_options` smallint(5) unsigned NOT NULL DEFAULT '0' COMMENT 'Required Options',
  `created_at` timestamp NOT NULL DEFAULT CURRENT_TIMESTAMP COMMENT 'Creation Time',
  `updated_at` timestamp NOT NULL DEFAULT CURRENT_TIMESTAMP ON UPDATE CURRENT_TIMESTAMP COMMENT 'Update Time',
  PRIMARY KEY (`entity_id`),
  KEY `CATALOG_PRODUCT_ENTITY_ATTRIBUTE_SET_ID` (`attribute_set_id`),
  KEY `CATALOG_PRODUCT_ENTITY_SKU` (`sku`),
  CONSTRAINT `CAT_PRD_ENTT_ATTR_SET_ID_EAV_ATTR_SET_ATTR_SET_ID` FOREIGN KEY (`attribute_set_id`) REFERENCES `eav_attribute_set` (`attribute_set_id`) ON DELETE CASCADE
) ENGINE=InnoDB AUTO_INCREMENT=52 DEFAULT CHARSET=utf8 COMMENT='Catalog Product Table';

--
-- Dumping data for table `catalog_product_entity`
--

INSERT INTO `catalog_product_entity` VALUES (45,9,'simple','HBF - Black -28g',0,0,'2017-04-10 01:43:58','2017-04-10 03:43:14'),(46,9,'simple','HBF - Dark Brown - 28g',0,0,'2017-04-10 03:46:30','2017-04-10 03:46:30'),(47,9,'simple','HBF - Medium Brown - 28g',0,0,'2017-04-10 04:04:40','2017-04-10 04:04:40'),(48,9,'simple','HBF - Light Brown - 28g',0,0,'2017-04-10 04:08:15','2017-04-10 04:08:15'),(49,9,'simple','Hair Building Fibers - Medium Blonde - 28g',0,0,'2017-04-10 04:11:54','2017-04-10 04:11:54'),(50,9,'simple','Hair Building Fibers - Grey - 28g',0,0,'2017-04-10 04:13:49','2017-04-10 04:13:49'),(51,4,'simple','Fiber Hold Spray',0,0,'2017-04-10 17:53:43','2017-04-10 17:53:43');

--
-- Table structure for table `catalog_product_entity_datetime`
--

CREATE TABLE `catalog_product_entity_datetime` (
  `value_id` int(11) NOT NULL AUTO_INCREMENT COMMENT 'Value ID',
  `attribute_id` smallint(5) unsigned NOT NULL DEFAULT '0' COMMENT 'Attribute ID',
  `store_id` smallint(5) unsigned NOT NULL DEFAULT '0' COMMENT 'Store ID',
  `entity_id` int(10) unsigned NOT NULL DEFAULT '0' COMMENT 'Entity ID',
  `value` datetime DEFAULT NULL COMMENT 'Value',
  PRIMARY KEY (`value_id`),
  UNIQUE KEY `CAT_PRD_ENTT_DTIME_ENTT_ID_ATTR_ID_STORE_ID` (`entity_id`,`attribute_id`,`store_id`),
  KEY `CATALOG_PRODUCT_ENTITY_DATETIME_ATTRIBUTE_ID` (`attribute_id`),
  KEY `CATALOG_PRODUCT_ENTITY_DATETIME_STORE_ID` (`store_id`),
  CONSTRAINT `CATALOG_PRODUCT_ENTITY_DATETIME_STORE_ID_STORE_STORE_ID` FOREIGN KEY (`store_id`) REFERENCES `store` (`store_id`) ON DELETE CASCADE,
  CONSTRAINT `CAT_PRD_ENTT_DTIME_ATTR_ID_EAV_ATTR_ATTR_ID` FOREIGN KEY (`attribute_id`) REFERENCES `eav_attribute` (`attribute_id`) ON DELETE CASCADE,
  CONSTRAINT `CAT_PRD_ENTT_DTIME_ENTT_ID_CAT_PRD_ENTT_ENTT_ID` FOREIGN KEY (`entity_id`) REFERENCES `catalog_product_entity` (`entity_id`) ON DELETE CASCADE
) ENGINE=InnoDB AUTO_INCREMENT=9 DEFAULT CHARSET=utf8 COMMENT='Catalog Product Datetime Attribute Backend Table';

--
-- Dumping data for table `catalog_product_entity_datetime`
--

INSERT INTO `catalog_product_entity_datetime` VALUES (1,79,0,47,'2017-04-09 00:00:00'),(2,80,0,47,'2017-05-31 00:00:00'),(3,94,0,47,'2017-04-10 00:00:00'),(4,101,0,47,'2017-04-10 00:00:00'),(5,79,0,48,'2017-04-10 00:00:00'),(6,80,0,48,'2017-05-31 00:00:00'),(7,94,0,48,'2017-04-10 00:00:00'),(8,101,0,48,'2017-04-10 00:00:00');

--
-- Table structure for table `catalog_product_entity_decimal`
--

CREATE TABLE `catalog_product_entity_decimal` (
  `value_id` int(11) NOT NULL AUTO_INCREMENT COMMENT 'Value ID',
  `attribute_id` smallint(5) unsigned NOT NULL DEFAULT '0' COMMENT 'Attribute ID',
  `store_id` smallint(5) unsigned NOT NULL DEFAULT '0' COMMENT 'Store ID',
  `entity_id` int(10) unsigned NOT NULL DEFAULT '0' COMMENT 'Entity ID',
  `value` decimal(12,4) DEFAULT NULL COMMENT 'Value',
  PRIMARY KEY (`value_id`),
  UNIQUE KEY `CAT_PRD_ENTT_DEC_ENTT_ID_ATTR_ID_STORE_ID` (`entity_id`,`attribute_id`,`store_id`),
  KEY `CATALOG_PRODUCT_ENTITY_DECIMAL_STORE_ID` (`store_id`),
  KEY `CATALOG_PRODUCT_ENTITY_DECIMAL_ATTRIBUTE_ID` (`attribute_id`),
  CONSTRAINT `CATALOG_PRODUCT_ENTITY_DECIMAL_STORE_ID_STORE_STORE_ID` FOREIGN KEY (`store_id`) REFERENCES `store` (`store_id`) ON DELETE CASCADE,
  CONSTRAINT `CAT_PRD_ENTT_DEC_ATTR_ID_EAV_ATTR_ATTR_ID` FOREIGN KEY (`attribute_id`) REFERENCES `eav_attribute` (`attribute_id`) ON DELETE CASCADE,
  CONSTRAINT `CAT_PRD_ENTT_DEC_ENTT_ID_CAT_PRD_ENTT_ENTT_ID` FOREIGN KEY (`entity_id`) REFERENCES `catalog_product_entity` (`entity_id`) ON DELETE CASCADE
) ENGINE=InnoDB AUTO_INCREMENT=98 DEFAULT CHARSET=utf8 COMMENT='Catalog Product Decimal Attribute Backend Table';

--
-- Dumping data for table `catalog_product_entity_decimal`
--

INSERT INTO `catalog_product_entity_decimal` VALUES (82,77,0,45,19.9500),(83,82,0,45,1.0000),(84,77,0,46,19.9500),(85,82,0,46,1.0000),(86,77,0,47,19.9500),(88,82,0,47,1.0000),(89,77,0,48,19.9500),(90,78,0,48,14.9500),(91,82,0,48,1.0000),(92,77,0,49,19.9500),(93,82,0,49,1.0000),(94,77,0,50,19.9500),(95,82,0,50,1.0000),(96,77,0,51,19.9500),(97,82,0,51,2.0000);

--
-- Table structure for table `catalog_product_entity_gallery`
--

CREATE TABLE `catalog_product_entity_gallery` (
  `value_id` int(11) NOT NULL AUTO_INCREMENT COMMENT 'Value ID',
  `attribute_id` smallint(5) unsigned NOT NULL DEFAULT '0' COMMENT 'Attribute ID',
  `store_id` smallint(5) unsigned NOT NULL DEFAULT '0' COMMENT 'Store ID',
  `entity_id` int(10) unsigned NOT NULL DEFAULT '0' COMMENT 'Entity ID',
  `position` int(11) NOT NULL DEFAULT '0' COMMENT 'Position',
  `value` varchar(255) DEFAULT NULL COMMENT 'Value',
  PRIMARY KEY (`value_id`),
  UNIQUE KEY `CAT_PRD_ENTT_GLR_ENTT_ID_ATTR_ID_STORE_ID` (`entity_id`,`attribute_id`,`store_id`),
  KEY `CATALOG_PRODUCT_ENTITY_GALLERY_ENTITY_ID` (`entity_id`),
  KEY `CATALOG_PRODUCT_ENTITY_GALLERY_ATTRIBUTE_ID` (`attribute_id`),
  KEY `CATALOG_PRODUCT_ENTITY_GALLERY_STORE_ID` (`store_id`),
  CONSTRAINT `CATALOG_PRODUCT_ENTITY_GALLERY_STORE_ID_STORE_STORE_ID` FOREIGN KEY (`store_id`) REFERENCES `store` (`store_id`) ON DELETE CASCADE,
  CONSTRAINT `CAT_PRD_ENTT_GLR_ATTR_ID_EAV_ATTR_ATTR_ID` FOREIGN KEY (`attribute_id`) REFERENCES `eav_attribute` (`attribute_id`) ON DELETE CASCADE,
  CONSTRAINT `CAT_PRD_ENTT_GLR_ENTT_ID_CAT_PRD_ENTT_ENTT_ID` FOREIGN KEY (`entity_id`) REFERENCES `catalog_product_entity` (`entity_id`) ON DELETE CASCADE
) ENGINE=InnoDB DEFAULT CHARSET=utf8 COMMENT='Catalog Product Gallery Attribute Backend Table';

--
-- Dumping data for table `catalog_product_entity_gallery`
--


--
-- Table structure for table `catalog_product_entity_int`
--

CREATE TABLE `catalog_product_entity_int` (
  `value_id` int(11) NOT NULL AUTO_INCREMENT COMMENT 'Value ID',
  `attribute_id` smallint(5) unsigned NOT NULL DEFAULT '0' COMMENT 'Attribute ID',
  `store_id` smallint(5) unsigned NOT NULL DEFAULT '0' COMMENT 'Store ID',
  `entity_id` int(10) unsigned NOT NULL DEFAULT '0' COMMENT 'Entity ID',
  `value` int(11) DEFAULT NULL COMMENT 'Value',
  PRIMARY KEY (`value_id`),
  UNIQUE KEY `CATALOG_PRODUCT_ENTITY_INT_ENTITY_ID_ATTRIBUTE_ID_STORE_ID` (`entity_id`,`attribute_id`,`store_id`),
  KEY `CATALOG_PRODUCT_ENTITY_INT_ATTRIBUTE_ID` (`attribute_id`),
  KEY `CATALOG_PRODUCT_ENTITY_INT_STORE_ID` (`store_id`),
  CONSTRAINT `CATALOG_PRODUCT_ENTITY_INT_STORE_ID_STORE_STORE_ID` FOREIGN KEY (`store_id`) REFERENCES `store` (`store_id`) ON DELETE CASCADE,
  CONSTRAINT `CAT_PRD_ENTT_INT_ATTR_ID_EAV_ATTR_ATTR_ID` FOREIGN KEY (`attribute_id`) REFERENCES `eav_attribute` (`attribute_id`) ON DELETE CASCADE,
  CONSTRAINT `CAT_PRD_ENTT_INT_ENTT_ID_CAT_PRD_ENTT_ENTT_ID` FOREIGN KEY (`entity_id`) REFERENCES `catalog_product_entity` (`entity_id`) ON DELETE CASCADE
) ENGINE=InnoDB AUTO_INCREMENT=345 DEFAULT CHARSET=utf8 COMMENT='Catalog Product Integer Attribute Backend Table';

--
-- Dumping data for table `catalog_product_entity_int`
--

INSERT INTO `catalog_product_entity_int` VALUES (298,93,0,45,4),(299,97,0,45,2),(300,99,0,45,4),(301,115,0,45,1),(302,133,0,45,2),(303,135,0,45,0),(304,155,0,45,11),(305,93,0,46,5),(306,97,0,46,2),(307,99,0,46,4),(308,115,0,46,1),(309,133,0,46,2),(310,135,0,46,0),(311,155,0,46,11),(312,93,0,47,6),(313,97,0,47,2),(314,99,0,47,4),(315,115,0,47,1),(316,133,0,47,2),(317,135,0,47,0),(318,155,0,47,11),(319,93,0,48,7),(320,97,0,48,2),(321,99,0,48,4),(322,115,0,48,1),(323,133,0,48,2),(324,135,0,48,1),(325,155,0,48,11),(326,93,0,49,9),(327,97,0,49,2),(328,99,0,49,4),(329,115,0,49,1),(330,133,0,49,2),(331,135,0,49,0),(332,155,0,49,11),(333,93,0,50,8),(334,97,0,50,2),(335,99,0,50,4),(336,115,0,50,1),(337,133,0,50,2),(338,135,0,50,0),(339,155,0,50,11),(340,97,0,51,2),(341,99,0,51,4),(342,115,0,51,1),(343,133,0,51,2),(344,135,0,51,0);

--
-- Table structure for table `catalog_product_entity_media_gallery`
--

CREATE TABLE `catalog_product_entity_media_gallery` (
  `value_id` int(10) unsigned NOT NULL AUTO_INCREMENT COMMENT 'Value ID',
  `attribute_id` smallint(5) unsigned NOT NULL DEFAULT '0' COMMENT 'Attribute ID',
  `value` varchar(255) DEFAULT NULL COMMENT 'Value',
  `media_type` varchar(32) NOT NULL DEFAULT 'image' COMMENT 'Media entry type',
  `disabled` smallint(5) unsigned NOT NULL DEFAULT '0' COMMENT 'Visibility status',
  PRIMARY KEY (`value_id`),
  KEY `CATALOG_PRODUCT_ENTITY_MEDIA_GALLERY_ATTRIBUTE_ID` (`attribute_id`),
  CONSTRAINT `CAT_PRD_ENTT_MDA_GLR_ATTR_ID_EAV_ATTR_ATTR_ID` FOREIGN KEY (`attribute_id`) REFERENCES `eav_attribute` (`attribute_id`) ON DELETE CASCADE
) ENGINE=InnoDB AUTO_INCREMENT=52 DEFAULT CHARSET=utf8 COMMENT='Catalog Product Media Gallery Attribute Backend Table';

--
-- Dumping data for table `catalog_product_entity_media_gallery`
--

INSERT INTO `catalog_product_entity_media_gallery` VALUES (1,90,'/h/a/hair-building-fibers-28g.png','image',0),(2,90,'/h/a/hair-building-fibers-28g_1.png','image',0),(3,90,'/h/a/hair-building-fibers-28g_2.png','image',0),(4,90,'/h/a/hair-building-fibers-28g_3.png','image',0),(5,90,'/h/a/hair-building-fibers-28g_4.png','image',0),(6,90,'/h/a/hair-building-fibers-28g_5.png','image',0),(7,90,'/h/a/hair-building-fibers-28g_6.png','image',0),(8,90,'/h/a/hair-building-fibers-28g_7.png','image',0),(9,90,'/h/a/hair-building-fibers-28g_2_1.png','image',0),(10,90,'/h/a/hair-building-fibers-28g_3_1.png','image',0),(11,90,'/h/a/hair-building-fibers-28g_4_1.png','image',0),(12,90,'/h/a/hair-building-fibers-28g_5_1.png','image',0),(13,90,'/h/a/hair-building-fibers-28g_6_1.png','image',0),(14,90,'/h/a/hair-building-fibers-28g_1_1.png','image',0),(15,90,'/h/a/hair-building-fibers-28g_8.png','image',0),(16,90,'/h/a/hair-building-fibers-28g_2_2.png','image',0),(17,90,'/h/a/hair-building-fibers-28g_3_2.png','image',0),(18,90,'/h/a/hair-building-fibers-28g_4_2.png','image',0),(19,90,'/h/a/hair-building-fibers-28g_5_2.png','image',0),(20,90,'/h/a/hair-building-fibers-28g_6_2.png','image',0),(21,90,'/h/a/hair-building-fibers-28g_1_2.png','image',0),(22,90,'/h/a/hair-building-fibers-28g_9.png','image',0),(23,90,'/h/a/hair-building-fibers-28g_2_3.png','image',0),(24,90,'/h/a/hair-building-fibers-28g_3_3.png','image',0),(25,90,'/h/a/hair-building-fibers-28g_4_3.png','image',0),(26,90,'/h/a/hair-building-fibers-28g_5_3.png','image',0),(27,90,'/h/a/hair-building-fibers-28g_6_3.png','image',0),(28,90,'/h/a/hair-building-fibers-28g_1_3.png','image',0),(29,90,'/k/e/keragen-bottles.png','image',0),(30,90,'/k/e/keragen-bottles_2.png','image',0),(31,90,'/k/e/keragen-bottles_3.png','image',0),(32,90,'/k/e/keragen-bottles_4.png','image',0),(33,90,'/k/e/keragen-bottles_5.png','image',0),(34,90,'/k/e/keragen-bottles_6.png','image',0),(35,90,'/k/e/keragen-bottles_1.png','image',0),(36,90,'/k/e/keragen-bottles_7.png','image',0),(37,90,'/k/e/keragen-bottles_1_1.png','image',0),(38,90,'/k/e/keragen-bottles_2_1.png','image',0),(39,90,'/k/e/keragen-bottles_3_1.png','image',0),(40,90,'/k/e/keragen-bottles_4_1.png','image',0),(41,90,'/k/e/keragen-bottles_5_1.png','image',0),(42,90,'/k/e/keragen-bottles_8.png','image',0),(45,90,'/k/e/keragen-black_1_1.jpg','image',0),(46,90,'/k/e/keragen-dark-brown.jpg','image',0),(47,90,'/k/e/keragen-medium-brown.jpg','image',0),(48,90,'/k/e/keragen-light-brown.jpg','image',0),(49,90,'/k/e/keragen-medium-blonde.jpg','image',0),(50,90,'/k/e/keragen-grey.jpg','image',0),(51,90,'/k/e/keragen-spray.jpg','image',0);

--
-- Table structure for table `catalog_product_entity_media_gallery_value`
--

CREATE TABLE `catalog_product_entity_media_gallery_value` (
  `value_id` int(10) unsigned NOT NULL DEFAULT '0' COMMENT 'Value ID',
  `store_id` smallint(5) unsigned NOT NULL DEFAULT '0' COMMENT 'Store ID',
  `entity_id` int(10) unsigned NOT NULL DEFAULT '0' COMMENT 'Entity ID',
  `label` varchar(255) DEFAULT NULL COMMENT 'Label',
  `position` int(10) unsigned DEFAULT NULL COMMENT 'Position',
  `disabled` smallint(5) unsigned NOT NULL DEFAULT '0' COMMENT 'Is Disabled',
  `record_id` int(10) unsigned NOT NULL AUTO_INCREMENT COMMENT 'Record Id',
  PRIMARY KEY (`record_id`),
  KEY `CATALOG_PRODUCT_ENTITY_MEDIA_GALLERY_VALUE_STORE_ID` (`store_id`),
  KEY `CATALOG_PRODUCT_ENTITY_MEDIA_GALLERY_VALUE_ENTITY_ID` (`entity_id`),
  KEY `CATALOG_PRODUCT_ENTITY_MEDIA_GALLERY_VALUE_VALUE_ID` (`value_id`),
  CONSTRAINT `CAT_PRD_ENTT_MDA_GLR_VAL_ENTT_ID_CAT_PRD_ENTT_ENTT_ID` FOREIGN KEY (`entity_id`) REFERENCES `catalog_product_entity` (`entity_id`) ON DELETE CASCADE,
  CONSTRAINT `CAT_PRD_ENTT_MDA_GLR_VAL_STORE_ID_STORE_STORE_ID` FOREIGN KEY (`store_id`) REFERENCES `store` (`store_id`) ON DELETE CASCADE,
  CONSTRAINT `CAT_PRD_ENTT_MDA_GLR_VAL_VAL_ID_CAT_PRD_ENTT_MDA_GLR_VAL_ID` FOREIGN KEY (`value_id`) REFERENCES `catalog_product_entity_media_gallery` (`value_id`) ON DELETE CASCADE
) ENGINE=InnoDB AUTO_INCREMENT=89 DEFAULT CHARSET=utf8 COMMENT='Catalog Product Media Gallery Attribute Value Table';

--
-- Dumping data for table `catalog_product_entity_media_gallery_value`
--

INSERT INTO `catalog_product_entity_media_gallery_value` VALUES (46,0,46,NULL,1,0,75),(45,0,45,NULL,2,0,76),(47,0,47,NULL,1,0,78),(48,0,48,NULL,1,0,81),(49,0,49,NULL,2,0,82),(50,0,50,NULL,1,0,83),(51,0,51,NULL,1,0,88);

--
-- Table structure for table `catalog_product_entity_media_gallery_value_to_entity`
--

CREATE TABLE `catalog_product_entity_media_gallery_value_to_entity` (
  `value_id` int(10) unsigned NOT NULL COMMENT 'Value media Entry ID',
  `entity_id` int(10) unsigned NOT NULL COMMENT 'Product entity ID',
  UNIQUE KEY `CAT_PRD_ENTT_MDA_GLR_VAL_TO_ENTT_VAL_ID_ENTT_ID` (`value_id`,`entity_id`),
  KEY `FK_068726AEB52B9FA2F28A3CD95CE3BC3F` (`entity_id`),
  CONSTRAINT `FK_068726AEB52B9FA2F28A3CD95CE3BC3F` FOREIGN KEY (`entity_id`) REFERENCES `catalog_product_entity` (`entity_id`) ON DELETE CASCADE,
  CONSTRAINT `FK_CDF04799A6AF391C2CD97E6BE0AC001B` FOREIGN KEY (`value_id`) REFERENCES `catalog_product_entity_media_gallery` (`value_id`) ON DELETE CASCADE
) ENGINE=InnoDB DEFAULT CHARSET=utf8 COMMENT='Link Media value to Product entity table';

--
-- Dumping data for table `catalog_product_entity_media_gallery_value_to_entity`
--

INSERT INTO `catalog_product_entity_media_gallery_value_to_entity` VALUES (45,45),(46,46),(47,47),(48,48),(49,49),(50,50),(51,51);

--
-- Table structure for table `catalog_product_entity_media_gallery_value_video`
--

CREATE TABLE `catalog_product_entity_media_gallery_value_video` (
  `value_id` int(10) unsigned NOT NULL COMMENT 'Media Entity ID',
  `store_id` smallint(5) unsigned NOT NULL DEFAULT '0' COMMENT 'Store ID',
  `provider` varchar(32) DEFAULT NULL COMMENT 'Video provider ID',
  `url` text COMMENT 'Video URL',
  `title` varchar(255) DEFAULT NULL COMMENT 'Title',
  `description` text COMMENT 'Page Meta Description',
  `metadata` text COMMENT 'Video meta data',
  UNIQUE KEY `CAT_PRD_ENTT_MDA_GLR_VAL_VIDEO_VAL_ID_STORE_ID` (`value_id`,`store_id`),
  KEY `CAT_PRD_ENTT_MDA_GLR_VAL_VIDEO_STORE_ID_STORE_STORE_ID` (`store_id`),
  CONSTRAINT `CAT_PRD_ENTT_MDA_GLR_VAL_VIDEO_STORE_ID_STORE_STORE_ID` FOREIGN KEY (`store_id`) REFERENCES `store` (`store_id`) ON DELETE CASCADE,
  CONSTRAINT `FK_99F487FFD95D8115FCD4F9CC7A6C5E4B` FOREIGN KEY (`value_id`) REFERENCES `catalog_product_entity_media_gallery` (`value_id`) ON DELETE CASCADE
) ENGINE=InnoDB DEFAULT CHARSET=utf8 COMMENT='Catalog Product Video Table';

--
-- Dumping data for table `catalog_product_entity_media_gallery_value_video`
--


--
-- Table structure for table `catalog_product_entity_text`
--

CREATE TABLE `catalog_product_entity_text` (
  `value_id` int(11) NOT NULL AUTO_INCREMENT COMMENT 'Value ID',
  `attribute_id` smallint(5) unsigned NOT NULL DEFAULT '0' COMMENT 'Attribute ID',
  `store_id` smallint(5) unsigned NOT NULL DEFAULT '0' COMMENT 'Store ID',
  `entity_id` int(10) unsigned NOT NULL DEFAULT '0' COMMENT 'Entity ID',
  `value` text COMMENT 'Value',
  PRIMARY KEY (`value_id`),
  UNIQUE KEY `CATALOG_PRODUCT_ENTITY_TEXT_ENTITY_ID_ATTRIBUTE_ID_STORE_ID` (`entity_id`,`attribute_id`,`store_id`),
  KEY `CATALOG_PRODUCT_ENTITY_TEXT_ATTRIBUTE_ID` (`attribute_id`),
  KEY `CATALOG_PRODUCT_ENTITY_TEXT_STORE_ID` (`store_id`),
  CONSTRAINT `CATALOG_PRODUCT_ENTITY_TEXT_STORE_ID_STORE_STORE_ID` FOREIGN KEY (`store_id`) REFERENCES `store` (`store_id`) ON DELETE CASCADE,
  CONSTRAINT `CAT_PRD_ENTT_TEXT_ATTR_ID_EAV_ATTR_ATTR_ID` FOREIGN KEY (`attribute_id`) REFERENCES `eav_attribute` (`attribute_id`) ON DELETE CASCADE,
  CONSTRAINT `CAT_PRD_ENTT_TEXT_ENTT_ID_CAT_PRD_ENTT_ENTT_ID` FOREIGN KEY (`entity_id`) REFERENCES `catalog_product_entity` (`entity_id`) ON DELETE CASCADE
) ENGINE=InnoDB AUTO_INCREMENT=66 DEFAULT CHARSET=utf8 COMMENT='Catalog Product Text Attribute Backend Table';

--
-- Dumping data for table `catalog_product_entity_text`
--

INSERT INTO `catalog_product_entity_text` VALUES (45,75,0,45,'<p><strong>Dramatically Change the Appearance of Your Hair</strong></p>\r\n\r\n<p>Keragen is a safe and natural solution that instantly eliminates the appearance of baldness and thinning hair for both men and women. </p>\r\n\r\n<p><strong>How the Hair Fibers Work</strong></p>\r\n\r\n<p>Keragen hair building fibers are electrically charged to bind to your existing hair. The fibers interlock with your existing hair to hide any thinning or balding areas, giving the appearance of thicker, fuller hair. </p>\r\n\r\n<p>The fibers are able to intertwine with existing hair because of their electrostatic charge, which creates a magnetic bonding effect between the fibers and your existing hair. Using our fiber hold spray further enhances the bonding effect for an extra durable hold. </p>\r\n\r\n<p>The fibers stay in place all day and night, until you wash them out with ordinary shampoo. Keragen fibers withstands wind, rain, and sweat.</p>'),(46,76,0,45,'<p><strong>Dramatically Change the Appearance of Your Hair</strong></p>\r\n<p>Keragen is a safe and natural solution that instantly eliminates the appearance of baldness and thinning hair for both men and women.</p>'),(47,85,0,45,'Hair Building Fibers - Black'),(48,75,0,46,'<p><strong>Dramatically Change the Appearance of Your Hair</strong></p>\r\n\r\n<p>Keragen is a safe and natural solution that instantly eliminates the appearance of baldness and thinning hair for both men and women. </p>\r\n\r\n<p><strong>How the Hair Fibers Work</strong></p>\r\n\r\n<p>Keragen hair building fibers are electrically charged to bind to your existing hair. The fibers interlock with your existing hair to hide any thinning or balding areas, giving the appearance of thicker, fuller hair. </p>\r\n\r\n<p>The fibers are able to intertwine with existing hair because of their electrostatic charge, which creates a magnetic bonding effect between the fibers and your existing hair. Using our fiber hold spray further enhances the bonding effect for an extra durable hold. </p>\r\n\r\n<p>The fibers stay in place all day and night, until you wash them out with ordinary shampoo. Keragen fibers withstands wind, rain, and sweat.</p>\r\n'),(49,76,0,46,'<p><strong>Dramatically Change the Appearance of Your Hair</strong></p>\r\n\r\n<p>Keragen is a safe and natural solution that instantly eliminates the appearance of baldness and thinning hair for both men and women. </p>\r\n\r\n\r\n\r\n'),(50,85,0,46,'Hair Building Fibers - Dark Brown - 28g'),(51,75,0,47,'<p><strong>Dramatically Change the Appearance of Your Hair</strong></p>\r\n\r\n<p>Keragen is a safe and natural solution that instantly eliminates the appearance of baldness and thinning hair for both men and women.</p>\r\n\r\n<p><strong>How the Hair Fibers Work</strong></p>\r\n\r\n<p>Keragen hair building fibers are electrically charged to bind to your existing hair. The fibers interlock with your existing hair to hide any thinning or balding areas, giving the appearance of thicker, fuller hair. </p>\r\n\r\n<p>The fibers are able to intertwine with existing hair because of their electrostatic charge, which creates a magnetic bonding effect between the fibers and your existing hair. Using our fiber hold spray further enhances the bonding effect for an extra durable hold. </p>\r\n\r\n<p>The fibers stay in place all day and night, until you wash them out with ordinary shampoo. Keragen fibers withstands wind, rain, and sweat.</p>'),(52,76,0,47,'<p><strong>Dramatically Change the Appearance of Your Hair</strong></p>\r\n\r\n<p>Keragen is a safe and natural solution that instantly eliminates the appearance of baldness and thinning hair for both men and women.</p>'),(53,85,0,47,'Hair Building Fibers - Medium Brown - 28g'),(54,75,0,48,'<p><strong>Dramatically Change the Appearance of Your Hair</strong></p>\r\n\r\n<p>Keragen is a safe and natural solution that instantly eliminates the appearance of baldness and thinning hair for both men and women.</p>\r\n\r\n<p><strong>How the Hair Fibers Work</strong></p>\r\n\r\n<p>Keragen hair building fibers are electrically charged to bind to your existing hair. The fibers interlock with your existing hair to hide any thinning or balding areas, giving the appearance of thicker, fuller hair. </p>\r\n\r\n<p>The fibers are able to intertwine with existing hair because of their electrostatic charge, which creates a magnetic bonding effect between the fibers and your existing hair. Using our fiber hold spray further enhances the bonding effect for an extra durable hold. </p>\r\n\r\n<p>The fibers stay in place all day and night, until you wash them out with ordinary shampoo. Keragen fibers withstands wind, rain, and sweat.</p>'),(55,76,0,48,'<p><strong>Dramatically Change the Appearance of Your Hair</strong></p>\r\n\r\n<p>Keragen is a safe and natural solution that instantly eliminates the appearance of baldness and thinning hair for both men and women.</p>\r\n'),(56,85,0,48,'Hair Building Fibers - Light Brown - 28g'),(57,75,0,49,'<p><strong>Dramatically Change the Appearance of Your Hair</strong></p>\r\n\r\n<p>Keragen is a safe and natural solution that instantly eliminates the appearance of baldness and thinning hair for both men and women.</p>\r\n\r\n<p><strong>How the Hair Fibers Work</strong></p>\r\n\r\n<p>Keragen hair building fibers are electrically charged to bind to your existing hair. The fibers interlock with your existing hair to hide any thinning or balding areas, giving the appearance of thicker, fuller hair. </p>\r\n\r\n<p>The fibers are able to intertwine with existing hair because of their electrostatic charge, which creates a magnetic bonding effect between the fibers and your existing hair. Using our fiber hold spray further enhances the bonding effect for an extra durable hold. </p>\r\n\r\n<p>The fibers stay in place all day and night, until you wash them out with ordinary shampoo. Keragen fibers withstands wind, rain, and sweat.</p>'),(58,76,0,49,'<p><strong>Dramatically Change the Appearance of Your Hair</strong></p>\r\n\r\n<p>Keragen is a safe and natural solution that instantly eliminates the appearance of baldness and thinning hair for both men and women.</p>\r\n'),(59,85,0,49,'Hair Building Fibers - Medium Blonde - 28g'),(60,75,0,50,'<p><strong>Dramatically Change the Appearance of Your Hair</strong></p>\r\n\r\n<p>Keragen is a safe and natural solution that instantly eliminates the appearance of baldness and thinning hair for both men and women.</p>\r\n\r\n<p><strong>How the Hair Fibers Work</strong></p>\r\n\r\n<p>Keragen hair building fibers are electrically charged to bind to your existing hair. The fibers interlock with your existing hair to hide any thinning or balding areas, giving the appearance of thicker, fuller hair. </p>\r\n\r\n<p>The fibers are able to intertwine with existing hair because of their electrostatic charge, which creates a magnetic bonding effect between the fibers and your existing hair. Using our fiber hold spray further enhances the bonding effect for an extra durable hold. </p>\r\n\r\n<p>The fibers stay in place all day and night, until you wash them out with ordinary shampoo. Keragen fibers withstands wind, rain, and sweat.</p>'),(61,76,0,50,'<p><strong>Dramatically Change the Appearance of Your Hair</strong></p>\r\n\r\n<p>Keragen is a safe and natural solution that instantly eliminates the appearance of baldness and thinning hair for both men and women.</p>'),(62,85,0,50,'Hair Building Fibers - Grey - 28g'),(63,75,0,51,'<p><strong>Increases the magnetic attraction between Keragen Fibers and your hair, ensuring longer-lasting results.</strong></p>\r\n\r\n<p>The fiber locking spray is recommend to increase the fiber bonds. Our spray is specially formulated to increase the static electric bond of the fibers. </p>\r\n\r\n'),(64,76,0,51,'<p><strong>Increases the magnetic attraction between Keragen Fibers and your hair, ensuring longer-lasting results.</strong></p>\r\n\r\n<p>The fiber locking spray is recommend to increase the fiber bonds. Our spray is specially formulated to increase the static electric bond of the fibers. </p>'),(65,85,0,51,'Fiber Hold Spray');

--
-- Table structure for table `catalog_product_entity_tier_price`
--

CREATE TABLE `catalog_product_entity_tier_price` (
  `value_id` int(11) NOT NULL AUTO_INCREMENT COMMENT 'Value ID',
  `entity_id` int(10) unsigned NOT NULL DEFAULT '0' COMMENT 'Entity ID',
  `all_groups` smallint(5) unsigned NOT NULL DEFAULT '1' COMMENT 'Is Applicable To All Customer Groups',
  `customer_group_id` smallint(5) unsigned NOT NULL DEFAULT '0' COMMENT 'Customer Group ID',
  `qty` decimal(12,4) NOT NULL DEFAULT '1.0000' COMMENT 'QTY',
  `value` decimal(12,4) NOT NULL DEFAULT '0.0000' COMMENT 'Value',
  `website_id` smallint(5) unsigned NOT NULL COMMENT 'Website ID',
  PRIMARY KEY (`value_id`),
  UNIQUE KEY `UNQ_6D3040166530765494A77D7288801D79` (`entity_id`,`all_groups`,`customer_group_id`,`qty`,`website_id`),
  KEY `CATALOG_PRODUCT_ENTITY_TIER_PRICE_CUSTOMER_GROUP_ID` (`customer_group_id`),
  KEY `CATALOG_PRODUCT_ENTITY_TIER_PRICE_WEBSITE_ID` (`website_id`),
  CONSTRAINT `CAT_PRD_ENTT_TIER_PRICE_ENTT_ID_CAT_PRD_ENTT_ENTT_ID` FOREIGN KEY (`entity_id`) REFERENCES `catalog_product_entity` (`entity_id`) ON DELETE CASCADE,
  CONSTRAINT `CAT_PRD_ENTT_TIER_PRICE_WS_ID_STORE_WS_WS_ID` FOREIGN KEY (`website_id`) REFERENCES `store_website` (`website_id`) ON DELETE CASCADE,
  CONSTRAINT `FK_5098F91664069FE43719CFF0D4F94324` FOREIGN KEY (`customer_group_id`) REFERENCES `customer_group` (`customer_group_id`) ON DELETE CASCADE
) ENGINE=InnoDB DEFAULT CHARSET=utf8 COMMENT='Catalog Product Tier Price Attribute Backend Table';

--
-- Dumping data for table `catalog_product_entity_tier_price`
--


--
-- Table structure for table `catalog_product_entity_varchar`
--

CREATE TABLE `catalog_product_entity_varchar` (
  `value_id` int(11) NOT NULL AUTO_INCREMENT COMMENT 'Value ID',
  `attribute_id` smallint(5) unsigned NOT NULL DEFAULT '0' COMMENT 'Attribute ID',
  `store_id` smallint(5) unsigned NOT NULL DEFAULT '0' COMMENT 'Store ID',
  `entity_id` int(10) unsigned NOT NULL DEFAULT '0' COMMENT 'Entity ID',
  `value` varchar(255) DEFAULT NULL COMMENT 'Value',
  PRIMARY KEY (`value_id`),
  UNIQUE KEY `CAT_PRD_ENTT_VCHR_ENTT_ID_ATTR_ID_STORE_ID` (`entity_id`,`attribute_id`,`store_id`),
  KEY `CATALOG_PRODUCT_ENTITY_VARCHAR_ATTRIBUTE_ID` (`attribute_id`),
  KEY `CATALOG_PRODUCT_ENTITY_VARCHAR_STORE_ID` (`store_id`),
  CONSTRAINT `CATALOG_PRODUCT_ENTITY_VARCHAR_STORE_ID_STORE_STORE_ID` FOREIGN KEY (`store_id`) REFERENCES `store` (`store_id`) ON DELETE CASCADE,
  CONSTRAINT `CAT_PRD_ENTT_VCHR_ATTR_ID_EAV_ATTR_ATTR_ID` FOREIGN KEY (`attribute_id`) REFERENCES `eav_attribute` (`attribute_id`) ON DELETE CASCADE,
  CONSTRAINT `CAT_PRD_ENTT_VCHR_ENTT_ID_CAT_PRD_ENTT_ENTT_ID` FOREIGN KEY (`entity_id`) REFERENCES `catalog_product_entity` (`entity_id`) ON DELETE CASCADE
) ENGINE=InnoDB AUTO_INCREMENT=507 DEFAULT CHARSET=utf8 COMMENT='Catalog Product Varchar Attribute Backend Table';

--
-- Dumping data for table `catalog_product_entity_varchar`
--

INSERT INTO `catalog_product_entity_varchar` VALUES (431,73,0,45,'Hair Building Fibers - Black - 28g'),(432,84,0,45,'Hair Building Fibers - Black'),(433,86,0,45,'Hair Building Fibers - Black Hair Building Fibers'),(434,87,0,45,'/k/e/keragen-black_1_1.jpg'),(435,88,0,45,'/k/e/keragen-black_1_1.jpg'),(436,89,0,45,'/k/e/keragen-black_1_1.jpg'),(437,106,0,45,'container2'),(438,114,0,45,'US'),(439,119,0,45,'hair-building-fibers-black'),(440,132,0,45,'/k/e/keragen-black_1_1.jpg'),(441,134,0,45,'2'),(442,73,0,46,'Hair Building Fibers - Dark Brown - 28g'),(443,84,0,46,'Hair Building Fibers - Dark Brown - 28g'),(444,86,0,46,'Hair Building Fibers - Dark Brown - 28g Dramatically Change the Appearance of Your Hair\r\n\r\nKeragen is a safe and natural solution that instantly eliminates the appearance of baldness and thinning hair for both men and women. \r\n\r\nHow the Hair Fibers Work\r\n'),(445,87,0,46,'/k/e/keragen-dark-brown.jpg'),(446,88,0,46,'/k/e/keragen-dark-brown.jpg'),(447,89,0,46,'/k/e/keragen-dark-brown.jpg'),(448,106,0,46,'container2'),(449,119,0,46,'hair-building-fibers-dark-brown'),(450,132,0,46,'/k/e/keragen-dark-brown.jpg'),(451,134,0,46,'2'),(452,114,0,46,'US'),(453,73,0,47,'Hair Building Fibers - Medium Brown - 28g'),(454,84,0,47,'Hair Building Fibers - Medium Brown - 28g'),(455,86,0,47,'Hair Building Fibers - Medium Brown - 28g Dramatically Change the Appearance of Your Hair\r\n\r\nKeragen is a safe and natural solution that instantly eliminates the appearance of baldness and thinning hair for both men and women.\r\n\r\nHow the Hair Fibers Work\r'),(456,87,0,47,'/k/e/keragen-medium-brown.jpg'),(457,88,0,47,'/k/e/keragen-medium-brown.jpg'),(458,89,0,47,'/k/e/keragen-medium-brown.jpg'),(459,106,0,47,'container2'),(460,114,0,47,'US'),(461,119,0,47,'hair-building-fibers-medium-brown'),(462,132,0,47,'/k/e/keragen-medium-brown.jpg'),(463,134,0,47,'2'),(464,73,0,48,'Hair Building Fibers - Light Brown - 28g'),(465,84,0,48,'Hair Building Fibers - Light Brown - 28g'),(466,86,0,48,'Hair Building Fibers - Light Brown - 28g Dramatically Change the Appearance of Your Hair\r\n\r\nKeragen is a safe and natural solution that instantly eliminates the appearance of baldness and thinning hair for both men and women.\r\n\r\nHow the Hair Fibers Work\r\n'),(467,87,0,48,'/k/e/keragen-light-brown.jpg'),(468,88,0,48,'/k/e/keragen-light-brown.jpg'),(469,89,0,48,'/k/e/keragen-light-brown.jpg'),(470,106,0,48,'container2'),(471,114,0,48,'US'),(472,119,0,48,'hair-building-fibers-light-brown'),(473,132,0,48,'/k/e/keragen-light-brown.jpg'),(474,134,0,48,'2'),(475,73,0,49,'Hair Building Fibers - Medium Blonde - 28g'),(476,84,0,49,'Hair Building Fibers - Medium Blonde - 28g'),(477,86,0,49,'Hair Building Fibers - Medium Blonde - 28g Dramatically Change the Appearance of Your Hair\r\n\r\nKeragen is a safe and natural solution that instantly eliminates the appearance of baldness and thinning hair for both men and women.\r\n\r\nHow the Hair Fibers Work'),(478,87,0,49,'/k/e/keragen-medium-blonde.jpg'),(479,88,0,49,'/k/e/keragen-medium-blonde.jpg'),(480,89,0,49,'/k/e/keragen-medium-blonde.jpg'),(481,106,0,49,'container2'),(482,114,0,49,'US'),(483,119,0,49,'hair-building-fibers-medium-blonde'),(484,132,0,49,'/k/e/keragen-medium-blonde.jpg'),(485,134,0,49,'2'),(486,73,0,50,'Hair Building Fibers - Grey - 28g'),(487,84,0,50,'Hair Building Fibers - Grey - 28g'),(488,86,0,50,'Hair Building Fibers - Grey - 28g Dramatically Change the Appearance of Your Hair\r\n\r\nKeragen is a safe and natural solution that instantly eliminates the appearance of baldness and thinning hair for both men and women.\r\n\r\nHow the Hair Fibers Work\r\n\r\nKerag'),(489,87,0,50,'/k/e/keragen-grey.jpg'),(490,88,0,50,'/k/e/keragen-grey.jpg'),(491,89,0,50,'/k/e/keragen-grey.jpg'),(492,106,0,50,'container2'),(493,114,0,50,'US'),(494,119,0,50,'hair-building-fibers-grey'),(495,132,0,50,'/k/e/keragen-grey.jpg'),(496,134,0,50,'2'),(497,73,0,51,'Fiber Hold Spray'),(498,84,0,51,'Fiber Hold Spray'),(499,86,0,51,'Fiber Hold Spray Increases the magnetic attraction between Keragen Fibers and your hair, ensuring longer-lasting results.\r\n\r\nThe fiber locking spray is recommend to increase the fiber bonds. Our spray is specially formulated to increase the static electri'),(500,87,0,51,'/k/e/keragen-spray.jpg'),(501,88,0,51,'/k/e/keragen-spray.jpg'),(502,89,0,51,'/k/e/keragen-spray.jpg'),(503,106,0,51,'container2'),(504,119,0,51,'fiber-hold-spray'),(505,132,0,51,'/k/e/keragen-spray.jpg'),(506,134,0,51,'2');

--
-- Table structure for table `catalog_product_index_eav`
--

CREATE TABLE `catalog_product_index_eav` (
  `entity_id` int(10) unsigned NOT NULL COMMENT 'Entity ID',
  `attribute_id` smallint(5) unsigned NOT NULL COMMENT 'Attribute ID',
  `store_id` smallint(5) unsigned NOT NULL COMMENT 'Store ID',
  `value` int(10) unsigned NOT NULL COMMENT 'Value',
  PRIMARY KEY (`entity_id`,`attribute_id`,`store_id`,`value`),
  KEY `CATALOG_PRODUCT_INDEX_EAV_ATTRIBUTE_ID` (`attribute_id`),
  KEY `CATALOG_PRODUCT_INDEX_EAV_STORE_ID` (`store_id`),
  KEY `CATALOG_PRODUCT_INDEX_EAV_VALUE` (`value`)
) ENGINE=InnoDB DEFAULT CHARSET=utf8 COMMENT='Catalog Product EAV Index Table';

--
-- Dumping data for table `catalog_product_index_eav`
--

INSERT INTO `catalog_product_index_eav` VALUES (45,93,1,4),(46,93,1,5),(47,93,1,6),(48,93,1,7),(49,93,1,9),(50,93,1,8),(45,155,1,11),(46,155,1,11),(47,155,1,11),(48,155,1,11),(49,155,1,11),(50,155,1,11);

--
-- Table structure for table `catalog_product_index_eav_decimal`
--

CREATE TABLE `catalog_product_index_eav_decimal` (
  `entity_id` int(10) unsigned NOT NULL COMMENT 'Entity ID',
  `attribute_id` smallint(5) unsigned NOT NULL COMMENT 'Attribute ID',
  `store_id` smallint(5) unsigned NOT NULL COMMENT 'Store ID',
  `value` decimal(12,4) NOT NULL COMMENT 'Value',
  PRIMARY KEY (`entity_id`,`attribute_id`,`store_id`),
  KEY `CATALOG_PRODUCT_INDEX_EAV_DECIMAL_ATTRIBUTE_ID` (`attribute_id`),
  KEY `CATALOG_PRODUCT_INDEX_EAV_DECIMAL_STORE_ID` (`store_id`),
  KEY `CATALOG_PRODUCT_INDEX_EAV_DECIMAL_VALUE` (`value`)
) ENGINE=InnoDB DEFAULT CHARSET=utf8 COMMENT='Catalog Product EAV Decimal Index Table';

--
-- Dumping data for table `catalog_product_index_eav_decimal`
--


--
-- Table structure for table `catalog_product_index_eav_decimal_idx`
--

CREATE TABLE `catalog_product_index_eav_decimal_idx` (
  `entity_id` int(10) unsigned NOT NULL COMMENT 'Entity ID',
  `attribute_id` smallint(5) unsigned NOT NULL COMMENT 'Attribute ID',
  `store_id` smallint(5) unsigned NOT NULL COMMENT 'Store ID',
  `value` decimal(12,4) NOT NULL COMMENT 'Value',
  PRIMARY KEY (`entity_id`,`attribute_id`,`store_id`,`value`),
  KEY `CATALOG_PRODUCT_INDEX_EAV_DECIMAL_IDX_ATTRIBUTE_ID` (`attribute_id`),
  KEY `CATALOG_PRODUCT_INDEX_EAV_DECIMAL_IDX_STORE_ID` (`store_id`),
  KEY `CATALOG_PRODUCT_INDEX_EAV_DECIMAL_IDX_VALUE` (`value`)
) ENGINE=InnoDB DEFAULT CHARSET=utf8 COMMENT='Catalog Product EAV Decimal Indexer Index Table';

--
-- Dumping data for table `catalog_product_index_eav_decimal_idx`
--


--
-- Table structure for table `catalog_product_index_eav_decimal_tmp`
--

CREATE TABLE `catalog_product_index_eav_decimal_tmp` (
  `entity_id` int(10) unsigned NOT NULL COMMENT 'Entity ID',
  `attribute_id` smallint(5) unsigned NOT NULL COMMENT 'Attribute ID',
  `store_id` smallint(5) unsigned NOT NULL COMMENT 'Store ID',
  `value` decimal(12,4) NOT NULL COMMENT 'Value',
  PRIMARY KEY (`entity_id`,`attribute_id`,`store_id`),
  KEY `CATALOG_PRODUCT_INDEX_EAV_DECIMAL_TMP_ATTRIBUTE_ID` (`attribute_id`),
  KEY `CATALOG_PRODUCT_INDEX_EAV_DECIMAL_TMP_STORE_ID` (`store_id`),
  KEY `CATALOG_PRODUCT_INDEX_EAV_DECIMAL_TMP_VALUE` (`value`)
) ENGINE=MEMORY DEFAULT CHARSET=utf8 COMMENT='Catalog Product EAV Decimal Indexer Temp Table';

--
-- Dumping data for table `catalog_product_index_eav_decimal_tmp`
--


--
-- Table structure for table `catalog_product_index_eav_idx`
--

CREATE TABLE `catalog_product_index_eav_idx` (
  `entity_id` int(10) unsigned NOT NULL COMMENT 'Entity ID',
  `attribute_id` smallint(5) unsigned NOT NULL COMMENT 'Attribute ID',
  `store_id` smallint(5) unsigned NOT NULL COMMENT 'Store ID',
  `value` int(10) unsigned NOT NULL COMMENT 'Value',
  PRIMARY KEY (`entity_id`,`attribute_id`,`store_id`,`value`),
  KEY `CATALOG_PRODUCT_INDEX_EAV_IDX_ATTRIBUTE_ID` (`attribute_id`),
  KEY `CATALOG_PRODUCT_INDEX_EAV_IDX_STORE_ID` (`store_id`),
  KEY `CATALOG_PRODUCT_INDEX_EAV_IDX_VALUE` (`value`)
) ENGINE=InnoDB DEFAULT CHARSET=utf8 COMMENT='Catalog Product EAV Indexer Index Table';

--
-- Dumping data for table `catalog_product_index_eav_idx`
--

INSERT INTO `catalog_product_index_eav_idx` VALUES (45,93,1,4),(46,93,1,5),(47,93,1,6),(48,93,1,7),(49,93,1,9),(50,93,1,8),(45,155,1,11),(46,155,1,11),(47,155,1,11),(48,155,1,11),(49,155,1,11),(50,155,1,11);

--
-- Table structure for table `catalog_product_index_eav_tmp`
--

CREATE TABLE `catalog_product_index_eav_tmp` (
  `entity_id` int(10) unsigned NOT NULL COMMENT 'Entity ID',
  `attribute_id` smallint(5) unsigned NOT NULL COMMENT 'Attribute ID',
  `store_id` smallint(5) unsigned NOT NULL COMMENT 'Store ID',
  `value` int(10) unsigned NOT NULL COMMENT 'Value',
  PRIMARY KEY (`entity_id`,`attribute_id`,`store_id`,`value`),
  KEY `CATALOG_PRODUCT_INDEX_EAV_TMP_ATTRIBUTE_ID` (`attribute_id`),
  KEY `CATALOG_PRODUCT_INDEX_EAV_TMP_STORE_ID` (`store_id`),
  KEY `CATALOG_PRODUCT_INDEX_EAV_TMP_VALUE` (`value`)
) ENGINE=MEMORY DEFAULT CHARSET=utf8 COMMENT='Catalog Product EAV Indexer Temp Table';

--
-- Dumping data for table `catalog_product_index_eav_tmp`
--


--
-- Table structure for table `catalog_product_index_price`
--

CREATE TABLE `catalog_product_index_price` (
  `entity_id` int(10) unsigned NOT NULL COMMENT 'Entity ID',
  `customer_group_id` smallint(5) unsigned NOT NULL COMMENT 'Customer Group ID',
  `website_id` smallint(5) unsigned NOT NULL COMMENT 'Website ID',
  `tax_class_id` smallint(5) unsigned DEFAULT '0' COMMENT 'Tax Class ID',
  `price` decimal(12,4) DEFAULT NULL COMMENT 'Price',
  `final_price` decimal(12,4) DEFAULT NULL COMMENT 'Final Price',
  `min_price` decimal(12,4) DEFAULT NULL COMMENT 'Min Price',
  `max_price` decimal(12,4) DEFAULT NULL COMMENT 'Max Price',
  `tier_price` decimal(12,4) DEFAULT NULL COMMENT 'Tier Price',
  PRIMARY KEY (`entity_id`,`customer_group_id`,`website_id`),
  KEY `CATALOG_PRODUCT_INDEX_PRICE_CUSTOMER_GROUP_ID` (`customer_group_id`),
  KEY `CATALOG_PRODUCT_INDEX_PRICE_MIN_PRICE` (`min_price`),
  KEY `CAT_PRD_IDX_PRICE_WS_ID_CSTR_GROUP_ID_MIN_PRICE` (`website_id`,`customer_group_id`,`min_price`),
  CONSTRAINT `CAT_PRD_IDX_PRICE_CSTR_GROUP_ID_CSTR_GROUP_CSTR_GROUP_ID` FOREIGN KEY (`customer_group_id`) REFERENCES `customer_group` (`customer_group_id`) ON DELETE CASCADE,
  CONSTRAINT `CAT_PRD_IDX_PRICE_ENTT_ID_CAT_PRD_ENTT_ENTT_ID` FOREIGN KEY (`entity_id`) REFERENCES `catalog_product_entity` (`entity_id`) ON DELETE CASCADE,
  CONSTRAINT `CAT_PRD_IDX_PRICE_WS_ID_STORE_WS_WS_ID` FOREIGN KEY (`website_id`) REFERENCES `store_website` (`website_id`) ON DELETE CASCADE
) ENGINE=InnoDB DEFAULT CHARSET=utf8 COMMENT='Catalog Product Price Index Table';

--
-- Dumping data for table `catalog_product_index_price`
--


--
-- Table structure for table `catalog_product_index_price_bundle_idx`
--

CREATE TABLE `catalog_product_index_price_bundle_idx` (
  `entity_id` int(10) unsigned NOT NULL COMMENT 'Entity Id',
  `customer_group_id` smallint(5) unsigned NOT NULL COMMENT 'Customer Group Id',
  `website_id` smallint(5) unsigned NOT NULL COMMENT 'Website Id',
  `tax_class_id` smallint(5) unsigned DEFAULT '0' COMMENT 'Tax Class Id',
  `price_type` smallint(5) unsigned NOT NULL COMMENT 'Price Type',
  `special_price` decimal(12,4) DEFAULT NULL COMMENT 'Special Price',
  `tier_percent` decimal(12,4) DEFAULT NULL COMMENT 'Tier Percent',
  `orig_price` decimal(12,4) DEFAULT NULL COMMENT 'Orig Price',
  `price` decimal(12,4) DEFAULT NULL COMMENT 'Price',
  `min_price` decimal(12,4) DEFAULT NULL COMMENT 'Min Price',
  `max_price` decimal(12,4) DEFAULT NULL COMMENT 'Max Price',
  `tier_price` decimal(12,4) DEFAULT NULL COMMENT 'Tier Price',
  `base_tier` decimal(12,4) DEFAULT NULL COMMENT 'Base Tier',
  PRIMARY KEY (`entity_id`,`customer_group_id`,`website_id`)
) ENGINE=InnoDB DEFAULT CHARSET=utf8 COMMENT='Catalog Product Index Price Bundle Idx';

--
-- Dumping data for table `catalog_product_index_price_bundle_idx`
--


--
-- Table structure for table `catalog_product_index_price_bundle_opt_idx`
--

CREATE TABLE `catalog_product_index_price_bundle_opt_idx` (
  `entity_id` int(10) unsigned NOT NULL COMMENT 'Entity Id',
  `customer_group_id` smallint(5) unsigned NOT NULL COMMENT 'Customer Group Id',
  `website_id` smallint(5) unsigned NOT NULL COMMENT 'Website Id',
  `option_id` int(10) unsigned NOT NULL DEFAULT '0' COMMENT 'Option Id',
  `min_price` decimal(12,4) DEFAULT NULL COMMENT 'Min Price',
  `alt_price` decimal(12,4) DEFAULT NULL COMMENT 'Alt Price',
  `max_price` decimal(12,4) DEFAULT NULL COMMENT 'Max Price',
  `tier_price` decimal(12,4) DEFAULT NULL COMMENT 'Tier Price',
  `alt_tier_price` decimal(12,4) DEFAULT NULL COMMENT 'Alt Tier Price',
  PRIMARY KEY (`entity_id`,`customer_group_id`,`website_id`,`option_id`)
) ENGINE=InnoDB DEFAULT CHARSET=utf8 COMMENT='Catalog Product Index Price Bundle Opt Idx';

--
-- Dumping data for table `catalog_product_index_price_bundle_opt_idx`
--


--
-- Table structure for table `catalog_product_index_price_bundle_opt_tmp`
--

CREATE TABLE `catalog_product_index_price_bundle_opt_tmp` (
  `entity_id` int(10) unsigned NOT NULL COMMENT 'Entity Id',
  `customer_group_id` smallint(5) unsigned NOT NULL COMMENT 'Customer Group Id',
  `website_id` smallint(5) unsigned NOT NULL COMMENT 'Website Id',
  `option_id` int(10) unsigned NOT NULL DEFAULT '0' COMMENT 'Option Id',
  `min_price` decimal(12,4) DEFAULT NULL COMMENT 'Min Price',
  `alt_price` decimal(12,4) DEFAULT NULL COMMENT 'Alt Price',
  `max_price` decimal(12,4) DEFAULT NULL COMMENT 'Max Price',
  `tier_price` decimal(12,4) DEFAULT NULL COMMENT 'Tier Price',
  `alt_tier_price` decimal(12,4) DEFAULT NULL COMMENT 'Alt Tier Price',
  PRIMARY KEY (`entity_id`,`customer_group_id`,`website_id`,`option_id`)
) ENGINE=MEMORY DEFAULT CHARSET=utf8 COMMENT='Catalog Product Index Price Bundle Opt Tmp';

--
-- Dumping data for table `catalog_product_index_price_bundle_opt_tmp`
--


--
-- Table structure for table `catalog_product_index_price_bundle_sel_idx`
--

CREATE TABLE `catalog_product_index_price_bundle_sel_idx` (
  `entity_id` int(10) unsigned NOT NULL COMMENT 'Entity Id',
  `customer_group_id` smallint(5) unsigned NOT NULL COMMENT 'Customer Group Id',
  `website_id` smallint(5) unsigned NOT NULL COMMENT 'Website Id',
  `option_id` int(10) unsigned NOT NULL DEFAULT '0' COMMENT 'Option Id',
  `selection_id` int(10) unsigned NOT NULL DEFAULT '0' COMMENT 'Selection Id',
  `group_type` smallint(5) unsigned DEFAULT '0' COMMENT 'Group Type',
  `is_required` smallint(5) unsigned DEFAULT '0' COMMENT 'Is Required',
  `price` decimal(12,4) DEFAULT NULL COMMENT 'Price',
  `tier_price` decimal(12,4) DEFAULT NULL COMMENT 'Tier Price',
  PRIMARY KEY (`entity_id`,`customer_group_id`,`website_id`,`option_id`,`selection_id`)
) ENGINE=InnoDB DEFAULT CHARSET=utf8 COMMENT='Catalog Product Index Price Bundle Sel Idx';

--
-- Dumping data for table `catalog_product_index_price_bundle_sel_idx`
--


--
-- Table structure for table `catalog_product_index_price_bundle_sel_tmp`
--

CREATE TABLE `catalog_product_index_price_bundle_sel_tmp` (
  `entity_id` int(10) unsigned NOT NULL COMMENT 'Entity Id',
  `customer_group_id` smallint(5) unsigned NOT NULL COMMENT 'Customer Group Id',
  `website_id` smallint(5) unsigned NOT NULL COMMENT 'Website Id',
  `option_id` int(10) unsigned NOT NULL DEFAULT '0' COMMENT 'Option Id',
  `selection_id` int(10) unsigned NOT NULL DEFAULT '0' COMMENT 'Selection Id',
  `group_type` smallint(5) unsigned DEFAULT '0' COMMENT 'Group Type',
  `is_required` smallint(5) unsigned DEFAULT '0' COMMENT 'Is Required',
  `price` decimal(12,4) DEFAULT NULL COMMENT 'Price',
  `tier_price` decimal(12,4) DEFAULT NULL COMMENT 'Tier Price',
  PRIMARY KEY (`entity_id`,`customer_group_id`,`website_id`,`option_id`,`selection_id`)
) ENGINE=MEMORY DEFAULT CHARSET=utf8 COMMENT='Catalog Product Index Price Bundle Sel Tmp';

--
-- Dumping data for table `catalog_product_index_price_bundle_sel_tmp`
--


--
-- Table structure for table `catalog_product_index_price_bundle_tmp`
--

CREATE TABLE `catalog_product_index_price_bundle_tmp` (
  `entity_id` int(10) unsigned NOT NULL COMMENT 'Entity Id',
  `customer_group_id` smallint(5) unsigned NOT NULL COMMENT 'Customer Group Id',
  `website_id` smallint(5) unsigned NOT NULL COMMENT 'Website Id',
  `tax_class_id` smallint(5) unsigned DEFAULT '0' COMMENT 'Tax Class Id',
  `price_type` smallint(5) unsigned NOT NULL COMMENT 'Price Type',
  `special_price` decimal(12,4) DEFAULT NULL COMMENT 'Special Price',
  `tier_percent` decimal(12,4) DEFAULT NULL COMMENT 'Tier Percent',
  `orig_price` decimal(12,4) DEFAULT NULL COMMENT 'Orig Price',
  `price` decimal(12,4) DEFAULT NULL COMMENT 'Price',
  `min_price` decimal(12,4) DEFAULT NULL COMMENT 'Min Price',
  `max_price` decimal(12,4) DEFAULT NULL COMMENT 'Max Price',
  `tier_price` decimal(12,4) DEFAULT NULL COMMENT 'Tier Price',
  `base_tier` decimal(12,4) DEFAULT NULL COMMENT 'Base Tier',
  PRIMARY KEY (`entity_id`,`customer_group_id`,`website_id`)
) ENGINE=MEMORY DEFAULT CHARSET=utf8 COMMENT='Catalog Product Index Price Bundle Tmp';

--
-- Dumping data for table `catalog_product_index_price_bundle_tmp`
--


--
-- Table structure for table `catalog_product_index_price_cfg_opt_agr_idx`
--

CREATE TABLE `catalog_product_index_price_cfg_opt_agr_idx` (
  `parent_id` int(10) unsigned NOT NULL COMMENT 'Parent ID',
  `child_id` int(10) unsigned NOT NULL COMMENT 'Child ID',
  `customer_group_id` smallint(5) unsigned NOT NULL COMMENT 'Customer Group ID',
  `website_id` smallint(5) unsigned NOT NULL COMMENT 'Website ID',
  `price` decimal(12,4) DEFAULT NULL COMMENT 'Price',
  `tier_price` decimal(12,4) DEFAULT NULL COMMENT 'Tier Price',
  PRIMARY KEY (`parent_id`,`child_id`,`customer_group_id`,`website_id`)
) ENGINE=InnoDB DEFAULT CHARSET=utf8 COMMENT='Catalog Product Price Indexer Config Option Aggregate Index Table';

--
-- Dumping data for table `catalog_product_index_price_cfg_opt_agr_idx`
--


--
-- Table structure for table `catalog_product_index_price_cfg_opt_agr_tmp`
--

CREATE TABLE `catalog_product_index_price_cfg_opt_agr_tmp` (
  `parent_id` int(10) unsigned NOT NULL COMMENT 'Parent ID',
  `child_id` int(10) unsigned NOT NULL COMMENT 'Child ID',
  `customer_group_id` smallint(5) unsigned NOT NULL COMMENT 'Customer Group ID',
  `website_id` smallint(5) unsigned NOT NULL COMMENT 'Website ID',
  `price` decimal(12,4) DEFAULT NULL COMMENT 'Price',
  `tier_price` decimal(12,4) DEFAULT NULL COMMENT 'Tier Price',
  PRIMARY KEY (`parent_id`,`child_id`,`customer_group_id`,`website_id`)
) ENGINE=MEMORY DEFAULT CHARSET=utf8 COMMENT='Catalog Product Price Indexer Config Option Aggregate Temp Table';

--
-- Dumping data for table `catalog_product_index_price_cfg_opt_agr_tmp`
--


--
-- Table structure for table `catalog_product_index_price_cfg_opt_idx`
--

CREATE TABLE `catalog_product_index_price_cfg_opt_idx` (
  `entity_id` int(10) unsigned NOT NULL COMMENT 'Entity ID',
  `customer_group_id` smallint(5) unsigned NOT NULL COMMENT 'Customer Group ID',
  `website_id` smallint(5) unsigned NOT NULL COMMENT 'Website ID',
  `min_price` decimal(12,4) DEFAULT NULL COMMENT 'Min Price',
  `max_price` decimal(12,4) DEFAULT NULL COMMENT 'Max Price',
  `tier_price` decimal(12,4) DEFAULT NULL COMMENT 'Tier Price',
  PRIMARY KEY (`entity_id`,`customer_group_id`,`website_id`)
) ENGINE=InnoDB DEFAULT CHARSET=utf8 COMMENT='Catalog Product Price Indexer Config Option Index Table';

--
-- Dumping data for table `catalog_product_index_price_cfg_opt_idx`
--


--
-- Table structure for table `catalog_product_index_price_cfg_opt_tmp`
--

CREATE TABLE `catalog_product_index_price_cfg_opt_tmp` (
  `entity_id` int(10) unsigned NOT NULL COMMENT 'Entity ID',
  `customer_group_id` smallint(5) unsigned NOT NULL COMMENT 'Customer Group ID',
  `website_id` smallint(5) unsigned NOT NULL COMMENT 'Website ID',
  `min_price` decimal(12,4) DEFAULT NULL COMMENT 'Min Price',
  `max_price` decimal(12,4) DEFAULT NULL COMMENT 'Max Price',
  `tier_price` decimal(12,4) DEFAULT NULL COMMENT 'Tier Price',
  PRIMARY KEY (`entity_id`,`customer_group_id`,`website_id`)
) ENGINE=MEMORY DEFAULT CHARSET=utf8 COMMENT='Catalog Product Price Indexer Config Option Temp Table';

--
-- Dumping data for table `catalog_product_index_price_cfg_opt_tmp`
--


--
-- Table structure for table `catalog_product_index_price_downlod_idx`
--

CREATE TABLE `catalog_product_index_price_downlod_idx` (
  `entity_id` int(10) unsigned NOT NULL COMMENT 'Entity ID',
  `customer_group_id` smallint(5) unsigned NOT NULL COMMENT 'Customer Group ID',
  `website_id` smallint(5) unsigned NOT NULL COMMENT 'Website ID',
  `min_price` decimal(12,4) NOT NULL DEFAULT '0.0000' COMMENT 'Minimum price',
  `max_price` decimal(12,4) NOT NULL DEFAULT '0.0000' COMMENT 'Maximum price',
  PRIMARY KEY (`entity_id`,`customer_group_id`,`website_id`)
) ENGINE=InnoDB DEFAULT CHARSET=utf8 COMMENT='Indexer Table for price of downloadable products';

--
-- Dumping data for table `catalog_product_index_price_downlod_idx`
--


--
-- Table structure for table `catalog_product_index_price_downlod_tmp`
--

CREATE TABLE `catalog_product_index_price_downlod_tmp` (
  `entity_id` int(10) unsigned NOT NULL COMMENT 'Entity ID',
  `customer_group_id` smallint(5) unsigned NOT NULL COMMENT 'Customer Group ID',
  `website_id` smallint(5) unsigned NOT NULL COMMENT 'Website ID',
  `min_price` decimal(12,4) NOT NULL DEFAULT '0.0000' COMMENT 'Minimum price',
  `max_price` decimal(12,4) NOT NULL DEFAULT '0.0000' COMMENT 'Maximum price',
  PRIMARY KEY (`entity_id`,`customer_group_id`,`website_id`)
) ENGINE=MEMORY DEFAULT CHARSET=utf8 COMMENT='Temporary Indexer Table for price of downloadable products';

--
-- Dumping data for table `catalog_product_index_price_downlod_tmp`
--


--
-- Table structure for table `catalog_product_index_price_final_idx`
--

CREATE TABLE `catalog_product_index_price_final_idx` (
  `entity_id` int(10) unsigned NOT NULL COMMENT 'Entity ID',
  `customer_group_id` smallint(5) unsigned NOT NULL COMMENT 'Customer Group ID',
  `website_id` smallint(5) unsigned NOT NULL COMMENT 'Website ID',
  `tax_class_id` smallint(5) unsigned DEFAULT '0' COMMENT 'Tax Class ID',
  `orig_price` decimal(12,4) DEFAULT NULL COMMENT 'Original Price',
  `price` decimal(12,4) DEFAULT NULL COMMENT 'Price',
  `min_price` decimal(12,4) DEFAULT NULL COMMENT 'Min Price',
  `max_price` decimal(12,4) DEFAULT NULL COMMENT 'Max Price',
  `tier_price` decimal(12,4) DEFAULT NULL COMMENT 'Tier Price',
  `base_tier` decimal(12,4) DEFAULT NULL COMMENT 'Base Tier',
  PRIMARY KEY (`entity_id`,`customer_group_id`,`website_id`)
) ENGINE=InnoDB DEFAULT CHARSET=utf8 COMMENT='Catalog Product Price Indexer Final Index Table';

--
-- Dumping data for table `catalog_product_index_price_final_idx`
--


--
-- Table structure for table `catalog_product_index_price_final_tmp`
--

CREATE TABLE `catalog_product_index_price_final_tmp` (
  `entity_id` int(10) unsigned NOT NULL COMMENT 'Entity ID',
  `customer_group_id` smallint(5) unsigned NOT NULL COMMENT 'Customer Group ID',
  `website_id` smallint(5) unsigned NOT NULL COMMENT 'Website ID',
  `tax_class_id` smallint(5) unsigned DEFAULT '0' COMMENT 'Tax Class ID',
  `orig_price` decimal(12,4) DEFAULT NULL COMMENT 'Original Price',
  `price` decimal(12,4) DEFAULT NULL COMMENT 'Price',
  `min_price` decimal(12,4) DEFAULT NULL COMMENT 'Min Price',
  `max_price` decimal(12,4) DEFAULT NULL COMMENT 'Max Price',
  `tier_price` decimal(12,4) DEFAULT NULL COMMENT 'Tier Price',
  `base_tier` decimal(12,4) DEFAULT NULL COMMENT 'Base Tier',
  PRIMARY KEY (`entity_id`,`customer_group_id`,`website_id`)
) ENGINE=MEMORY DEFAULT CHARSET=utf8 COMMENT='Catalog Product Price Indexer Final Temp Table';

--
-- Dumping data for table `catalog_product_index_price_final_tmp`
--


--
-- Table structure for table `catalog_product_index_price_idx`
--

CREATE TABLE `catalog_product_index_price_idx` (
  `entity_id` int(10) unsigned NOT NULL COMMENT 'Entity ID',
  `customer_group_id` smallint(5) unsigned NOT NULL COMMENT 'Customer Group ID',
  `website_id` smallint(5) unsigned NOT NULL COMMENT 'Website ID',
  `tax_class_id` smallint(5) unsigned DEFAULT '0' COMMENT 'Tax Class ID',
  `price` decimal(12,4) DEFAULT NULL COMMENT 'Price',
  `final_price` decimal(12,4) DEFAULT NULL COMMENT 'Final Price',
  `min_price` decimal(12,4) DEFAULT NULL COMMENT 'Min Price',
  `max_price` decimal(12,4) DEFAULT NULL COMMENT 'Max Price',
  `tier_price` decimal(12,4) DEFAULT NULL COMMENT 'Tier Price',
  PRIMARY KEY (`entity_id`,`customer_group_id`,`website_id`),
  KEY `CATALOG_PRODUCT_INDEX_PRICE_IDX_CUSTOMER_GROUP_ID` (`customer_group_id`),
  KEY `CATALOG_PRODUCT_INDEX_PRICE_IDX_WEBSITE_ID` (`website_id`),
  KEY `CATALOG_PRODUCT_INDEX_PRICE_IDX_MIN_PRICE` (`min_price`)
) ENGINE=InnoDB DEFAULT CHARSET=utf8 COMMENT='Catalog Product Price Indexer Index Table';

--
-- Dumping data for table `catalog_product_index_price_idx`
--

INSERT INTO `catalog_product_index_price_idx` VALUES (45,0,1,2,19.9500,19.9500,19.9500,19.9500,NULL),(45,1,1,2,19.9500,19.9500,19.9500,19.9500,NULL),(45,2,1,2,19.9500,19.9500,19.9500,19.9500,NULL),(45,3,1,2,19.9500,19.9500,19.9500,19.9500,NULL),(46,0,1,2,19.9500,19.9500,19.9500,19.9500,NULL),(46,1,1,2,19.9500,19.9500,19.9500,19.9500,NULL),(46,2,1,2,19.9500,19.9500,19.9500,19.9500,NULL),(46,3,1,2,19.9500,19.9500,19.9500,19.9500,NULL),(47,0,1,2,19.9500,19.9500,19.9500,19.9500,NULL),(47,1,1,2,19.9500,19.9500,19.9500,19.9500,NULL),(47,2,1,2,19.9500,19.9500,19.9500,19.9500,NULL),(47,3,1,2,19.9500,19.9500,19.9500,19.9500,NULL),(48,0,1,2,19.9500,14.9500,14.9500,14.9500,NULL),(48,1,1,2,19.9500,14.9500,14.9500,14.9500,NULL),(48,2,1,2,19.9500,14.9500,14.9500,14.9500,NULL),(48,3,1,2,19.9500,14.9500,14.9500,14.9500,NULL),(49,0,1,2,19.9500,19.9500,19.9500,19.9500,NULL),(49,1,1,2,19.9500,19.9500,19.9500,19.9500,NULL),(49,2,1,2,19.9500,19.9500,19.9500,19.9500,NULL),(49,3,1,2,19.9500,19.9500,19.9500,19.9500,NULL),(50,0,1,2,19.9500,19.9500,19.9500,19.9500,NULL),(50,1,1,2,19.9500,19.9500,19.9500,19.9500,NULL),(50,2,1,2,19.9500,19.9500,19.9500,19.9500,NULL),(50,3,1,2,19.9500,19.9500,19.9500,19.9500,NULL),(51,0,1,2,19.9500,19.9500,19.9500,19.9500,NULL),(51,1,1,2,19.9500,19.9500,19.9500,19.9500,NULL),(51,2,1,2,19.9500,19.9500,19.9500,19.9500,NULL),(51,3,1,2,19.9500,19.9500,19.9500,19.9500,NULL);

--
-- Table structure for table `catalog_product_index_price_opt_agr_idx`
--

CREATE TABLE `catalog_product_index_price_opt_agr_idx` (
  `entity_id` int(10) unsigned NOT NULL COMMENT 'Entity ID',
  `customer_group_id` smallint(5) unsigned NOT NULL COMMENT 'Customer Group ID',
  `website_id` smallint(5) unsigned NOT NULL COMMENT 'Website ID',
  `option_id` int(10) unsigned NOT NULL DEFAULT '0' COMMENT 'Option ID',
  `min_price` decimal(12,4) DEFAULT NULL COMMENT 'Min Price',
  `max_price` decimal(12,4) DEFAULT NULL COMMENT 'Max Price',
  `tier_price` decimal(12,4) DEFAULT NULL COMMENT 'Tier Price',
  PRIMARY KEY (`entity_id`,`customer_group_id`,`website_id`,`option_id`)
) ENGINE=InnoDB DEFAULT CHARSET=utf8 COMMENT='Catalog Product Price Indexer Option Aggregate Index Table';

--
-- Dumping data for table `catalog_product_index_price_opt_agr_idx`
--


--
-- Table structure for table `catalog_product_index_price_opt_agr_tmp`
--

CREATE TABLE `catalog_product_index_price_opt_agr_tmp` (
  `entity_id` int(10) unsigned NOT NULL COMMENT 'Entity ID',
  `customer_group_id` smallint(5) unsigned NOT NULL COMMENT 'Customer Group ID',
  `website_id` smallint(5) unsigned NOT NULL COMMENT 'Website ID',
  `option_id` int(10) unsigned NOT NULL DEFAULT '0' COMMENT 'Option ID',
  `min_price` decimal(12,4) DEFAULT NULL COMMENT 'Min Price',
  `max_price` decimal(12,4) DEFAULT NULL COMMENT 'Max Price',
  `tier_price` decimal(12,4) DEFAULT NULL COMMENT 'Tier Price',
  PRIMARY KEY (`entity_id`,`customer_group_id`,`website_id`,`option_id`)
) ENGINE=MEMORY DEFAULT CHARSET=utf8 COMMENT='Catalog Product Price Indexer Option Aggregate Temp Table';

--
-- Dumping data for table `catalog_product_index_price_opt_agr_tmp`
--


--
-- Table structure for table `catalog_product_index_price_opt_idx`
--

CREATE TABLE `catalog_product_index_price_opt_idx` (
  `entity_id` int(10) unsigned NOT NULL COMMENT 'Entity ID',
  `customer_group_id` smallint(5) unsigned NOT NULL COMMENT 'Customer Group ID',
  `website_id` smallint(5) unsigned NOT NULL COMMENT 'Website ID',
  `min_price` decimal(12,4) DEFAULT NULL COMMENT 'Min Price',
  `max_price` decimal(12,4) DEFAULT NULL COMMENT 'Max Price',
  `tier_price` decimal(12,4) DEFAULT NULL COMMENT 'Tier Price',
  PRIMARY KEY (`entity_id`,`customer_group_id`,`website_id`)
) ENGINE=InnoDB DEFAULT CHARSET=utf8 COMMENT='Catalog Product Price Indexer Option Index Table';

--
-- Dumping data for table `catalog_product_index_price_opt_idx`
--


--
-- Table structure for table `catalog_product_index_price_opt_tmp`
--

CREATE TABLE `catalog_product_index_price_opt_tmp` (
  `entity_id` int(10) unsigned NOT NULL COMMENT 'Entity ID',
  `customer_group_id` smallint(5) unsigned NOT NULL COMMENT 'Customer Group ID',
  `website_id` smallint(5) unsigned NOT NULL COMMENT 'Website ID',
  `min_price` decimal(12,4) DEFAULT NULL COMMENT 'Min Price',
  `max_price` decimal(12,4) DEFAULT NULL COMMENT 'Max Price',
  `tier_price` decimal(12,4) DEFAULT NULL COMMENT 'Tier Price',
  PRIMARY KEY (`entity_id`,`customer_group_id`,`website_id`)
) ENGINE=MEMORY DEFAULT CHARSET=utf8 COMMENT='Catalog Product Price Indexer Option Temp Table';

--
-- Dumping data for table `catalog_product_index_price_opt_tmp`
--


--
-- Table structure for table `catalog_product_index_price_tmp`
--

CREATE TABLE `catalog_product_index_price_tmp` (
  `entity_id` int(10) unsigned NOT NULL COMMENT 'Entity ID',
  `customer_group_id` smallint(5) unsigned NOT NULL COMMENT 'Customer Group ID',
  `website_id` smallint(5) unsigned NOT NULL COMMENT 'Website ID',
  `tax_class_id` smallint(5) unsigned DEFAULT '0' COMMENT 'Tax Class ID',
  `price` decimal(12,4) DEFAULT NULL COMMENT 'Price',
  `final_price` decimal(12,4) DEFAULT NULL COMMENT 'Final Price',
  `min_price` decimal(12,4) DEFAULT NULL COMMENT 'Min Price',
  `max_price` decimal(12,4) DEFAULT NULL COMMENT 'Max Price',
  `tier_price` decimal(12,4) DEFAULT NULL COMMENT 'Tier Price',
  PRIMARY KEY (`entity_id`,`customer_group_id`,`website_id`),
  KEY `CATALOG_PRODUCT_INDEX_PRICE_TMP_CUSTOMER_GROUP_ID` (`customer_group_id`),
  KEY `CATALOG_PRODUCT_INDEX_PRICE_TMP_WEBSITE_ID` (`website_id`),
  KEY `CATALOG_PRODUCT_INDEX_PRICE_TMP_MIN_PRICE` (`min_price`)
) ENGINE=MEMORY DEFAULT CHARSET=utf8 COMMENT='Catalog Product Price Indexer Temp Table';

--
-- Dumping data for table `catalog_product_index_price_tmp`
--


--
-- Table structure for table `catalog_product_index_tier_price`
--

CREATE TABLE `catalog_product_index_tier_price` (
  `entity_id` int(10) unsigned NOT NULL COMMENT 'Entity ID',
  `customer_group_id` smallint(5) unsigned NOT NULL COMMENT 'Customer Group ID',
  `website_id` smallint(5) unsigned NOT NULL COMMENT 'Website ID',
  `min_price` decimal(12,4) DEFAULT NULL COMMENT 'Min Price',
  PRIMARY KEY (`entity_id`,`customer_group_id`,`website_id`),
  KEY `CATALOG_PRODUCT_INDEX_TIER_PRICE_CUSTOMER_GROUP_ID` (`customer_group_id`),
  KEY `CATALOG_PRODUCT_INDEX_TIER_PRICE_WEBSITE_ID` (`website_id`),
  CONSTRAINT `CAT_PRD_IDX_TIER_PRICE_ENTT_ID_CAT_PRD_ENTT_ENTT_ID` FOREIGN KEY (`entity_id`) REFERENCES `catalog_product_entity` (`entity_id`) ON DELETE CASCADE,
  CONSTRAINT `CAT_PRD_IDX_TIER_PRICE_WS_ID_STORE_WS_WS_ID` FOREIGN KEY (`website_id`) REFERENCES `store_website` (`website_id`) ON DELETE CASCADE,
  CONSTRAINT `FK_0E11295DD6F3D155B453442EEDC8D0B2` FOREIGN KEY (`customer_group_id`) REFERENCES `customer_group` (`customer_group_id`) ON DELETE CASCADE
) ENGINE=InnoDB DEFAULT CHARSET=utf8 COMMENT='Catalog Product Tier Price Index Table';

--
-- Dumping data for table `catalog_product_index_tier_price`
--


--
-- Table structure for table `catalog_product_index_website`
--

CREATE TABLE `catalog_product_index_website` (
  `website_id` smallint(5) unsigned NOT NULL COMMENT 'Website ID',
  `website_date` date DEFAULT NULL COMMENT 'Website Date',
  `rate` float DEFAULT '1' COMMENT 'Rate',
  PRIMARY KEY (`website_id`),
  KEY `CATALOG_PRODUCT_INDEX_WEBSITE_WEBSITE_DATE` (`website_date`),
  CONSTRAINT `CAT_PRD_IDX_WS_WS_ID_STORE_WS_WS_ID` FOREIGN KEY (`website_id`) REFERENCES `store_website` (`website_id`) ON DELETE CASCADE
) ENGINE=InnoDB DEFAULT CHARSET=utf8 COMMENT='Catalog Product Website Index Table';

--
-- Dumping data for table `catalog_product_index_website`
--

INSERT INTO `catalog_product_index_website` VALUES (1,'2019-01-15',1);

--
-- Table structure for table `catalog_product_link`
--

CREATE TABLE `catalog_product_link` (
  `link_id` int(10) unsigned NOT NULL AUTO_INCREMENT COMMENT 'Link ID',
  `product_id` int(10) unsigned NOT NULL DEFAULT '0' COMMENT 'Product ID',
  `linked_product_id` int(10) unsigned NOT NULL DEFAULT '0' COMMENT 'Linked Product ID',
  `link_type_id` smallint(5) unsigned NOT NULL DEFAULT '0' COMMENT 'Link Type ID',
  PRIMARY KEY (`link_id`),
  UNIQUE KEY `CAT_PRD_LNK_LNK_TYPE_ID_PRD_ID_LNKED_PRD_ID` (`link_type_id`,`product_id`,`linked_product_id`),
  KEY `CATALOG_PRODUCT_LINK_PRODUCT_ID` (`product_id`),
  KEY `CATALOG_PRODUCT_LINK_LINKED_PRODUCT_ID` (`linked_product_id`),
  CONSTRAINT `CAT_PRD_LNK_LNKED_PRD_ID_CAT_PRD_ENTT_ENTT_ID` FOREIGN KEY (`linked_product_id`) REFERENCES `catalog_product_entity` (`entity_id`) ON DELETE CASCADE,
  CONSTRAINT `CAT_PRD_LNK_LNK_TYPE_ID_CAT_PRD_LNK_TYPE_LNK_TYPE_ID` FOREIGN KEY (`link_type_id`) REFERENCES `catalog_product_link_type` (`link_type_id`) ON DELETE CASCADE,
  CONSTRAINT `CAT_PRD_LNK_PRD_ID_CAT_PRD_ENTT_ENTT_ID` FOREIGN KEY (`product_id`) REFERENCES `catalog_product_entity` (`entity_id`) ON DELETE CASCADE
) ENGINE=InnoDB DEFAULT CHARSET=utf8 COMMENT='Catalog Product To Product Linkage Table';

--
-- Dumping data for table `catalog_product_link`
--


--
-- Table structure for table `catalog_product_link_attribute`
--

CREATE TABLE `catalog_product_link_attribute` (
  `product_link_attribute_id` smallint(5) unsigned NOT NULL AUTO_INCREMENT COMMENT 'Product Link Attribute ID',
  `link_type_id` smallint(5) unsigned NOT NULL DEFAULT '0' COMMENT 'Link Type ID',
  `product_link_attribute_code` varchar(32) DEFAULT NULL COMMENT 'Product Link Attribute Code',
  `data_type` varchar(32) DEFAULT NULL COMMENT 'Data Type',
  PRIMARY KEY (`product_link_attribute_id`),
  KEY `CATALOG_PRODUCT_LINK_ATTRIBUTE_LINK_TYPE_ID` (`link_type_id`),
  CONSTRAINT `CAT_PRD_LNK_ATTR_LNK_TYPE_ID_CAT_PRD_LNK_TYPE_LNK_TYPE_ID` FOREIGN KEY (`link_type_id`) REFERENCES `catalog_product_link_type` (`link_type_id`) ON DELETE CASCADE
) ENGINE=InnoDB AUTO_INCREMENT=6 DEFAULT CHARSET=utf8 COMMENT='Catalog Product Link Attribute Table';

--
-- Dumping data for table `catalog_product_link_attribute`
--

INSERT INTO `catalog_product_link_attribute` VALUES (1,1,'position','int'),(2,4,'position','int'),(3,5,'position','int'),(4,3,'position','int'),(5,3,'qty','decimal');

--
-- Table structure for table `catalog_product_link_attribute_decimal`
--

CREATE TABLE `catalog_product_link_attribute_decimal` (
  `value_id` int(10) unsigned NOT NULL AUTO_INCREMENT COMMENT 'Value ID',
  `product_link_attribute_id` smallint(5) unsigned DEFAULT NULL COMMENT 'Product Link Attribute ID',
  `link_id` int(10) unsigned NOT NULL COMMENT 'Link ID',
  `value` decimal(12,4) NOT NULL DEFAULT '0.0000' COMMENT 'Value',
  PRIMARY KEY (`value_id`),
  UNIQUE KEY `CAT_PRD_LNK_ATTR_DEC_PRD_LNK_ATTR_ID_LNK_ID` (`product_link_attribute_id`,`link_id`),
  KEY `CATALOG_PRODUCT_LINK_ATTRIBUTE_DECIMAL_LINK_ID` (`link_id`),
  CONSTRAINT `CAT_PRD_LNK_ATTR_DEC_LNK_ID_CAT_PRD_LNK_LNK_ID` FOREIGN KEY (`link_id`) REFERENCES `catalog_product_link` (`link_id`) ON DELETE CASCADE,
  CONSTRAINT `FK_E3C08E54B2CADE525AB1181E27524C97` FOREIGN KEY (`product_link_attribute_id`) REFERENCES `catalog_product_link_attribute` (`product_link_attribute_id`) ON DELETE CASCADE
) ENGINE=InnoDB DEFAULT CHARSET=utf8 COMMENT='Catalog Product Link Decimal Attribute Table';

--
-- Dumping data for table `catalog_product_link_attribute_decimal`
--


--
-- Table structure for table `catalog_product_link_attribute_int`
--

CREATE TABLE `catalog_product_link_attribute_int` (
  `value_id` int(10) unsigned NOT NULL AUTO_INCREMENT COMMENT 'Value ID',
  `product_link_attribute_id` smallint(5) unsigned DEFAULT NULL COMMENT 'Product Link Attribute ID',
  `link_id` int(10) unsigned NOT NULL COMMENT 'Link ID',
  `value` int(11) NOT NULL DEFAULT '0' COMMENT 'Value',
  PRIMARY KEY (`value_id`),
  UNIQUE KEY `CAT_PRD_LNK_ATTR_INT_PRD_LNK_ATTR_ID_LNK_ID` (`product_link_attribute_id`,`link_id`),
  KEY `CATALOG_PRODUCT_LINK_ATTRIBUTE_INT_LINK_ID` (`link_id`),
  CONSTRAINT `CAT_PRD_LNK_ATTR_INT_LNK_ID_CAT_PRD_LNK_LNK_ID` FOREIGN KEY (`link_id`) REFERENCES `catalog_product_link` (`link_id`) ON DELETE CASCADE,
  CONSTRAINT `FK_E9ACA37884A1E2BE27B8BFD62E281373` FOREIGN KEY (`product_link_attribute_id`) REFERENCES `catalog_product_link_attribute` (`product_link_attribute_id`) ON DELETE CASCADE
) ENGINE=InnoDB DEFAULT CHARSET=utf8 COMMENT='Catalog Product Link Integer Attribute Table';

--
-- Dumping data for table `catalog_product_link_attribute_int`
--


--
-- Table structure for table `catalog_product_link_attribute_varchar`
--

CREATE TABLE `catalog_product_link_attribute_varchar` (
  `value_id` int(10) unsigned NOT NULL AUTO_INCREMENT COMMENT 'Value ID',
  `product_link_attribute_id` smallint(5) unsigned NOT NULL DEFAULT '0' COMMENT 'Product Link Attribute ID',
  `link_id` int(10) unsigned NOT NULL COMMENT 'Link ID',
  `value` varchar(255) DEFAULT NULL COMMENT 'Value',
  PRIMARY KEY (`value_id`),
  UNIQUE KEY `CAT_PRD_LNK_ATTR_VCHR_PRD_LNK_ATTR_ID_LNK_ID` (`product_link_attribute_id`,`link_id`),
  KEY `CATALOG_PRODUCT_LINK_ATTRIBUTE_VARCHAR_LINK_ID` (`link_id`),
  CONSTRAINT `CAT_PRD_LNK_ATTR_VCHR_LNK_ID_CAT_PRD_LNK_LNK_ID` FOREIGN KEY (`link_id`) REFERENCES `catalog_product_link` (`link_id`) ON DELETE CASCADE,
  CONSTRAINT `FK_4D3BC62BFCDA141B5D98DB91243CDEE6` FOREIGN KEY (`product_link_attribute_id`) REFERENCES `catalog_product_link_attribute` (`product_link_attribute_id`) ON DELETE CASCADE
) ENGINE=InnoDB DEFAULT CHARSET=utf8 COMMENT='Catalog Product Link Varchar Attribute Table';

--
-- Dumping data for table `catalog_product_link_attribute_varchar`
--


--
-- Table structure for table `catalog_product_link_type`
--

CREATE TABLE `catalog_product_link_type` (
  `link_type_id` smallint(5) unsigned NOT NULL AUTO_INCREMENT COMMENT 'Link Type ID',
  `code` varchar(32) DEFAULT NULL COMMENT 'Code',
  PRIMARY KEY (`link_type_id`)
) ENGINE=InnoDB AUTO_INCREMENT=6 DEFAULT CHARSET=utf8 COMMENT='Catalog Product Link Type Table';

--
-- Dumping data for table `catalog_product_link_type`
--

INSERT INTO `catalog_product_link_type` VALUES (1,'relation'),(3,'super'),(4,'up_sell'),(5,'cross_sell');

--
-- Table structure for table `catalog_product_option`
--

CREATE TABLE `catalog_product_option` (
  `option_id` int(10) unsigned NOT NULL AUTO_INCREMENT COMMENT 'Option ID',
  `product_id` int(10) unsigned NOT NULL DEFAULT '0' COMMENT 'Product ID',
  `type` varchar(50) DEFAULT NULL COMMENT 'Type',
  `is_require` smallint(6) NOT NULL DEFAULT '1' COMMENT 'Is Required',
  `sku` varchar(64) DEFAULT NULL COMMENT 'SKU',
  `max_characters` int(10) unsigned DEFAULT NULL COMMENT 'Max Characters',
  `file_extension` varchar(50) DEFAULT NULL COMMENT 'File Extension',
  `image_size_x` smallint(5) unsigned DEFAULT NULL COMMENT 'Image Size X',
  `image_size_y` smallint(5) unsigned DEFAULT NULL COMMENT 'Image Size Y',
  `sort_order` int(10) unsigned NOT NULL DEFAULT '0' COMMENT 'Sort Order',
  PRIMARY KEY (`option_id`),
  KEY `CATALOG_PRODUCT_OPTION_PRODUCT_ID` (`product_id`),
  CONSTRAINT `CAT_PRD_OPT_PRD_ID_CAT_PRD_ENTT_ENTT_ID` FOREIGN KEY (`product_id`) REFERENCES `catalog_product_entity` (`entity_id`) ON DELETE CASCADE
) ENGINE=InnoDB DEFAULT CHARSET=utf8 COMMENT='Catalog Product Option Table';

--
-- Dumping data for table `catalog_product_option`
--


--
-- Table structure for table `catalog_product_option_price`
--

CREATE TABLE `catalog_product_option_price` (
  `option_price_id` int(10) unsigned NOT NULL AUTO_INCREMENT COMMENT 'Option Price ID',
  `option_id` int(10) unsigned NOT NULL DEFAULT '0' COMMENT 'Option ID',
  `store_id` smallint(5) unsigned NOT NULL DEFAULT '0' COMMENT 'Store ID',
  `price` decimal(12,4) NOT NULL DEFAULT '0.0000' COMMENT 'Price',
  `price_type` varchar(7) NOT NULL DEFAULT 'fixed' COMMENT 'Price Type',
  PRIMARY KEY (`option_price_id`),
  UNIQUE KEY `CATALOG_PRODUCT_OPTION_PRICE_OPTION_ID_STORE_ID` (`option_id`,`store_id`),
  KEY `CATALOG_PRODUCT_OPTION_PRICE_STORE_ID` (`store_id`),
  CONSTRAINT `CATALOG_PRODUCT_OPTION_PRICE_STORE_ID_STORE_STORE_ID` FOREIGN KEY (`store_id`) REFERENCES `store` (`store_id`) ON DELETE CASCADE,
  CONSTRAINT `CAT_PRD_OPT_PRICE_OPT_ID_CAT_PRD_OPT_OPT_ID` FOREIGN KEY (`option_id`) REFERENCES `catalog_product_option` (`option_id`) ON DELETE CASCADE
) ENGINE=InnoDB DEFAULT CHARSET=utf8 COMMENT='Catalog Product Option Price Table';

--
-- Dumping data for table `catalog_product_option_price`
--


--
-- Table structure for table `catalog_product_option_title`
--

CREATE TABLE `catalog_product_option_title` (
  `option_title_id` int(10) unsigned NOT NULL AUTO_INCREMENT COMMENT 'Option Title ID',
  `option_id` int(10) unsigned NOT NULL DEFAULT '0' COMMENT 'Option ID',
  `store_id` smallint(5) unsigned NOT NULL DEFAULT '0' COMMENT 'Store ID',
  `title` varchar(255) DEFAULT NULL COMMENT 'Title',
  PRIMARY KEY (`option_title_id`),
  UNIQUE KEY `CATALOG_PRODUCT_OPTION_TITLE_OPTION_ID_STORE_ID` (`option_id`,`store_id`),
  KEY `CATALOG_PRODUCT_OPTION_TITLE_STORE_ID` (`store_id`),
  CONSTRAINT `CATALOG_PRODUCT_OPTION_TITLE_STORE_ID_STORE_STORE_ID` FOREIGN KEY (`store_id`) REFERENCES `store` (`store_id`) ON DELETE CASCADE,
  CONSTRAINT `CAT_PRD_OPT_TTL_OPT_ID_CAT_PRD_OPT_OPT_ID` FOREIGN KEY (`option_id`) REFERENCES `catalog_product_option` (`option_id`) ON DELETE CASCADE
) ENGINE=InnoDB DEFAULT CHARSET=utf8 COMMENT='Catalog Product Option Title Table';

--
-- Dumping data for table `catalog_product_option_title`
--


--
-- Table structure for table `catalog_product_option_type_price`
--

CREATE TABLE `catalog_product_option_type_price` (
  `option_type_price_id` int(10) unsigned NOT NULL AUTO_INCREMENT COMMENT 'Option Type Price ID',
  `option_type_id` int(10) unsigned NOT NULL DEFAULT '0' COMMENT 'Option Type ID',
  `store_id` smallint(5) unsigned NOT NULL DEFAULT '0' COMMENT 'Store ID',
  `price` decimal(12,4) NOT NULL DEFAULT '0.0000' COMMENT 'Price',
  `price_type` varchar(7) NOT NULL DEFAULT 'fixed' COMMENT 'Price Type',
  PRIMARY KEY (`option_type_price_id`),
  UNIQUE KEY `CATALOG_PRODUCT_OPTION_TYPE_PRICE_OPTION_TYPE_ID_STORE_ID` (`option_type_id`,`store_id`),
  KEY `CATALOG_PRODUCT_OPTION_TYPE_PRICE_STORE_ID` (`store_id`),
  CONSTRAINT `CATALOG_PRODUCT_OPTION_TYPE_PRICE_STORE_ID_STORE_STORE_ID` FOREIGN KEY (`store_id`) REFERENCES `store` (`store_id`) ON DELETE CASCADE,
  CONSTRAINT `FK_79C61C715CC1BC96944951C255F6AC42` FOREIGN KEY (`option_type_id`) REFERENCES `catalog_product_option_type_value` (`option_type_id`) ON DELETE CASCADE
) ENGINE=InnoDB DEFAULT CHARSET=utf8 COMMENT='Catalog Product Option Type Price Table';

--
-- Dumping data for table `catalog_product_option_type_price`
--


--
-- Table structure for table `catalog_product_option_type_title`
--

CREATE TABLE `catalog_product_option_type_title` (
  `option_type_title_id` int(10) unsigned NOT NULL AUTO_INCREMENT COMMENT 'Option Type Title ID',
  `option_type_id` int(10) unsigned NOT NULL DEFAULT '0' COMMENT 'Option Type ID',
  `store_id` smallint(5) unsigned NOT NULL DEFAULT '0' COMMENT 'Store ID',
  `title` varchar(255) DEFAULT NULL COMMENT 'Title',
  PRIMARY KEY (`option_type_title_id`),
  UNIQUE KEY `CATALOG_PRODUCT_OPTION_TYPE_TITLE_OPTION_TYPE_ID_STORE_ID` (`option_type_id`,`store_id`),
  KEY `CATALOG_PRODUCT_OPTION_TYPE_TITLE_STORE_ID` (`store_id`),
  CONSTRAINT `CATALOG_PRODUCT_OPTION_TYPE_TITLE_STORE_ID_STORE_STORE_ID` FOREIGN KEY (`store_id`) REFERENCES `store` (`store_id`) ON DELETE CASCADE,
  CONSTRAINT `FK_1FD1F2329AF1C6BA86055470C52BF94D` FOREIGN KEY (`option_type_id`) REFERENCES `catalog_product_option_type_value` (`option_type_id`) ON DELETE CASCADE
) ENGINE=InnoDB DEFAULT CHARSET=utf8 COMMENT='Catalog Product Option Type Title Table';

--
-- Dumping data for table `catalog_product_option_type_title`
--


--
-- Table structure for table `catalog_product_option_type_value`
--

CREATE TABLE `catalog_product_option_type_value` (
  `option_type_id` int(10) unsigned NOT NULL AUTO_INCREMENT COMMENT 'Option Type ID',
  `option_id` int(10) unsigned NOT NULL DEFAULT '0' COMMENT 'Option ID',
  `sku` varchar(64) DEFAULT NULL COMMENT 'SKU',
  `sort_order` int(10) unsigned NOT NULL DEFAULT '0' COMMENT 'Sort Order',
  PRIMARY KEY (`option_type_id`),
  KEY `CATALOG_PRODUCT_OPTION_TYPE_VALUE_OPTION_ID` (`option_id`),
  CONSTRAINT `CAT_PRD_OPT_TYPE_VAL_OPT_ID_CAT_PRD_OPT_OPT_ID` FOREIGN KEY (`option_id`) REFERENCES `catalog_product_option` (`option_id`) ON DELETE CASCADE
) ENGINE=InnoDB DEFAULT CHARSET=utf8 COMMENT='Catalog Product Option Type Value Table';

--
-- Dumping data for table `catalog_product_option_type_value`
--


--
-- Table structure for table `catalog_product_relation`
--

CREATE TABLE `catalog_product_relation` (
  `parent_id` int(10) unsigned NOT NULL COMMENT 'Parent ID',
  `child_id` int(10) unsigned NOT NULL COMMENT 'Child ID',
  PRIMARY KEY (`parent_id`,`child_id`),
  KEY `CATALOG_PRODUCT_RELATION_CHILD_ID` (`child_id`),
  CONSTRAINT `CAT_PRD_RELATION_CHILD_ID_CAT_PRD_ENTT_ENTT_ID` FOREIGN KEY (`child_id`) REFERENCES `catalog_product_entity` (`entity_id`) ON DELETE CASCADE,
  CONSTRAINT `CAT_PRD_RELATION_PARENT_ID_CAT_PRD_ENTT_ENTT_ID` FOREIGN KEY (`parent_id`) REFERENCES `catalog_product_entity` (`entity_id`) ON DELETE CASCADE
) ENGINE=InnoDB DEFAULT CHARSET=utf8 COMMENT='Catalog Product Relation Table';

--
-- Dumping data for table `catalog_product_relation`
--


--
-- Table structure for table `catalog_product_super_attribute`
--

CREATE TABLE `catalog_product_super_attribute` (
  `product_super_attribute_id` int(10) unsigned NOT NULL AUTO_INCREMENT COMMENT 'Product Super Attribute ID',
  `product_id` int(10) unsigned NOT NULL DEFAULT '0' COMMENT 'Product ID',
  `attribute_id` smallint(5) unsigned NOT NULL DEFAULT '0' COMMENT 'Attribute ID',
  `position` smallint(5) unsigned NOT NULL DEFAULT '0' COMMENT 'Position',
  PRIMARY KEY (`product_super_attribute_id`),
  UNIQUE KEY `CATALOG_PRODUCT_SUPER_ATTRIBUTE_PRODUCT_ID_ATTRIBUTE_ID` (`product_id`,`attribute_id`),
  CONSTRAINT `CAT_PRD_SPR_ATTR_PRD_ID_CAT_PRD_ENTT_ENTT_ID` FOREIGN KEY (`product_id`) REFERENCES `catalog_product_entity` (`entity_id`) ON DELETE CASCADE
) ENGINE=InnoDB DEFAULT CHARSET=utf8 COMMENT='Catalog Product Super Attribute Table';

--
-- Dumping data for table `catalog_product_super_attribute`
--


--
-- Table structure for table `catalog_product_super_attribute_label`
--

CREATE TABLE `catalog_product_super_attribute_label` (
  `value_id` int(10) unsigned NOT NULL AUTO_INCREMENT COMMENT 'Value ID',
  `product_super_attribute_id` int(10) unsigned NOT NULL DEFAULT '0' COMMENT 'Product Super Attribute ID',
  `store_id` smallint(5) unsigned NOT NULL DEFAULT '0' COMMENT 'Store ID',
  `use_default` smallint(5) unsigned DEFAULT '0' COMMENT 'Use Default Value',
  `value` varchar(255) DEFAULT NULL COMMENT 'Value',
  PRIMARY KEY (`value_id`),
  UNIQUE KEY `CAT_PRD_SPR_ATTR_LBL_PRD_SPR_ATTR_ID_STORE_ID` (`product_super_attribute_id`,`store_id`),
  KEY `CATALOG_PRODUCT_SUPER_ATTRIBUTE_LABEL_STORE_ID` (`store_id`),
  CONSTRAINT `CAT_PRD_SPR_ATTR_LBL_STORE_ID_STORE_STORE_ID` FOREIGN KEY (`store_id`) REFERENCES `store` (`store_id`) ON DELETE CASCADE,
  CONSTRAINT `FK_DBF394CB6A5E8C22A32887B29540B713` FOREIGN KEY (`product_super_attribute_id`) REFERENCES `catalog_product_super_attribute` (`product_super_attribute_id`) ON DELETE CASCADE
) ENGINE=InnoDB DEFAULT CHARSET=utf8 COMMENT='Catalog Product Super Attribute Label Table';

--
-- Dumping data for table `catalog_product_super_attribute_label`
--


--
-- Table structure for table `catalog_product_super_link`
--

CREATE TABLE `catalog_product_super_link` (
  `link_id` int(10) unsigned NOT NULL AUTO_INCREMENT COMMENT 'Link ID',
  `product_id` int(10) unsigned NOT NULL DEFAULT '0' COMMENT 'Product ID',
  `parent_id` int(10) unsigned NOT NULL DEFAULT '0' COMMENT 'Parent ID',
  PRIMARY KEY (`link_id`),
  UNIQUE KEY `CATALOG_PRODUCT_SUPER_LINK_PRODUCT_ID_PARENT_ID` (`product_id`,`parent_id`),
  KEY `CATALOG_PRODUCT_SUPER_LINK_PARENT_ID` (`parent_id`),
  CONSTRAINT `CAT_PRD_SPR_LNK_PARENT_ID_CAT_PRD_ENTT_ENTT_ID` FOREIGN KEY (`parent_id`) REFERENCES `catalog_product_entity` (`entity_id`) ON DELETE CASCADE,
  CONSTRAINT `CAT_PRD_SPR_LNK_PRD_ID_CAT_PRD_ENTT_ENTT_ID` FOREIGN KEY (`product_id`) REFERENCES `catalog_product_entity` (`entity_id`) ON DELETE CASCADE
) ENGINE=InnoDB DEFAULT CHARSET=utf8 COMMENT='Catalog Product Super Link Table';

--
-- Dumping data for table `catalog_product_super_link`
--


--
-- Table structure for table `catalog_product_website`
--

CREATE TABLE `catalog_product_website` (
  `product_id` int(10) unsigned NOT NULL COMMENT 'Product ID',
  `website_id` smallint(5) unsigned NOT NULL COMMENT 'Website ID',
  PRIMARY KEY (`product_id`,`website_id`),
  KEY `CATALOG_PRODUCT_WEBSITE_WEBSITE_ID` (`website_id`),
  CONSTRAINT `CATALOG_PRODUCT_WEBSITE_WEBSITE_ID_STORE_WEBSITE_WEBSITE_ID` FOREIGN KEY (`website_id`) REFERENCES `store_website` (`website_id`) ON DELETE CASCADE,
  CONSTRAINT `CAT_PRD_WS_PRD_ID_CAT_PRD_ENTT_ENTT_ID` FOREIGN KEY (`product_id`) REFERENCES `catalog_product_entity` (`entity_id`) ON DELETE CASCADE
) ENGINE=InnoDB DEFAULT CHARSET=utf8 COMMENT='Catalog Product To Website Linkage Table';

--
-- Dumping data for table `catalog_product_website`
--

INSERT INTO `catalog_product_website` VALUES (45,1),(46,1),(47,1),(48,1),(49,1),(50,1),(51,1);

--
-- Table structure for table `catalog_url_rewrite_product_category`
--

CREATE TABLE `catalog_url_rewrite_product_category` (
  `url_rewrite_id` int(10) unsigned NOT NULL COMMENT 'url_rewrite_id',
  `category_id` int(10) unsigned NOT NULL COMMENT 'category_id',
  `product_id` int(10) unsigned NOT NULL COMMENT 'product_id',
  KEY `CATALOG_URL_REWRITE_PRODUCT_CATEGORY_CATEGORY_ID_PRODUCT_ID` (`category_id`,`product_id`),
  KEY `CAT_URL_REWRITE_PRD_CTGR_PRD_ID_CAT_PRD_ENTT_ENTT_ID` (`product_id`),
  KEY `FK_7B9CE1EAB660AB093EC13F021BA68955` (`url_rewrite_id`),
  CONSTRAINT `CAT_URL_REWRITE_PRD_CTGR_CTGR_ID_CAT_CTGR_ENTT_ENTT_ID` FOREIGN KEY (`category_id`) REFERENCES `catalog_category_entity` (`entity_id`) ON DELETE CASCADE,
  CONSTRAINT `CAT_URL_REWRITE_PRD_CTGR_PRD_ID_CAT_PRD_ENTT_ENTT_ID` FOREIGN KEY (`product_id`) REFERENCES `catalog_product_entity` (`entity_id`) ON DELETE CASCADE,
  CONSTRAINT `FK_7B9CE1EAB660AB093EC13F021BA68955` FOREIGN KEY (`url_rewrite_id`) REFERENCES `url_rewrite` (`url_rewrite_id`) ON DELETE CASCADE
) ENGINE=InnoDB DEFAULT CHARSET=utf8 COMMENT='url_rewrite_relation';

--
-- Dumping data for table `catalog_url_rewrite_product_category`
--

INSERT INTO `catalog_url_rewrite_product_category` VALUES (85,2,45),(83,3,45),(84,5,45),(96,2,46),(91,3,46),(92,5,46),(100,2,47),(98,3,47),(99,5,47),(104,2,48),(102,3,48),(103,5,48),(108,2,49),(106,3,49),(107,5,49),(112,2,50),(110,3,50),(111,5,50),(115,2,51),(114,5,51);

--
-- Table structure for table `cataloginventory_stock`
--

CREATE TABLE `cataloginventory_stock` (
  `stock_id` smallint(5) unsigned NOT NULL AUTO_INCREMENT COMMENT 'Stock Id',
  `website_id` smallint(5) unsigned NOT NULL COMMENT 'Website Id',
  `stock_name` varchar(255) DEFAULT NULL COMMENT 'Stock Name',
  PRIMARY KEY (`stock_id`),
  KEY `CATALOGINVENTORY_STOCK_WEBSITE_ID` (`website_id`)
) ENGINE=InnoDB AUTO_INCREMENT=2 DEFAULT CHARSET=utf8 COMMENT='Cataloginventory Stock';

--
-- Dumping data for table `cataloginventory_stock`
--

INSERT INTO `cataloginventory_stock` VALUES (1,0,'Default');

--
-- Table structure for table `cataloginventory_stock_item`
--

CREATE TABLE `cataloginventory_stock_item` (
  `item_id` int(10) unsigned NOT NULL AUTO_INCREMENT COMMENT 'Item Id',
  `product_id` int(10) unsigned NOT NULL DEFAULT '0' COMMENT 'Product Id',
  `stock_id` smallint(5) unsigned NOT NULL DEFAULT '0' COMMENT 'Stock Id',
  `qty` decimal(12,4) DEFAULT NULL COMMENT 'Qty',
  `min_qty` decimal(12,4) NOT NULL DEFAULT '0.0000' COMMENT 'Min Qty',
  `use_config_min_qty` smallint(5) unsigned NOT NULL DEFAULT '1' COMMENT 'Use Config Min Qty',
  `is_qty_decimal` smallint(5) unsigned NOT NULL DEFAULT '0' COMMENT 'Is Qty Decimal',
  `backorders` smallint(5) unsigned NOT NULL DEFAULT '0' COMMENT 'Backorders',
  `use_config_backorders` smallint(5) unsigned NOT NULL DEFAULT '1' COMMENT 'Use Config Backorders',
  `min_sale_qty` decimal(12,4) NOT NULL DEFAULT '1.0000' COMMENT 'Min Sale Qty',
  `use_config_min_sale_qty` smallint(5) unsigned NOT NULL DEFAULT '1' COMMENT 'Use Config Min Sale Qty',
  `max_sale_qty` decimal(12,4) NOT NULL DEFAULT '0.0000' COMMENT 'Max Sale Qty',
  `use_config_max_sale_qty` smallint(5) unsigned NOT NULL DEFAULT '1' COMMENT 'Use Config Max Sale Qty',
  `is_in_stock` smallint(5) unsigned NOT NULL DEFAULT '0' COMMENT 'Is In Stock',
  `low_stock_date` timestamp NULL DEFAULT NULL COMMENT 'Low Stock Date',
  `notify_stock_qty` decimal(12,4) DEFAULT NULL COMMENT 'Notify Stock Qty',
  `use_config_notify_stock_qty` smallint(5) unsigned NOT NULL DEFAULT '1' COMMENT 'Use Config Notify Stock Qty',
  `manage_stock` smallint(5) unsigned NOT NULL DEFAULT '0' COMMENT 'Manage Stock',
  `use_config_manage_stock` smallint(5) unsigned NOT NULL DEFAULT '1' COMMENT 'Use Config Manage Stock',
  `stock_status_changed_auto` smallint(5) unsigned NOT NULL DEFAULT '0' COMMENT 'Stock Status Changed Automatically',
  `use_config_qty_increments` smallint(5) unsigned NOT NULL DEFAULT '1' COMMENT 'Use Config Qty Increments',
  `qty_increments` decimal(12,4) NOT NULL DEFAULT '0.0000' COMMENT 'Qty Increments',
  `use_config_enable_qty_inc` smallint(5) unsigned NOT NULL DEFAULT '1' COMMENT 'Use Config Enable Qty Increments',
  `enable_qty_increments` smallint(5) unsigned NOT NULL DEFAULT '0' COMMENT 'Enable Qty Increments',
  `is_decimal_divided` smallint(5) unsigned NOT NULL DEFAULT '0' COMMENT 'Is Divided into Multiple Boxes for Shipping',
  `website_id` smallint(5) unsigned NOT NULL DEFAULT '0' COMMENT 'Is Divided into Multiple Boxes for Shipping',
  PRIMARY KEY (`item_id`),
  UNIQUE KEY `CATALOGINVENTORY_STOCK_ITEM_PRODUCT_ID_WEBSITE_ID` (`product_id`,`website_id`),
  KEY `CATALOGINVENTORY_STOCK_ITEM_WEBSITE_ID` (`website_id`),
  KEY `CATALOGINVENTORY_STOCK_ITEM_STOCK_ID` (`stock_id`),
  CONSTRAINT `CATINV_STOCK_ITEM_PRD_ID_CAT_PRD_ENTT_ENTT_ID` FOREIGN KEY (`product_id`) REFERENCES `catalog_product_entity` (`entity_id`) ON DELETE CASCADE,
  CONSTRAINT `CATINV_STOCK_ITEM_STOCK_ID_CATINV_STOCK_STOCK_ID` FOREIGN KEY (`stock_id`) REFERENCES `cataloginventory_stock` (`stock_id`) ON DELETE CASCADE
) ENGINE=InnoDB AUTO_INCREMENT=52 DEFAULT CHARSET=utf8 COMMENT='Cataloginventory Stock Item';

--
-- Dumping data for table `cataloginventory_stock_item`
--

INSERT INTO `cataloginventory_stock_item` VALUES (45,45,1,999.0000,0.0000,1,0,0,1,1.0000,1,10000.0000,1,1,NULL,1.0000,1,1,1,0,1,1.0000,1,0,0,0),(46,46,1,999.0000,0.0000,1,0,0,1,1.0000,1,10000.0000,1,1,NULL,1.0000,1,1,1,0,1,1.0000,1,0,0,0),(47,47,1,999.0000,0.0000,1,0,0,1,1.0000,1,10000.0000,1,1,NULL,1.0000,1,1,1,0,1,1.0000,1,0,0,0),(48,48,1,1000.0000,0.0000,1,0,0,1,1.0000,1,10000.0000,1,1,NULL,1.0000,1,1,1,0,1,1.0000,1,0,0,0),(49,49,1,1000.0000,0.0000,1,0,0,1,1.0000,1,10000.0000,1,1,NULL,1.0000,1,1,1,0,1,1.0000,1,0,0,0),(50,50,1,999.0000,0.0000,1,0,0,1,1.0000,1,10000.0000,1,1,NULL,1.0000,1,1,1,0,1,1.0000,1,0,0,0),(51,51,1,0.0000,0.0000,1,0,0,1,1.0000,1,10000.0000,1,0,'2017-04-10 18:00:32',1.0000,1,1,1,1,1,1.0000,1,0,0,0);

--
-- Table structure for table `cataloginventory_stock_status`
--

CREATE TABLE `cataloginventory_stock_status` (
  `product_id` int(10) unsigned NOT NULL COMMENT 'Product Id',
  `website_id` smallint(5) unsigned NOT NULL COMMENT 'Website Id',
  `stock_id` smallint(5) unsigned NOT NULL COMMENT 'Stock Id',
  `qty` decimal(12,4) NOT NULL DEFAULT '0.0000' COMMENT 'Qty',
  `stock_status` smallint(5) unsigned NOT NULL COMMENT 'Stock Status',
  PRIMARY KEY (`product_id`,`website_id`,`stock_id`),
  KEY `CATALOGINVENTORY_STOCK_STATUS_STOCK_ID` (`stock_id`),
  KEY `CATALOGINVENTORY_STOCK_STATUS_WEBSITE_ID` (`website_id`)
) ENGINE=InnoDB DEFAULT CHARSET=utf8 COMMENT='Cataloginventory Stock Status';

--
-- Dumping data for table `cataloginventory_stock_status`
--

INSERT INTO `cataloginventory_stock_status` VALUES (45,0,1,999.0000,1),(46,0,1,999.0000,1),(47,0,1,999.0000,1),(48,0,1,1000.0000,1),(49,0,1,1000.0000,1),(50,0,1,999.0000,1),(51,0,1,0.0000,0);

--
-- Table structure for table `cataloginventory_stock_status_idx`
--

CREATE TABLE `cataloginventory_stock_status_idx` (
  `product_id` int(10) unsigned NOT NULL COMMENT 'Product Id',
  `website_id` smallint(5) unsigned NOT NULL COMMENT 'Website Id',
  `stock_id` smallint(5) unsigned NOT NULL COMMENT 'Stock Id',
  `qty` decimal(12,4) NOT NULL DEFAULT '0.0000' COMMENT 'Qty',
  `stock_status` smallint(5) unsigned NOT NULL COMMENT 'Stock Status',
  PRIMARY KEY (`product_id`,`website_id`,`stock_id`),
  KEY `CATALOGINVENTORY_STOCK_STATUS_IDX_STOCK_ID` (`stock_id`),
  KEY `CATALOGINVENTORY_STOCK_STATUS_IDX_WEBSITE_ID` (`website_id`)
) ENGINE=InnoDB DEFAULT CHARSET=utf8 COMMENT='Cataloginventory Stock Status Indexer Idx';

--
-- Dumping data for table `cataloginventory_stock_status_idx`
--

INSERT INTO `cataloginventory_stock_status_idx` VALUES (45,0,1,999.0000,1),(46,0,1,1000.0000,1),(47,0,1,1000.0000,1),(48,0,1,1000.0000,1),(49,0,1,1000.0000,1),(50,0,1,1000.0000,1),(51,0,1,0.0000,0);

--
-- Table structure for table `cataloginventory_stock_status_tmp`
--

CREATE TABLE `cataloginventory_stock_status_tmp` (
  `product_id` int(10) unsigned NOT NULL COMMENT 'Product Id',
  `website_id` smallint(5) unsigned NOT NULL COMMENT 'Website Id',
  `stock_id` smallint(5) unsigned NOT NULL COMMENT 'Stock Id',
  `qty` decimal(12,4) NOT NULL DEFAULT '0.0000' COMMENT 'Qty',
  `stock_status` smallint(5) unsigned NOT NULL COMMENT 'Stock Status',
  PRIMARY KEY (`product_id`,`website_id`,`stock_id`),
  KEY `CATALOGINVENTORY_STOCK_STATUS_TMP_STOCK_ID` (`stock_id`),
  KEY `CATALOGINVENTORY_STOCK_STATUS_TMP_WEBSITE_ID` (`website_id`)
) ENGINE=MEMORY DEFAULT CHARSET=utf8 COMMENT='Cataloginventory Stock Status Indexer Tmp';

--
-- Dumping data for table `cataloginventory_stock_status_tmp`
--


--
-- Table structure for table `catalogrule`
--

CREATE TABLE `catalogrule` (
  `rule_id` int(10) unsigned NOT NULL AUTO_INCREMENT COMMENT 'Rule Id',
  `name` varchar(255) DEFAULT NULL COMMENT 'Name',
  `description` text COMMENT 'Description',
  `from_date` date DEFAULT NULL COMMENT 'From',
  `to_date` date DEFAULT NULL COMMENT 'To',
  `is_active` smallint(6) NOT NULL DEFAULT '0' COMMENT 'Is Active',
  `conditions_serialized` mediumtext COMMENT 'Conditions Serialized',
  `actions_serialized` mediumtext COMMENT 'Actions Serialized',
  `stop_rules_processing` smallint(6) NOT NULL DEFAULT '1' COMMENT 'Stop Rules Processing',
  `sort_order` int(10) unsigned NOT NULL DEFAULT '0' COMMENT 'Sort Order',
  `simple_action` varchar(32) DEFAULT NULL COMMENT 'Simple Action',
  `discount_amount` decimal(12,4) NOT NULL DEFAULT '0.0000' COMMENT 'Discount Amount',
  PRIMARY KEY (`rule_id`),
  KEY `CATALOGRULE_IS_ACTIVE_SORT_ORDER_TO_DATE_FROM_DATE` (`is_active`,`sort_order`,`to_date`,`from_date`)
) ENGINE=InnoDB DEFAULT CHARSET=utf8 COMMENT='CatalogRule';

--
-- Dumping data for table `catalogrule`
--


--
-- Table structure for table `catalogrule_customer_group`
--

CREATE TABLE `catalogrule_customer_group` (
  `rule_id` int(10) unsigned NOT NULL COMMENT 'Rule Id',
  `customer_group_id` smallint(5) unsigned NOT NULL COMMENT 'Customer Group Id',
  PRIMARY KEY (`rule_id`,`customer_group_id`),
  KEY `CATALOGRULE_CUSTOMER_GROUP_CUSTOMER_GROUP_ID` (`customer_group_id`),
  CONSTRAINT `CATALOGRULE_CUSTOMER_GROUP_RULE_ID_CATALOGRULE_RULE_ID` FOREIGN KEY (`rule_id`) REFERENCES `catalogrule` (`rule_id`) ON DELETE CASCADE,
  CONSTRAINT `CATRULE_CSTR_GROUP_CSTR_GROUP_ID_CSTR_GROUP_CSTR_GROUP_ID` FOREIGN KEY (`customer_group_id`) REFERENCES `customer_group` (`customer_group_id`) ON DELETE CASCADE
) ENGINE=InnoDB DEFAULT CHARSET=utf8 COMMENT='Catalog Rules To Customer Groups Relations';

--
-- Dumping data for table `catalogrule_customer_group`
--


--
-- Table structure for table `catalogrule_group_website`
--

CREATE TABLE `catalogrule_group_website` (
  `rule_id` int(10) unsigned NOT NULL DEFAULT '0' COMMENT 'Rule Id',
  `customer_group_id` smallint(5) unsigned NOT NULL DEFAULT '0' COMMENT 'Customer Group Id',
  `website_id` smallint(5) unsigned NOT NULL DEFAULT '0' COMMENT 'Website Id',
  PRIMARY KEY (`rule_id`,`customer_group_id`,`website_id`),
  KEY `CATALOGRULE_GROUP_WEBSITE_CUSTOMER_GROUP_ID` (`customer_group_id`),
  KEY `CATALOGRULE_GROUP_WEBSITE_WEBSITE_ID` (`website_id`),
  CONSTRAINT `CATALOGRULE_GROUP_WEBSITE_RULE_ID_CATALOGRULE_RULE_ID` FOREIGN KEY (`rule_id`) REFERENCES `catalogrule` (`rule_id`) ON DELETE CASCADE,
  CONSTRAINT `CATRULE_GROUP_WS_CSTR_GROUP_ID_CSTR_GROUP_CSTR_GROUP_ID` FOREIGN KEY (`customer_group_id`) REFERENCES `customer_group` (`customer_group_id`) ON DELETE CASCADE,
  CONSTRAINT `CATRULE_GROUP_WS_WS_ID_STORE_WS_WS_ID` FOREIGN KEY (`website_id`) REFERENCES `store_website` (`website_id`) ON DELETE CASCADE
) ENGINE=InnoDB DEFAULT CHARSET=utf8 COMMENT='CatalogRule Group Website';

--
-- Dumping data for table `catalogrule_group_website`
--


--
-- Table structure for table `catalogrule_product`
--

CREATE TABLE `catalogrule_product` (
  `rule_product_id` int(10) unsigned NOT NULL AUTO_INCREMENT COMMENT 'Rule Product Id',
  `rule_id` int(10) unsigned NOT NULL DEFAULT '0' COMMENT 'Rule Id',
  `from_time` int(10) unsigned NOT NULL DEFAULT '0' COMMENT 'From Time',
  `to_time` int(10) unsigned NOT NULL DEFAULT '0' COMMENT 'To time',
  `customer_group_id` smallint(5) unsigned NOT NULL DEFAULT '0' COMMENT 'Customer Group Id',
  `product_id` int(10) unsigned NOT NULL DEFAULT '0' COMMENT 'Product Id',
  `action_operator` varchar(10) DEFAULT 'to_fixed' COMMENT 'Action Operator',
  `action_amount` decimal(12,4) NOT NULL DEFAULT '0.0000' COMMENT 'Action Amount',
  `action_stop` smallint(6) NOT NULL DEFAULT '0' COMMENT 'Action Stop',
  `sort_order` int(10) unsigned NOT NULL DEFAULT '0' COMMENT 'Sort Order',
  `website_id` smallint(5) unsigned NOT NULL COMMENT 'Website Id',
  PRIMARY KEY (`rule_product_id`),
  UNIQUE KEY `IDX_657F2C47A3462448AF8A19A447783F01` (`rule_id`,`from_time`,`to_time`,`website_id`,`customer_group_id`,`product_id`,`sort_order`),
  KEY `CATALOGRULE_PRODUCT_CUSTOMER_GROUP_ID` (`customer_group_id`),
  KEY `CATALOGRULE_PRODUCT_WEBSITE_ID` (`website_id`),
  KEY `CATALOGRULE_PRODUCT_FROM_TIME` (`from_time`),
  KEY `CATALOGRULE_PRODUCT_TO_TIME` (`to_time`),
  KEY `CATALOGRULE_PRODUCT_PRODUCT_ID` (`product_id`)
) ENGINE=InnoDB DEFAULT CHARSET=utf8 COMMENT='CatalogRule Product';

--
-- Dumping data for table `catalogrule_product`
--


--
-- Table structure for table `catalogrule_product_price`
--

CREATE TABLE `catalogrule_product_price` (
  `rule_product_price_id` int(10) unsigned NOT NULL AUTO_INCREMENT COMMENT 'Rule Product PriceId',
  `rule_date` date NOT NULL COMMENT 'Rule Date',
  `customer_group_id` smallint(5) unsigned NOT NULL DEFAULT '0' COMMENT 'Customer Group Id',
  `product_id` int(10) unsigned NOT NULL DEFAULT '0' COMMENT 'Product Id',
  `rule_price` decimal(12,4) NOT NULL DEFAULT '0.0000' COMMENT 'Rule Price',
  `website_id` smallint(5) unsigned NOT NULL COMMENT 'Website Id',
  `latest_start_date` date DEFAULT NULL COMMENT 'Latest StartDate',
  `earliest_end_date` date DEFAULT NULL COMMENT 'Earliest EndDate',
  PRIMARY KEY (`rule_product_price_id`),
  UNIQUE KEY `CATRULE_PRD_PRICE_RULE_DATE_WS_ID_CSTR_GROUP_ID_PRD_ID` (`rule_date`,`website_id`,`customer_group_id`,`product_id`),
  KEY `CATALOGRULE_PRODUCT_PRICE_CUSTOMER_GROUP_ID` (`customer_group_id`),
  KEY `CATALOGRULE_PRODUCT_PRICE_WEBSITE_ID` (`website_id`),
  KEY `CATALOGRULE_PRODUCT_PRICE_PRODUCT_ID` (`product_id`)
) ENGINE=InnoDB DEFAULT CHARSET=utf8 COMMENT='CatalogRule Product Price';

--
-- Dumping data for table `catalogrule_product_price`
--


--
-- Table structure for table `catalogrule_website`
--

CREATE TABLE `catalogrule_website` (
  `rule_id` int(10) unsigned NOT NULL COMMENT 'Rule Id',
  `website_id` smallint(5) unsigned NOT NULL COMMENT 'Website Id',
  PRIMARY KEY (`rule_id`,`website_id`),
  KEY `CATALOGRULE_WEBSITE_WEBSITE_ID` (`website_id`),
  CONSTRAINT `CATALOGRULE_WEBSITE_RULE_ID_CATALOGRULE_RULE_ID` FOREIGN KEY (`rule_id`) REFERENCES `catalogrule` (`rule_id`) ON DELETE CASCADE,
  CONSTRAINT `CATALOGRULE_WEBSITE_WEBSITE_ID_STORE_WEBSITE_WEBSITE_ID` FOREIGN KEY (`website_id`) REFERENCES `store_website` (`website_id`) ON DELETE CASCADE
) ENGINE=InnoDB DEFAULT CHARSET=utf8 COMMENT='Catalog Rules To Websites Relations';

--
-- Dumping data for table `catalogrule_website`
--


--
-- Table structure for table `catalogsearch_fulltext_scope1`
--

CREATE TABLE `catalogsearch_fulltext_scope1` (
  `entity_id` int(10) unsigned NOT NULL COMMENT 'Entity ID',
  `attribute_id` int(10) unsigned NOT NULL COMMENT 'Attribute_id',
  `data_index` longtext COMMENT 'Data index',
  PRIMARY KEY (`entity_id`,`attribute_id`),
  FULLTEXT KEY `FTI_FULLTEXT_DATA_INDEX` (`data_index`)
) ENGINE=InnoDB DEFAULT CHARSET=utf8 COMMENT='catalogsearch_fulltext_scope1';

--
-- Dumping data for table `catalogsearch_fulltext_scope1`
--


--
-- Table structure for table `checkout_agreement`
--

CREATE TABLE `checkout_agreement` (
  `agreement_id` int(10) unsigned NOT NULL AUTO_INCREMENT COMMENT 'Agreement Id',
  `name` varchar(255) DEFAULT NULL COMMENT 'Name',
  `content` text COMMENT 'Content',
  `content_height` varchar(25) DEFAULT NULL COMMENT 'Content Height',
  `checkbox_text` text COMMENT 'Checkbox Text',
  `is_active` smallint(6) NOT NULL DEFAULT '0' COMMENT 'Is Active',
  `is_html` smallint(6) NOT NULL DEFAULT '0' COMMENT 'Is Html',
  `mode` smallint(6) NOT NULL DEFAULT '0' COMMENT 'Applied mode',
  PRIMARY KEY (`agreement_id`)
) ENGINE=InnoDB DEFAULT CHARSET=utf8 COMMENT='Checkout Agreement';

--
-- Dumping data for table `checkout_agreement`
--


--
-- Table structure for table `checkout_agreement_store`
--

CREATE TABLE `checkout_agreement_store` (
  `agreement_id` int(10) unsigned NOT NULL COMMENT 'Agreement Id',
  `store_id` smallint(5) unsigned NOT NULL COMMENT 'Store Id',
  PRIMARY KEY (`agreement_id`,`store_id`),
  KEY `CHECKOUT_AGREEMENT_STORE_STORE_ID_STORE_STORE_ID` (`store_id`),
  CONSTRAINT `CHECKOUT_AGREEMENT_STORE_STORE_ID_STORE_STORE_ID` FOREIGN KEY (`store_id`) REFERENCES `store` (`store_id`) ON DELETE CASCADE,
  CONSTRAINT `CHKT_AGRT_STORE_AGRT_ID_CHKT_AGRT_AGRT_ID` FOREIGN KEY (`agreement_id`) REFERENCES `checkout_agreement` (`agreement_id`) ON DELETE CASCADE
) ENGINE=InnoDB DEFAULT CHARSET=utf8 COMMENT='Checkout Agreement Store';

--
-- Dumping data for table `checkout_agreement_store`
--


--
-- Table structure for table `cms_block`
--

CREATE TABLE `cms_block` (
  `block_id` smallint(6) NOT NULL AUTO_INCREMENT COMMENT 'Block ID',
  `title` varchar(255) NOT NULL COMMENT 'Block Title',
  `identifier` varchar(255) NOT NULL COMMENT 'Block String Identifier',
  `content` mediumtext COMMENT 'Block Content',
  `creation_time` timestamp NOT NULL DEFAULT CURRENT_TIMESTAMP COMMENT 'Block Creation Time',
  `update_time` timestamp NOT NULL DEFAULT CURRENT_TIMESTAMP ON UPDATE CURRENT_TIMESTAMP COMMENT 'Block Modification Time',
  `is_active` smallint(6) NOT NULL DEFAULT '1' COMMENT 'Is Block Active',
  PRIMARY KEY (`block_id`),
  FULLTEXT KEY `CMS_BLOCK_TITLE_IDENTIFIER_CONTENT` (`title`,`identifier`,`content`)
) ENGINE=InnoDB AUTO_INCREMENT=72 DEFAULT CHARSET=utf8 COMMENT='CMS Block Table';

--
-- Dumping data for table `cms_block`
--

INSERT INTO `cms_block` VALUES (1,'Porto - Homepage Slider 1','porto_homeslider_1','<div id=\"banner-slider-demo-1\" class=\"owl-carousel owl-banner-carousel owl-middle-narrow\">\r\n\r\n    <div class=\"item kslider\">\r\n        <div class=\"container kposition\">\r\n            <img src=\"{{media url=\"images/homeslide1.png\"}}\" alt=\"\" />\r\n\r\n<div class=\"content type1 kslideimage visible-lg\">\r\n<img src=\"{{media url=\"images/keragen-bottles.png\"}}\" alt=\"\" />\r\n</div>\r\n<div class=\"content type1 kslidewords\">\r\n                <h2><span class=\"kslidewordslarge\">FINALLY, FULLER THICKER<br> HAIR, INSTANTLY</span></h2>\r\n               <div class=\"kslidewordssmall\" id=\"slidersmalltext\">Hair building fibers make thin hair look thick. Dramatically <br>change the appearance of your hair, look years younger is seconds.</div>\r\n       \r\n            <div class=\"slider-button-position\">\r\n<a href=\"hair-fiber-results\" class=\"button button-rounded button-border button-large\">See Results</a>\r\n<a href=\"shop.html\" class=\"button button-rounded button-large\">Shop Now</a></div>\r\n     \r\n            </div>\r\n\r\n        </div>\r\n    </div>\r\n\r\n\r\n    <div class=\"item kslider1\">\r\n        <div class=\"container kposition\">\r\n            <img src=\"{{media url=\"images/homeslide2.png\"}}\" alt=\"\" />\r\n\r\n<div class=\"content type1 kslidewords1\">\r\n                <h2><span class=\"kslidewordslarge1\">TRIBO-ELECTRICALLY<br> CHARGED FIBERS</span></h2>\r\n                 <div class=\"kslidewordssmall1\"  id=\"slidersmalltext\">Keragen fibers are individually charged with tribo-electricity<br>\r\nto create an incredibly strong bond with your hair</div>\r\n                      <div class=\"slider-button-position1\">\r\n<a href=\"hair-fiber-results\" class=\"button button-rounded button-border button-large\">See Results</a>\r\n<a href=\"shop.html\" class=\"button button-rounded button-large\">Shop Now</a></div>\r\n            </div>\r\n\r\n        </div>\r\n    </div>\r\n\r\n</div>\r\n<script type=\"text/javascript\">\r\n    require([\r\n        \'jquery\',\r\n        \'owl.carousel/owl.carousel.min\'\r\n    ], function ($) {\r\n        $(\"#banner-slider-demo-1\").owlCarousel({\r\n            items: 1,\r\n            autoplay: true,\r\n            autoplayTimeout: 5000,\r\n            autoplayHoverPause: true,\r\n            dots: false,\r\n            nav: true,\r\n            navRewind: true,\r\n            animateIn: \'fadeIn\',\r\n            animateOut: \'fadeOut\',\r\n            loop: true,\r\n            navText: [\"<em class=\'porto-icon-chevron-left\'></em>\",\"<em class=\'porto-icon-chevron-right\'></em>\"]\r\n        });\r\n    });\r\n</script>','2017-01-08 11:00:55','2017-03-04 14:19:01',1),(2,'Porto - Homepage Slider 2','porto_homeslider_2','<div class=\"container\" style=\"padding:0 15px 20px 15px;\">\n    <div class=\"row\" style=\"margin:0 -10px;\">\n        <div class=\"col-md-9 md-f-right\" style=\"padding:0 10px; margin-top: 20px;\">\n            <div id=\"banner-slider-demo-2\" class=\"owl-carousel owl-bottom-absolute-narrow owl-border-radius-7 owl-banner-carousel sm-xs-margin-bottom\">\n                <div class=\"item\">\n                    <img src=\"{{media url=\"wysiwyg/smartwave/porto/homepage/02/slider/slide1.jpg\"}}\" alt=\"\" />\n                </div>\n                <div class=\"item\">\n                    <img src=\"{{media url=\"wysiwyg/smartwave/porto/homepage/02/slider/slide2.jpg\"}}\" alt=\"\" />\n                </div>\n            </div>\n            <script type=\"text/javascript\">\n                require([\n                    \'jquery\',\n                    \'owl.carousel/owl.carousel.min\'\n                ], function ($) {\n                    $(\"#banner-slider-demo-2\").owlCarousel({\n                        items: 1,\n                        autoplay: true,\n                        autoplayTimeout: 5000,\n                        autoplayHoverPause: true,\n                        dots: true,\n                        navRewind: true,\n                        animateIn: \'fadeIn\',\n                        animateOut: \'fadeOut\',\n                        loop: true,\n                        nav: false\n                    });\n                });\n            </script>\n        </div>\n        <div class=\"col-md-3\" style=\"padding:0 10px; margin-top: 20px;\">\n            <div class=\"row\"><div class=\"col-md-12 col-sm-6\">\n            <div class=\"side-custom-menu\" style=\"margin-bottom:11px;\">\n                <h2><em class=\"porto-icon-menu\"></em> TOP CATEGORIES</h2>\n                <ul>\n                    <li><a href=\"#\">Fashion</a></li>\n                    <li><a href=\"#\">Electronics</a></li>\n                    <li><a href=\"#\">Gifts</a></li>\n                    <li><a href=\"#\">Home & Garden</a></li>\n                    <li><a href=\"#\">Music</a></li>\n                    <li><a href=\"#\">Sports</a></li>\n                </ul>\n            </div>\n            </div>\n            <div class=\"col-md-12 col-sm-6\">\n            <div class=\"side-custom-menu\">\n                <h2><em class=\"porto-icon-menu\"></em> TRENDING</h2>\n                <ul>\n                    <li><a href=\"#\">Huge Sale - 70% Off</a></li>\n                    <li><a href=\"#\">New Arrivals</a></li>\n                </ul>\n            </div>\n            </div></div>\n        </div>\n    </div>\n</div>\n<div style=\"background-color:#f0f0ed;\">\n    <div class=\"container\">\n        <div class=\"homepage-bar\" style=\"border:1px solid #e1e1e1;border-radius:5px;margin:20px 0;\">\n            <div class=\"row\">\n                <div class=\"col-md-4\" style=\"text-align:center;\">\n                    <em class=\"porto-icon-truck\" style=\"font-size:36px;\"></em><div class=\"text-area\"><h3>FREE SHIPPING & RETURN</h3><p>Free shipping on all orders over $99.</p></div>\n                </div>\n                <div class=\"col-md-4\" style=\"text-align:center;\">\n                    <em class=\"porto-icon-dollar\"></em><div class=\"text-area\"><h3>MONEY BACK GUARANTEE</h3><p>100% money back guarantee.</p></div>\n                </div>\n                <div class=\"col-md-4\" style=\"text-align:center;\">\n                    <em class=\"porto-icon-lifebuoy\" style=\"font-size:32px;\"></em><div class=\"text-area\"><h3>ONLINE SUPPORT 24/7</h3><p>Lorem ipsum dolor sit amet.</p></div>\n                </div>\n            </div>\n        </div>\n        <div class=\"row\" style=\"padding-bottom:10px;margin:0 -10px;\">\n            <div class=\"col-sm-3 col-xs-6\" style=\"padding:0 10px;padding-bottom:20px;\">\n                <div style=\"margin-bottom:15px;\">\n                    <a class=\"image-link\" href=\"#\"><img src=\"{{media url=\"wysiwyg/smartwave/porto/homepage/02/slider/image01.jpg\"}}\" alt=\"\" /></a>\n                </div>\n                <div style=\"margin-bottom:15px;\">\n                    <a class=\"image-link\" href=\"#\"><img src=\"{{media url=\"wysiwyg/smartwave/porto/homepage/02/slider/image02.jpg\"}}\" alt=\"\" /></a>\n                </div>\n                <div style=\"margin-bottom:0px;\">\n                    <a class=\"image-link\" href=\"#\"><img src=\"{{media url=\"wysiwyg/smartwave/porto/homepage/02/slider/image03.jpg\"}}\" alt=\"\" /></a>\n                </div>\n            </div>\n            <div class=\"col-sm-3 col-xs-6 sm-f-right\" style=\"padding:0 10px;padding-bottom:20px;\">\n                <div style=\"margin-bottom:10px;\">\n                    <a class=\"image-link\" href=\"#\"><img src=\"{{media url=\"wysiwyg/smartwave/porto/homepage/02/slider/image11.jpg\"}}\" alt=\"\" /></a>\n                </div>\n                <div style=\"margin-bottom:11px;\">\n                    <a class=\"image-link\" href=\"#\"><img src=\"{{media url=\"wysiwyg/smartwave/porto/homepage/02/slider/image12.jpg\"}}\" alt=\"\" /></a>\n                </div>\n                <div style=\"margin-bottom:0px;\">\n                    <a class=\"image-link\" href=\"#\"><img src=\"{{media url=\"wysiwyg/smartwave/porto/homepage/02/slider/image13.jpg\"}}\" alt=\"\" /></a>\n                </div>\n            </div>\n            <div class=\"sm-clearer\"></div>\n            <div class=\"col-sm-6\" style=\"padding:0 10px;padding-bottom:20px;\">\n                <div style=\"margin-bottom:28px;\">\n                    <a class=\"image-link\" href=\"#\"><img src=\"{{media url=\"wysiwyg/smartwave/porto/homepage/02/slider/image21.jpg\"}}\" alt=\"\" /></a>\n                </div>\n                <div style=\"margin-bottom:28px;\">\n                    <a class=\"image-link\" href=\"#\"><img src=\"{{media url=\"wysiwyg/smartwave/porto/homepage/02/slider/image22.jpg\"}}\" alt=\"\" /></a>\n                </div>\n                <div style=\"margin-bottom:0px;\">\n                    <a class=\"image-link\" href=\"#\"><img src=\"{{media url=\"wysiwyg/smartwave/porto/homepage/02/slider/image23.jpg\"}}\" alt=\"\" /></a>\n                </div>\n            </div>\n        </div>\n    </div>\n</div>','2017-01-08 11:00:55','2017-01-08 11:00:55',1),(3,'Porto - Homepage Slider 3','porto_homeslider_3','<div class=\"full-screen-slider\">\n    <div id=\"banner-slider-demo-3\" class=\"owl-carousel owl-bottomright-narrow owl-banner-carousel\">\n        <div class=\"item\" style=\"background:#f0f0f0;background-image:linear-gradient(#e8e8e8,#f0f0f0);position:relative;\">\n            <div style=\"width:100%;height:100%;width:100vw;height:100vh;background:url({{media url=\"wysiwyg/smartwave/porto/homepage/03/slider/slide3.jpg\"}}) 70% top no-repeat; background-size:cover;\"></div>\n            <div class=\"slide3-content\" style=\"width:100%;height:100%;position:absolute;left:0;top:0;\">\n                <div class=\"content-area\" style=\"position:absolute;top:27%;left:7%;text-align:left;\">\n                    <h2 style=\"font-family:\'Oswald\';font-weight:800;color:#000;line-height:1;\">WINTER SALE<br/>GET 30% OFF<br/>ON JACKETS.</h2>\n                    <div style=\"text-align:left;\"><a href=\"#\" class=\"btn btn-default\" style=\"border:0;background-color:#000;color:#fff;font-family:\'Oswald\';font-weight:400;border-radius:0;\">SHOP BY JACKETS</a></div>\n                </div>\n            </div>\n        </div>\n        <div class=\"item\" style=\"background:#f0f0f0;background-image:linear-gradient(#e8e8e8,#f0f0f0);position:relative;\">\n            <div style=\"width:100%;height:100%;width:100vw;height:100vh;background:url({{media url=\"wysiwyg/smartwave/porto/homepage/03/slider/slide2.jpg\"}}) 80% top no-repeat; background-size:cover;\"></div>\n            <div class=\"slide2-content\" style=\"width:100%;height:100%;position:absolute;left:0;top:0;\">\n                <div class=\"content-area\" style=\"position:absolute;top:27%;left:7%;text-align:left;\">\n                    <h2 style=\"font-family:\'Oswald\';font-weight:800;color:#000;line-height:1;\">30% OFF<br/>ON HOLIDAY<br/>OCCASION SHOP.</h2>\n                    <div style=\"text-align:left;\"><a href=\"#\" class=\"btn btn-default\" style=\"border:0;background-color:#000;color:#fff;font-family:\'Oswald\';font-weight:400;border-radius:0;\">SHOP NOW</a></div>\n                </div>\n            </div>\n        </div>\n        <div class=\"item\" style=\"background:#f0f0f0;background-image:linear-gradient(#e8e8e8,#f0f0f0);position:relative;\">\n            <div style=\"width:100%;height:100%;width:100vw;height:100vh;background:url({{media url=\"wysiwyg/smartwave/porto/homepage/03/slider/slide1.jpg\"}}) 71% top no-repeat; background-size:cover;\"></div>\n            <div class=\"slide1-content\" style=\"width:100%;height:100%;position:absolute;left:0;top:0;\">\n                <div class=\"content-area\" style=\"position:absolute;top:27%;left:7%;text-align:left;\">\n                    <h2 style=\"font-family:\'Oswald\';font-weight:800;color:#000;line-height:1;\">GET 20% OFF<br/>ON SUMMER<br/>HATS.</h2>\n                    <div style=\"text-align:left;\"><a href=\"#\" class=\"btn btn-default\" style=\"border:0;background-color:#000;color:#fff;font-family:\'Oswald\';font-weight:400;border-radius:0;\">SHOP BY HATS</a></div>\n                </div>\n            </div>\n        </div>\n    </div>\n    <div class=\"copyright-text\">COPYRIGHT 2016 PORTO. ALL RIGHTS RESERVED.</div>\n    <script type=\"text/javascript\">\n        require([\n            \'jquery\',\n            \'owl.carousel/owl.carousel.min\'\n        ], function ($) {\n            var owl_3 = $(\"#banner-slider-demo-3\").owlCarousel({\n                items: 1,\n                autoplay: true,\n                autoplayTimeout: 5000,\n                autoplayHoverPause: true,\n                dots: false,\n                navRewind: true,\n                animateIn: \'fadeIn\',\n                animateOut: \'fadeOut\',\n                loop: true,\n                nav: true,\n                navText: [\"<em class=\'porto-icon-chevron-left\'></em>\",\"<em class=\'porto-icon-chevron-right\'></em>\"]\n            });\n        });\n    </script>\n</div>','2017-01-08 11:00:55','2017-01-08 11:00:55',1),(4,'Porto - Homepage Slider 4','porto_homeslider_4','<div class=\"full-screen-slider\">\n    <div id=\"banner-slider-demo-4\" class=\"owl-carousel owl-middle-narrow owl-banner-carousel\">\n        <div class=\"item\" style=\"background:#f0f0f0;background-image:linear-gradient(#e8e8e8,#f0f0f0);position:relative;\">\n            <div style=\"width:100%;height:100%;background:url({{media url=\"wysiwyg/smartwave/porto/homepage/04/slider/slide1.jpg\"}}) 80% center no-repeat; background-size:cover;\"></div>\n            <div class=\"slide1-content\" style=\"width:100%;height:100%;position:absolute;left:0;top:0;\">\n                <div class=\"container\" style=\"height:100%;position:relative;\">\n                    <div class=\"content-area\" style=\"position:absolute;top:37%;left:7%;text-align:center;\">\n                        <div style=\"margin:0;line-height:1;\">\n                            <img src=\"{{media url=\"wysiwyg/smartwave/porto/homepage/04/slider/quote.png\"}}\" alt=\"\" class=\"quote\" style=\"display:inline-block;vertical-align:middle;\"/>\n                            <em style=\"display:inline-block;vertical-align:middle;line-height:1;color:#fff;font-weight:300;font-style:normal;\">DO YOU NEED A NEW</em>\n                            <img src=\"{{media url=\"wysiwyg/smartwave/porto/homepage/04/slider/quote.png\"}}\" alt=\"\" class=\"quote\" style=\"display:inline-block;vertical-align:middle;\"/>\n                        </div>\n                        <h2 style=\"font-weight:800;color:#fff;line-height:1;\">eCOMMERCE?</h2>\n                        <p style=\"font-weight:300;color:#fff;line-height:1;\">Check our options and features.</p>\n                    </div>\n                </div>\n            </div>\n        </div>\n        <div class=\"item\" style=\"background:#f0f0f0;background-image:linear-gradient(#e8e8e8,#f0f0f0);position:relative;\">\n            <div style=\"width:100%;height:100%;background:url({{media url=\"wysiwyg/smartwave/porto/homepage/04/slider/slide2.jpg\"}}) 20% center no-repeat; background-size:cover;\"></div>\n            <div class=\"slide2-content\" style=\"width:100%;height:100%;position:absolute;left:0;top:0;\">\n                <div class=\"container\" style=\"height:100%;position:relative;\">\n                    <div class=\"content-area\" style=\"position:absolute;top:40%;right:20%;text-align:left;\">\n                        <em style=\"display:block;line-height:1;color:#fff;font-weight:300;font-style:normal;\">up to <b>70%</b> off!</em>\n                        <h2 style=\"font-weight:600;color:#fff;line-height:1;\">HUGE <b style=\"font-weight:800;\">SALE</b></h2>\n                        <p style=\"font-weight:600;color:#fff;line-height:1;\">Fashion<span class=\"split\">-</span>Electronics<span class=\"split\">-</span>Gifts<span class=\"split\">-</span>Music<span class=\"split\">-</span>Sports</p>\n                        <div style=\"text-align:right;\"><a href=\"#\" class=\"btn btn-default\" style=\"border:0;background-color:#fefefe;color:#777;font-weight:600;\">SHOP NOW</a></div>\n                    </div>\n                </div>\n            </div>\n        </div>\n        <div class=\"item\" style=\"background:#f0f0f0;background-image:linear-gradient(#e8e8e8,#f0f0f0);position:relative;\">\n            <div style=\"width:100%;height:100%;background:url({{media url=\"wysiwyg/smartwave/porto/homepage/04/slider/slide3.jpg\"}}) center center no-repeat; background-size:cover;\"></div>\n            <div class=\"slide3-content\" style=\"width:100%;height:100%;position:absolute;left:0;top:0;\">\n                <div class=\"container\" style=\"height:100%;position:relative;\">\n                    <div class=\"content-area\" style=\"position:absolute;left:0;top:40%;text-align:center;width:100%;\">\n                        <div style=\"display:inline-block;\">\n                            <em style=\"display:block;line-height:1;margin:0;color:#fff;font-weight:300;font-style:normal;text-align:right;\">It’s time to feel</em>\n                            <h2 style=\"font-weight:600;color:#fff;line-height:1;text-align:center;\">THE <b style=\"font-weight:800;\">POWER</b></h2>\n                            <div style=\"text-align:right;\"><a href=\"#\" class=\"btn btn-default\" style=\"border:0;background-color:#fefefe;color:#777;font-weight:600;\">SHOP NOW</a></div>\n                        </div>\n                    </div>\n                </div>\n            </div>\n        </div>\n    </div>\n    <script type=\"text/javascript\">\n        require([\n            \'jquery\',\n            \'owl.carousel/owl.carousel.min\'\n        ], function ($) {\n            $(\"#banner-slider-demo-4\").owlCarousel({\n                items: 1,\n                autoplay: true,\n                autoplayTimeout: 5000,\n                autoplayHoverPause: true,\n                navRewind: true,\n                dots: false,\n                animateIn: \'fadeIn\',\n                animateOut: \'fadeOut\',\n                loop: true,\n                nav: true,\n                navText: [\"<em class=\'porto-icon-chevron-left\'></em>\",\"<em class=\'porto-icon-chevron-right\'></em>\"]\n            });\n            $(\".main-container\").remove();\n        });\n    </script>\n</div>\n<div class=\"row\" style=\"margin:0;\">\n    <div class=\"col-sm-3 col-xs-6\" style=\"padding:0;\">\n        <a class=\"image-link\" href=\"#\">\n            <img src=\"{{media url=\"wysiwyg/smartwave/porto/homepage/04/slider/image01.jpg\"}}\" alt=\"\" />\n        </a>\n    </div>\n    <div class=\"col-sm-3 col-xs-6\" style=\"padding:0;\">\n        <a class=\"image-link\" href=\"#\">\n            <img src=\"{{media url=\"wysiwyg/smartwave/porto/homepage/04/slider/image02.jpg\"}}\" alt=\"\" />\n        </a>\n    </div>\n    <div class=\"col-sm-3 col-xs-6\" style=\"padding:0;\">\n        <a class=\"image-link\" href=\"#\">\n            <img src=\"{{media url=\"wysiwyg/smartwave/porto/homepage/04/slider/image03.jpg\"}}\" alt=\"\" />\n        </a>\n    </div>\n    <div class=\"col-sm-3 col-xs-6\" style=\"padding:0;\">\n        <a class=\"image-link\" href=\"#\">\n            <img src=\"{{media url=\"wysiwyg/smartwave/porto/homepage/04/slider/image04.jpg\"}}\" alt=\"\" />\n        </a>\n    </div>\n</div>\n<div class=\"row\" style=\"margin:0;background-color:#f9f9f9;\">\n    <div class=\"col-sm-6 sm-f-right\" style=\"padding:0;\">\n        <div id=\"half-image-1\" style=\"background:url({{media url=\"wysiwyg/smartwave/porto/homepage/04/slider/men.jpg\"}}) center left no-repeat;background-size:cover;width:100%;\">\n        <img src=\"{{media url=\"wysiwyg/smartwave/porto/homepage/04/slider/men.jpg\"}}\" style=\"width:100%;visibility:hidden;\" alt=\"\" />\n        </div>\n    </div>\n    <div id=\"half-content-1\" class=\"col-sm-6\" style=\"padding:4% 6% 1.5%;position:relative;text-align:left;\">\n        <h3 class=\"fullwidth-filter-title\">Amazing New<br/>Collection</h3>\n        <p class=\"fullwidth-filter-description\">Yes, this is our new collection, check it<br/>out our new arrivals.</p>\n        <div id=\"men_product\" class=\"hide-addtocart hide-addtolinks no-border\" style=\"margin-top: 25px;\">\n            {{block class=\"Smartwave\\Filterproducts\\Block\\Home\\LatestList\" name=\"men_product\" product_count=\"4\" aspect_ratio=\"0\" image_width=\"400\" image_height=\"496\" template=\"owl_list.phtml\"}}\n        </div>\n        <script type=\"text/javascript\">\n            require([\n                \'jquery\',\n                \'owl.carousel/owl.carousel.min\'\n            ], function ($) {\n                $(\"#men_product .owl-carousel\").owlCarousel({\n                    loop: true,\n                    margin: 10,\n                    autoplay: true,\n                    autoplayTimeout: 5000,\n                    autoplayHoverPause: true,\n                    navRewind: true,\n                    nav: false,\n                    dots: true,\n                    responsive: {\n                        0: {\n                            items:1\n                        },\n                        640: {\n                            items:2\n                        }\n                    }\n                });\n            });\n        </script>\n    </div>\n</div>\n<div class=\"row\" style=\"margin:0;background-color:#f9f9f9;\">\n    <div class=\"col-sm-6\" style=\"padding:0;\">\n        <div id=\"half-image-2\" style=\"background:url({{media url=\"wysiwyg/smartwave/porto/homepage/04/slider/women.jpg\"}}) center right no-repeat;background-size:cover;width:100%;\">\n        <img src=\"{{media url=\"wysiwyg/smartwave/porto/homepage/04/slider/women.jpg\"}}\" style=\"width:100%;visibility:hidden;\" alt=\"\" />\n        </div>\n    </div>\n    <div id=\"half-content-2\" class=\"col-sm-6\" style=\"padding:4% 6% 1.5%;position:relative;text-align:left;\">\n        <h3 class=\"fullwidth-filter-title\">Amazing New<br/>Collection</h3>\n        <p class=\"fullwidth-filter-description\">Yes, this is our new collection, check it<br/>out our new arrivals.</p>\n        <div id=\"women_product\" class=\"hide-addtocart hide-addtolinks no-border\" style=\"margin-top: 25px;\">\n            {{block class=\"Smartwave\\Filterproducts\\Block\\Home\\LatestList\" name=\"women_product\" product_count=\"4\" aspect_ratio=\"0\" image_width=\"400\" image_height=\"496\" template=\"owl_list.phtml\"}}\n        </div>\n        <script type=\"text/javascript\">\n            require([\n                \'jquery\',\n                \'owl.carousel/owl.carousel.min\'\n            ], function ($) {\n            $(\"#women_product .owl-carousel\").owlCarousel({\n                loop: true,\n                margin: 10,\n                autoplay: true,\n                autoplayTimeout: 5000,\n                autoplayHoverPause: true,\n                navRewind: true,\n                nav: false,\n                dots: true,\n                responsive: {\n                    0: {\n                        items:1\n                    },\n                    640: {\n                        items:2\n                    }\n                }\n            });\n        });\n    </script>\n    </div>\n</div>\n<div style=\"text-align:left; padding: 30px;\">\n    <h3 class=\"fullwidth-filter-title\">Amazing New<br/>Collection</h3>\n    <div id=\"fashion_product\" class=\"hide-addtocart hide-addtolinks no-border\" style=\"margin-top: 25px;\">\n         {{block class=\"Smartwave\\Filterproducts\\Block\\Home\\LatestList\" name=\"latest_product\" product_count=\"8\" aspect_ratio=\"0\" image_width=\"400\" image_height=\"496\" template=\"owl_list.phtml\"}}\n    </div>\n    <script type=\"text/javascript\">\n        require([\n            \'jquery\',\n            \'owl.carousel/owl.carousel.min\'\n        ], function ($) {\n            $(\"#fashion_product .owl-carousel\").owlCarousel({\n                loop: true,\n                margin: 10,\n                autoplay: true,\n                autoplayTimeout: 5000,\n                autoplayHoverPause: true,\n                navRewind: true,\n                nav: false,\n                dots: true,\n                responsive: {\n                    0: {\n                        items:2\n                    },\n                    768: {\n                        items:3\n                    },\n                    992: {\n                        items:4\n                    },\n                    1200: {\n                        items:5\n                    }\n                }\n            });\n        });\n    </script>\n</div>\n<script type=\"text/javascript\">\n    require([\n        \'jquery\'\n    ], function ($) {\n        $(\"#half-image-1\").css(\"min-height\",$(\"#half-content-1\").outerHeight()+\"px\");\n        $(\"#half-image-2\").css(\"min-height\",$(\"#half-content-2\").outerHeight()+\"px\");\n    setTimeout(function(){\n        $(\"#half-image-1\").css(\"min-height\",$(\"#half-content-1\").outerHeight()+\"px\");\n        $(\"#half-image-2\").css(\"min-height\",$(\"#half-content-2\").outerHeight()+\"px\");\n    }, 5000);\n    $(window).resize(function(){\n        setTimeout(function(){\n            $(\"#half-image-1\").css(\"min-height\",$(\"#half-content-1\").outerHeight()+\"px\");\n            $(\"#half-image-2\").css(\"min-height\",$(\"#half-content-2\").outerHeight()+\"px\");\n        }, 500);\n    });\n});\n</script>\n<style type=\"text/css\">\n.product-item-photo {\n    border-radius: 0;\n    border: 0;\n}\n</style>','2017-01-08 11:00:55','2017-01-08 11:00:55',1),(5,'Porto - Homepage Slider 5','porto_homeslider_5','<div style=\"padding:29px 0 36px;background-color:#f4f4f4;\">\n    <div class=\"container\">\n        <div class=\"slider-with-side\">\n            <div class=\"slider-area\">\n                <div id=\"banner-slider-demo-5\" class=\"owl-carousel owl-bottom-narrow owl-banner-carousel\">\n                    <div class=\"item\">\n                        <img src=\"{{media url=\"wysiwyg/smartwave/porto/homepage/05/slider/slide2.jpg\"}}\" alt=\"\" />\n                    </div>\n                    <div class=\"item\">\n                        <img src=\"{{media url=\"wysiwyg/smartwave/porto/homepage/05/slider/slide1.jpg\"}}\" alt=\"\" />\n                        <div class=\"content\" style=\"position:absolute;width:100%;height:100%;left:0;top:0;\">\n                            <div class=\"ribbon\" style=\"position:absolute;text-align:right;\">\n                                <em style=\"font-weight:300;line-height:1;color:#fff;font-style:normal;\">FEEL</em>\n                                <h3 style=\"font-weight:700;line-height:1;color:#fff;\">The</h3>\n                                <h5 style=\"font-weight:600;line-height:1;color:#fff;\">Power!</h5>\n                            </div>\n                            <div class=\"text-area\" style=\"left:3%;bottom:15%;position:absolute;text-align:left;\">\n                                <h2 style=\"font-weight:600;line-height:1;color:#fff;background-color:#202020;background-color:rgba(23,23,23,.9);\">EXPLORE <b style=\"font-weight:800;\">PORTO</b></h2><br/>\n                                <p style=\"line-height:1.2;color:#fff;background-color:#444;background-color:rgba(23,23,23,.75);\">With <b>PORTO</b> you can customize the<br/>banners and styles whithin minutes.</p>\n                            </div>\n                        </div>\n                    </div>\n                </div>\n                <script type=\"text/javascript\">\n                    require([\n                        \'jquery\',\n                        \'owl.carousel/owl.carousel.min\'\n                    ], function ($) {\n                        $(\"#banner-slider-demo-5\").owlCarousel({\n                            items: 1,\n                            autoplay: true,\n                            autoplayTimeout: 5000,\n                            autoplayHoverPause: true,\n                            dots: true,\n                            nav: false,\n                            navRewind: true,\n                            animateIn: \'fadeIn\',\n                            animateOut: \'fadeOut\',\n                            loop: true\n                        });\n                    });\n                </script>\n            </div>\n            <div class=\"side-area\">\n                <div class=\"item1\">\n                    <img src=\"{{media url=\"wysiwyg/smartwave/porto/homepage/05/slider/right-banner1.jpg\"}}\" alt=\"\" />\n                    <div class=\"content\">\n                        <em  style=\"color:#fff;font-weight:400;font-style:italic;line-height:1;\">fashion</em>\n                        <h2 style=\"color:#fff;font-weight:700;line-height:1;\">TRENDS</h2>\n                        <a href=\"#\" style=\"color:#000;font-weight:300;line-height:1;\">Shop now &gt;</a>\n                    </div>\n                </div>\n                <div class=\"item2\">\n                    <img src=\"{{media url=\"wysiwyg/smartwave/porto/homepage/05/slider/right-banner2.jpg\"}}\" alt=\"\" />\n                    <div class=\"content\">\n                        <h2 style=\"color:#000;font-weight:300;line-height:1;\"><b style=\"font-weight:600;font-style:italic;\">Deals</b> + PROMOS</h2>\n                        <p style=\"color:#777;font-weight:300;font-style:italic;vertical-align:bottom;line-height:1.2;float:left;\">Limited sales in<br/>our categories.</p>\n                        <a href=\"#\" class=\"btn btn-default\" style=\"color:#fff;font-weight:400;vertical-align:bottom;line-height:1;float:left;\">SHOP NOW <i class=\"icon-right-dir\"></i></a>\n                        <div class=\"clearer\"></div>\n                    </div>\n                </div>\n                <div class=\"item3\">\n                    <img src=\"{{media url=\"wysiwyg/smartwave/porto/homepage/05/slider/right-banner3.jpg\"}}\" alt=\"\" />\n                    <div class=\"content\">\n                        <h2  style=\"color:#fff;font-weight:600;line-height:1;\">HUGE <b style=\"font-weight:800;\">SALE</b></h2>\n                        <p style=\"color:#b2b2b2;font-weight:300;line-height:1;\">Now starting at <b style=\"font-weight:600;\">$99</b></p>\n                        <a href=\"#\" style=\"font-weight:300;line-height:1;\">Shop now &gt;</a>\n                    </div>\n                </div>\n            </div>\n        </div>\n    </div>\n</div>\n<div class=\"homepage-bar\" style=\"background-color:#171717;border:0;padding:11px 0;text-align:center;line-height:1;\">\n    <div class=\"container\">\n        <div class=\"row\">\n            <div class=\"col-md-4\" style=\"border-color:#353535;\">\n                <em class=\"porto-icon-truck\" style=\"font-size:36px;color:#fff;\"></em><div class=\"text-area\"><h3 style=\"color:#fff;\">FREE SHIPPING & RETURN</h3><p style=\"color:#fff;\">Free shipping on all orders over $99.</p></div>\n            </div>\n            <div class=\"col-md-4\" style=\"border-color:#353535;\">\n                <em class=\"porto-icon-dollar\" style=\"color:#fff;\"></em><div class=\"text-area\"><h3 style=\"color:#fff;\">MONEY BACK GUARANTEE</h3><p style=\"color:#fff;\">100% money back guarantee.</p></div>\n            </div>\n            <div class=\"col-md-4\" style=\"border-color:#353535;\">\n                <em class=\"porto-icon-lifebuoy\" style=\"font-size:32px;color:#fff;\"></em><div class=\"text-area\"><h3 style=\"color:#fff;\">ONLINE SUPPORT 24/7</h3><p style=\"color:#fff;\">Lorem ipsum dolor sit amet.</p></div>\n            </div>\n        </div>\n    </div>\n</div>','2017-01-08 11:00:55','2017-01-08 11:00:55',1),(6,'Porto - Homepage Slider 6','porto_homeslider_6','<div style=\"background:url({{media url=\"wysiwyg/smartwave/porto/homepage/06/slider/banner-img.jpg\"}}) 73% 0 no-repeat; color: #3d3734; background-size: cover;\">\n    <div class=\"banner-content-6\">\n        <div class=\"container\" style=\"text-align: left;\">\n            <div class=\"row\" style=\"padding-left:5%\">\n                <div class=\"col-sm-8\">\n                    <div class=\"text-content\" style=\"display: inline-block\">\n                        <em style=\"font-style: normal; display: block;font-weight:600;\">NEW ARRIVALS</em>\n                        <h2 style=\"line-height: 1;font-weight:800;margin:0;color:#3d3734\">FASHION</h2>\n                        <p><span style=\"vertical-align: top;font-weight:300;\">UP TO <b style=\"font-weight:800;\">70% OFF</b> IN THE NEW COLLECTION</span></p>\n                        <p><a href=\"#\" class=\"btn btn-default\" style=\"vertical-align: top; font-weight: 400;\">SHOP NOW</a></p>\n                    </div>\n                    <div class=\"owl-middle-outer-narrow\" style=\"text-align: left;\">\n                        <p class=\"filter-title-type-2\"><span style=\"width:215px\">SELECTED <b>PRODUCTS</b></span><span class=\"title-line\">&nbsp;</span></p>\n                        <div id=\"featured_products\" class = \"hide-addtocart hide-addtolinks\">\n                            {{block class=\"Smartwave\\Filterproducts\\Block\\Home\\LatestList\" name=\"latest_product\" product_count=\"8\" aspect_ratio=\"0\" image_width=\"250\" image_height=\"250\" template=\"owl_list.phtml\"}}\n                        </div>\n                        <script type=\"text/javascript\">\n                            require([\n                                \'jquery\',\n                                \'owl.carousel/owl.carousel.min\'\n                            ], function ($) {\n                                $(\"#featured_products .owl-carousel\").owlCarousel({\n                                    autoplay: true,\n                                    autoplayTimeout: 5000,\n                                    autoplayHoverPause: true,\n                                    margin: 10,\n                                    nav: true,\n                                    navText: [\"<em class=\'porto-icon-left-open-huge\'></em>\",\"<em class=\'porto-icon-right-open-huge\'></em>\"],\n                                    dots: false,\n                                    navRewind: true,\n                                    animateIn: \'fadeIn\',\n                                    animateOut: \'fadeOut\',\n                                    loop: true,\n                                    responsive: {\n                                        0: {\n                                            items:1\n                                        },\n                                        320: {\n                                            items:1\n                                        },\n                                        480: {\n                                            items:2\n                                        },\n                                        768: {\n                                            items:2\n                                        },\n                                        992: {\n                                            items:3\n                                        },\n                                        1200: {\n                                            items:3\n                                        }\n                                    }\n                                });\n                            });\n                        </script>\n                    </div>\n                </div>\n            </div>\n        </div>\n    </div>\n</div>\n\n<div class=\"masonry-grid\" id=\"masonry_grid_18\">\n    <div class=\"grid-sizer\"></div>\n    <div class=\"masonry-grid-item w2\"><a href=\"javascript:void(0)\"><img src=\"{{media url=\"wysiwyg/smartwave/porto/homepage/06/slider/grid_item_01.jpg\"}}\" alt=\"\" /></a></div>\n    <div class=\"masonry-grid-item\"><a href=\"javascript:void(0)\"><img src=\"{{media url=\"wysiwyg/smartwave/porto/homepage/06/slider/grid_item_02.jpg\"}}\" alt=\"\" /></a></div>\n    <div class=\"masonry-grid-item\"><a href=\"javascript:void(0)\"><img src=\"{{media url=\"wysiwyg/smartwave/porto/homepage/06/slider/grid_item_03.jpg\"}}\" alt=\"\" /></a></div>\n    <div class=\"masonry-grid-item w3\"><a href=\"javascript:void(0)\"><img src=\"{{media url=\"wysiwyg/smartwave/porto/homepage/06/slider/grid_item_04.jpg\"}}\" alt=\"\" /></a></div>\n    <div class=\"masonry-grid-item w4\"><a href=\"javascript:void(0)\"><img src=\"{{media url=\"wysiwyg/smartwave/porto/homepage/06/slider/grid_item_05.jpg\"}}\" alt=\"\" /></a></div>\n    <div class=\"masonry-grid-item\"><a href=\"javascript:void(0)\"><img src=\"{{media url=\"wysiwyg/smartwave/porto/homepage/06/slider/grid_item_06.jpg\"}}\" alt=\"\" /></a></div>\n    <div class=\"masonry-grid-item\"><a href=\"javascript:void(0)\"><img src=\"{{media url=\"wysiwyg/smartwave/porto/homepage/06/slider/grid_item_07.jpg\"}}\" alt=\"\" /></a></div>\n    <div class=\"masonry-grid-item w2\"><a href=\"javascript:void(0)\"><img src=\"{{media url=\"wysiwyg/smartwave/porto/homepage/06/slider/grid_item_08.jpg\"}}\" alt=\"\" /></a></div>\n    <div class=\"masonry-grid-item\"><a href=\"javascript:void(0)\"><img src=\"{{media url=\"wysiwyg/smartwave/porto/homepage/06/slider/grid_item_09.jpg\"}}\" alt=\"\" /></a></div>\n    <div class=\"masonry-grid-item\"><a href=\"javascript:void(0)\"><img src=\"{{media url=\"wysiwyg/smartwave/porto/homepage/06/slider/grid_item_10.jpg\"}}\" alt=\"\" /></a></div>\n    <div class=\"masonry-grid-item\"><a href=\"javascript:void(0)\"><img src=\"{{media url=\"wysiwyg/smartwave/porto/homepage/06/slider/grid_item_11.jpg\"}}\" alt=\"\" /></a></div>\n</div>\n<script type=\"text/javascript\">\n    require([\n        \'jquery\',\n        \'Smartwave_Porto/js/imagesloaded\',\n        \'Smartwave_Porto/js/packery.pkgd\'\n    ], function ($, imagesLoaded, Packery) {\n        $.bridget( \'packery\', Packery );\n        var $container = $(\'#masonry_grid_18\').imagesLoaded(function(){\n            $container.packery({\n                itemSelector: \".masonry-grid-item\",\n                columnWidth: \".grid-sizer\",\n                percentPosition: true\n            });\n        });\n    });\n</script>\n<style type=\"text/css\">\n    .masonry-grid{margin: 3px;position:relative;}\n    .grid-sizer, .masonry-grid-item{width:25%;padding:3px}\n    .masonry-grid-item a{display:block;position:relative;}\n    .masonry-grid-item a:before{width:100%;height:100%;display:block;content:\"\";position:absolute;visibility:hidden;opacity:0;filter:alpha(opacity=0);background-color:#000;transition:0.3s all;}\n    .masonry-grid-item a:hover:before{visibility:visible;opacity:0.2;filter:alpha(opacity=20);}\n    .masonry-grid-item.w2{width:50%;}\n    .masonry-grid-item.w3{width:75%;}\n    .masonry-grid-item.w4{width:100%;}\n    .masonry-grid img{width:100%;}\n    .owl-middle-outer-narrow .owl-controls .owl-buttons div{color:#3d3734}\n    @media(max-width:767px){\n        .masonry-grid-item{width:50%}\n        .masonry-grid-item.w2,.masonry-grid-item.w3{width:100%}\n    }\n    @media(max-width:480px){\n        .masonry-grid-item{width:100%}\n    }\n    @media(min-width:768px){\n        .page-header.type5 {\n            background: transparent;\n            position: absolute;\n            width: 100%;\n            top: 0;\n            left: 0;\n        }\n    }\n</style>','2017-01-08 11:00:55','2017-01-08 11:00:55',1),(7,'Porto - Homepage Slider 7','porto_homeslider_7','<div class=\"container\">\n    <div id=\"banner-slider-demo-7\" class=\"owl-carousel owl-middle-narrow owl-banner-carousel\">\n        <div class=\"item\">\n            <img src=\"{{media url=\"wysiwyg/smartwave/porto/homepage/07/slider/slide1.jpg\"}}\" alt=\"\" style=\"width: 100%;\" />\n        </div>\n        <div class=\"item\">\n            <img src=\"{{media url=\"wysiwyg/smartwave/porto/homepage/07/slider/slide2.jpg\"}}\" alt=\"\" style=\"width: 100%;\" />\n        </div>\n        <div class=\"item\">\n            <img src=\"{{media url=\"wysiwyg/smartwave/porto/homepage/07/slider/slide3.jpg\"}}\" alt=\"\" style=\"width: 100%;\" />\n        </div>\n    </div>\n    <script type=\"text/javascript\">\n        require([\n            \'jquery\',\n            \'owl.carousel/owl.carousel.min\'\n        ], function ($) {\n            $(\"#banner-slider-demo-7\").owlCarousel({\n                items: 1,\n                autoplay: true,\n                autoplayTimeout: 5000,\n                autoplayHoverPause: true,\n                dots: false,\n                nav: true,\n                navRewind: true,\n                animateIn: \'fadeIn\',\n                animateOut: \'fadeOut\',\n                loop: true,\n                navText: [\"<em class=\'porto-icon-chevron-left\'></em>\",\"<em class=\'porto-icon-chevron-right\'></em>\"]\n            });\n        });\n    </script>\n\n</div>','2017-01-08 11:00:55','2017-01-08 11:00:55',1),(8,'Porto - Homepage Slider 8','porto_homeslider_8','<div class=\"container\">\n    <div id=\"banner-slider-demo-8\" class=\"owl-carousel owl-middle-narrow owl-banner-carousel\">\n        <div class=\"item\" style=\"background:#f0f0f0;background-image:linear-gradient(#e8e8e8,#f0f0f0);position:relative;\">\n            <img src=\"{{media url=\"wysiwyg/smartwave/porto/homepage/08/slider/slide1.jpg\"}}\" alt=\"\" />\n            <div class=\"slide1-content\" style=\"width:100%;height:100%;position:absolute;left:0;top:0;\">\n                <div class=\"container\" style=\"height:100%;position:relative;\">\n                    <div class=\"content-area\" style=\"position:absolute;top:37%;width:100%;text-align:center;\">\n                        <h2 style=\"font-weight:800;color:#fff;line-height:1;\">eCOMMERCE?</h2>\n                        <p style=\"font-weight:300;color:#fff;line-height:1;\"><img src=\"{{media url=\"wysiwyg/smartwave/porto/homepage/03/slider/quote.png\"}}\" alt=\"\" class=\"quote\" style=\"display:inline-block;vertical-align:middle;\"/>&nbsp;&nbsp;&nbsp;&nbsp;Check our options and features.&nbsp;&nbsp;&nbsp;&nbsp;<img src=\"{{media url=\"wysiwyg/smartwave/porto/homepage/03/slider/quote.png\"}}\" alt=\"\" class=\"quote\" style=\"display:inline-block;vertical-align:middle;\"/></p>\n                    </div>\n                </div>\n            </div>\n        </div>\n        <div class=\"item\" style=\"background:#f0f0f0;background-image:linear-gradient(#e8e8e8,#f0f0f0);position:relative;\">\n            <img src=\"{{media url=\"wysiwyg/smartwave/porto/homepage/08/slider/slide2.jpg\"}}\" alt=\"\" />\n            <div class=\"slide2-content\" style=\"width:100%;height:100%;position:absolute;left:0;top:0;\">\n                <div class=\"container\" style=\"height:100%;position:relative;\">\n                    <div class=\"content-area\" style=\"position:absolute;top:27%;right:23%;text-align:left;\">\n                        <em style=\"display:block;line-height:1;color:#fff;font-weight:300;font-style:normal;\">up to <b>70%</b> off!</em>\n                        <h2 style=\"font-weight:600;color:#fff;line-height:1;\">HUGE <b style=\"font-weight:800;\">SALE</b></h2>\n                        <p style=\"font-weight:600;color:#fff;line-height:1;\">Fashion<span class=\"split\">-</span>Electronics<span class=\"split\">-</span>Gifts<span class=\"split\">-</span>Music<span class=\"split\">-</span>Sports</p>\n                        <div style=\"text-align:right;\"><a href=\"#\" class=\"btn btn-default\" style=\"border:0;background-color:#fefefe;color:#777;font-weight:600;\">SHOP NOW</a></div>\n                    </div>\n                </div>\n            </div>\n        </div>\n        <div class=\"item\" style=\"background:#f0f0f0;background-image:linear-gradient(#e8e8e8,#f0f0f0);position:relative;\">\n            <img src=\"{{media url=\"wysiwyg/smartwave/porto/homepage/08/slider/slide3.jpg\"}}\" alt=\"\" />\n            <div class=\"slide3-content\" style=\"width:100%;height:100%;position:absolute;left:0;top:0;\">\n                <div class=\"container\" style=\"height:100%;position:relative;\">\n                    <div class=\"content-area\" style=\"position:absolute;left:17%;top:32%;\">\n                        <div style=\"display:inline-block;\">\n                            <em style=\"display:block;line-height:1;margin:0;color:#fff;font-weight:300;font-style:normal;text-align:left;\">It’s time to feel</em>\n                            <h2 style=\"font-weight:600;color:#fff;line-height:1;text-align:center;\">THE <b style=\"font-weight:800;\">POWER</b></h2>\n                            <div style=\"text-align:right;\"><a href=\"#\" class=\"btn btn-default\" style=\"border:0;background-color:#fefefe;color:#777;font-weight:600;\">SHOP NOW</a></div>\n                        </div>\n                    </div>\n                </div>\n            </div>\n        </div>\n    </div>\n    <script type=\"text/javascript\">\n        require([\n            \'jquery\',\n            \'owl.carousel/owl.carousel.min\'\n        ], function ($) {\n            var owl_8 = $(\"#banner-slider-demo-8\").owlCarousel({\n                items: 1,\n                autoplay: true,\n                autoplayTimeout: 5000,\n                autoplayHoverPause: true,\n                dots: false,\n                navRewind: true,\n                animateIn: \'fadeIn\',\n                animateOut: \'fadeOut\',\n                loop: true,\n                nav: true,\n                navText: [\"<em class=\'porto-icon-chevron-left\'></em>\",\"<em class=\'porto-icon-chevron-right\'></em>\"]\n            });\n        });\n    </script>\n</div>','2017-01-08 11:00:55','2017-01-08 11:00:55',1),(9,'Porto - Homepage Slider 10','porto_homeslider_10','<div class=\"homepage-grid-banner\">\n    <div class=\"container\">\n        <div class=\"row\">\n            <div class=\"col-sm-6\">\n                <div class=\"grid1\" style=\"position:relative;\">\n                    <img src=\"{{media url=\"wysiwyg/smartwave/porto/homepage/10/slider/grid1.jpg\"}}\" alt=\"\" />\n                    <div class=\"ribbon theme-border-color\" style=\"position:absolute;right:0;top:0;color:#fff;\">\n                        <div style=\"position:absolute;right:9%;top:10%;width:90%;text-align:right;\">\n                            <em style=\"font-weight:300;font-style:normal;color:#fff;margin-right:26%;\">UP TO</em>\n                            <h4 style=\"font-weight:700;color:#fff;\">70%</h4>\n                            <h5 style=\"font-weight:600;color:#fff;\">OFF</h5>\n                        </div>\n                    </div>\n                    <div class=\"content\" style=\"position:absolute;right:15%;bottom:14%;text-align:right;\">\n                        <h2 style=\"font-weight:800;font-style:italic;color:#fff;margin-bottom:0;\">HUGE <b style=\"font-weight:600;\">SALE</b></h2>\n                        <p style=\"font-weight:300;color:#fff;\">Now starting at <b style=\"font-weight:600;\">$99</b></p>\n                        <a href=\"#\">Shop now &gt;</a>\n                    </div>\n                </div>\n            </div>\n            <div class=\"col-sm-3\">\n                <div class=\"grid2\" style=\"position:relative;\">\n                    <img src=\"{{media url=\"wysiwyg/smartwave/porto/homepage/10/slider/grid2.jpg\"}}\" alt=\"\" />\n                    <div class=\"content\" style=\"position:absolute;right:10%;top:5%;text-align:right;\">\n                        <h3 style=\"font-weight:400;color:#121213;\">amazing</h3>\n                        <h2 style=\"font-weight:800;color:#121213;margin-bottom:10px;\">COLLECTION</h2>\n                        <a style=\"color:#121213;margin:0;\" href=\"#\">Shop now &gt;</a>\n                    </div>\n                </div>\n            </div>\n            <div class=\"col-sm-3\">\n                <div class=\"grid3 col-sm-margin\" style=\"position:relative;\">\n                    <img src=\"{{media url=\"wysiwyg/smartwave/porto/homepage/10/slider/grid3.jpg\"}}\" alt=\"\" />\n                    <div class=\"content\" style=\"position:absolute;right:11.55%;top:25%;text-align:right;\">\n                        <p style=\"font-weight:300;color:#313131;\">MOBILE</p>\n                        <p style=\"font-weight:700;color:#313131;\">MEGA SALE</p>\n                        <h4 style=\"font-weight:400;color:#888;\"><span>$</span>450.<span>00</span></h4>\n                        <h3 class=\"theme-color\" style=\"font-weight:400\"><span>$</span>350.<span>00</span></h3>\n                        <a href=\"#\">Shop now &gt;</a>\n                    </div>\n                </div>\n                <div class=\"grid4\" style=\"position:relative;\">\n                    <img src=\"{{media url=\"wysiwyg/smartwave/porto/homepage/10/slider/grid4.jpg\"}}\" alt=\"\" />\n                    <div class=\"content\" style=\"position:absolute;left:0;top:17%;text-align:center;width:100%;\">\n                        <h2 style=\"font-weight:300;color:#000;\"><b style=\"font-weight:600;font-style:italic;\">Deals</b> +<br>PROMOS</h2>\n                        <p style=\"font-weight:300;color:#000;opacity:0.7;filter:alpha(opacity=70);font-style:italic;\">Limited sales in<br>our categories.</p>\n                        <a class=\"btn btn-default\" href=\"#\">SHOP NOW <em class=\"porto-icon-right-open\"></em></a>\n                    </div>\n                </div>\n            </div>\n        </div>\n    </div>\n</div>','2017-01-08 11:00:55','2017-01-08 11:00:55',1),(10,'Porto - Homepage Slider 11','porto_homeslider_11','<div id=\"banner-slider-demo-11\" class=\"owl-carousel owl-banner-carousel owl-middle-narrow\">\n    <div class=\"item\" style=\"background:url({{media url=\"wysiwyg/smartwave/porto/homepage/11/slider/slide01_bg.png\"}}) repeat;\">\n        <div class=\"container\" style=\"position:relative\">\n            <img src=\"{{media url=\"wysiwyg/smartwave/porto/homepage/11/slider/slide01_img.png\"}}\" alt=\"\">\n            <div class=\"slide-1\" style=\"position: absolute; bottom: 27%; width:100%;\">\n                <div class=\"container\" style=\"text-align: left;\">\n            <div class=\"text-content\" style=\"display: inline-block; margin-left: 6%;\">\n            <em style=\"font-style: normal; text-align: left; display: block; color: #2c3232;font-weight:600;\">PROFESSIONAL</em>\n            <h2 style=\"color: #2c3232; line-height: 1;font-weight:800;margin:0;\">COSMETICS</h2>\n                <p><span style=\"color: #2c3232; vertical-align: top; font-weight: 300;\">Up to <b style=\"font-weight:800;\">70% OFF</b> in the new collection.</span></p>\n                <a href=\"#\" class=\"btn btn-default\" style=\"background-color: #b74173; color: #fff; vertical-align: top; font-weight: 600;\">SHOP NOW</a>\n            </div>\n                </div>\n            </div>\n        </div>\n    </div>\n    <div class=\"item\" style=\"background:url({{media url=\"wysiwyg/smartwave/porto/homepage/11/slider/slide02_bg.png\"}}) center center no-repeat;background-size:cover;\">\n        <div class=\"container\" style=\"position:relative\">\n            <img src=\"{{media url=\"wysiwyg/smartwave/porto/homepage/11/slider/slide02_img.png\"}}\" alt=\"\">\n            <div class=\"slide-2\" style=\"position: absolute; bottom: 27%; width:100%;\">\n                <div class=\"container\" style=\"text-align: center;\">\n            <div class=\"text-content\" style=\"display: inline-block; margin-left: 6%;\">\n            <em style=\"font-style: normal; display: block; color: #2c3232;font-weight:600;\">CHECK OUT THE NEW</em>\n            <h2 style=\"color: #2c3232; line-height: 1;font-weight:800;margin:0;\">GLOSS FOR LIPS</h2>\n                <p><span style=\"color: #2c3232; vertical-align: top; font-weight: 300;\">Starting at $9.99</span></p>\n                <a href=\"#\" class=\"btn btn-default\" style=\"background-color: #b74173; color: #fff; vertical-align: top; font-weight: 600;\">SHOP NOW</a>\n            </div>\n                </div>\n            </div>\n        </div>\n    </div>\n</div>\n<script type=\"text/javascript\">\n    require([\n        \'jquery\',\n        \'owl.carousel/owl.carousel.min\'\n    ], function ($) {\n        $(\"#banner-slider-demo-11\").owlCarousel({\n            items: 1,\n            autoplay: true,\n            autoplayTimeout: 5000,\n            autoplayHoverPause: true,\n            dots: false,\n            nav: true,\n            navRewind: true,\n            animateIn: \'fadeIn\',\n            animateOut: \'fadeOut\',\n            loop: true,\n            navText: [\"<em class=\'porto-icon-chevron-left\'></em>\",\"<em class=\'porto-icon-chevron-right\'></em>\"]\n        });\n    });\n</script>\n<div class=\"container\">\n    {{block class=\"Smartwave\\Filterproducts\\Block\\Home\\FeaturedList\" name=\"featured_product\" product_count=\"8\" column_count=\"4\" aspect_ratio=\"0\" image_width=\"250\" image_height=\"250\" template=\"flex_grid.phtml\"}}\n</div>\n<div style=\"background-color:#efefef\">\n    <div class=\"container\">\n        <div id=\"brands-slider-demo-11\" class=\"owl-no-narrow flex-owl-slider\">\n            <div class=\"owl-carousel\">\n                <div class=\"item\" style=\"padding-top:10px;text-align:center;\"><img src=\"{{media url=\"wysiwyg/smartwave/porto/homepage/brand_logos/brand1.png\"}}\" alt=\"\" style=\"display: inline-block;\"/></div>\n                <div class=\"item\" style=\"padding-top:10px;text-align:center;\"><img src=\"{{media url=\"wysiwyg/smartwave/porto/homepage/brand_logos/brand2.png\"}}\" alt=\"\" style=\"display: inline-block;\"/></div>\n                <div class=\"item\" style=\"padding-top:10px;text-align:center;\"><img src=\"{{media url=\"wysiwyg/smartwave/porto/homepage/brand_logos/brand3.png\"}}\" alt=\"\" style=\"display: inline-block;\"/></div>\n                <div class=\"item\" style=\"padding-top:10px;text-align:center;\"><img src=\"{{media url=\"wysiwyg/smartwave/porto/homepage/brand_logos/brand4.png\"}}\" alt=\"\" style=\"display: inline-block;\"/></div>\n            </div>\n        </div>\n        <script type=\"text/javascript\">\n            require([\n                \'jquery\',\n                \'owl.carousel/owl.carousel.min\'\n            ], function ($) {\n                $(\"#brands-slider-demo-11 .owl-carousel\").owlCarousel({\n                    autoplay: false,\n                    autoplayTimeout: 5000,\n                    autoplayHoverPause: true,\n                    margin: 0,\n                    nav: false,\n                    dots: false,\n                    loop: false,\n                    responsive: {\n                        0: {\n                            items:2\n                        },\n                        640: {\n                            items:2\n                        },\n                        768: {\n                            items:2\n                        },\n                        992: {\n                            items:3\n                        },\n                        1200: {\n                            items:4\n                        }\n                    }\n                });\n            });\n        </script>\n    </div>\n</div>','2017-01-08 11:00:56','2017-01-08 11:00:56',1),(11,'Porto - Homepage Slider 13','porto_homeslider_13','<style type=\"text/css\">\n    .page-main, .footer-middle { display: none; }\n    .product-item-photo { padding: 0; border: 0; border-radius: 0; }\n    #parallax_02 .product-item-name > a, #parallax_02 .product.name a > a, #parallax_02 .price-box .price, #parallax_02 .product-item .rating-summary .rating-result > span:before { color: #333 !important; }\n    #parallax_03 .product-item-name > a, #parallax_03 .product.name a > a, #parallax_03 .price-box .price, #parallax_03 .product-item .rating-summary .rating-result > span:before { color: #fff !important; }\n</style>\n<div id=\"parallax_01\" style=\"background:url({{media url=\"wysiwyg/smartwave/porto/homepage/13/slider/parallax_01.jpg\"}}) 50% 0 no-repeat fixed; color: #fff; height: 100vh;width: 100%; padding: 0; position: relative;\">\n    <div class=\"parallax-content-13\" style=\"width: 100%; text-align: center; position: absolute; top: 37%;\">\n        <div style=\"margin:0;line-height:1;\">\n            <img src=\"{{media url=\"wysiwyg/smartwave/porto/homepage/13/slider/quote.png\"}}\" alt=\"\" class=\"quote\" style=\"display:inline-block;vertical-align:middle;\"/>\n            <em style=\"display:inline-block;vertical-align:middle;line-height:1;color:#fff;font-weight:300;font-style:normal;\">DO YOU NEED A NEW</em>\n            <img src=\"{{media url=\"wysiwyg/smartwave/porto/homepage/13/slider/quote.png\"}}\" alt=\"\" class=\"quote\" style=\"display:inline-block;vertical-align:middle;\"/>\n        </div>\n        <h2 style=\"font-weight:800;color:#fff;line-height:1;\">eCOMMERCE?</h2>\n        <p style=\"font-weight:300;color:#fff;line-height:1;\">Check our options and features.</p>\n    </div>\n</div>\n<div id=\"parallax_02\" style=\"background:url({{media url=\"wysiwyg/smartwave/porto/homepage/13/slider/parallax_02.jpg\"}}) 50% 0 no-repeat fixed; color: #fff; width: 100%;\">\n    <div class=\"parallax-content-13\">\n        <div class=\"container\" style=\"text-align: right;\">\n            <div class=\"text-content\" style=\"display: inline-block;\">\n                <em style=\"font-style: normal; text-align: right; display: block; color: #333;font-weight:600;\">NEW ARRIVALS</em>\n                <h2 style=\"color: #333; line-height: 1;font-weight:800;margin:0;\">Fashion Dresses</h2>\n                <p><span style=\"color: #333; vertical-align: top;\">Up to <b style=\"font-weight:800;\">70% OFF</b> in the new collection.</span>&nbsp;<a href=\"#\" class=\"btn btn-default\" style=\"background-color: #333; vertical-align: top; font-weight: 600; color: #fff;\">SHOP NOW</a></p>\n            </div>\n            <div style=\"text-align: left;\">\n                <p style=\"color: #333; font-size: 15px;margin:0;font-weight:600;margin-bottom:15px;\">FEATURED PRODUCTS</p>\n                <div id=\"featured_products_1\" class=\"hide-addtocart hide-addtolinks\">\n                    {{block class=\"Smartwave\\Filterproducts\\Block\\Home\\FeaturedList\" name=\"featured_product\" product_count=\"10\" aspect_ratio=\"1\" image_width=\"272\" image_height=\"337\" template=\"owl_list.phtml\"}}\n                </div>\n                <script type=\"text/javascript\">\n                    require([\n                        \'jquery\',\n                        \'owl.carousel/owl.carousel.min\'\n                    ], function ($) {\n                        $(\"#featured_products_1 .owl-carousel\").owlCarousel({\n                            autoplay: true,\n                            autoplayTimeout: 5000,\n                            autoplayHoverPause: true,\n                            loop: true,\n                            navRewind: true,\n                            margin: 10,\n                            nav: false,\n                            dots: true,\n                            responsive: {\n                                0: {\n                                    items:2\n                                },\n                                768: {\n                                    items:3\n                                },\n                                992: {\n                                    items:4\n                                },\n                                1200: {\n                                    items:5\n                                }\n                            }\n                        });\n                    });\n                </script>\n            </div>\n        </div>\n    </div>\n</div>\n<div id=\"parallax_03\" style=\"background:url({{media url=\"wysiwyg/smartwave/porto/homepage/13/slider/parallax_03.jpg\"}}) 50% 0 no-repeat fixed; color: #fff; width: 100%;\">\n    <div class=\"parallax-content-13\">\n        <div class=\"container\" style=\"text-align: left;\">\n            <div class=\"text-content\" style=\"display: inline-block;\">\n                <em style=\"font-style: normal; text-align: left; display: block; color: #fff;font-weight:600;\">NEW ARRIVALS</em>\n                <h2 style=\"color: #fff; line-height: 1;font-weight:800;margin:0;\">Fashion Sunglasses</h2>\n                <p><span style=\"color: #fff; vertical-align: top;\">Up to <b style=\"font-weight:800;\">70% OFF</b> in the new collection.</span>&nbsp;<a href=\"#\" class=\"btn btn-default\" style=\"background-color: #fff; color: #333; vertical-align: top; font-weight: 600;\">SHOP NOW</a></p>\n            </div>\n            <div style=\"text-align: left;\">\n                <p style=\"color: #fff; font-size: 15px;margin:0;font-weight:600;text-align: right; margin-bottom: 15px;\">FEATURED PRODUCTS</p>\n                <div id=\"featured_products_2\" class=\"hide-addtocart hide-addtolinks\">\n                    {{block class=\"Smartwave\\Filterproducts\\Block\\Home\\FeaturedList\" name=\"featured_product\" product_count=\"10\" aspect_ratio=\"1\" image_width=\"272\" image_height=\"337\" template=\"owl_list.phtml\"}}\n                </div>\n                <script type=\"text/javascript\">\n                    require([\n                        \'jquery\',\n                        \'owl.carousel/owl.carousel.min\'\n                    ], function ($) {\n                        $(\"#featured_products_2 .owl-carousel\").owlCarousel({\n                            autoplay: true,\n                            autoplayTimeout: 5000,\n                            autoplayHoverPause: true,\n                            loop: true,\n                            navRewind: true,\n                            margin: 10,\n                            nav: false,\n                            dots: true,\n                            responsive: {\n                                0: {\n                                    items:2\n                                },\n                                768: {\n                                    items:3\n                                },\n                                992: {\n                                    items:4\n                                },\n                                1200: {\n                                    items:5\n                                }\n                            }\n                        });\n                    });\n                </script>\n            </div>\n        </div>\n    </div>\n</div>\n<div id=\"parallax_04\" style=\"background:url({{media url=\"wysiwyg/smartwave/porto/homepage/13/slider/parallax_04.jpg\"}}) 50% 0 no-repeat fixed; color: #fff; height: 100vh;margin: 0; padding: 0;\">\n    <div style=\"width: 100%; height: 100%; position: relative;\">\n        <div class=\"parallax-content-13\" style=\"width: 100%; text-align: center; position: absolute; top: 37%;\">\n            <div style=\"margin:0;line-height:1;\">\n                <img src=\"{{media url=\"wysiwyg/smartwave/porto/homepage/13/slider/quote_black.png\"}}\" alt=\"\" class=\"quote\" style=\"display:inline-block;vertical-align:middle;\"/>\n                <em style=\"display:inline-block;vertical-align:middle;line-height:1;color:#333;font-weight:300;font-style:normal;\">LET THE MUSIC PLAY</em>\n                <img src=\"{{media url=\"wysiwyg/smartwave/porto/homepage/13/slider/quote_black.png\"}}\" alt=\"\" class=\"quote\" style=\"display:inline-block;vertical-align:middle;\"/>\n            </div>\n            <h2 style=\"font-weight:800;color:#333;line-height:1;\">Connect with the best tech!</h2>\n            <p style=\"font-weight:300;color:#333;line-height:1;\">Up to 70% OFF in the new collection.</p>\n            <a href=\"#\" class=\"btn btn-default\" style=\"background-color: #333; color: #fff; border-radius: 0; border: 0;\">SHOP NOW</a>\n        </div>\n    </div>\n</div>','2017-01-08 11:00:56','2017-01-08 11:00:56',1),(12,'Porto - Homepage Slider 14','porto_homeslider_14','<div class=\"full-screen-slider\">\n    <div id=\"banner-slider-demo-14\" class=\"owl-carousel owl-middle-narrow owl-banner-carousel\">\n        <div class=\"item\" style=\"background:url({{media url=\"wysiwyg/smartwave/porto/homepage/14/slider/slide1.jpg\"}}) 71% top no-repeat; background-size:cover; position: relative;\">\n            <div class=\"slide-1\" style=\"position: absolute; top: 35%; width:100%;\">\n                <div class=\"container\" style=\"text-align: left;\">\n            <div class=\"text-content\" style=\"display: inline-block;\">\n            <em style=\"font-style: normal; text-align: left; display: block; color: #fff; font-weight: 600; line-height: 1;\">NEW ARRIVALS</em>\n            <h2 style=\"color: #fff; line-height: 1;font-weight:800;margin:0;\">Fashion</h2>\n                <p><span style=\"color: #fff; vertical-align: top; font-weight: 300;\">Up to <b style=\"font-weight:800;\">70% OFF</b> in the new collection.</span></p>\n                <a href=\"#\" class=\"btn btn-default\" style=\"background-color: #fff; color: #333; vertical-align: top; font-weight: 600;\">SHOP NOW</a>\n            </div>\n                </div>\n            </div>\n        </div>\n        <div class=\"item\" style=\"background:url({{media url=\"wysiwyg/smartwave/porto/homepage/14/slider/slide2.jpg\"}}) 71% top no-repeat; background-size:cover; position: relative;\">\n            <div class=\"slide-2\" style=\"position: absolute; top: 35%; width:100%;\">\n                <div class=\"container\" style=\"text-align: left;\">\n            <div class=\"text-content\" style=\"display: inline-block;\">\n            <em style=\"font-style: normal; text-align: left; display: block; color: #fff; font-weight: 600; line-height: 1;\">EXCLUSIVE</em>\n            <h2 style=\"color: #fff; line-height: 1;font-weight:800;margin:0;\">Sunglasses</h2>\n                <p style=\"text-align:right;\"><span style=\"color: #fff; vertical-align: top; font-weight: 300;\">Incredible prices</span></p>\n                <a href=\"#\" style=\"float:right; color: #fff; vertical-align: top; font-weight: 400;\">SHOP NOW</a>\n            </div>\n                </div>\n            </div>\n        </div>\n    </div>\n    <script type=\"text/javascript\">\n        require([\n            \'jquery\',\n            \'owl.carousel/owl.carousel.min\'\n        ], function ($) {\n            var owl_3 = $(\"#banner-slider-demo-14\").owlCarousel({\n                items: 1,\n                autoplay: true,\n                autoplayTimeout: 5000,\n                autoplayHoverPause: true,\n                dots: false,\n                navRewind: true,\n                animateIn: \'fadeIn\',\n                animateOut: \'fadeOut\',\n                loop: true,\n                nav: true,\n                navText: [\"<em class=\'porto-icon-chevron-left\'></em>\",\"<em class=\'porto-icon-chevron-right\'></em>\"]\n            });\n        });\n    </script>\n</div>\n<div class=\"container\">\n    <div class=\"single-images\" style=\"padding-top: 30px;\">\n        <div class=\"row\">\n            <div class=\"col-sm-4\" style=\"padding-bottom:15px;\">\n                <a class=\"image-link\" href=\"#\">\n                    <img src=\"{{media url=\"wysiwyg/smartwave/porto/homepage/14/slider/image_link_1.jpg\"}}\" alt=\"\" />\n                    <span class=\"category-title\">SUNGLASSES</span>\n                </a>\n            </div>\n            <div class=\"col-sm-4\" style=\"padding-bottom:15px;\">\n                <a class=\"image-link\" href=\"#\">\n                    <img src=\"{{media url=\"wysiwyg/smartwave/porto/homepage/14/slider/image_link_2.jpg\"}}\" alt=\"\" />\n                    <span class=\"category-title\">WOMAN DRESSES</span>\n                </a>\n            </div>\n            <div class=\"col-sm-4\" style=\"padding-bottom:15px;\">\n                <a class=\"image-link\" href=\"#\">\n                    <img src=\"{{media url=\"wysiwyg/smartwave/porto/homepage/14/slider/image_link_3.jpg\"}}\" alt=\"\" />\n                    <span class=\"category-title\">WOMAN BAGS</span>\n                </a>\n            </div>\n         </div>\n    </div>\n    <div class=\"row\">\n        <div class=\"col-sm-12\">\n            <h2 style=\"margin-top:30px;font-size:19px;font-weight:600;margin-bottom:20px;text-align:center;\" class=\"theme-color\">WEEKLY FEATURED PRODUCTS</h2>\n            <div id=\"featured_product\" class=\"hide-addtocart hide-addtolinks\">\n                {{block class=\"Smartwave\\Filterproducts\\Block\\Home\\FeaturedList\" name=\"featured_product\" product_count=\"10\" aspect_ratio=\"0\" image_width=\"212\" image_height=\"263\" template=\"owl_list.phtml\"}}\n            </div>\n            <script type=\"text/javascript\">\n                require([\n                    \'jquery\',\n                    \'owl.carousel/owl.carousel.min\'\n                ], function ($) {\n                    $(\"#featured_product .owl-carousel\").owlCarousel({\n                        autoplay: true,\n                        autoplayTimeout: 5000,\n                        autoplayHoverPause: true,\n                        loop: true,\n                        navRewind: true,\n                        margin: 10,\n                        nav: false,\n                        navText: [\"<em class=\'porto-icon-left-open-huge\'></em>\",\"<em class=\'porto-icon-right-open-huge\'></em>\"],\n                        dots: false,\n                        responsive: {\n                            0: {\n                                items:2\n                            },\n                            768: {\n                                items:3\n                            },\n                            992: {\n                                items:4\n                            },\n                            1200: {\n                                items:5\n                            }\n                        }\n                    });\n                });\n            </script>\n        </div>\n    </div>\n</div>\n<div id=\"parallax_01\" style=\"background:url({{media url=\"wysiwyg/smartwave/porto/homepage/14/slider/parallax_img.jpg\"}}) 80% 0 no-repeat fixed; color: #fff; padding: 100px 0; position: relative;\">\n        <div class=\"overlay overlay-color\" style=\"background-color: #000000; opacity: 0.65; filter: alpha(opacity=65);top:0;\"></div>\n    <div class=\"parallax-slider\" style=\"position: relative; z-index: 3;\">\n            <div class=\"container\">\n                <div id=\"parallax-slider-demo-14\" class=\"owl-carousel owl-theme\">\n                    <div class=\"item\">\n                        <h2 style=\"font-weight:600;\">SPECIAL <b style=\"font-weight:800;\">PROMO</b></h2>\n                        <p style=\"font-weight:300;\">Up to <b style=\"font-weight:800;\">70% OFF</b> in the new collection.</p>\n                        <a href=\"#\" style=\"font-weight:300;\">Purchase now &gt;</a>\n                    </div>\n                    <div class=\"item\">\n                        <h2 style=\"font-weight:600;\">SPECIAL <b style=\"font-weight:800;\">PROMO</b></h2>\n                        <p style=\"font-weight:300;\">Up to <b style=\"font-weight:800;\">70% OFF</b> in the new collection.</p>\n                        <a href=\"#\" style=\"font-weight:300;\">Purchase now &gt;</a>\n                    </div>\n                    <div class=\"item\">\n                        <h2 style=\"font-weight:600;\">SPECIAL <b style=\"font-weight:800;\">PROMO</b></h2>\n                        <p style=\"font-weight:300;\">Up to <b style=\"font-weight:800;\">70% OFF</b> in the new collection.</p>\n                        <a href=\"#\" style=\"font-weight:300;\">Purchase now &gt;</a>\n                    </div>\n                </div>\n            </div>\n            <script type=\"text/javascript\">\n                require([\n                    \'jquery\',\n                    \'owl.carousel/owl.carousel.min\'\n                ], function ($) {\n                    var owl_4 = $(\"#parallax-slider-demo-14\").owlCarousel({\n                        items: 1,\n                        autoplay: true,\n                        autoplayTimeout: 5000,\n                        autoplayHoverPause: true,\n                        dots: true,\n                        navRewind: true,\n                        animateIn: \'fadeIn\',\n                        animateOut: \'fadeOut\',\n                        loop: true,\n                        nav: false,\n                        navText: [\"<em class=\'porto-icon-chevron-left\'></em>\",\"<em class=\'porto-icon-chevron-right\'></em>\"]\n                    });\n                });\n            </script>\n        </div>\n</div>','2017-01-08 11:00:56','2017-01-08 11:00:56',1),(13,'Porto - Homepage Slider 15','porto_homeslider_15','<div class=\"container\" style=\"padding:20px 15px 0;font-family:Georgia;\">\n    <div id=\"banner-slider-demo-15\" class=\"owl-carousel owl-middle-narrow owl-banner-carousel\">\n        <div class=\"item\">\n            <img src=\"{{media url=\"wysiwyg/smartwave/porto/homepage/15/slider/slide1.jpg\"}}\" alt=\"\" />\n            <div class=\"content\" style=\"position:absolute; right:9.5%;top:40%;text-align:right;\">\n                <em style=\"font-weight:400;color:#666666;float:left;font-style:normal;\">Porto Presents...</em>\n                <div class=\"clearfix\"></div>\n                <h2 style=\"font-weight:400;color:#141414;margin:0;line-height:1;\">The Bride\'s Dream</h2>\n                <hr style=\"width: 50%;border-color:#151515;float:right;\">\n                <div class=\"clearfix\"></div>\n                <a href=\"#\" style=\"color:#2b262f;font-weight:700;\"><span>SHOP NOW</span></a>\n            </div>\n        </div>\n        <div class=\"item\">\n            <img src=\"{{media url=\"wysiwyg/smartwave/porto/homepage/15/slider/slide2.jpg\"}}\" alt=\"\" />\n            <div class=\"content\" style=\"position:absolute; right:9.5%;top:40%;text-align:right;\">\n                <em style=\"font-weight:400;color:#666666;float:left;font-style:normal;\">Porto Presents...</em>\n                <div class=\"clearfix\"></div>\n                <h2 style=\"font-weight:400;color:#141414;margin:0;line-height:1;\">The Bride\'s Dream</h2>\n                <hr style=\"width: 50%;border-color:#151515;float:right;\">\n                <div class=\"clearfix\"></div>\n                <a href=\"#\" style=\"color:#2b262f;font-weight:700;\"><span>SHOP NOW</span></a>\n            </div>\n        </div>\n    </div>\n    <script type=\"text/javascript\">\n        require([\n            \'jquery\',\n            \'owl.carousel/owl.carousel.min\'\n        ], function ($) {\n            $(\"#banner-slider-demo-15\").owlCarousel({\n                items: 1,\n                autoplay: true,\n                autoplayTimeout: 5000,\n                autoplayHoverPause: true,\n                dots: false,\n                nav: true,\n                navRewind: true,\n                animateIn: \'fadeIn\',\n                animateOut: \'fadeOut\',\n                loop: true,\n                navText: [\"<em class=\'porto-icon-chevron-left\'></em>\",\"<em class=\'porto-icon-chevron-right\'></em>\"]\n            });\n        });\n    </script>\n</div>','2017-01-08 11:00:56','2017-01-08 11:00:56',1),(14,'Porto - Homepage Slider 16','porto_homeslider_16','<div class=\"full-screen-slider\">\n    <div id=\"banner-slider-demo-16\" class=\"owl-carousel owl-bottom-narrow owl-banner-carousel\">\n        <div class=\"item\" style=\"background:#f0f0f0;background-image:linear-gradient(#e8e8e8,#f0f0f0);position:relative;\">\n            <div style=\"width:100%;height:100%;width:100vw;height:100vh;background:url({{media url=\"wysiwyg/smartwave/porto/homepage/16/slider/01.jpg\"}}) 80% center no-repeat; background-size:cover;\"></div>\n            <div class=\"slide1-content\" style=\"width:100%;position:absolute;left:0;top:40%;text-align:center;\">\n                <div class=\"text-content\" style=\"display: inline-block;\">\n                    <em style=\"font-style: normal; text-align: right; display: block; color: #fff;font-weight:600;\">NEW ARRIVALS</em>\n                    <h2 style=\"color: #fff; line-height: 1;font-weight:800;margin:0;\">Fashion Sunglasses</h2>\n                    <p><span style=\"color: #fff; vertical-align: top;\">Up to <b style=\"font-weight:800;\">70% OFF</b> in the new collection.</span>&nbsp;<a href=\"#\" class=\"btn btn-default\" style=\"background-color: #fff; color: #333; vertical-align: top; font-weight: 600;float:right;\">SHOP NOW</a></p>\n                </div>\n            </div>\n        </div>\n        <div class=\"item\" style=\"background:#f0f0f0;background-image:linear-gradient(#e8e8e8,#f0f0f0);position:relative;\">\n            <div style=\"width:100%;height:100%;width:100vw;height:100vh;background:url({{media url=\"wysiwyg/smartwave/porto/homepage/16/slider/02.jpg\"}}) 20% center no-repeat; background-size:cover;\"></div>\n            <div class=\"slide2-content\" style=\"width:100%;position:absolute;left:0;top:40%;text-align:center;\">\n                <div class=\"text-content\" style=\"display: inline-block;\">\n                    <em style=\"font-style: normal; text-align: right; display: block; color: #fff;font-weight:600;\">NEW COLLECTION</em>\n                    <h2 style=\"color: #fff; line-height: 1;font-weight:800;margin:0;\">Women Dresses</h2>\n                    <p><span style=\"color: #fff; vertical-align: top;\">Up to <b style=\"font-weight:800;\">70% OFF</b> in the new collection.</span>&nbsp;<a href=\"#\" class=\"btn btn-default\" style=\"background-color: #fff; color: #333; vertical-align: top; font-weight: 600;float:right;\">SHOP NOW</a></p>\n                </div>\n            </div>\n        </div>\n    </div>\n    <script type=\"text/javascript\">\n        require([\n            \'jquery\',\n            \'owl.carousel/owl.carousel.min\'\n        ], function ($) {\n            var owl_16 = $(\"#banner-slider-demo-16\").owlCarousel({\n                items: 1,\n                autoplay: true,\n                autoplayTimeout: 5000,\n                autoplayHoverPause: true,\n                dots: true,\n                navRewind: true,\n                animateIn: \'fadeIn\',\n                animateOut: \'fadeOut\',\n                loop: true,\n                nav: false,\n                navText: [\"<em class=\'porto-icon-chevron-left\'></em>\",\"<em class=\'porto-icon-chevron-right\'></em>\"]\n            });\n        });\n    </script>\n</div>','2017-01-08 11:00:56','2017-01-08 11:00:56',1),(15,'Porto - Homepage Slider 17','porto_homeslider_17','<div id=\"banner-slider-demo-17\" class=\"owl-carousel owl-banner-carousel owl-middle-narrow\">\n    <div class=\"item\" style=\"background:url({{media url=\"wysiwyg/smartwave/porto/homepage/17/slider/layer1.jpg\"}}) no-repeat; background-size: cover;\">\n        <div class=\"container\" style=\"position:relative\">\n            <img src=\"{{media url=\"wysiwyg/smartwave/porto/homepage/17/slider/layer2.png\"}}\" alt=\"\">\n            <div class=\"content-17 type1\" style=\"position:absolute;top:30%;left:9%;text-align:right\">\n                <em style=\"font-weight:300;font-style:normal;color:#a39a8c;float:left;\">Feel the real</em>\n                <div class=\"clearfix\"></div>\n                <h2 style=\"font-weight:400;font-style:italic;line-height:1;color:#79a939;margin:0;\"><b style=\"font-weight:800\">MOBILE</b> music</h2>\n                <p style=\"color:#010101;font-weight:700;line-height:1;margin-bottom:15px\">$999</p>\n                <a href=\"#\" style=\"font-weight:600;color:#1e1e1e;\"><span>SHOP NOW</span><i class=\"porto-icon-angle-right theme-bg-color\"></i></a>\n            </div>\n        </div>\n    </div>\n    <div class=\"item\" style=\"background:url({{media url=\"wysiwyg/smartwave/porto/homepage/17/slider/layer3.jpg\"}}) no-repeat; background-size: cover;\">\n        <div class=\"container\" style=\"position:relative\">\n            <img src=\"{{media url=\"wysiwyg/smartwave/porto/homepage/17/slider/layer4.png\"}}\" alt=\"\">\n        </div>\n    </div>\n</div>\n<script type=\"text/javascript\">\n    require([\n        \'jquery\',\n        \'owl.carousel/owl.carousel.min\'\n    ], function ($) {\n        $(\"#banner-slider-demo-17\").owlCarousel({\n            items: 1,\n            autoplay: true,\n            autoplayTimeout: 5000,\n            autoplayHoverPause: true,\n            dots: false,\n            nav: true,\n            navRewind: true,\n            animateIn: \'fadeIn\',\n            animateOut: \'fadeOut\',\n            loop: true,\n            navText: [\"<em class=\'porto-icon-chevron-left\'></em>\",\"<em class=\'porto-icon-chevron-right\'></em>\"]\n        });\n    });\n</script>\n<div class=\"homepage-bar\">\n    <div class=\"container\">\n        <div class=\"row\">\n            <div class=\"col-md-4\">\n                <em class=\"porto-icon-truck\" style=\"font-size:36px;\"></em><div class=\"text-area\"><h3>FREE SHIPPING & RETURN</h3><p>Free shipping on all orders over $99.</p></div>\n            </div>\n            <div class=\"col-md-4\">\n                <em class=\"porto-icon-dollar\"></em><div class=\"text-area\"><h3>MONEY BACK GUARANTEE</h3><p>100% money back guarantee.</p></div>\n            </div>\n            <div class=\"col-md-4\">\n                <em class=\"porto-icon-lifebuoy\" style=\"font-size:32px;\"></em><div class=\"text-area\"><h3>ONLINE SUPPORT 24/7</h3><p>Lorem ipsum dolor sit amet.</p></div>\n            </div>\n        </div>\n    </div>\n</div>\n<div class=\"container\">\n    <div class=\"filterproducts-tab\" style=\"margin-top: 40px;\">\n        <div class=\"data items\" data-mage-init=\'{\"tabs\":{\"openedState\":\"active\"}}\'>\n            <div class=\"data item title\" aria-labeledby=\"tab-label-featured-title\" data-role=\"collapsible\" id=\"tab-label-featured\">\n                <a class=\"data switch\" tabindex=\"-1\" data-toggle=\"switch\" href=\"#featured\" id=\"tab-label-featured-title\">Featured</a>\n            </div>\n            <div class=\"data item content\" id=\"featured\" data-role=\"content\">\n                <div id=\"featured_product\" class=\"owl-top-narrow hide-addtolinks hide-addtocart\">\n                    {{block class=\"Smartwave\\Filterproducts\\Block\\Home\\FeaturedList\" name=\"featured_product\" product_count=\"10\" aspect_ratio=\"0\" image_width=\"212\" image_height=\"263\" template=\"owl_list.phtml\"}}\n                </div>\n                <script type=\"text/javascript\">\n                    require([\n                        \'jquery\',\n                        \'owl.carousel/owl.carousel.min\'\n                    ], function ($) {\n                        $(\"#featured_product .owl-carousel\").owlCarousel({\n                            autoplay: true,\n                            autoplayTimeout: 5000,\n                            autoplayHoverPause: true,\n                            loop: true,\n                            navRewind: true,\n                            margin: 10,\n                            nav: true,\n                            navText: [\"<em class=\'porto-icon-left-open-huge\'></em>\",\"<em class=\'porto-icon-right-open-huge\'></em>\"],\n                            dots: false,\n                            responsive: {\n                                0: {\n                                    items:2\n                                },\n                                768: {\n                                    items:3\n                                },\n                                992: {\n                                    items:3\n                                },\n                                1200: {\n                                    items:4\n                                }\n                            }\n                        });\n                    });\n                </script>\n            </div>\n            <div class=\"data item title\" aria-labeledby=\"tab-label-latest-title\" data-role=\"collapsible\" id=\"tab-label-latest\">\n                <a class=\"data switch\" tabindex=\"-1\" data-toggle=\"switch\" href=\"#latest\" id=\"tab-label-latest-title\">Latest</a>\n            </div>\n            <div class=\"data item content\" id=\"latest\" data-role=\"content\">\n                <div id=\"latest_product\" class=\"owl-top-narrow hide-addtolinks hide-addtocart\">\n                    {{block class=\"Smartwave\\Filterproducts\\Block\\Home\\LatestList\" name=\"featured_product\" product_count=\"10\" aspect_ratio=\"0\" image_width=\"212\" image_height=\"263\" template=\"owl_list.phtml\"}}\n                </div>\n                <script type=\"text/javascript\">\n                    require([\n                        \'jquery\',\n                        \'owl.carousel/owl.carousel.min\'\n                    ], function ($) {\n                        $(\"#latest_product .owl-carousel\").owlCarousel({\n                            autoplay: true,\n                            autoplayTimeout: 5000,\n                            autoplayHoverPause: true,\n                            loop: true,\n                            navRewind: true,\n                            margin: 10,\n                            nav: true,\n                            navText: [\"<em class=\'porto-icon-left-open-huge\'></em>\",\"<em class=\'porto-icon-right-open-huge\'></em>\"],\n                            dots: false,\n                            responsive: {\n                                0: {\n                                    items:2\n                                },\n                                768: {\n                                    items:3\n                                },\n                                992: {\n                                    items:3\n                                },\n                                1200: {\n                                    items:4\n                                }\n                            }\n                        });\n                    });\n                </script>\n            </div>\n        </div>\n    </div>\n</div>\n<div style=\"padding-top: 40px;\" class=\"custom-support\">\n    <div class=\"container\">\n        <div class=\"row\">\n            <div class=\"col-sm-4\">\n                <em class=\"porto-icon-star\" style=\"border-radius:50%;border:2px solid #cecece;color:#333;background-color:transparent;line-height:58px;font-size:25px;\"></em>\n                <div class=\"content\">\n                    <h2>Customer Support</h2>\n                    <em>YOU WON\'T BE ALONE</em>\n                    <p>We really care about you and your website as much as you do. Purchasing Porto or any other theme from us you get 100% free support.</p>\n                </div>\n            </div>\n            <div class=\"col-sm-4\">\n                <em class=\"porto-icon-reply\" style=\"border-radius:50%;border:2px solid #cecece;color:#333;background-color:transparent;line-height:58px;font-size:25px;\"></em>\n                <div class=\"content\">\n                    <h2>Fully Customizable</h2>\n                    <em>TONS OF OPTIONS</em>\n                    <p>With Porto you can customize the layout, colors and styles within only a few minutes. Start creating an amazing website right now!</p>\n                </div>\n            </div>\n            <div class=\"col-sm-4\">\n                <em class=\"porto-icon-paper-plane\" style=\"border-radius:50%;border:2px solid #cecece;color:#333;background-color:transparent;line-height:58px;font-size:25px;\"></em>\n                <div class=\"content\">\n                    <h2>Powerful Admin</h2>\n                    <em>MADE TO HELP YOU</em>\n                    <p>Porto has very powerful admin features to help customer to build their own shop in minutes without any special skills in web development.</p>\n                </div>\n            </div>\n        </div>\n    </div>\n</div>\n<div class=\"parallax-wrapper\" style=\"margin: 50px 0 20px;\">\n    <div class=\"overlay overlay-color\" style=\"background-color: #000000; opacity: 0.75; filter: alpha(opacity=75);\"></div>\n    <div class=\"parallax\" style=\"background-image: url({{media url=\"wysiwyg/smartwave/porto/homepage/17/slider/parallax_bg.jpg\"}});\">\n        <div class=\"parallax-slider\" style=\"position: relative; z-index: 3;\">\n            <div class=\"container\">\n                <div id=\"parallax-slider-demo-17\" class=\"owl-carousel\">\n                    <div class=\"item\">\n                        <h2 style=\"font-weight:600;\">EXPLORE <b style=\"font-weight:800;\">PORTO</b></h2>\n                        <p style=\"font-weight:300;\">Premium theme, unlimited possibilities...</p>\n                        <a href=\"#\" style=\"font-weight:300;\">Purchase now &gt;</a>\n                    </div>\n                    <div class=\"item\">\n                        <h2 style=\"font-weight:600;\">EXPLORE <b style=\"font-weight:800;\">PORTO</b></h2>\n                        <p style=\"font-weight:300;\">Premium theme, unlimited possibilities...</p>\n                        <a href=\"#\" style=\"font-weight:300;\">Purchase now &gt;</a>\n                    </div>\n                    <div class=\"item\">\n                        <h2 style=\"font-weight:600;\">EXPLORE <b style=\"font-weight:800;\">PORTO</b></h2>\n                        <p style=\"font-weight:300;\">Premium theme, unlimited possibilities...</p>\n                        <a href=\"#\" style=\"font-weight:300;\">Purchase now &gt;</a>\n                    </div>\n                </div>\n            </div>\n            <script type=\"text/javascript\">\n                require([\n                    \'jquery\',\n                    \'owl.carousel/owl.carousel.min\'\n                ], function ($) {\n                    $(\"#parallax-slider-demo-17\").owlCarousel({\n                        items: 1,\n                        autoplay: true,\n                        autoplayTimeout: 5000,\n                        autoplayHoverPause: true,\n                        dots: true,\n                        nav: false,\n                        loop: true,\n                        navRewind: true\n                    });\n                });\n            </script>\n        </div>\n    </div>\n</div>','2017-01-08 11:00:56','2017-01-08 11:00:56',1),(16,'Porto - Homepage Slider 18','porto_homeslider_18','<div class=\"container\">\n    <div id=\"banner-slider-demo-18\" class=\"owl-carousel owl-middle-narrow owl-banner-carousel\">\n        <div class=\"item\" style=\"position: relative;\">\n            <img src=\"{{media url=\"wysiwyg/smartwave/porto/homepage/18/slider/01.jpg\"}}\" alt=\"\"/>\n            <div class=\"content-1\" style=\"background-color: #b81d21; color: #fff;\">\n                <div>\n                    <p style=\"color:#fff;\">Furniture &amp; Garden</p>\n                    <h3 style=\"color:#fff;\">HUGE<br><b>SALE</b></h3>\n                </div>\n                <div style=\"text-align:right;\">\n                    <em style=\"color:#fff;\">up to</em>\n                    <h4 style=\"color:#fff;\">40%</h4>\n                    <h5 style=\"color:#fff;\">OFF</h5>\n                </div>\n            </div>\n        </div>\n        <div class=\"item\" style=\"position: relative;\">\n            <img src=\"{{media url=\"wysiwyg/smartwave/porto/homepage/18/slider/02.jpg\"}}\" alt=\"\"/>\n            <div class=\"content-2\" style=\"background-color: #333333; color: #fff;\">\n                <div>\n                    <p style=\"color:#fff;\">Furniture &amp; Garden</p>\n                    <h3 style=\"color:#fff;\">SPECIAL <b>PROMO</b></h3>\n                </div>\n                <div style=\"text-align:right;border: 1px solid #ccc;border-width: 0 1px;\">\n                    <em style=\"color:#fff;\">up to</em>\n                    <h4 style=\"color:#fff;\">40%</h4>\n                    <h5 style=\"color:#fff;\">OFF</h5>\n                </div>\n                <div>\n                    <a style=\"color:#fff;\" href=\"#\">SHOP NOW <i class=\"porto-icon-right-dir\"></i></a>\n                </div>\n            </div>\n        </div>\n    </div>\n    <script type=\"text/javascript\">\n        require([\n            \'jquery\',\n            \'owl.carousel/owl.carousel.min\'\n        ], function ($) {\n            $(\"#banner-slider-demo-18\").owlCarousel({\n                items: 1,\n                autoplay: true,\n                autoplayTimeout: 5000,\n                autoplayHoverPause: true,\n                dots: false,\n                nav: true,\n                navRewind: true,\n                animateIn: \'fadeIn\',\n                animateOut: \'fadeOut\',\n                loop: true,\n                navText: [\"<em class=\'porto-icon-chevron-left\'></em>\",\"<em class=\'porto-icon-chevron-right\'></em>\"]\n            });\n        });\n    </script>\n\n</div>','2017-01-08 11:00:56','2017-01-08 11:00:56',1),(17,'Porto - Custom Block for Header','porto_custom_block_for_header','<em class=\"porto-icon-phone\" style=\"margin-right: 5px;\"></em><span>(800) 392-6505</span><span class=\"split\"></span><a href=\"#\">CONTACT US</a>','2017-01-08 11:00:56','2017-01-08 14:10:21',1),(18,'Porto - Footer Links','porto_footer_links','<div class=\"block\">\r\n    <div class=\"block-title\"><strong>Helpful Links</strong></div>\r\n    <div class=\"block-content\">\r\n        <ul class=\"links footer-links\">\r\n        <li><em class=\"porto-icon-right-dir theme-color\"></em><a href=\"{{store url=\"\"}}orders\" title=\"Order Status / Returns\">Order Status / Returns</a></li>\r\n            <li><em class=\"porto-icon-right-dir theme-color\"></em><a href=\"{{store url=\"\"}}contact\" title=\"Contact us\">Contact us</a></li>           \r\n            <li><em class=\"porto-icon-right-dir theme-color\"></em><a href=\"{{store url=\"\"}}about\" title=\"About Us\">About Us</a></li>\r\n            <li><em class=\"porto-icon-right-dir theme-color\"></em><a href=\"{{store url=\"\"}}catalogsearch/advanced\" title=\"Advanced search\">Advanced search</a></li>\r\n        </ul>\r\n    </div>\r\n</div>\r\n','2017-01-08 11:00:56','2017-01-08 13:42:50',1),(19,'Porto - Footer Contact Information','porto_footer_contact_information','<div class=\"block\">\r\n    <div class=\"block-title\"><strong>Contact Us</strong></div>\r\n    <div class=\"block-content\">\r\n        <ul class=\"contact-info\">\r\n            <li><em class=\"porto-icon-phone\"></em><p>(800) 395-6505</p></li>\r\n            <li><em class=\"porto-icon-mail\"></em><p><a href=\"mailto:info@keragen.com\">info@keragen.com</a></p></li>\r\n        </ul>\r\n    </div>\r\n</div>\r\n\r\n','2017-01-08 11:00:56','2017-01-08 13:41:58',1),(20,'Porto - Footer Features','porto_footer_features','<div class=\"block\">\r\n    <div class=\"block-title\"><strong>Popular Products</strong></div>\r\n    <div class=\"block-content\">\r\n        <ul class=\"features\">\r\n     <li><em class=\"porto-icon-right-dir theme-color\"></em><a href=\"{{store url=\"\"}}hair-building-fibers.html\" title=\"Hair Building Fibers\">Hair Building Fibers</a></li>\r\n       \r\n        </ul>\r\n    </div>\r\n</div>\r\n','2017-01-08 11:00:56','2017-04-10 04:18:58',1),(21,'Porto - Custom Block for Footer Bottom Area','porto_footer_bottom_custom_block','<div class=\"copyright-links\"> \r\n<a href=\"{{store url=\'\'}}sitemap\" class=\"level-top\"><span>Site Map</span></a>\r\n /  <a href=\"{{store url=\'\'}}terms-of-use\" class=\"level-top\"><span>Terms of Use</span></a>\r\n /  <a href=\"{{store url=\'\'}}privacy-policy\" class=\"level-top\"><span>Privacy Policy</span></a>\r\n</div>\r\n','2017-01-08 11:00:56','2017-01-08 14:00:56',1),(22,'Porto - Custom Block for Footer Bottom Area(for Home 3)','porto_footer_bottom_custom_block_1_3','<ul class=\"social-icons\">\n    <li><a class=\"facebook-link\" href=\"#\"><em class=\"porto-icon-facebook\"></em></a></li>\n    <li><a class=\"twitter-link\" href=\"#\"><em class=\"porto-icon-twitter\"></em></a></li>\n    <li><a class=\"linkedin-link\" href=\"#\"><em class=\"porto-icon-linkedin-squared\"></em></a></li>\n</ul>\n<ul class=\"links\">\n<li class=\"first\">(+404) 158 14 25 78</li>\n<li class=\"last\"><a href=\"http://newsmartwave.net/magento/porto/index.php/blog\">BLOG</a></li>\n</ul>','2017-01-08 11:00:56','2017-01-08 11:00:56',1),(23,'Porto - Custom Block(Right) for Footer Bottom Area(for Home 3)','porto_footer_bottom_custom_block_2_3','<img src=\"{{media url=\"wysiwyg/smartwave/porto/footer/payments.png\"}}\" alt=\"\" />','2017-01-08 11:00:56','2017-01-08 11:00:56',1),(24,'Porto - Footer Top Custom Block','porto_footer_top_custom_block','<div class=\"homepage-bar\" style=\"background-color: #08c;color: #fff;padding: 10px 0;border: 0;\">\n    <div class=\"container\">\n        <div class=\"row\">\n            <div class=\"col-md-4\">\n                <i class=\"porto-icon-truck\" style=\"font-size:36px;color: #fff;\"></i><div class=\"text-area\"><h3 style=\"color: #fff;\">FREE SHIPPING & RETURN</h3><p>Free shipping on all orders over $99.</p></div>\n            </div>\n            <div class=\"col-md-4\" style=\"border-color: #149ce0;\">\n                <i class=\"porto-icon-dollar\" style=\"color: #fff;\"></i><div class=\"text-area\"><h3 style=\"color: #fff;\">MONEY BACK GUARANTEE</h3><p>100% money back guarantee.</p></div>\n            </div>\n            <div class=\"col-md-4\" style=\"border-color: #149ce0;\">\n                <i class=\"porto-icon-lifebuoy\" style=\"font-size:32px;color: #fff;\"></i><div class=\"text-area\"><h3 style=\"color: #fff;\">ONLINE SUPPORT 24/7</h3><p>Lorem ipsum dolor sit amet.</p></div>\n            </div>\n        </div>\n    </div>\n</div>','2017-01-08 11:00:56','2017-01-08 11:00:56',1),(25,'Porto - Footer Top Custom Block for Home4','porto_footer_top_custom_block_home4','<div class=\"homepage-bar\" style=\"background-color: transparent;color: #fff;padding: 10px 0;border: 0;\">\n    <div class=\"container\">\n        <div class=\"row\">\n            <div class=\"col-md-4\">\n                <em class=\"porto-icon-truck\" style=\"font-size:36px;color: #fff;\"></em><div class=\"text-area\"><h3 style=\"color: #fff;\">FREE SHIPPING & RETURN</h3><p>Free shipping on all orders over $99.</p></div>\n            </div>\n            <div class=\"col-md-4\" style=\"border-color: #149ce0;\">\n                <em class=\"porto-icon-dollar\" style=\"color: #fff;\"></em><div class=\"text-area\"><h3 style=\"color: #fff;\">MONEY BACK GUARANTEE</h3><p>100% money back guarantee.</p></div>\n            </div>\n            <div class=\"col-md-4\" style=\"border-color: #149ce0;\">\n                <em class=\"porto-icon-lifebuoy\" style=\"font-size:32px;color: #fff;\"></em><div class=\"text-area\"><h3 style=\"color: #fff;\">ONLINE SUPPORT 24/7</h3><p>Lorem ipsum dolor sit amet.</p></div>\n            </div>\n        </div>\n    </div>\n</div>\n<style type=\"text/css\">\n.footer-top > .container {\n    width: 100%;\n}\n.footer-top > .container > .row > .col-md-12 {\n    padding: 0;\n}\n</style>','2017-01-08 11:00:56','2017-01-08 11:00:56',1),(26,'Porto - Custom Block for Category Page Side bar','porto_category_side_custom_block','<h2 class=\"sidebar-title\">Featured</h2>\r\n<div class=\"sidebar-filterproducts custom-block\" style=\"padding-bottom: 20px;\">\r\n    <div id=\"featured_product\" class=\"owl-top-narrow\">\r\n        {{block class=\"Smartwave\\Filterproducts\\Block\\Home\\FeaturedList\" name=\"featured_product\" product_count=\"9\" aspect_ratio=\"1\" image_width=\"150\" template=\"side_list.phtml\"}}\r\n    </div>\r\n  <script type=\"text/javascript\">\r\n        require([\r\n            \'jquery\',\r\n            \'owl.carousel/owl.carousel.min\'\r\n        ], function ($) {\r\n            $(\"#featured_product .owl-carousel\").owlCarousel({\r\n                loop: false,\r\n                items: 1,\r\n                nav: false,\r\n                navText: [\"<em class=\'porto-icon-left-open-huge\'></em>\",\"<em class=\'porto-icon-right-open-huge\'></em>\"],\r\n                dots: false\r\n            });\r\n        });\r\n    </script>\r\n </div>\r\n<h2 style=\"font-weight:600;font-size:16px;color:#000;line-height:1;margin-bottom:15px;\">Free Shipping</h2>\r\n<h5 style=\"font-family:Arial;font-weight:400;font-size:11px;color:#878787;line-height:1;margin-bottom:13px;\">Free Shipping on All Orders Over $30</h5>\r\n<p style=\"font-weight:400;font-size:14px;color:#666;line-height:1.42;\">  </p>\r\n<div class=\"space\" style=\"margin-bottom: 45px;\"></div>\r\n','2017-01-08 11:00:56','2017-01-08 13:56:33',1),(27,'Porto - Custom Block for Product Page Side bar','porto_product_side_custom_block','<div class=\"custom-block\">\r\n<div class=\"container-fluid\">\r\n <div class=\"feature-box center media-box fbox-bg topmargin-lg\">\r\n							<div class=\"fbox-media\">\r\n								<a href=\"{{store url=\'\'}}hair-fiber-results\" class=\"level-top\"><img class=\"image_fade\" src=\"{{media url=\"images/before-after-tile.jpg\"}}\" alt=\"Keragen Results Gallery\"></a>\r\n							</div>\r\n							<div class=\"fbox-desc\">\r\n								<h3>Results Gallery<span class=\"subtitle\">See the remarkable results</span></h3>\r\n							</div>\r\n						</div>\r\n\r\n\r\n<div class=\"feature-box center media-box fbox-bg topmargin\">\r\n							<div class=\"fbox-media\">\r\n								<img class=\"image_fade\" src=\"{{media url=\"images/made-in-usa-red.jpg\"}}\" alt=\"Featured Box Image\">\r\n							</div>\r\n							<div class=\"fbox-desc\">\r\n								<h3>Quality Made in the U.S.A.<span class=\"subtitle\">We believe that anything that comes into\r\n								contact with your skin should be safe and non-toxic.</span></h3>\r\n							</div>\r\n						</div>\r\n		\r\n		\r\n			<div class=\"feature-box center media-box fbox-bg topmargin\">\r\n							<div class=\"fbox-media\">\r\n								<img class=\"image_fade\" src=\"{{media url=\"images/color-shades.jpg\"}}\" alt=\"Featured Box Image\">\r\n							</div>\r\n							<div class=\"fbox-desc\">\r\n								<h3>Choose from 8 different shades<span class=\"subtitle\">\r\n								Get just the right shade to complement your natural hair color.</span></h3>\r\n							</div>\r\n						</div>\r\n\r\n\r\n</div>\r\n \r\n</div>\r\n','2017-01-08 11:00:56','2017-01-08 14:08:13',1),(28,'Porto - Custom Menu(before)','porto_custom_menu_before','<ul>\r\n    <li class=\"ui-menu-item level0\">\r\n        <a href=\"{{store url=\'\'}}how-fibers-work\" class=\"level-top\"><span>How Fibers Work</span></a>\r\n    </li>\r\n   <li class=\"ui-menu-item level0\">\r\n        <a href=\"{{store url=\'\'}}hair-fiber-results\" class=\"level-top\"><span>Results Gallery</span></a>\r\n    </li>\r\n <li class=\"ui-menu-item level0\">\r\n        <a href=\"{{store url=\'\'}}hair-fiber-faqs\" class=\"level-top\"><span>FAQ\'s</span></a>\r\n    </li>\r\n <li class=\"ui-menu-item level0\">\r\n        <a href=\"{{store url=\'\'}}shop.html\" class=\"level-top\"><span>Shop</span></a>\r\n    </li>\r\n\r\n\r\n</ul>\r\n','2017-01-08 11:00:56','2017-03-04 14:14:33',1),(29,'Porto - Custom Menu(after)','porto_custom_menu','<ul>\r\n     <li class=\"ui-menu-item level0\">\r\n        <a href=\"{{store url=\'\'}}free-sample.html\" class=\"level-top\"><span>Free Sample</span></a>\r\n    </li>\r\n</ul>\r\n','2017-01-08 11:00:56','2017-01-08 13:52:53',0),(30,'Porto - Footer - About Porto','porto_footer_about_porto','<div class=\"block\">\n    <div class=\"block-title\"><strong><span>ABOUT PORTO</span></strong></div>\n    <div class=\"block-content\">\n        <p>Lorem ipsum dolor sit amet, consectetur adipiscing elit. Nulla tristique augue eget enim feugiat blandit. Phasellus bibendum ex leo, at egestas lacus pellentesque in x leo, at egestas lacus pellentesque in. x leo, at egestas lacus pellentesque.</p>\n        <a href=\"http://themeforest.net/item/porto-ultimate-responsive-magento-theme/9725864\" style=\"font-weight:600;\">Buy Porto eCommerce</a>\n    </div>\n    <ul class=\"contact-info\" style=\"margin-top: 30px;\">\n        <li><em class=\"porto-icon-phone\" style=\"color: #bbb;\"></em><p><b>Need Help?</b><br>(123) 456-7890</p></li>\n    </ul>\n    <div style=\"margin: 20px 0 0 20px;\">\n        <ul class=\"social-icons\">\n            <li><a class=\"facebook-link\" href=\"#\"><em class=\"porto-icon-facebook\"></em></a></li>\n            <li><a class=\"twitter-link\" href=\"#\"><em class=\"porto-icon-twitter\"></em></a></li>\n            <li><a class=\"linkedin-link\" href=\"#\"><em class=\"porto-icon-linkedin-squared\"></em></a></li>\n        </ul>\n    </div>\n</div>','2017-01-08 11:00:56','2017-01-08 11:00:56',1),(31,'Porto - Footer - Featured Products','porto_footer_featured_products','<div class=\"block\">\n    <div class=\"block-title\"><strong><span>FEATURED PRODUCTS</span></strong></div>\n    <div class=\"block-content\">\n        {{block class=\"Smartwave\\Filterproducts\\Block\\Home\\FeaturedList\" name=\"featured_small_list\" product_count=\"3\" aspect_ratio=\"0\" image_width=\"212\" image_height=\"212\" template=\"small_list.phtml\"}}\n    </div>\n</div>','2017-01-08 11:00:56','2017-01-08 11:00:56',1),(32,'Porto - Footer Middle Twitter Widget','porto_footer_middle_twitter_widget','<div class=\"block\">\n    <div class=\"block-title\"><strong><span>FOLLOW US</span></strong></div>\n    <div class=\"block-content\">\n        <a class=\"twitter-timeline\" href=\"//twitter.com/twitterdev\" data-widget-id=\"362597660089274368\" data-screen-name=\"eternalfriend38\" data-theme=\"dark\" height=\"285\">Tweets by @eternalfriend38</a>\n        <script>window.twttr=(function(d,s,id){var js,fjs=d.getElementsByTagName(s)[0],t=window.twttr||{};if(d.getElementById(id))return;js=d.createElement(s);js.id=id;js.src=\"//platform.twitter.com/widgets.js\";fjs.parentNode.insertBefore(js,fjs);t._e=[];t.ready=function(f){t._e.push(f);};return t;}(document,\"script\",\"twitter-wjs\"));</script>\n    </div>\n</div>','2017-01-08 11:00:56','2017-01-08 11:00:56',1),(33,'Porto - Footer - 2nd Row - Shop','porto_footer_2nd_row_shop','<div class=\"block\">\n    <div class=\"block-title\"><strong><span>SHOP</span></strong></div>\n    <div class=\"block-content\">\n        <ul class=\"links\">\n            <li><em class=\"porto-icon-right-open theme-color\"></em><a href=\"#\">Fashion Promo</a></li>\n            <li><em class=\"porto-icon-right-open theme-color\"></em><a href=\"#\">Discounts</a></li>\n            <li><em class=\"porto-icon-right-open theme-color\"></em><a href=\"#\">Outlet</a></li>\n        </ul>\n    </div>\n</div>','2017-01-08 11:00:56','2017-01-08 11:00:56',1),(34,'Porto - Footer - 2nd Row - Popular Tags','porto_footer_2nd_row_popular_tags','<div class=\"block\">\n    <div class=\"block-title\"><strong><span>CUSTOM LINKS</span></strong></div>\n    <div class=\"block-content\">\n    <ul class=\"links\">\n            <li><em class=\"porto-icon-right-open theme-color\"></em><a href=\"#\">Advanced Search</a></li>\n            <li><em class=\"porto-icon-right-open theme-color\"></em><a href=\"#\">Promotions</a></li>\n            <li><em class=\"porto-icon-right-open theme-color\"></em><a href=\"#\">Terms and Conditions</a></li>\n        </ul>\n    </div>\n</div>','2017-01-08 11:00:56','2017-01-08 11:00:56',1),(35,'Porto - Footer - 2nd Row - My Account','porto_footer_2nd_row_myaccount','<div class=\"block\">\n    <div class=\"block-title\"><strong><span>MY ACCOUNT</span></strong></div>\n    <div class=\"block-content\">\n        <ul class=\"links\">\n            <li><em class=\"porto-icon-right-open theme-color\"></em><a href=\"{{store url=\"\"}}customer/account\" title=\"My Account\">My Account</a></li>\n            <li><em class=\"porto-icon-right-open theme-color\"></em><a href=\"{{store url=\"\"}}about-porto\" title=\"About us\">About Us</a></li>\n            <li><em class=\"porto-icon-right-open theme-color\"></em><a href=\"{{store url=\"\"}}contacts\" title=\"Contact us\">Store Locations</a></li>\n        </ul>\n    </div>\n</div>','2017-01-08 11:00:56','2017-01-08 11:00:56',1),(36,'Porto - Footer - 2nd Row - Contact Information','porto_footer_2nd_row_contact_information','<div class=\"block\">\n    <div class=\"block-title\"><strong><span>CONTACT INFORMATION</span></strong></div>\n    <div class=\"block-content\">\n        <ul class=\"contact-info\" style=\"padding-left: 5px;\">\n            <li><em class=\"porto-icon-location theme-color\">&nbsp;</em>&nbsp;&nbsp;<p>123 Street Name, City, England</p></li>\n            <li><em class=\"porto-icon-phone theme-color\">&nbsp;</em>&nbsp;&nbsp;<p>(123)456-7890</p></li>\n            <li><em class=\"porto-icon-mail theme-color\">&nbsp;</em>&nbsp;&nbsp;<p><a href=\"mailto:mail@example.com\">mail@example.com</a></p></li>\n        </ul>\n    </div>\n</div>','2017-01-08 11:00:56','2017-01-08 11:00:56',1),(37,'Porto - Custom Block for Footer Bottom Area for Home 8','porto_footer_bottom_custom_block_home8','<img src=\"{{media url=\"wysiwyg/smartwave/porto/footer/payments.png\"}}\" alt=\"\" style=\"margin-left: 15px;\" />','2017-01-08 11:00:56','2017-01-08 11:00:56',1),(38,'Porto - Footer Top Custom Block for Home 11','porto_footer_top_custom_block_home11','<div class=\"homepage-bar\">\n    <div class=\"row\">\n        <div class=\"col-md-3 col-sm-6\">\n            <em class=\"porto-icon-truck\" style=\"color: #fff;\"></em>\n            <div class=\"text-area\"><h3 style=\"color: #fff;\">FREE SHIPPING</h3><p>Free shipping on all orders over $99.</p></div>\n        </div>\n        <div class=\"col-md-3 col-sm-6\">\n            <em class=\"porto-icon-dollar\" style=\"color: #fff;\"></em>\n            <div class=\"text-area\"><h3 style=\"color: #fff;\">MONEY BACK GUARANTEE</h3><p>100% money back guarantee</p></div>\n        </div>\n        <div class=\"col-md-3 col-sm-6 sm-bd-0\">\n            <em class=\"porto-icon-lifebuoy\" style=\"color: #fff;\"></em>\n            <div class=\"text-area\"><h3 style=\"color: #fff;\">ONLINE SUPPORT 24/7</h3><p>Lorem ipsum dolor sit amet.</p></div>\n        </div>\n        <div class=\"col-md-3 col-sm-6\">\n            <em class=\"porto-icon-chat\" style=\"color: #fff;\"></em>\n            <div class=\"text-area\"><h3 style=\"color: #fff;\">LIVE CHAT</h3><p>Lorem ipsum dolor sit amet.</p></div>\n        </div>\n    </div>\n</div>','2017-01-08 11:00:56','2017-01-08 11:00:56',1),(39,'Porto - Category Banner(Fashion)','porto_category_banner_fashion','<div id=\"fashion-category-banner\" class=\"owl-carousel owl-banner-carousel category-boxed-banner owl-bottom-narrow\">\n    <div class=\"item\">\n        <img src=\"{{media url=\"wysiwyg/smartwave/porto/category/fashion/02-01.png\"}}\" alt=\"\" />\n        <div class=\"banner-text\" style=\"top:37%;\">\n            <h2 style=\"background-color:transparent;color:#2b2b2b;margin:0;\">CATEGORY <b>BANNER</b></h2><br>\n            <p style=\"max-width: 280px;background-color:transparent;color:#2b2b2b;font-weight:400;\">Set banners and description for any category of your website.</p>\n        </div>\n    </div>\n    <div class=\"item\">\n        <img src=\"{{media url=\"wysiwyg/smartwave/porto/category/fashion/02-02.png\"}}\" alt=\"\" />\n        <div class=\"banner-text\" style=\"top:45%;\">\n            <img src=\"{{media url=\"wysiwyg/smartwave/porto/category/fashion/02-02-01.png\"}}\" alt=\"\" style=\"vertical-align:middle;width:auto;max-width:50%;display:inline-block;\">\n            <a href=\"#\" class=\"shop-now\" style=\"color:#2b2b2b;vertical-align:middle;\">Shop now &gt;</a>\n        </div>\n    </div>\n</div>\n<script type=\"text/javascript\">\n    require([\n        \'jquery\',\n        \'owl.carousel/owl.carousel.min\'\n    ], function ($) {\n        $(\"#fashion-category-banner\").owlCarousel({\n            items: 1,\n            autoplay: false,\n            autoplayTimeout: 5000,\n            autoplayHoverPause: true,\n            dots: true,\n            nav: false,\n            navRewind: true,\n            animateIn: \'fadeIn\',\n            animateOut: \'fadeOut\',\n            loop: true\n        });\n    });\n</script>','2017-01-08 11:00:56','2017-01-08 11:00:56',1),(40,'Porto - Custom Tab','porto_custom_tab','<table class=\"table table-sizing-guide\">\n    <thead>\n        <tr>\n            <th colspan=\"6\"><b>Clothing - Single Size Conversion (Continued)</b></th>\n        </tr>\n    </thead>\n    <tbody>\n        <tr>\n            <td>UK</td>\n            <td>18</td>\n            <td>20</td>\n            <td>22</td>\n            <td>24</td>\n            <td>26</td>\n        </tr>\n        <tr>\n            <td>European</td>\n            <td>46</td>\n            <td>48</td>\n            <td>50</td>\n            <td>52</td>\n            <td>54</td>\n        </tr>\n        <tr>\n            <td>US</td>\n            <td>14</td>\n            <td>16</td>\n            <td>18</td>\n            <td>20</td>\n            <td>22</td>\n        </tr>\n        <tr>\n            <td>Australia</td>\n            <td>8</td>\n            <td>10</td>\n            <td>12</td>\n            <td>14</td>\n            <td>16</td>\n        </tr>\n    </tbody>\n</table>','2017-01-08 11:00:56','2017-01-08 11:00:56',1),(41,'Porto - Custom Header Block for Type 8','porto_custom_block_type_8','<a href=\"#\">FASHION PROMO</a>\n<a href=\"#\">WOMAN SHOES</a>\n<a href=\"#\">50% OFF FASHION</a>','2017-01-08 11:00:56','2017-01-08 11:00:56',1),(42,'Porto - Footer Middle Logo Block for Home12','porto_footer_middle_logo_block_for_12','<div class=\"block\">\n    <div class=\"block-title\"><strong><span>Who We Are</span></strong></div>\n    <div class=\"block-content\">\n        <img src=\"{{media url=\"wysiwyg/smartwave/porto/footer/footer_logo_red.png\"}}\" alt=\"\" />\n        <p style=\"margin: 20px 0 0;\">Lorem ipsum dolor sit amet, consectetur adipiscing elit.<br/><br/>\n        <span style=\"font-weight: 600;\"><a href=\"http://themeforest.net/item/porto-ecommerce-ultimate-magento-theme/9725864?ref=SW-THEMES&amp;license=regular&amp;open_purchase_for_item_id=9725864&amp;purchasable=source\">Buy Porto eCommerce</a></span></p>\n    </div>\n</div>','2017-01-08 11:00:56','2017-01-08 11:00:56',1),(43,'Porto - Footer Middle Logo Block for Home15','porto_footer_middle_logo_block_for_15','<div class=\"block\">\n    <div class=\"block-title\"><strong><span>Who We Are</span></strong></div>\n    <div class=\"block-content\">\n        <img src=\"{{media url=\"wysiwyg/smartwave/porto/footer/footer_logo_black.png\"}}\" alt=\"\" />\n        <p style=\"margin: 20px 0 0;\">Lorem ipsum dolor sit amet, consectetur adipiscing elit.<br/><br/>\n        <span style=\"font-weight: 600;\"><a href=\"http://themeforest.net/item/porto-ecommerce-ultimate-magento-theme/9725864?ref=SW-THEMES&amp;license=regular&amp;open_purchase_for_item_id=9725864&amp;purchasable=source\">Buy Porto eCommerce</a></span></p>\n    </div>\n</div>','2017-01-08 11:00:56','2017-01-08 11:00:56',1),(44,'Porto - Custom Notice Block','porto_custom_notice','<div class=\"top-newsletter\" style=\"background-color: #587072; padding: 10px 0;text-align:center\">\r\n    <div class=\"container\">\r\n        <div class=\"row\">\r\n            <div class=\"col-sm-12\">\r\n                <span style=\"color: #fff; font-size: 16px; font-family: Georgia; line-height: 30px;\"><b>SALE:</b> use coupon code <b>HAIR</b> to save 25%</span>\r\n            </div>\r\n          \r\n        </div>\r\n    </div>\r\n</div>','2017-01-08 11:00:56','2017-01-08 14:09:27',1),(45,'Porto - Custom Block for Header Type 10','porto_custom_block_for_header_type_10','<div style=\"font-size:15px;color:#fff;line-height:1.4;margin-bottom:15px;\">\n<em class=\"porto-icon-phone\" style=\"margin-right: 5px;\"></em><span>(+404) 158 14 25 78</span>\n</div>\n<ul class=\"social-icons\">\n    <li><a class=\"facebook-link\" href=\"#\"><em class=\"porto-icon-facebook\"></em></a></li>\n    <li><a class=\"twitter-link\" href=\"#\"><em class=\"porto-icon-twitter\"></em></a></li>\n    <li><a class=\"linkedin-link\" href=\"#\"><em class=\"porto-icon-linkedin-squared\"></em></a></li>\n</ul>\n<address>©Copyright 2016 by SW-THEMES.</address>','2017-01-08 11:00:56','2017-01-08 11:00:56',1),(46,'Porto - Homepage Slider 19','porto_homeslider_19','<div class=\"full-screen-slider\">\n    <div id=\"banner-slider-demo-19\" class=\"owl-carousel owl-bottom-narrow owl-banner-carousel\">\n        <div class=\"item\">\n            <div style=\"width:100%;height:100%;background:url({{media url=\"wysiwyg/smartwave/porto/homepage/19/slider/slide1.jpg\"}}) 80% center no-repeat; background-size:cover;\"></div>\n            <div class=\"slide-content\" style=\"position: absolute; z-index: 5; left: 10.5%; top: 35%; text-align: left;\">\n                <h2 style=\"color: #000;\">WINTER SALE<br/>70% OFF</h2>\n                <p style=\"color: #000;\">Shop new styles added to sale online.</p>\n                <a class=\"btn-line\" href=\"#\">SHOP NOW</a>\n            </div>\n        </div>\n        <div class=\"item\">\n            <div style=\"width:100%;height:100%;background:url({{media url=\"wysiwyg/smartwave/porto/homepage/19/slider/slide2.jpg\"}}) 80% center no-repeat; background-size:cover;\"></div>\n            <div class=\"slide-content\" style=\"position: absolute; z-index: 5; left: 10.5%; top: 35%; text-align: left;\">\n                <h2 style=\"color: #000;\">NEW SUMMER<br/>COLLECTION</h2>\n                <p style=\"color: #000;\">New styles added to summer collection.</p>\n                <a class=\"btn-line\" href=\"#\">SHOP NOW</a>\n            </div>\n        </div>\n        <div class=\"item\">\n            <div style=\"width:100%;height:100%;background:url({{media url=\"wysiwyg/smartwave/porto/homepage/19/slider/slide3.jpg\"}}) 80% center no-repeat; background-size:cover;\"></div>\n            <div class=\"slide-content\" style=\"position: absolute; z-index: 5; left: 10.5%; top: 35%; text-align: left;\">\n                <h2 style=\"color: #000;\">CONVERSE<br/>30% OFF</h2>\n                <p style=\"color: #000;\">Outlet converse 30% off for you.</p>\n                <a class=\"btn-line\" href=\"#\">SHOP NOW</a>\n            </div>\n        </div>\n    </div>\n    <script type=\"text/javascript\">\n        require([\n            \'jquery\',\n            \'owl.carousel/owl.carousel.min\'\n        ], function ($) {\n            var owl_3 = $(\"#banner-slider-demo-19\").owlCarousel({\n                items: 1,\n                autoplay: true,\n                autoplayTimeout: 5000,\n                autoplayHoverPause: true,\n                dots: true,\n                navRewind: true,\n                animateIn: \'fadeIn\',\n                animateOut: \'fadeOut\',\n                loop: true,\n                nav: false,\n                navText: [\"<em class=\'porto-icon-chevron-left\'></em>\",\"<em class=\'porto-icon-chevron-right\'></em>\"]\n            });\n        });\n    </script>\n</div>\n<style type=\"text/css\">\n#banner-slider-demo-19 .owl-controls {\n    text-align: left;\n    padding-left: 10%;\n    bottom: 8%;\n}\n#banner-slider-demo-19 .owl-dots .owl-dot span {\n    width: 12px;\n    height: 12px;\n    border-width: 2px;\n}\n</style>','2017-01-08 11:00:56','2017-01-08 11:00:56',1),(47,'Porto - Custom Block for Header Type12','porto_custom_block_for_header_type12','<a href=\"https://www.facebook.com/\" title=\"Facebook\" target=\"_blank\"><em class=\"porto-icon-facebook\"></em></a>\n<a href=\"https://twitter.com/\" title=\"Twitter\" target=\"_blank\"><em class=\"porto-icon-twitter\"></em></a>\n<a href=\"https://www.instagram.com/\" title=\"Instagram\" target=\"_blank\"><em class=\"porto-icon-instagram\"></em></a>','2017-01-08 11:00:56','2017-01-08 11:00:56',1),(48,'Porto - Footer Middle - 1st Column for Demo19','porto_footer_middle_1_for_19','<img src=\"{{media url=\"wysiwyg/smartwave/porto/footer/logo_white_plus.png\"}}\" alt=\"\" />','2017-01-08 11:00:56','2017-01-08 11:00:56',1),(49,'Porto - Footer Middle - 2nd Column for Demo19','porto_footer_middle_2_for_19','<div class=\"block\">\n    <div class=\"block-title\"><strong>SHOP</strong></div>\n    <div class=\"block-content\">\n        <ul class=\"links\">\n            <li><a href=\"#\" title=\"Fashion & Clothes\">Fashion & Clothes</a></li>\n            <li><a href=\"#\" title=\"Electronics & Computers\">Electronics & Computers</a></li>\n            <li><a href=\"#\" title=\"Toys & Hobbies\">Toys & Hobbies</a></li>\n            <li><a href=\"#\" title=\"Home & Garden\">Home & Garden</a></li>\n            <li><a href=\"#\" title=\"Decor & Furniture\">Decor & Furniture</a></li>\n            <li><a href=\"#\" title=\"Sports & Fitness\">Sports & Fitness</a></li>\n            <li><a href=\"#\" title=\"Gifts\">Gifts</a></li>\n        </ul>\n    </div>\n</div>','2017-01-08 11:00:56','2017-01-08 11:00:56',1),(50,'Porto - Footer Middle - 3rd Column for Demo19','porto_footer_middle_3_for_19','<div class=\"block\">\n    <div class=\"block-title\"><strong>MENU</strong></div>\n    <div class=\"block-content\">\n        <ul class=\"links\">\n            <li><a href=\"#\" title=\"My Account\">My Account</a></li>\n            <li><a href=\"#\" title=\"Daily Deal\">Daily Deal</a></li>\n            <li><a href=\"#\" title=\"My Wishlist\">My Wishlist</a></li>\n            <li><a href=\"#\" title=\"Blog\">Blog</a></li>\n            <li><a href=\"#\" title=\"Login\">Login</a></li>\n            <li><a href=\"#\" title=\"About Us\">About Us</a></li>\n            <li><a href=\"#\" title=\"Contact\">Contact</a></li>\n        </ul>\n    </div>\n</div>','2017-01-08 11:00:56','2017-01-08 11:00:56',1),(51,'Porto - Footer Middle - 4th Column for Demo19','porto_footer_middle_4_for_19','<div class=\"block\" style=\"margin-bottom:50px;\">\n    <div class=\"block-title\"><strong>FOLLOW US</strong></div>\n    <div class=\"block-content\">\n        <a href=\"https://www.facebook.com/\" title=\"Facebook\" target=\"_blank\" style=\"font-size: 22px;margin: 0 10px;margin-left: -10px;\"><i class=\"porto-icon-facebook\"></i></a>\n        <a href=\"https://twitter.com/\" title=\"Twitter\" target=\"_blank\" style=\"font-size: 22px;margin: 0 10px;\"><i class=\"porto-icon-twitter\"></i></a>\n        <a href=\"https://www.instagram.com/\" title=\"Instagram\" target=\"_blank\" style=\"font-size: 22px;margin: 0 10px;\"><i class=\"porto-icon-instagram\"></i></a>\n    </div>\n</div>\n<div class=\"block\">\n    <div class=\"block-title\"><strong>NEWSLETTER</strong></div>\n    <div class=\"block-content\">\n        {{block class=\"Magento\\Newsletter\\Block\\Subscribe\" name=\"subscribe_form\" template=\"subscribe_form.phtml\"}}\n    </div>\n</div>','2017-01-08 11:00:56','2017-01-08 11:00:56',1),(52,'Porto - Homepage Slider 20','porto_homeslider_20','<div class=\"full-screen-slider\">\n    <div id=\"banner-slider-demo-20\" class=\"owl-carousel owl-banner-carousel\" data-slider-id=\"1\">\n        <div class=\"item\" style=\"background:url({{media url=\"wysiwyg/smartwave/porto/homepage/20/slider/01.jpg\"}}) center center / cover no-repeat; position: relative;\">\n            <div class=\"content\" style=\"left:20%;top:30%;width:auto;\">\n                <h2 style=\"color: #fff;\">Running<br>shoes</h2>\n                <a href=\"#\">SEE MORE</a>\n            </div>\n            <ul class=\"scene\" style=\"width:100%;height:100%:\">\n                <li class=\"layer\" data-depth=\"0.05\">\n                    <img src=\"{{media url=\"wysiwyg/smartwave/porto/homepage/20/slider/green_shoes.png\"}}\" alt=\"\" />\n                </li>\n                <li class=\"layer\" data-depth=\"0.06\">\n                    <img src=\"{{media url=\"wysiwyg/smartwave/porto/homepage/20/slider/blurflake1.png\"}}\" style=\"position:absolute;top:40%;left:35%\" alt=\"\" />\n                </li>\n                <li class=\"layer\" data-depth=\"0.07\">\n                    <img src=\"{{media url=\"wysiwyg/smartwave/porto/homepage/20/slider/blurflake2.png\"}}\" class=\"animation-spin\" style=\"position:absolute;top:20%;left:50%\" alt=\"\" />\n                </li>\n                <li class=\"layer\" data-depth=\"0.10\">\n                    <img src=\"{{media url=\"wysiwyg/smartwave/porto/homepage/20/slider/blurflake3.png\"}}\" class=\"animation-wave\" style=\"position:absolute;top:50%;left:80%\" alt=\"\" />\n                </li>\n                <li class=\"layer\" data-depth=\"0.15\">\n                    <img src=\"{{media url=\"wysiwyg/smartwave/porto/homepage/20/slider/blurflake4.png\"}}\" style=\"position:absolute;top:70%;left:55%\" alt=\"\" />\n                </li>\n            </ul>\n        </div>\n        <div class=\"item\" style=\"background:url({{media url=\"wysiwyg/smartwave/porto/homepage/20/slider/02.jpg\"}}) center center / cover no-repeat; position: relative;\">\n            <ul class=\"scene\" style=\"width:100%;height:100%:\">\n                <li class=\"layer\" data-depth=\"0.05\">\n                    <img src=\"{{media url=\"wysiwyg/smartwave/porto/homepage/20/slider/watch.png\"}}\" alt=\"\" />\n                </li>\n            </ul>\n            <div class=\"content\" style=\"left:20%;top:30%;width:auto;\">\n                <h2 style=\"color: #fff;\">Running smart<br>watch</h2>\n                <a href=\"#\">SEE MORE</a>\n            </div>\n        </div>\n        <div class=\"item\" style=\"background:url({{media url=\"wysiwyg/smartwave/porto/homepage/20/slider/03.jpg\"}}) center center / cover no-repeat; position: relative;\">\n            <ul class=\"scene\" style=\"width:100%;height:100%:\">\n                <li class=\"layer\" data-depth=\"0.05\">\n                    <img src=\"{{media url=\"wysiwyg/smartwave/porto/homepage/20/slider/ball.png\"}}\" alt=\"\" />\n                </li>\n            </ul>\n            <div class=\"content\" style=\"left:20%;top:30%;width:auto;\">\n                <h2 style=\"color: #fff;\">Football<br>accessories</h2>\n                <a href=\"#\">SEE MORE</a>\n            </div>\n        </div>\n    </div>\n    <div class=\"owl-thumbs\" data-slider-id=\"1\">\n        <button class=\"owl-thumb-item\"><img src=\"{{media url=\"wysiwyg/smartwave/porto/homepage/20/slider/01_thumb.jpg\"}}\"/></button>\n        <button class=\"owl-thumb-item\"><img src=\"{{media url=\"wysiwyg/smartwave/porto/homepage/20/slider/02_thumb.jpg\"}}\"/></button>\n        <button class=\"owl-thumb-item\"><img src=\"{{media url=\"wysiwyg/smartwave/porto/homepage/20/slider/03_thumb.jpg\"}}\"/></button>\n    </div>\n    <script type=\"text/javascript\">\n        require([\n            \'jquery\',\n            \'owl.carousel/owl.carousel\'\n        ], function ($) {\n            var owl_20 = $(\"#banner-slider-demo-20\").owlCarousel({\n                items: 1,\n                autoplay: true,\n                autoplayTimeout: 5000,\n                autoplayHoverPause: true,\n                dots: false,\n                navRewind: true,\n                animateIn: \'fadeIn\',\n                animateOut: \'fadeOut\',\n                thumbs: true,\n                thumbImage: false,\n                thumbsPrerendered: true,\n                thumbContainerClass: \'owl-thumbs\',\n                thumbItemClass: \'owl-thumb-item\',\n                loop: true,\n                nav: false,\n                navText: [\"<em class=\'porto-icon-chevron-left\'></em>\",\"<em class=\'porto-icon-chevron-right\'></em>\"]\n            });\n        });\n        require([\n            \'jquery\',\n            \'js/jquery.parallax.min\'\n        ], function ($) {\n            $(document).ready(function(){\n                $(\'.scene\').parallax();\n            });\n        });\n    </script>\n</div>','2017-01-08 11:00:56','2017-01-08 11:00:56',1),(53,'Porto - Footer Middle - 1st Column for Demo20','porto_footer_middle_1_for_20','<div class=\"row\">\n    <div class=\"col-md-6\">\n        <div class=\"block\">\n            <div class=\"block-content\">\n                <img src=\"{{media url=\"wysiwyg/smartwave/porto/footer/logo_white_plus.png\"}}\" alt=\"\" />\n            </div>\n        </div>\n    </div>\n    <div class=\"col-md-6\">\n        <div class=\"block\">\n            <div class=\"block-title\"><strong>Features</strong></div>\n            <div class=\"block-content\">\n                <ul class=\"links\">\n                    <li><a href=\"#\" title=\"Men\">MEN</a></li>\n                    <li><a href=\"#\" title=\"Women\">WOMEN</a></li>\n                    <li><a href=\"#\" title=\"Boys\">BOYS</a></li>\n                    <li><a href=\"#\" title=\"Girls\">GIRLS</a></li>\n                    <li><a href=\"#\" title=\"New Arrivals\">NEW ARRIVALS</a></li>\n                    <li><a href=\"#\" title=\"Shoes\">SHOES</a></li>\n                    <li><a href=\"#\" title=\"Clothes\">CLOTHES</a></li>\n                    <li><a href=\"#\" title=\"Accessories\">ACCESSORIES</a></li>\n                </ul>\n            </div>\n        </div>\n    </div>\n</div>','2017-01-08 11:00:56','2017-01-08 11:00:56',1),(54,'Porto - Footer Middle - 2nd Column for Demo20','porto_footer_middle_2_for_20','<div class=\"block\">\n    <div class=\"block-title\"><strong>Menu</strong></div>\n    <div class=\"block-content\">\n        <ul class=\"links\">\n            <li><a href=\"#\" title=\"About Us\">ABOUT US</a></li>\n            <li><a href=\"#\" title=\"Contact Us\">CONTACT US</a></li>\n            <li><a href=\"#\" title=\"My Account\">MY ACCOUNT</a></li>\n            <li><a href=\"#\" title=\"Blog\">ORDERS HISTORY</a></li>\n            <li><a href=\"#\" title=\"My Wishlist\">MY WISHLIST</a></li>\n            <li><a href=\"#\" title=\"Blog\">BLOG</a></li>\n            <li><a href=\"#\" title=\"Login\">LOGIN</a></li>\n        </ul>\n    </div>\n</div>','2017-01-08 11:00:56','2017-01-08 11:00:56',1),(55,'Porto - Footer Middle - 3rd Column for Demo20','porto_footer_middle_3_for_20','<div class=\"block\">\n    <div class=\"block-title\"><strong>Contact us</strong></div>\n    <div class=\"block-content\">\n        <ul class=\"contact-info\">\n            <li><p><b style=\"color:#fff;\">ADDRESS:</b><br/>123 STREET NAME, CITY, ENGLAND</p></li>\n            <li><p><b style=\"color:#fff;\">PHONE:</b><br/>(123) 456-7890</p></li>\n            <li><p><b style=\"color:#fff;\">EMAIL:</b><br/><a href=\"mailto:mail@example.com\">MAIL@EXAMPLE.COM</a></p></li>\n            <li><p><b style=\"color:#fff;\">WORKING DAYS/HOURS:</b><br/>MON - SUN / 9:00AM - 8:00PM<br/><span style=\"color: #0f0;\">OPEN NOW</span></p></li>\n        </ul>\n    </div>\n</div>','2017-01-08 11:00:56','2017-01-08 11:00:56',1),(56,'Porto - Footer Middle - 4th Column for Demo20','porto_footer_middle_4_for_20','<div class=\"row\">\n    <div class=\"col-md-6\">\n        <div class=\"block\" style=\"margin-bottom:50px;\">\n            <div class=\"block-title\"><strong>Follow us</strong></div>\n            <div class=\"block-content\">\n                <p><a href=\"https://www.facebook.com/\" title=\"Facebook\" target=\"_blank\" style=\"font-size: 22px;\"><i class=\"porto-icon-facebook\" style=\"color:#fff;vertical-align:middle;\"></i><span style=\"font-size: 13px;vertical-align:middle;margin-left:5px;\">FACEBOOK</span></a></p>\n                <p><a href=\"https://twitter.com/\" title=\"Twitter\" target=\"_blank\" style=\"font-size: 22px;\"><i class=\"porto-icon-twitter\" style=\"color:#fff;vertical-align:middle;\"></i><span style=\"font-size: 13px;vertical-align:middle;margin-left:5px;\">TWITTER</span></a></p>\n                <p><a href=\"https://www.instagram.com/\" title=\"Instagram\" target=\"_blank\" style=\"font-size: 22px;\"><i class=\"porto-icon-instagram\" style=\"color:#fff;vertical-align:middle;\"></i><span style=\"font-size: 13px;vertical-align:middle;margin-left:5px;\">INSTAGRAM</span></a></p>\n            </div>\n        </div>\n    </div>\n    <div class=\"col-md-6\">\n        <div class=\"block\">\n            <div class=\"block-title\"><strong>Join us</strong></div>\n            <div class=\"block-content\">\n                <p>JOIN THE WORLD<br/>OF PORTO ECOMMERCE</p>\n                {{block class=\"Magento\\Newsletter\\Block\\Subscribe\" name=\"subscribe_form\" template=\"subscribe_form.phtml\"}}\n            </div>\n        </div>\n    </div>\n</div>','2017-01-08 11:00:56','2017-01-08 11:00:56',1),(57,'Porto - Custom Block for Product Page Main Area','porto_product_main_custom_block','<img src=\"{{media url=\"wysiwyg/smartwave/porto/product/custom_image.jpg\"}}\" alt=\"\" style=\"max-width: 100%; float: right;\" />','2017-01-08 11:00:56','2017-01-09 16:16:12',0),(58,'Porto - Footer Middle - 1st Column for Demo3','porto_footer_middle_1_for_3','<div class=\"block\">\n    <div class=\"block-title\"><strong>MENU</strong></div>\n    <div class=\"block-content\">\n        <ul class=\"links\">\n            <li><a href=\"{{store url=\"\"}}about-porto-2\" title=\"About Us\">About Us</a></li>\n            <li><a href=\"{{store url=\"\"}}customer/account\" title=\"My Account\">My Account</a></li>\n            <li><a href=\"{{store url=\"\"}}sales/order/history\" title=\"Orders History\">Orders History</a></li>\n            <li><a href=\"{{store url=\"\"}}catalogsearch/advanced\" title=\"Advanced Search\">Advanced Search</a></li>\n        </ul>\n    </div>\n</div>','2017-01-08 11:00:56','2017-01-08 11:00:56',1),(59,'Porto - Footer Middle - 2nd Column for Demo3','porto_footer_middle_2_for_3','<div class=\"block\">\n    <div class=\"block-title\"><strong>FEATURES</strong></div>\n    <div class=\"block-content\">\n        <ul class=\"links\">\n            <li><a href=\"#\" title=\"Page 1 - Lorem ipsum dolor\">Page 1 - Lorem ipsum dolor</a></li>\n            <li><a href=\"#\" title=\"Page 2 - Consectetur\">Page 2 - Consectetur</a></li>\n            <li><a href=\"#\" title=\"Page 3 - Adipiscing elit\">Page 3 - Adipiscing elit</a></li>\n            <li><a href=\"#\" title=\"Page 4 - Integer iaculis nisl\">Page 4 - Integer iaculis nisl</a></li>\n            <li><a href=\"#\" title=\"Page 5 - Pretium Ligula ornare\">Page 5 - Pretium Ligula ornare</a></li>\n            <li><a href=\"#\" title=\"Page 6 - Pellentesque\">Page 6 - Pellentesque</a></li>\n        </ul>\n    </div>\n</div>','2017-01-08 11:00:56','2017-01-08 11:00:56',1),(60,'Porto - Footer Middle - 3rd Column for Demo3','porto_footer_middle_3_for_3','<div class=\"block\">\n    <div class=\"block-title\"><strong>CONTACT US</strong></div>\n    <div class=\"block-content\">\n        <ul class=\"contact-info\">\n            <li><p>Address:<br/>123 Street Name, City,<br/>United States</p></li>\n            <li><p>Phone:<br/>(123) 456-7890</p></li>\n            <li><p>Email:<br/>mail@example.com</p></li>\n            <li><p>Working Days/Hours:<br/>Mon - Sun / 9:00AM - 8:00PM<br/><span style=\"color: #0f0;\">Open now</span></p></li>\n        </ul>\n    </div>\n</div>','2017-01-08 11:00:56','2017-01-08 11:00:56',1),(61,'Porto - Footer Middle - 4th Column for Demo3','porto_footer_middle_4_for_3','<div class=\"row\">\n    <div class=\"col-md-6\">\n        <div class=\"block\" style=\"margin-bottom:50px;\">\n            <div class=\"block-title\"><strong>FOLLOW US</strong></div>\n            <div class=\"block-content\">\n                <p><a href=\"https://www.facebook.com/\" title=\"Facebook\" target=\"_blank\" style=\"font-size: 22px;\"><i class=\"porto-icon-facebook\" style=\"color:#fff;vertical-align:middle;\"></i><span style=\"font-size: 13px;vertical-align:middle;margin-left:5px;\">FACEBOOK</span></a></p>\n                <p><a href=\"https://twitter.com/\" title=\"Twitter\" target=\"_blank\" style=\"font-size: 22px;\"><i class=\"porto-icon-twitter\" style=\"color:#fff;vertical-align:middle;\"></i><span style=\"font-size: 13px;vertical-align:middle;margin-left:5px;\">TWITTER</span></a></p>\n                <p><a href=\"https://www.instagram.com/\" title=\"Instagram\" target=\"_blank\" style=\"font-size: 22px;\"><i class=\"porto-icon-instagram\" style=\"color:#fff;vertical-align:middle;\"></i><span style=\"font-size: 13px;vertical-align:middle;margin-left:5px;\">INSTAGRAM</span></a></p>\n            </div>\n        </div>\n    </div>\n    <div class=\"col-md-6\">\n        <div class=\"block\">\n            <div class=\"block-title\"><strong>JOIN US</strong></div>\n            <div class=\"block-content\">\n                <p style=\"margin-bottom: 20px;\">Get all the latest information on Events,<br>Sales and Offers. Sign up for newsletter today.</p>\n                {{block class=\"Magento\\Newsletter\\Block\\Subscribe\" name=\"subscribe_form\" template=\"subscribe_form.phtml\"}}\n            </div>\n        </div>\n    </div>\n</div>','2017-01-08 11:00:56','2017-01-08 11:00:56',1),(62,'Lightbox','lightbox','<script type=\"text/javascript\">\r\n    require([\'jquery\',\'lightbox/lightbox\']);\r\n</script>\r\n','2017-01-08 13:40:13','2017-01-08 13:40:13',1),(63,'Header - Contact Phone','header-info-right','<span style=\"float:right\" class=\"hidden-xs\"><strong style=\"font-size: 16px; padding-right: 20px;\">Questions?</strong><i class=\"icon-phone3\" style=\"font-size:17px; vertical-align:sub\"> </i><strong style=\"font-size: 16px; padding-right: 20px;\"> 800-392-6505</strong></span>','2017-01-08 14:11:55','2017-02-20 13:09:43',1),(64,'Header - Free Shipping','header-info-left','<strong style=\"font-size: 16px;\" class=\"hidden-xs\"> <i class=\"icon-truck2 rightmargin-xs\"></i> FREE Shipping - on orders over $30 </strong>','2017-01-08 14:13:09','2017-01-08 14:13:09',1),(65,'Twenty - Photo Slider','twenty_photo_slider','<section id=\"kcontent\">\r\n				<div class=\"container\">\r\n\r\n					<div class=\"center top-margin-lg\">\r\n						<h2><strong>INSTANT REMARKABLE RESULTS</strong></h2>\r\n						   \r\n</div>\r\n	  <div class=\"col-md-6\">\r\n		<p class=\"center\">SLIDE to see Susan\'s Results</p>\r\n		 <div class=\"twentytwenty-container center\">\r\n          <img src=\"{{media url=\"images/susan-before.jpg\"}}\" />\r\n          <img src=\"{{media url=\"images/susan-after.jpg\"}}\" />\r\n\r\n        </div>\r\n        \r\n      </div>\r\n      <div class=\"col-md-6\">\r\n		<p class=\"center\">SLIDE to see Steve\'s Results</p>\r\n        <div class=\"twentytwenty-container center\">\r\n          <img src=\"{{media url=\"images/steve-before.jpg\"}}\" />\r\n          <img src=\"{{media url=\"images/steve-after.jpg\"}}\" />\r\n        </div>\r\n      </div>\r\n\r\n   \r\n				</div>\r\n</section>\r\n<script type=\"text/javascript\">\r\n    require([\r\n        \'jquery\',\r\n        \'twenty.twenty/jquery.event.move\',\r\n         \'twenty.twenty/jquery.twentytwenty\'\r\n    ], function ($) {\r\n      $(window).load(function(){\r\n      $(\".twentytwenty-container[data-orientation!=\'vertical\']\").twentytwenty({default_offset_pct: 0.5});\r\n      $(\".twentytwenty-container[data-orientation=\'vertical\']\").twentytwenty({default_offset_pct: 0.3, orientation: \'vertical\'});\r\n    });\r\n });\r\n</script>\r\n','2017-01-08 14:18:24','2017-01-08 14:19:37',1),(66,'Social Bar','social_bar','<div id=\"social\">\r\n<div class=\"container\">\r\n			\r\n					<div class=\"col-md-3 col-sm-12 col-xs-12 center\">\r\n						CONNECT WITH US<br>\r\n						\r\n					</div>\r\n					<div class=\"col-md-2 col-sm-6 col-xs-12\">\r\n						<a href=\"#\" class=\"social-icon si-colored si-small si-rounded si-facebook\">\r\n	<i class=\"icon-facebook\"></i>\r\n	<i class=\"icon-facebook\"></i>\r\n</a>\r\n		\r\n<span class=\"leftmargin-social\">Share with Us	</span>\r\n					</div>\r\n				<div class=\"col-md-2 col-sm-6 col-xs-12\">\r\n					<a href=\"#\" class=\"social-icon si-colored si-small si-rounded si-pinterest\">\r\n	<i class=\"icon-pinterest\"></i>\r\n	<i class=\"icon-pinterest\"></i>\r\n</a>\r\n			\r\n			<span class=\"leftmargin-social\">Pin Us</span>\r\n				</div>\r\n					\r\n					<div class=\"col-md-2 col-sm-6 col-xs-12\">\r\n					<a href=\"#\" class=\"social-icon si-colored si-small si-rounded si-twitter\">\r\n	<i class=\"icon-twitter\"></i>\r\n	<i class=\"icon-twitter\"></i>\r\n</a>\r\n\r\n<span class=\"leftmargin-social\">Follow Us</span>\r\n					</div>	\r\n				\r\n<div class=\"col-md-2 col-sm-6 col-xs-12\">\r\n<a href=\"#\" class=\"social-icon si-colored si-small si-rounded si-instagram\">\r\n	<i class=\"icon-instagram\"></i>\r\n	<i class=\"icon-instagram\"></i>\r\n</a>\r\n\r\n<span class=\"leftmargin-social\">Instagram Us</span>\r\n						\r\n					</div>\r\n\r\n<div class=\"col-md-1\"></div>\r\n\r\n			</div>\r\n\r\n			</div>\r\n','2017-01-08 14:20:28','2017-01-08 14:20:28',1),(67,'Hover Tile (3)','hover_tile','<div class=\"container khovertile-format\">\r\n<div class=\"row\">			\r\n                                    <div class=\"col-sm-4 top-margin-md\">\r\n\r\n						<div class=\"feature-box center media-box fbox-bg tile-width-home\">\r\n							\r\n                                           <div class=\"fbox-media\">\r\n					 <a href=\"{{store url=\'\'}}hair-fiber-results\" class=\"level-top\">\r\n                                         <img class=\"image_fade\" src=\"{{media url=\"images/before-after-tile.jpg\"}}\" alt=\"Hair Fibers Before and After\"></a>\r\n							</div>\r\n\r\n							<div class=\"fbox-desc\">\r\n								<h3>Results Gallery<span class=\"subtitle\">See the remarkable results</span></h3>\r\n							</div>\r\n						</div>\r\n					</div>\r\n\r\n					<div class=\"col-sm-4 top-margin-md\">\r\n						<div class=\"feature-box center media-box fbox-bg tile-width-home\">\r\n							<div class=\"fbox-media\">\r\n								<img class=\"image_fade\" src=\"{{media url=\"images/made-in-usa-red.jpg\"}}\" alt=\"Fibers Made in USA\">\r\n\r\n\r\n							</div>\r\n							<div class=\"fbox-desc\">\r\n								<h3>Quality Made in the U.S.A.<span class=\"subtitle\">We believe that anything that comes into\r\n								contact with your skin should be safe and non-toxic.</span></h3>\r\n							</div>\r\n						</div>\r\n					</div>\r\n\r\n					<div class=\"col-sm-4 top-margin-md\">\r\n						<div class=\"feature-box center media-box fbox-bg tile-width-home\">\r\n							<div class=\"fbox-media\">\r\n								<img class=\"image_fade\" src=\"{{media url=\"images/color-shades.jpg\"}}\" alt=\"Hair Fiber Shades\">\r\n							</div>\r\n							<div class=\"fbox-desc\">\r\n								<h3>Choose from 8 different shades<span class=\"subtitle\">\r\n								Get just the right shade to complement your natural hair color.</span></h3>\r\n							</div>\r\n						</div>\r\n					</div>\r\n</div>\r\n</div>\r\n','2017-01-08 15:16:51','2017-04-10 04:21:30',1),(68,'Free Sample Bar','free_sample_bar','<div class=\"row-nm top-margin-sm bottom-margin-md\">\r\n<a href=\"free-sample.html\" class=\"button button-full button-dark center tright\">\r\n																								\r\n					<div class=\"container\">\r\n						Get Your Free Sample <i class=\"icon-caret-right\" style=\"top:4px;\"></i>\r\n					</div>\r\n</a>\r\n\r\n</div>\r\n</div>\r\n','2017-01-08 15:17:45','2017-03-04 14:12:46',0),(69,'How Fibers Work','how_fibers_work','<div class=\"row-nm kblock-format\">                        \r\n<div class=\"container clearfix\">\r\n						<div class=\"heading-block-w\">\r\n							<p class=\"kcenter klargefontwhite\">HOW KERAGEN WORKS</p>\r\n						<p class=\"kmidslogan\">Keragen\'s hair building fibers are electrically charged to bind to your existing\r\n						hair.  The fibers interlock with your existing hair to hide any thinning our balding areas, giving the appearance of thicker, fuller hair.		\r\n						</p>\r\n						</div>\r\n<div class=\"kblockcenter home-tile-padding\">\r\n						<div class=\"col-md-4\">							\r\n							<img src=\"{{media url=\"images/icon-thinning.png\"}}\"><br>\r\n							<div class=\"klables\">Thinning Area</div>													\r\n						</div>\r\n						<div class=\"col-md-4\">							\r\n							<img src=\"{{media url=\"images/icon-adhere.png\"}}\"><br>\r\n							<div class=\"klables\">Keragen Fibers Adhere to Hair</div>			\r\n							\r\n						</div>\r\n						<div class=\"col-md-4\">							\r\n							<img src=\"{{media url=\"images/icon-thicker.png\"}}\"><br>\r\n							<div class=\"klables\">Hair Appears Thicker</div>															\r\n						</div>\r\n</div>\r\n				</div>\r\n				\r\n\r\n</div>','2017-01-08 15:18:34','2017-01-08 15:19:36',1),(70,'Home Tile','home_tile','<div class=\"row-nm ktile-format\">\r\n						<div class=\"col-sm-4\">\r\n							<div class=\"feature-box fbox-plain fbox-dark fbox-small\">\r\n								<div class=\"fbox-icon\">\r\n									<img src=\"{{media url=\"images/water-orange.svg\"}}\">\r\n								</div>\r\n								<h3>Moisture and Sweat Resistant</h3>\r\n								<p id=\"kcontent-small\">The electrically charged fibers bond and blend to your own hair even if you get caught in the rain,\r\n								or sweat at the gym, yet easily washes out with any shampoo.</p>\r\n							</div>\r\n						</div>\r\n						<div class=\"col-sm-4\">\r\n							<div class=\"feature-box fbox-plain fbox-dark fbox-small\">\r\n								<div class=\"fbox-icon\">\r\n							        	<img src=\"{{media url=\"images/wind-orange.svg\"}}\">\r\n								</div>\r\n								<h3>Wind Proof</h3>\r\n								<p id=\"kcontent-small\">The fibers are charged with static electricity so they securely bond with your own hair. The fibers adhere to the hair even during high winds.</p>\r\n							</div>\r\n						</div>\r\n\r\n					<div class=\"col-sm-4\">\r\n							<div class=\"feature-box fbox-plain fbox-dark fbox-small\">\r\n								<div class=\"fbox-icon\">\r\n						         <img src=\"{{media url=\"images/natural-orange.svg\"}}\">\r\n								</div>\r\n								<h3>No Side Effects</h3>\r\n								<p id=\"kcontent-small\">Our fibers are derived from a natural source and does not contain ammonia or aluminum.\r\n							The fibers are hypoallergenic and completely safe to use on even the most sensitive scalps.</p>\r\n							</div>\r\n						</div>\r\n</div>\r\n','2017-01-08 15:20:44','2018-05-13 21:23:32',1),(71,'Free Sample Bar Home','free_sample_bar_home','<div class=\"row-nm top-margin-lg\">\r\n<a href=\"free-sample.html\" class=\"button button-full button-dark center tright\">\r\n																								\r\n					<div class=\"container\">\r\n						Get Your Free Sample <i class=\"icon-caret-right\" style=\"top:4px;\"></i>\r\n					</div>\r\n</a>\r\n\r\n</div>\r\n</div>','2017-02-20 13:30:58','2017-03-04 14:13:05',0);

--
