-- Table structure for table `design_change`
--

CREATE TABLE `design_change` (
  `design_change_id` int(11) NOT NULL AUTO_INCREMENT COMMENT 'Design Change Id',
  `store_id` smallint(5) unsigned NOT NULL DEFAULT '0' COMMENT 'Store Id',
  `design` varchar(255) DEFAULT NULL COMMENT 'Design',
  `date_from` date DEFAULT NULL COMMENT 'First Date of Design Activity',
  `date_to` date DEFAULT NULL COMMENT 'Last Date of Design Activity',
  PRIMARY KEY (`design_change_id`),
  KEY `DESIGN_CHANGE_STORE_ID` (`store_id`),
  CONSTRAINT `DESIGN_CHANGE_STORE_ID_STORE_STORE_ID` FOREIGN KEY (`store_id`) REFERENCES `store` (`store_id`) ON DELETE CASCADE
) ENGINE=InnoDB DEFAULT CHARSET=utf8 COMMENT='Design Changes';

--
-- Dumping data for table `design_change`
--


--
-- Table structure for table `design_config_grid_flat`
--

CREATE TABLE `design_config_grid_flat` (
  `entity_id` int(10) unsigned NOT NULL COMMENT 'Entity ID',
  `store_website_id` int(11) DEFAULT NULL COMMENT 'Store_website_id',
  `store_group_id` int(11) DEFAULT NULL COMMENT 'Store_group_id',
  `store_id` int(11) DEFAULT NULL COMMENT 'Store_id',
  `theme_theme_id` varchar(255) DEFAULT NULL COMMENT 'Theme_theme_id',
  PRIMARY KEY (`entity_id`),
  KEY `DESIGN_CONFIG_GRID_FLAT_STORE_WEBSITE_ID` (`store_website_id`),
  KEY `DESIGN_CONFIG_GRID_FLAT_STORE_GROUP_ID` (`store_group_id`),
  KEY `DESIGN_CONFIG_GRID_FLAT_STORE_ID` (`store_id`),
  FULLTEXT KEY `DESIGN_CONFIG_GRID_FLAT_THEME_THEME_ID` (`theme_theme_id`)
) ENGINE=InnoDB DEFAULT CHARSET=utf8 COMMENT='design_config_grid_flat';

--
-- Dumping data for table `design_config_grid_flat`
--

INSERT INTO `design_config_grid_flat` VALUES (0,NULL,NULL,NULL,''),(1,1,NULL,NULL,''),(2,1,1,1,'4');

--
-- Table structure for table `directory_country`
--

CREATE TABLE `directory_country` (
  `country_id` varchar(2) NOT NULL COMMENT 'Country Id in ISO-2',
  `iso2_code` varchar(2) DEFAULT NULL COMMENT 'Country ISO-2 format',
  `iso3_code` varchar(3) DEFAULT NULL COMMENT 'Country ISO-3',
  PRIMARY KEY (`country_id`)
) ENGINE=InnoDB DEFAULT CHARSET=utf8 COMMENT='Directory Country';

--
-- Dumping data for table `directory_country`
--

INSERT INTO `directory_country` VALUES ('AD','AD','AND'),('AE','AE','ARE'),('AF','AF','AFG'),('AG','AG','ATG'),('AI','AI','AIA'),('AL','AL','ALB'),('AM','AM','ARM'),('AN','AN','ANT'),('AO','AO','AGO'),('AQ','AQ','ATA'),('AR','AR','ARG'),('AS','AS','ASM'),('AT','AT','AUT'),('AU','AU','AUS'),('AW','AW','ABW'),('AX','AX','ALA'),('AZ','AZ','AZE'),('BA','BA','BIH'),('BB','BB','BRB'),('BD','BD','BGD'),('BE','BE','BEL'),('BF','BF','BFA'),('BG','BG','BGR'),('BH','BH','BHR'),('BI','BI','BDI'),('BJ','BJ','BEN'),('BL','BL','BLM'),('BM','BM','BMU'),('BN','BN','BRN'),('BO','BO','BOL'),('BR','BR','BRA'),('BS','BS','BHS'),('BT','BT','BTN'),('BV','BV','BVT'),('BW','BW','BWA'),('BY','BY','BLR'),('BZ','BZ','BLZ'),('CA','CA','CAN'),('CC','CC','CCK'),('CD','CD','COD'),('CF','CF','CAF'),('CG','CG','COG'),('CH','CH','CHE'),('CI','CI','CIV'),('CK','CK','COK'),('CL','CL','CHL'),('CM','CM','CMR'),('CN','CN','CHN'),('CO','CO','COL'),('CR','CR','CRI'),('CU','CU','CUB'),('CV','CV','CPV'),('CX','CX','CXR'),('CY','CY','CYP'),('CZ','CZ','CZE'),('DE','DE','DEU'),('DJ','DJ','DJI'),('DK','DK','DNK'),('DM','DM','DMA'),('DO','DO','DOM'),('DZ','DZ','DZA'),('EC','EC','ECU'),('EE','EE','EST'),('EG','EG','EGY'),('EH','EH','ESH'),('ER','ER','ERI'),('ES','ES','ESP'),('ET','ET','ETH'),('FI','FI','FIN'),('FJ','FJ','FJI'),('FK','FK','FLK'),('FM','FM','FSM'),('FO','FO','FRO'),('FR','FR','FRA'),('GA','GA','GAB'),('GB','GB','GBR'),('GD','GD','GRD'),('GE','GE','GEO'),('GF','GF','GUF'),('GG','GG','GGY'),('GH','GH','GHA'),('GI','GI','GIB'),('GL','GL','GRL'),('GM','GM','GMB'),('GN','GN','GIN'),('GP','GP','GLP'),('GQ','GQ','GNQ'),('GR','GR','GRC'),('GS','GS','SGS'),('GT','GT','GTM'),('GU','GU','GUM'),('GW','GW','GNB'),('GY','GY','GUY'),('HK','HK','HKG'),('HM','HM','HMD'),('HN','HN','HND'),('HR','HR','HRV'),('HT','HT','HTI'),('HU','HU','HUN'),('ID','ID','IDN'),('IE','IE','IRL'),('IL','IL','ISR'),('IM','IM','IMN'),('IN','IN','IND'),('IO','IO','IOT'),('IQ','IQ','IRQ'),('IR','IR','IRN'),('IS','IS','ISL'),('IT','IT','ITA'),('JE','JE','JEY'),('JM','JM','JAM'),('JO','JO','JOR'),('JP','JP','JPN'),('KE','KE','KEN'),('KG','KG','KGZ'),('KH','KH','KHM'),('KI','KI','KIR'),('KM','KM','COM'),('KN','KN','KNA'),('KP','KP','PRK'),('KR','KR','KOR'),('KW','KW','KWT'),('KY','KY','CYM'),('KZ','KZ','KAZ'),('LA','LA','LAO'),('LB','LB','LBN'),('LC','LC','LCA'),('LI','LI','LIE'),('LK','LK','LKA'),('LR','LR','LBR'),('LS','LS','LSO'),('LT','LT','LTU'),('LU','LU','LUX'),('LV','LV','LVA'),('LY','LY','LBY'),('MA','MA','MAR'),('MC','MC','MCO'),('MD','MD','MDA'),('ME','ME','MNE'),('MF','MF','MAF'),('MG','MG','MDG'),('MH','MH','MHL'),('MK','MK','MKD'),('ML','ML','MLI'),('MM','MM','MMR'),('MN','MN','MNG'),('MO','MO','MAC'),('MP','MP','MNP'),('MQ','MQ','MTQ'),('MR','MR','MRT'),('MS','MS','MSR'),('MT','MT','MLT'),('MU','MU','MUS'),('MV','MV','MDV'),('MW','MW','MWI'),('MX','MX','MEX'),('MY','MY','MYS'),('MZ','MZ','MOZ'),('NA','NA','NAM'),('NC','NC','NCL'),('NE','NE','NER'),('NF','NF','NFK'),('NG','NG','NGA'),('NI','NI','NIC'),('NL','NL','NLD'),('NO','NO','NOR'),('NP','NP','NPL'),('NR','NR','NRU'),('NU','NU','NIU'),('NZ','NZ','NZL'),('OM','OM','OMN'),('PA','PA','PAN'),('PE','PE','PER'),('PF','PF','PYF'),('PG','PG','PNG'),('PH','PH','PHL'),('PK','PK','PAK'),('PL','PL','POL'),('PM','PM','SPM'),('PN','PN','PCN'),('PS','PS','PSE'),('PT','PT','PRT'),('PW','PW','PLW'),('PY','PY','PRY'),('QA','QA','QAT'),('RE','RE','REU'),('RO','RO','ROU'),('RS','RS','SRB'),('RU','RU','RUS'),('RW','RW','RWA'),('SA','SA','SAU'),('SB','SB','SLB'),('SC','SC','SYC'),('SD','SD','SDN'),('SE','SE','SWE'),('SG','SG','SGP'),('SH','SH','SHN'),('SI','SI','SVN'),('SJ','SJ','SJM'),('SK','SK','SVK'),('SL','SL','SLE'),('SM','SM','SMR'),('SN','SN','SEN'),('SO','SO','SOM'),('SR','SR','SUR'),('ST','ST','STP'),('SV','SV','SLV'),('SY','SY','SYR'),('SZ','SZ','SWZ'),('TC','TC','TCA'),('TD','TD','TCD'),('TF','TF','ATF'),('TG','TG','TGO'),('TH','TH','THA'),('TJ','TJ','TJK'),('TK','TK','TKL'),('TL','TL','TLS'),('TM','TM','TKM'),('TN','TN','TUN'),('TO','TO','TON'),('TR','TR','TUR'),('TT','TT','TTO'),('TV','TV','TUV'),('TW','TW','TWN'),('TZ','TZ','TZA'),('UA','UA','UKR'),('UG','UG','UGA'),('UM','UM','UMI'),('US','US','USA'),('UY','UY','URY'),('UZ','UZ','UZB'),('VA','VA','VAT'),('VC','VC','VCT'),('VE','VE','VEN'),('VG','VG','VGB'),('VI','VI','VIR'),('VN','VN','VNM'),('VU','VU','VUT'),('WF','WF','WLF'),('WS','WS','WSM'),('YE','YE','YEM'),('YT','YT','MYT'),('ZA','ZA','ZAF'),('ZM','ZM','ZMB'),('ZW','ZW','ZWE');

--
-- Table structure for table `directory_country_format`
--

CREATE TABLE `directory_country_format` (
  `country_format_id` int(10) unsigned NOT NULL AUTO_INCREMENT COMMENT 'Country Format Id',
  `country_id` varchar(2) DEFAULT NULL COMMENT 'Country Id in ISO-2',
  `type` varchar(30) DEFAULT NULL COMMENT 'Country Format Type',
  `format` text NOT NULL COMMENT 'Country Format',
  PRIMARY KEY (`country_format_id`),
  UNIQUE KEY `DIRECTORY_COUNTRY_FORMAT_COUNTRY_ID_TYPE` (`country_id`,`type`)
) ENGINE=InnoDB DEFAULT CHARSET=utf8 COMMENT='Directory Country Format';

--
-- Dumping data for table `directory_country_format`
--


--
-- Table structure for table `directory_country_region`
--

CREATE TABLE `directory_country_region` (
  `region_id` int(10) unsigned NOT NULL AUTO_INCREMENT COMMENT 'Region Id',
  `country_id` varchar(4) NOT NULL DEFAULT '0' COMMENT 'Country Id in ISO-2',
  `code` varchar(32) DEFAULT NULL COMMENT 'Region code',
  `default_name` varchar(255) DEFAULT NULL COMMENT 'Region Name',
  PRIMARY KEY (`region_id`),
  KEY `DIRECTORY_COUNTRY_REGION_COUNTRY_ID` (`country_id`)
) ENGINE=InnoDB AUTO_INCREMENT=512 DEFAULT CHARSET=utf8 COMMENT='Directory Country Region';

--
-- Dumping data for table `directory_country_region`
--

INSERT INTO `directory_country_region` VALUES (1,'US','AL','Alabama'),(2,'US','AK','Alaska'),(3,'US','AS','American Samoa'),(4,'US','AZ','Arizona'),(5,'US','AR','Arkansas'),(6,'US','AE','Armed Forces Africa'),(7,'US','AA','Armed Forces Americas'),(8,'US','AE','Armed Forces Canada'),(9,'US','AE','Armed Forces Europe'),(10,'US','AE','Armed Forces Middle East'),(11,'US','AP','Armed Forces Pacific'),(12,'US','CA','California'),(13,'US','CO','Colorado'),(14,'US','CT','Connecticut'),(15,'US','DE','Delaware'),(16,'US','DC','District of Columbia'),(17,'US','FM','Federated States Of Micronesia'),(18,'US','FL','Florida'),(19,'US','GA','Georgia'),(20,'US','GU','Guam'),(21,'US','HI','Hawaii'),(22,'US','ID','Idaho'),(23,'US','IL','Illinois'),(24,'US','IN','Indiana'),(25,'US','IA','Iowa'),(26,'US','KS','Kansas'),(27,'US','KY','Kentucky'),(28,'US','LA','Louisiana'),(29,'US','ME','Maine'),(30,'US','MH','Marshall Islands'),(31,'US','MD','Maryland'),(32,'US','MA','Massachusetts'),(33,'US','MI','Michigan'),(34,'US','MN','Minnesota'),(35,'US','MS','Mississippi'),(36,'US','MO','Missouri'),(37,'US','MT','Montana'),(38,'US','NE','Nebraska'),(39,'US','NV','Nevada'),(40,'US','NH','New Hampshire'),(41,'US','NJ','New Jersey'),(42,'US','NM','New Mexico'),(43,'US','NY','New York'),(44,'US','NC','North Carolina'),(45,'US','ND','North Dakota'),(46,'US','MP','Northern Mariana Islands'),(47,'US','OH','Ohio'),(48,'US','OK','Oklahoma'),(49,'US','OR','Oregon'),(50,'US','PW','Palau'),(51,'US','PA','Pennsylvania'),(52,'US','PR','Puerto Rico'),(53,'US','RI','Rhode Island'),(54,'US','SC','South Carolina'),(55,'US','SD','South Dakota'),(56,'US','TN','Tennessee'),(57,'US','TX','Texas'),(58,'US','UT','Utah'),(59,'US','VT','Vermont'),(60,'US','VI','Virgin Islands'),(61,'US','VA','Virginia'),(62,'US','WA','Washington'),(63,'US','WV','West Virginia'),(64,'US','WI','Wisconsin'),(65,'US','WY','Wyoming'),(66,'CA','AB','Alberta'),(67,'CA','BC','British Columbia'),(68,'CA','MB','Manitoba'),(69,'CA','NL','Newfoundland and Labrador'),(70,'CA','NB','New Brunswick'),(71,'CA','NS','Nova Scotia'),(72,'CA','NT','Northwest Territories'),(73,'CA','NU','Nunavut'),(74,'CA','ON','Ontario'),(75,'CA','PE','Prince Edward Island'),(76,'CA','QC','Quebec'),(77,'CA','SK','Saskatchewan'),(78,'CA','YT','Yukon Territory'),(79,'DE','NDS','Niedersachsen'),(80,'DE','BAW','Baden-Württemberg'),(81,'DE','BAY','Bayern'),(82,'DE','BER','Berlin'),(83,'DE','BRG','Brandenburg'),(84,'DE','BRE','Bremen'),(85,'DE','HAM','Hamburg'),(86,'DE','HES','Hessen'),(87,'DE','MEC','Mecklenburg-Vorpommern'),(88,'DE','NRW','Nordrhein-Westfalen'),(89,'DE','RHE','Rheinland-Pfalz'),(90,'DE','SAR','Saarland'),(91,'DE','SAS','Sachsen'),(92,'DE','SAC','Sachsen-Anhalt'),(93,'DE','SCN','Schleswig-Holstein'),(94,'DE','THE','Thüringen'),(95,'AT','WI','Wien'),(96,'AT','NO','Niederösterreich'),(97,'AT','OO','Oberösterreich'),(98,'AT','SB','Salzburg'),(99,'AT','KN','Kärnten'),(100,'AT','ST','Steiermark'),(101,'AT','TI','Tirol'),(102,'AT','BL','Burgenland'),(103,'AT','VB','Vorarlberg'),(104,'CH','AG','Aargau'),(105,'CH','AI','Appenzell Innerrhoden'),(106,'CH','AR','Appenzell Ausserrhoden'),(107,'CH','BE','Bern'),(108,'CH','BL','Basel-Landschaft'),(109,'CH','BS','Basel-Stadt'),(110,'CH','FR','Freiburg'),(111,'CH','GE','Genf'),(112,'CH','GL','Glarus'),(113,'CH','GR','Graubünden'),(114,'CH','JU','Jura'),(115,'CH','LU','Luzern'),(116,'CH','NE','Neuenburg'),(117,'CH','NW','Nidwalden'),(118,'CH','OW','Obwalden'),(119,'CH','SG','St. Gallen'),(120,'CH','SH','Schaffhausen'),(121,'CH','SO','Solothurn'),(122,'CH','SZ','Schwyz'),(123,'CH','TG','Thurgau'),(124,'CH','TI','Tessin'),(125,'CH','UR','Uri'),(126,'CH','VD','Waadt'),(127,'CH','VS','Wallis'),(128,'CH','ZG','Zug'),(129,'CH','ZH','Zürich'),(130,'ES','A Coruсa','A Coruña'),(131,'ES','Alava','Alava'),(132,'ES','Albacete','Albacete'),(133,'ES','Alicante','Alicante'),(134,'ES','Almeria','Almeria'),(135,'ES','Asturias','Asturias'),(136,'ES','Avila','Avila'),(137,'ES','Badajoz','Badajoz'),(138,'ES','Baleares','Baleares'),(139,'ES','Barcelona','Barcelona'),(140,'ES','Burgos','Burgos'),(141,'ES','Caceres','Caceres'),(142,'ES','Cadiz','Cadiz'),(143,'ES','Cantabria','Cantabria'),(144,'ES','Castellon','Castellon'),(145,'ES','Ceuta','Ceuta'),(146,'ES','Ciudad Real','Ciudad Real'),(147,'ES','Cordoba','Cordoba'),(148,'ES','Cuenca','Cuenca'),(149,'ES','Girona','Girona'),(150,'ES','Granada','Granada'),(151,'ES','Guadalajara','Guadalajara'),(152,'ES','Guipuzcoa','Guipuzcoa'),(153,'ES','Huelva','Huelva'),(154,'ES','Huesca','Huesca'),(155,'ES','Jaen','Jaen'),(156,'ES','La Rioja','La Rioja'),(157,'ES','Las Palmas','Las Palmas'),(158,'ES','Leon','Leon'),(159,'ES','Lleida','Lleida'),(160,'ES','Lugo','Lugo'),(161,'ES','Madrid','Madrid'),(162,'ES','Malaga','Malaga'),(163,'ES','Melilla','Melilla'),(164,'ES','Murcia','Murcia'),(165,'ES','Navarra','Navarra'),(166,'ES','Ourense','Ourense'),(167,'ES','Palencia','Palencia'),(168,'ES','Pontevedra','Pontevedra'),(169,'ES','Salamanca','Salamanca'),(170,'ES','Santa Cruz de Tenerife','Santa Cruz de Tenerife'),(171,'ES','Segovia','Segovia'),(172,'ES','Sevilla','Sevilla'),(173,'ES','Soria','Soria'),(174,'ES','Tarragona','Tarragona'),(175,'ES','Teruel','Teruel'),(176,'ES','Toledo','Toledo'),(177,'ES','Valencia','Valencia'),(178,'ES','Valladolid','Valladolid'),(179,'ES','Vizcaya','Vizcaya'),(180,'ES','Zamora','Zamora'),(181,'ES','Zaragoza','Zaragoza'),(182,'FR','1','Ain'),(183,'FR','2','Aisne'),(184,'FR','3','Allier'),(185,'FR','4','Alpes-de-Haute-Provence'),(186,'FR','5','Hautes-Alpes'),(187,'FR','6','Alpes-Maritimes'),(188,'FR','7','Ardèche'),(189,'FR','8','Ardennes'),(190,'FR','9','Ariège'),(191,'FR','10','Aube'),(192,'FR','11','Aude'),(193,'FR','12','Aveyron'),(194,'FR','13','Bouches-du-Rhône'),(195,'FR','14','Calvados'),(196,'FR','15','Cantal'),(197,'FR','16','Charente'),(198,'FR','17','Charente-Maritime'),(199,'FR','18','Cher'),(200,'FR','19','Corrèze'),(201,'FR','2A','Corse-du-Sud'),(202,'FR','2B','Haute-Corse'),(203,'FR','21','Côte-d\'Or'),(204,'FR','22','Côtes-d\'Armor'),(205,'FR','23','Creuse'),(206,'FR','24','Dordogne'),(207,'FR','25','Doubs'),(208,'FR','26','Drôme'),(209,'FR','27','Eure'),(210,'FR','28','Eure-et-Loir'),(211,'FR','29','Finistère'),(212,'FR','30','Gard'),(213,'FR','31','Haute-Garonne'),(214,'FR','32','Gers'),(215,'FR','33','Gironde'),(216,'FR','34','Hérault'),(217,'FR','35','Ille-et-Vilaine'),(218,'FR','36','Indre'),(219,'FR','37','Indre-et-Loire'),(220,'FR','38','Isère'),(221,'FR','39','Jura'),(222,'FR','40','Landes'),(223,'FR','41','Loir-et-Cher'),(224,'FR','42','Loire'),(225,'FR','43','Haute-Loire'),(226,'FR','44','Loire-Atlantique'),(227,'FR','45','Loiret'),(228,'FR','46','Lot'),(229,'FR','47','Lot-et-Garonne'),(230,'FR','48','Lozère'),(231,'FR','49','Maine-et-Loire'),(232,'FR','50','Manche'),(233,'FR','51','Marne'),(234,'FR','52','Haute-Marne'),(235,'FR','53','Mayenne'),(236,'FR','54','Meurthe-et-Moselle'),(237,'FR','55','Meuse'),(238,'FR','56','Morbihan'),(239,'FR','57','Moselle'),(240,'FR','58','Nièvre'),(241,'FR','59','Nord'),(242,'FR','60','Oise'),(243,'FR','61','Orne'),(244,'FR','62','Pas-de-Calais'),(245,'FR','63','Puy-de-Dôme'),(246,'FR','64','Pyrénées-Atlantiques'),(247,'FR','65','Hautes-Pyrénées'),(248,'FR','66','Pyrénées-Orientales'),(249,'FR','67','Bas-Rhin'),(250,'FR','68','Haut-Rhin'),(251,'FR','69','Rhône'),(252,'FR','70','Haute-Saône'),(253,'FR','71','Saône-et-Loire'),(254,'FR','72','Sarthe'),(255,'FR','73','Savoie'),(256,'FR','74','Haute-Savoie'),(257,'FR','75','Paris'),(258,'FR','76','Seine-Maritime'),(259,'FR','77','Seine-et-Marne'),(260,'FR','78','Yvelines'),(261,'FR','79','Deux-Sèvres'),(262,'FR','80','Somme'),(263,'FR','81','Tarn'),(264,'FR','82','Tarn-et-Garonne'),(265,'FR','83','Var'),(266,'FR','84','Vaucluse'),(267,'FR','85','Vendée'),(268,'FR','86','Vienne'),(269,'FR','87','Haute-Vienne'),(270,'FR','88','Vosges'),(271,'FR','89','Yonne'),(272,'FR','90','Territoire-de-Belfort'),(273,'FR','91','Essonne'),(274,'FR','92','Hauts-de-Seine'),(275,'FR','93','Seine-Saint-Denis'),(276,'FR','94','Val-de-Marne'),(277,'FR','95','Val-d\'Oise'),(278,'RO','AB','Alba'),(279,'RO','AR','Arad'),(280,'RO','AG','Argeş'),(281,'RO','BC','Bacău'),(282,'RO','BH','Bihor'),(283,'RO','BN','Bistriţa-Năsăud'),(284,'RO','BT','Botoşani'),(285,'RO','BV','Braşov'),(286,'RO','BR','Brăila'),(287,'RO','B','Bucureşti'),(288,'RO','BZ','Buzău'),(289,'RO','CS','Caraş-Severin'),(290,'RO','CL','Călăraşi'),(291,'RO','CJ','Cluj'),(292,'RO','CT','Constanţa'),(293,'RO','CV','Covasna'),(294,'RO','DB','Dâmboviţa'),(295,'RO','DJ','Dolj'),(296,'RO','GL','Galaţi'),(297,'RO','GR','Giurgiu'),(298,'RO','GJ','Gorj'),(299,'RO','HR','Harghita'),(300,'RO','HD','Hunedoara'),(301,'RO','IL','Ialomiţa'),(302,'RO','IS','Iaşi'),(303,'RO','IF','Ilfov'),(304,'RO','MM','Maramureş'),(305,'RO','MH','Mehedinţi'),(306,'RO','MS','Mureş'),(307,'RO','NT','Neamţ'),(308,'RO','OT','Olt'),(309,'RO','PH','Prahova'),(310,'RO','SM','Satu-Mare'),(311,'RO','SJ','Sălaj'),(312,'RO','SB','Sibiu'),(313,'RO','SV','Suceava'),(314,'RO','TR','Teleorman'),(315,'RO','TM','Timiş'),(316,'RO','TL','Tulcea'),(317,'RO','VS','Vaslui'),(318,'RO','VL','Vâlcea'),(319,'RO','VN','Vrancea'),(320,'FI','Lappi','Lappi'),(321,'FI','Pohjois-Pohjanmaa','Pohjois-Pohjanmaa'),(322,'FI','Kainuu','Kainuu'),(323,'FI','Pohjois-Karjala','Pohjois-Karjala'),(324,'FI','Pohjois-Savo','Pohjois-Savo'),(325,'FI','Etelä-Savo','Etelä-Savo'),(326,'FI','Etelä-Pohjanmaa','Etelä-Pohjanmaa'),(327,'FI','Pohjanmaa','Pohjanmaa'),(328,'FI','Pirkanmaa','Pirkanmaa'),(329,'FI','Satakunta','Satakunta'),(330,'FI','Keski-Pohjanmaa','Keski-Pohjanmaa'),(331,'FI','Keski-Suomi','Keski-Suomi'),(332,'FI','Varsinais-Suomi','Varsinais-Suomi'),(333,'FI','Etelä-Karjala','Etelä-Karjala'),(334,'FI','Päijät-Häme','Päijät-Häme'),(335,'FI','Kanta-Häme','Kanta-Häme'),(336,'FI','Uusimaa','Uusimaa'),(337,'FI','Itä-Uusimaa','Itä-Uusimaa'),(338,'FI','Kymenlaakso','Kymenlaakso'),(339,'FI','Ahvenanmaa','Ahvenanmaa'),(340,'EE','EE-37','Harjumaa'),(341,'EE','EE-39','Hiiumaa'),(342,'EE','EE-44','Ida-Virumaa'),(343,'EE','EE-49','Jõgevamaa'),(344,'EE','EE-51','Järvamaa'),(345,'EE','EE-57','Läänemaa'),(346,'EE','EE-59','Lääne-Virumaa'),(347,'EE','EE-65','Põlvamaa'),(348,'EE','EE-67','Pärnumaa'),(349,'EE','EE-70','Raplamaa'),(350,'EE','EE-74','Saaremaa'),(351,'EE','EE-78','Tartumaa'),(352,'EE','EE-82','Valgamaa'),(353,'EE','EE-84','Viljandimaa'),(354,'EE','EE-86','Võrumaa'),(355,'LV','LV-DGV','Daugavpils'),(356,'LV','LV-JEL','Jelgava'),(357,'LV','Jēkabpils','Jēkabpils'),(358,'LV','LV-JUR','Jūrmala'),(359,'LV','LV-LPX','Liepāja'),(360,'LV','LV-LE','Liepājas novads'),(361,'LV','LV-REZ','Rēzekne'),(362,'LV','LV-RIX','Rīga'),(363,'LV','LV-RI','Rīgas novads'),(364,'LV','Valmiera','Valmiera'),(365,'LV','LV-VEN','Ventspils'),(366,'LV','Aglonas novads','Aglonas novads'),(367,'LV','LV-AI','Aizkraukles novads'),(368,'LV','Aizputes novads','Aizputes novads'),(369,'LV','Aknīstes novads','Aknīstes novads'),(370,'LV','Alojas novads','Alojas novads'),(371,'LV','Alsungas novads','Alsungas novads'),(372,'LV','LV-AL','Alūksnes novads'),(373,'LV','Amatas novads','Amatas novads'),(374,'LV','Apes novads','Apes novads'),(375,'LV','Auces novads','Auces novads'),(376,'LV','Babītes novads','Babītes novads'),(377,'LV','Baldones novads','Baldones novads'),(378,'LV','Baltinavas novads','Baltinavas novads'),(379,'LV','LV-BL','Balvu novads'),(380,'LV','LV-BU','Bauskas novads'),(381,'LV','Beverīnas novads','Beverīnas novads'),(382,'LV','Brocēnu novads','Brocēnu novads'),(383,'LV','Burtnieku novads','Burtnieku novads'),(384,'LV','Carnikavas novads','Carnikavas novads'),(385,'LV','Cesvaines novads','Cesvaines novads'),(386,'LV','Ciblas novads','Ciblas novads'),(387,'LV','LV-CE','Cēsu novads'),(388,'LV','Dagdas novads','Dagdas novads'),(389,'LV','LV-DA','Daugavpils novads'),(390,'LV','LV-DO','Dobeles novads'),(391,'LV','Dundagas novads','Dundagas novads'),(392,'LV','Durbes novads','Durbes novads'),(393,'LV','Engures novads','Engures novads'),(394,'LV','Garkalnes novads','Garkalnes novads'),(395,'LV','Grobiņas novads','Grobiņas novads'),(396,'LV','LV-GU','Gulbenes novads'),(397,'LV','Iecavas novads','Iecavas novads'),(398,'LV','Ikšķiles novads','Ikšķiles novads'),(399,'LV','Ilūkstes novads','Ilūkstes novads'),(400,'LV','Inčukalna novads','Inčukalna novads'),(401,'LV','Jaunjelgavas novads','Jaunjelgavas novads'),(402,'LV','Jaunpiebalgas novads','Jaunpiebalgas novads'),(403,'LV','Jaunpils novads','Jaunpils novads'),(404,'LV','LV-JL','Jelgavas novads'),(405,'LV','LV-JK','Jēkabpils novads'),(406,'LV','Kandavas novads','Kandavas novads'),(407,'LV','Kokneses novads','Kokneses novads'),(408,'LV','Krimuldas novads','Krimuldas novads'),(409,'LV','Krustpils novads','Krustpils novads'),(410,'LV','LV-KR','Krāslavas novads'),(411,'LV','LV-KU','Kuldīgas novads'),(412,'LV','Kārsavas novads','Kārsavas novads'),(413,'LV','Lielvārdes novads','Lielvārdes novads'),(414,'LV','LV-LM','Limbažu novads'),(415,'LV','Lubānas novads','Lubānas novads'),(416,'LV','LV-LU','Ludzas novads'),(417,'LV','Līgatnes novads','Līgatnes novads'),(418,'LV','Līvānu novads','Līvānu novads'),(419,'LV','LV-MA','Madonas novads'),(420,'LV','Mazsalacas novads','Mazsalacas novads'),(421,'LV','Mālpils novads','Mālpils novads'),(422,'LV','Mārupes novads','Mārupes novads'),(423,'LV','Naukšēnu novads','Naukšēnu novads'),(424,'LV','Neretas novads','Neretas novads'),(425,'LV','Nīcas novads','Nīcas novads'),(426,'LV','LV-OG','Ogres novads'),(427,'LV','Olaines novads','Olaines novads'),(428,'LV','Ozolnieku novads','Ozolnieku novads'),(429,'LV','LV-PR','Preiļu novads'),(430,'LV','Priekules novads','Priekules novads'),(431,'LV','Priekuļu novads','Priekuļu novads'),(432,'LV','Pārgaujas novads','Pārgaujas novads'),(433,'LV','Pāvilostas novads','Pāvilostas novads'),(434,'LV','Pļaviņu novads','Pļaviņu novads'),(435,'LV','Raunas novads','Raunas novads'),(436,'LV','Riebiņu novads','Riebiņu novads'),(437,'LV','Rojas novads','Rojas novads'),(438,'LV','Ropažu novads','Ropažu novads'),(439,'LV','Rucavas novads','Rucavas novads'),(440,'LV','Rugāju novads','Rugāju novads'),(441,'LV','Rundāles novads','Rundāles novads'),(442,'LV','LV-RE','Rēzeknes novads'),(443,'LV','Rūjienas novads','Rūjienas novads'),(444,'LV','Salacgrīvas novads','Salacgrīvas novads'),(445,'LV','Salas novads','Salas novads'),(446,'LV','Salaspils novads','Salaspils novads'),(447,'LV','LV-SA','Saldus novads'),(448,'LV','Saulkrastu novads','Saulkrastu novads'),(449,'LV','Siguldas novads','Siguldas novads'),(450,'LV','Skrundas novads','Skrundas novads'),(451,'LV','Skrīveru novads','Skrīveru novads'),(452,'LV','Smiltenes novads','Smiltenes novads'),(453,'LV','Stopiņu novads','Stopiņu novads'),(454,'LV','Strenču novads','Strenču novads'),(455,'LV','Sējas novads','Sējas novads'),(456,'LV','LV-TA','Talsu novads'),(457,'LV','LV-TU','Tukuma novads'),(458,'LV','Tērvetes novads','Tērvetes novads'),(459,'LV','Vaiņodes novads','Vaiņodes novads'),(460,'LV','LV-VK','Valkas novads'),(461,'LV','LV-VM','Valmieras novads'),(462,'LV','Varakļānu novads','Varakļānu novads'),(463,'LV','Vecpiebalgas novads','Vecpiebalgas novads'),(464,'LV','Vecumnieku novads','Vecumnieku novads'),(465,'LV','LV-VE','Ventspils novads'),(466,'LV','Viesītes novads','Viesītes novads'),(467,'LV','Viļakas novads','Viļakas novads'),(468,'LV','Viļānu novads','Viļānu novads'),(469,'LV','Vārkavas novads','Vārkavas novads'),(470,'LV','Zilupes novads','Zilupes novads'),(471,'LV','Ādažu novads','Ādažu novads'),(472,'LV','Ērgļu novads','Ērgļu novads'),(473,'LV','Ķeguma novads','Ķeguma novads'),(474,'LV','Ķekavas novads','Ķekavas novads'),(475,'LT','LT-AL','Alytaus Apskritis'),(476,'LT','LT-KU','Kauno Apskritis'),(477,'LT','LT-KL','Klaipėdos Apskritis'),(478,'LT','LT-MR','Marijampolės Apskritis'),(479,'LT','LT-PN','Panevėžio Apskritis'),(480,'LT','LT-SA','Šiaulių Apskritis'),(481,'LT','LT-TA','Tauragės Apskritis'),(482,'LT','LT-TE','Telšių Apskritis'),(483,'LT','LT-UT','Utenos Apskritis'),(484,'LT','LT-VL','Vilniaus Apskritis'),(485,'BR','AC','Acre'),(486,'BR','AL','Alagoas'),(487,'BR','AP','Amapá'),(488,'BR','AM','Amazonas'),(489,'BR','BA','Bahia'),(490,'BR','CE','Ceará'),(491,'BR','ES','Espírito Santo'),(492,'BR','GO','Goiás'),(493,'BR','MA','Maranhão'),(494,'BR','MT','Mato Grosso'),(495,'BR','MS','Mato Grosso do Sul'),(496,'BR','MG','Minas Gerais'),(497,'BR','PA','Pará'),(498,'BR','PB','Paraíba'),(499,'BR','PR','Paraná'),(500,'BR','PE','Pernambuco'),(501,'BR','PI','Piauí'),(502,'BR','RJ','Rio de Janeiro'),(503,'BR','RN','Rio Grande do Norte'),(504,'BR','RS','Rio Grande do Sul'),(505,'BR','RO','Rondônia'),(506,'BR','RR','Roraima'),(507,'BR','SC','Santa Catarina'),(508,'BR','SP','São Paulo'),(509,'BR','SE','Sergipe'),(510,'BR','TO','Tocantins'),(511,'BR','DF','Distrito Federal');

--
-- Table structure for table `directory_country_region_name`
--

CREATE TABLE `directory_country_region_name` (
  `locale` varchar(8) NOT NULL COMMENT 'Locale',
  `region_id` int(10) unsigned NOT NULL DEFAULT '0' COMMENT 'Region Id',
  `name` varchar(255) DEFAULT NULL COMMENT 'Region Name',
  PRIMARY KEY (`locale`,`region_id`),
  KEY `DIRECTORY_COUNTRY_REGION_NAME_REGION_ID` (`region_id`),
  CONSTRAINT `FK_434A5980C399B4E93C8EDBC4ADD9A462` FOREIGN KEY (`region_id`) REFERENCES `directory_country_region` (`region_id`) ON DELETE CASCADE
) ENGINE=InnoDB DEFAULT CHARSET=utf8 COMMENT='Directory Country Region Name';

--
-- Dumping data for table `directory_country_region_name`
--

INSERT INTO `directory_country_region_name` VALUES ('en_US',1,'Alabama'),('en_US',2,'Alaska'),('en_US',3,'American Samoa'),('en_US',4,'Arizona'),('en_US',5,'Arkansas'),('en_US',6,'Armed Forces Africa'),('en_US',7,'Armed Forces Americas'),('en_US',8,'Armed Forces Canada'),('en_US',9,'Armed Forces Europe'),('en_US',10,'Armed Forces Middle East'),('en_US',11,'Armed Forces Pacific'),('en_US',12,'California'),('en_US',13,'Colorado'),('en_US',14,'Connecticut'),('en_US',15,'Delaware'),('en_US',16,'District of Columbia'),('en_US',17,'Federated States Of Micronesia'),('en_US',18,'Florida'),('en_US',19,'Georgia'),('en_US',20,'Guam'),('en_US',21,'Hawaii'),('en_US',22,'Idaho'),('en_US',23,'Illinois'),('en_US',24,'Indiana'),('en_US',25,'Iowa'),('en_US',26,'Kansas'),('en_US',27,'Kentucky'),('en_US',28,'Louisiana'),('en_US',29,'Maine'),('en_US',30,'Marshall Islands'),('en_US',31,'Maryland'),('en_US',32,'Massachusetts'),('en_US',33,'Michigan'),('en_US',34,'Minnesota'),('en_US',35,'Mississippi'),('en_US',36,'Missouri'),('en_US',37,'Montana'),('en_US',38,'Nebraska'),('en_US',39,'Nevada'),('en_US',40,'New Hampshire'),('en_US',41,'New Jersey'),('en_US',42,'New Mexico'),('en_US',43,'New York'),('en_US',44,'North Carolina'),('en_US',45,'North Dakota'),('en_US',46,'Northern Mariana Islands'),('en_US',47,'Ohio'),('en_US',48,'Oklahoma'),('en_US',49,'Oregon'),('en_US',50,'Palau'),('en_US',51,'Pennsylvania'),('en_US',52,'Puerto Rico'),('en_US',53,'Rhode Island'),('en_US',54,'South Carolina'),('en_US',55,'South Dakota'),('en_US',56,'Tennessee'),('en_US',57,'Texas'),('en_US',58,'Utah'),('en_US',59,'Vermont'),('en_US',60,'Virgin Islands'),('en_US',61,'Virginia'),('en_US',62,'Washington'),('en_US',63,'West Virginia'),('en_US',64,'Wisconsin'),('en_US',65,'Wyoming'),('en_US',66,'Alberta'),('en_US',67,'British Columbia'),('en_US',68,'Manitoba'),('en_US',69,'Newfoundland and Labrador'),('en_US',70,'New Brunswick'),('en_US',71,'Nova Scotia'),('en_US',72,'Northwest Territories'),('en_US',73,'Nunavut'),('en_US',74,'Ontario'),('en_US',75,'Prince Edward Island'),('en_US',76,'Quebec'),('en_US',77,'Saskatchewan'),('en_US',78,'Yukon Territory'),('en_US',79,'Niedersachsen'),('en_US',80,'Baden-Württemberg'),('en_US',81,'Bayern'),('en_US',82,'Berlin'),('en_US',83,'Brandenburg'),('en_US',84,'Bremen'),('en_US',85,'Hamburg'),('en_US',86,'Hessen'),('en_US',87,'Mecklenburg-Vorpommern'),('en_US',88,'Nordrhein-Westfalen'),('en_US',89,'Rheinland-Pfalz'),('en_US',90,'Saarland'),('en_US',91,'Sachsen'),('en_US',92,'Sachsen-Anhalt'),('en_US',93,'Schleswig-Holstein'),('en_US',94,'Thüringen'),('en_US',95,'Wien'),('en_US',96,'Niederösterreich'),('en_US',97,'Oberösterreich'),('en_US',98,'Salzburg'),('en_US',99,'Kärnten'),('en_US',100,'Steiermark'),('en_US',101,'Tirol'),('en_US',102,'Burgenland'),('en_US',103,'Vorarlberg'),('en_US',104,'Aargau'),('en_US',105,'Appenzell Innerrhoden'),('en_US',106,'Appenzell Ausserrhoden'),('en_US',107,'Bern'),('en_US',108,'Basel-Landschaft'),('en_US',109,'Basel-Stadt'),('en_US',110,'Freiburg'),('en_US',111,'Genf'),('en_US',112,'Glarus'),('en_US',113,'Graubünden'),('en_US',114,'Jura'),('en_US',115,'Luzern'),('en_US',116,'Neuenburg'),('en_US',117,'Nidwalden'),('en_US',118,'Obwalden'),('en_US',119,'St. Gallen'),('en_US',120,'Schaffhausen'),('en_US',121,'Solothurn'),('en_US',122,'Schwyz'),('en_US',123,'Thurgau'),('en_US',124,'Tessin'),('en_US',125,'Uri'),('en_US',126,'Waadt'),('en_US',127,'Wallis'),('en_US',128,'Zug'),('en_US',129,'Zürich'),('en_US',130,'A Coruña'),('en_US',131,'Alava'),('en_US',132,'Albacete'),('en_US',133,'Alicante'),('en_US',134,'Almeria'),('en_US',135,'Asturias'),('en_US',136,'Avila'),('en_US',137,'Badajoz'),('en_US',138,'Baleares'),('en_US',139,'Barcelona'),('en_US',140,'Burgos'),('en_US',141,'Caceres'),('en_US',142,'Cadiz'),('en_US',143,'Cantabria'),('en_US',144,'Castellon'),('en_US',145,'Ceuta'),('en_US',146,'Ciudad Real'),('en_US',147,'Cordoba'),('en_US',148,'Cuenca'),('en_US',149,'Girona'),('en_US',150,'Granada'),('en_US',151,'Guadalajara'),('en_US',152,'Guipuzcoa'),('en_US',153,'Huelva'),('en_US',154,'Huesca'),('en_US',155,'Jaen'),('en_US',156,'La Rioja'),('en_US',157,'Las Palmas'),('en_US',158,'Leon'),('en_US',159,'Lleida'),('en_US',160,'Lugo'),('en_US',161,'Madrid'),('en_US',162,'Malaga'),('en_US',163,'Melilla'),('en_US',164,'Murcia'),('en_US',165,'Navarra'),('en_US',166,'Ourense'),('en_US',167,'Palencia'),('en_US',168,'Pontevedra'),('en_US',169,'Salamanca'),('en_US',170,'Santa Cruz de Tenerife'),('en_US',171,'Segovia'),('en_US',172,'Sevilla'),('en_US',173,'Soria'),('en_US',174,'Tarragona'),('en_US',175,'Teruel'),('en_US',176,'Toledo'),('en_US',177,'Valencia'),('en_US',178,'Valladolid'),('en_US',179,'Vizcaya'),('en_US',180,'Zamora'),('en_US',181,'Zaragoza'),('en_US',182,'Ain'),('en_US',183,'Aisne'),('en_US',184,'Allier'),('en_US',185,'Alpes-de-Haute-Provence'),('en_US',186,'Hautes-Alpes'),('en_US',187,'Alpes-Maritimes'),('en_US',188,'Ardèche'),('en_US',189,'Ardennes'),('en_US',190,'Ariège'),('en_US',191,'Aube'),('en_US',192,'Aude'),('en_US',193,'Aveyron'),('en_US',194,'Bouches-du-Rhône'),('en_US',195,'Calvados'),('en_US',196,'Cantal'),('en_US',197,'Charente'),('en_US',198,'Charente-Maritime'),('en_US',199,'Cher'),('en_US',200,'Corrèze'),('en_US',201,'Corse-du-Sud'),('en_US',202,'Haute-Corse'),('en_US',203,'Côte-d\'Or'),('en_US',204,'Côtes-d\'Armor'),('en_US',205,'Creuse'),('en_US',206,'Dordogne'),('en_US',207,'Doubs'),('en_US',208,'Drôme'),('en_US',209,'Eure'),('en_US',210,'Eure-et-Loir'),('en_US',211,'Finistère'),('en_US',212,'Gard'),('en_US',213,'Haute-Garonne'),('en_US',214,'Gers'),('en_US',215,'Gironde'),('en_US',216,'Hérault'),('en_US',217,'Ille-et-Vilaine'),('en_US',218,'Indre'),('en_US',219,'Indre-et-Loire'),('en_US',220,'Isère'),('en_US',221,'Jura'),('en_US',222,'Landes'),('en_US',223,'Loir-et-Cher'),('en_US',224,'Loire'),('en_US',225,'Haute-Loire'),('en_US',226,'Loire-Atlantique'),('en_US',227,'Loiret'),('en_US',228,'Lot'),('en_US',229,'Lot-et-Garonne'),('en_US',230,'Lozère'),('en_US',231,'Maine-et-Loire'),('en_US',232,'Manche'),('en_US',233,'Marne'),('en_US',234,'Haute-Marne'),('en_US',235,'Mayenne'),('en_US',236,'Meurthe-et-Moselle'),('en_US',237,'Meuse'),('en_US',238,'Morbihan'),('en_US',239,'Moselle'),('en_US',240,'Nièvre'),('en_US',241,'Nord'),('en_US',242,'Oise'),('en_US',243,'Orne'),('en_US',244,'Pas-de-Calais'),('en_US',245,'Puy-de-Dôme'),('en_US',246,'Pyrénées-Atlantiques'),('en_US',247,'Hautes-Pyrénées'),('en_US',248,'Pyrénées-Orientales'),('en_US',249,'Bas-Rhin'),('en_US',250,'Haut-Rhin'),('en_US',251,'Rhône'),('en_US',252,'Haute-Saône'),('en_US',253,'Saône-et-Loire'),('en_US',254,'Sarthe'),('en_US',255,'Savoie'),('en_US',256,'Haute-Savoie'),('en_US',257,'Paris'),('en_US',258,'Seine-Maritime'),('en_US',259,'Seine-et-Marne'),('en_US',260,'Yvelines'),('en_US',261,'Deux-Sèvres'),('en_US',262,'Somme'),('en_US',263,'Tarn'),('en_US',264,'Tarn-et-Garonne'),('en_US',265,'Var'),('en_US',266,'Vaucluse'),('en_US',267,'Vendée'),('en_US',268,'Vienne'),('en_US',269,'Haute-Vienne'),('en_US',270,'Vosges'),('en_US',271,'Yonne'),('en_US',272,'Territoire-de-Belfort'),('en_US',273,'Essonne'),('en_US',274,'Hauts-de-Seine'),('en_US',275,'Seine-Saint-Denis'),('en_US',276,'Val-de-Marne'),('en_US',277,'Val-d\'Oise'),('en_US',278,'Alba'),('en_US',279,'Arad'),('en_US',280,'Argeş'),('en_US',281,'Bacău'),('en_US',282,'Bihor'),('en_US',283,'Bistriţa-Năsăud'),('en_US',284,'Botoşani'),('en_US',285,'Braşov'),('en_US',286,'Brăila'),('en_US',287,'Bucureşti'),('en_US',288,'Buzău'),('en_US',289,'Caraş-Severin'),('en_US',290,'Călăraşi'),('en_US',291,'Cluj'),('en_US',292,'Constanţa'),('en_US',293,'Covasna'),('en_US',294,'Dâmboviţa'),('en_US',295,'Dolj'),('en_US',296,'Galaţi'),('en_US',297,'Giurgiu'),('en_US',298,'Gorj'),('en_US',299,'Harghita'),('en_US',300,'Hunedoara'),('en_US',301,'Ialomiţa'),('en_US',302,'Iaşi'),('en_US',303,'Ilfov'),('en_US',304,'Maramureş'),('en_US',305,'Mehedinţi'),('en_US',306,'Mureş'),('en_US',307,'Neamţ'),('en_US',308,'Olt'),('en_US',309,'Prahova'),('en_US',310,'Satu-Mare'),('en_US',311,'Sălaj'),('en_US',312,'Sibiu'),('en_US',313,'Suceava'),('en_US',314,'Teleorman'),('en_US',315,'Timiş'),('en_US',316,'Tulcea'),('en_US',317,'Vaslui'),('en_US',318,'Vâlcea'),('en_US',319,'Vrancea'),('en_US',320,'Lappi'),('en_US',321,'Pohjois-Pohjanmaa'),('en_US',322,'Kainuu'),('en_US',323,'Pohjois-Karjala'),('en_US',324,'Pohjois-Savo'),('en_US',325,'Etelä-Savo'),('en_US',326,'Etelä-Pohjanmaa'),('en_US',327,'Pohjanmaa'),('en_US',328,'Pirkanmaa'),('en_US',329,'Satakunta'),('en_US',330,'Keski-Pohjanmaa'),('en_US',331,'Keski-Suomi'),('en_US',332,'Varsinais-Suomi'),('en_US',333,'Etelä-Karjala'),('en_US',334,'Päijät-Häme'),('en_US',335,'Kanta-Häme'),('en_US',336,'Uusimaa'),('en_US',337,'Itä-Uusimaa'),('en_US',338,'Kymenlaakso'),('en_US',339,'Ahvenanmaa'),('en_US',340,'Harjumaa'),('en_US',341,'Hiiumaa'),('en_US',342,'Ida-Virumaa'),('en_US',343,'Jõgevamaa'),('en_US',344,'Järvamaa'),('en_US',345,'Läänemaa'),('en_US',346,'Lääne-Virumaa'),('en_US',347,'Põlvamaa'),('en_US',348,'Pärnumaa'),('en_US',349,'Raplamaa'),('en_US',350,'Saaremaa'),('en_US',351,'Tartumaa'),('en_US',352,'Valgamaa'),('en_US',353,'Viljandimaa'),('en_US',354,'Võrumaa'),('en_US',355,'Daugavpils'),('en_US',356,'Jelgava'),('en_US',357,'Jēkabpils'),('en_US',358,'Jūrmala'),('en_US',359,'Liepāja'),('en_US',360,'Liepājas novads'),('en_US',361,'Rēzekne'),('en_US',362,'Rīga'),('en_US',363,'Rīgas novads'),('en_US',364,'Valmiera'),('en_US',365,'Ventspils'),('en_US',366,'Aglonas novads'),('en_US',367,'Aizkraukles novads'),('en_US',368,'Aizputes novads'),('en_US',369,'Aknīstes novads'),('en_US',370,'Alojas novads'),('en_US',371,'Alsungas novads'),('en_US',372,'Alūksnes novads'),('en_US',373,'Amatas novads'),('en_US',374,'Apes novads'),('en_US',375,'Auces novads'),('en_US',376,'Babītes novads'),('en_US',377,'Baldones novads'),('en_US',378,'Baltinavas novads'),('en_US',379,'Balvu novads'),('en_US',380,'Bauskas novads'),('en_US',381,'Beverīnas novads'),('en_US',382,'Brocēnu novads'),('en_US',383,'Burtnieku novads'),('en_US',384,'Carnikavas novads'),('en_US',385,'Cesvaines novads'),('en_US',386,'Ciblas novads'),('en_US',387,'Cēsu novads'),('en_US',388,'Dagdas novads'),('en_US',389,'Daugavpils novads'),('en_US',390,'Dobeles novads'),('en_US',391,'Dundagas novads'),('en_US',392,'Durbes novads'),('en_US',393,'Engures novads'),('en_US',394,'Garkalnes novads'),('en_US',395,'Grobiņas novads'),('en_US',396,'Gulbenes novads'),('en_US',397,'Iecavas novads'),('en_US',398,'Ikšķiles novads'),('en_US',399,'Ilūkstes novads'),('en_US',400,'Inčukalna novads'),('en_US',401,'Jaunjelgavas novads'),('en_US',402,'Jaunpiebalgas novads'),('en_US',403,'Jaunpils novads'),('en_US',404,'Jelgavas novads'),('en_US',405,'Jēkabpils novads'),('en_US',406,'Kandavas novads'),('en_US',407,'Kokneses novads'),('en_US',408,'Krimuldas novads'),('en_US',409,'Krustpils novads'),('en_US',410,'Krāslavas novads'),('en_US',411,'Kuldīgas novads'),('en_US',412,'Kārsavas novads'),('en_US',413,'Lielvārdes novads'),('en_US',414,'Limbažu novads'),('en_US',415,'Lubānas novads'),('en_US',416,'Ludzas novads'),('en_US',417,'Līgatnes novads'),('en_US',418,'Līvānu novads'),('en_US',419,'Madonas novads'),('en_US',420,'Mazsalacas novads'),('en_US',421,'Mālpils novads'),('en_US',422,'Mārupes novads'),('en_US',423,'Naukšēnu novads'),('en_US',424,'Neretas novads'),('en_US',425,'Nīcas novads'),('en_US',426,'Ogres novads'),('en_US',427,'Olaines novads'),('en_US',428,'Ozolnieku novads'),('en_US',429,'Preiļu novads'),('en_US',430,'Priekules novads'),('en_US',431,'Priekuļu novads'),('en_US',432,'Pārgaujas novads'),('en_US',433,'Pāvilostas novads'),('en_US',434,'Pļaviņu novads'),('en_US',435,'Raunas novads'),('en_US',436,'Riebiņu novads'),('en_US',437,'Rojas novads'),('en_US',438,'Ropažu novads'),('en_US',439,'Rucavas novads'),('en_US',440,'Rugāju novads'),('en_US',441,'Rundāles novads'),('en_US',442,'Rēzeknes novads'),('en_US',443,'Rūjienas novads'),('en_US',444,'Salacgrīvas novads'),('en_US',445,'Salas novads'),('en_US',446,'Salaspils novads'),('en_US',447,'Saldus novads'),('en_US',448,'Saulkrastu novads'),('en_US',449,'Siguldas novads'),('en_US',450,'Skrundas novads'),('en_US',451,'Skrīveru novads'),('en_US',452,'Smiltenes novads'),('en_US',453,'Stopiņu novads'),('en_US',454,'Strenču novads'),('en_US',455,'Sējas novads'),('en_US',456,'Talsu novads'),('en_US',457,'Tukuma novads'),('en_US',458,'Tērvetes novads'),('en_US',459,'Vaiņodes novads'),('en_US',460,'Valkas novads'),('en_US',461,'Valmieras novads'),('en_US',462,'Varakļānu novads'),('en_US',463,'Vecpiebalgas novads'),('en_US',464,'Vecumnieku novads'),('en_US',465,'Ventspils novads'),('en_US',466,'Viesītes novads'),('en_US',467,'Viļakas novads'),('en_US',468,'Viļānu novads'),('en_US',469,'Vārkavas novads'),('en_US',470,'Zilupes novads'),('en_US',471,'Ādažu novads'),('en_US',472,'Ērgļu novads'),('en_US',473,'Ķeguma novads'),('en_US',474,'Ķekavas novads'),('en_US',475,'Alytaus Apskritis'),('en_US',476,'Kauno Apskritis'),('en_US',477,'Klaipėdos Apskritis'),('en_US',478,'Marijampolės Apskritis'),('en_US',479,'Panevėžio Apskritis'),('en_US',480,'Šiaulių Apskritis'),('en_US',481,'Tauragės Apskritis'),('en_US',482,'Telšių Apskritis'),('en_US',483,'Utenos Apskritis'),('en_US',484,'Vilniaus Apskritis'),('en_US',485,'Acre'),('en_US',486,'Alagoas'),('en_US',487,'Amapá'),('en_US',488,'Amazonas'),('en_US',489,'Bahia'),('en_US',490,'Ceará'),('en_US',491,'Espírito Santo'),('en_US',492,'Goiás'),('en_US',493,'Maranhão'),('en_US',494,'Mato Grosso'),('en_US',495,'Mato Grosso do Sul'),('en_US',496,'Minas Gerais'),('en_US',497,'Pará'),('en_US',498,'Paraíba'),('en_US',499,'Paraná'),('en_US',500,'Pernambuco'),('en_US',501,'Piauí'),('en_US',502,'Rio de Janeiro'),('en_US',503,'Rio Grande do Norte'),('en_US',504,'Rio Grande do Sul'),('en_US',505,'Rondônia'),('en_US',506,'Roraima'),('en_US',507,'Santa Catarina'),('en_US',508,'São Paulo'),('en_US',509,'Sergipe'),('en_US',510,'Tocantins'),('en_US',511,'Distrito Federal');

--
-- Table structure for table `directory_currency_rate`
--

CREATE TABLE `directory_currency_rate` (
  `currency_from` varchar(3) NOT NULL COMMENT 'Currency Code Convert From',
  `currency_to` varchar(3) NOT NULL COMMENT 'Currency Code Convert To',
  `rate` decimal(24,12) NOT NULL DEFAULT '0.000000000000' COMMENT 'Currency Conversion Rate',
  PRIMARY KEY (`currency_from`,`currency_to`),
  KEY `DIRECTORY_CURRENCY_RATE_CURRENCY_TO` (`currency_to`)
) ENGINE=InnoDB DEFAULT CHARSET=utf8 COMMENT='Directory Currency Rate';

--
-- Dumping data for table `directory_currency_rate`
--

INSERT INTO `directory_currency_rate` VALUES ('EUR','EUR',1.000000000000),('EUR','USD',1.415000000000),('USD','EUR',0.706700000000),('USD','USD',1.000000000000);

--
-- Table structure for table `downloadable_link`
--

CREATE TABLE `downloadable_link` (
  `link_id` int(10) unsigned NOT NULL AUTO_INCREMENT COMMENT 'Link ID',
  `product_id` int(10) unsigned NOT NULL DEFAULT '0' COMMENT 'Product ID',
  `sort_order` int(10) unsigned NOT NULL DEFAULT '0' COMMENT 'Sort order',
  `number_of_downloads` int(11) DEFAULT NULL COMMENT 'Number of downloads',
  `is_shareable` smallint(5) unsigned NOT NULL DEFAULT '0' COMMENT 'Shareable flag',
  `link_url` varchar(255) DEFAULT NULL COMMENT 'Link Url',
  `link_file` varchar(255) DEFAULT NULL COMMENT 'Link File',
  `link_type` varchar(20) DEFAULT NULL COMMENT 'Link Type',
  `sample_url` varchar(255) DEFAULT NULL COMMENT 'Sample Url',
  `sample_file` varchar(255) DEFAULT NULL COMMENT 'Sample File',
  `sample_type` varchar(20) DEFAULT NULL COMMENT 'Sample Type',
  PRIMARY KEY (`link_id`),
  KEY `DOWNLOADABLE_LINK_PRODUCT_ID_SORT_ORDER` (`product_id`,`sort_order`),
  CONSTRAINT `DL_LNK_PRD_ID_CAT_PRD_ENTT_ENTT_ID` FOREIGN KEY (`product_id`) REFERENCES `catalog_product_entity` (`entity_id`) ON DELETE CASCADE
) ENGINE=InnoDB DEFAULT CHARSET=utf8 COMMENT='Downloadable Link Table';

--
-- Dumping data for table `downloadable_link`
--


--
-- Table structure for table `downloadable_link_price`
--

CREATE TABLE `downloadable_link_price` (
  `price_id` int(10) unsigned NOT NULL AUTO_INCREMENT COMMENT 'Price ID',
  `link_id` int(10) unsigned NOT NULL DEFAULT '0' COMMENT 'Link ID',
  `website_id` smallint(5) unsigned NOT NULL DEFAULT '0' COMMENT 'Website ID',
  `price` decimal(12,4) NOT NULL DEFAULT '0.0000' COMMENT 'Price',
  PRIMARY KEY (`price_id`),
  KEY `DOWNLOADABLE_LINK_PRICE_LINK_ID` (`link_id`),
  KEY `DOWNLOADABLE_LINK_PRICE_WEBSITE_ID` (`website_id`),
  CONSTRAINT `DOWNLOADABLE_LINK_PRICE_LINK_ID_DOWNLOADABLE_LINK_LINK_ID` FOREIGN KEY (`link_id`) REFERENCES `downloadable_link` (`link_id`) ON DELETE CASCADE,
  CONSTRAINT `DOWNLOADABLE_LINK_PRICE_WEBSITE_ID_STORE_WEBSITE_WEBSITE_ID` FOREIGN KEY (`website_id`) REFERENCES `store_website` (`website_id`) ON DELETE CASCADE
) ENGINE=InnoDB DEFAULT CHARSET=utf8 COMMENT='Downloadable Link Price Table';

--
-- Dumping data for table `downloadable_link_price`
--


--
-- Table structure for table `downloadable_link_purchased`
--

CREATE TABLE `downloadable_link_purchased` (
  `purchased_id` int(10) unsigned NOT NULL AUTO_INCREMENT COMMENT 'Purchased ID',
  `order_id` int(10) unsigned DEFAULT '0' COMMENT 'Order ID',
  `order_increment_id` varchar(50) DEFAULT NULL COMMENT 'Order Increment ID',
  `order_item_id` int(10) unsigned NOT NULL DEFAULT '0' COMMENT 'Order Item ID',
  `created_at` timestamp NOT NULL DEFAULT CURRENT_TIMESTAMP COMMENT 'Date of creation',
  `updated_at` timestamp NOT NULL DEFAULT CURRENT_TIMESTAMP ON UPDATE CURRENT_TIMESTAMP COMMENT 'Date of modification',
  `customer_id` int(10) unsigned DEFAULT '0' COMMENT 'Customer ID',
  `product_name` varchar(255) DEFAULT NULL COMMENT 'Product name',
  `product_sku` varchar(255) DEFAULT NULL COMMENT 'Product sku',
  `link_section_title` varchar(255) DEFAULT NULL COMMENT 'Link_section_title',
  PRIMARY KEY (`purchased_id`),
  KEY `DOWNLOADABLE_LINK_PURCHASED_ORDER_ID` (`order_id`),
  KEY `DOWNLOADABLE_LINK_PURCHASED_ORDER_ITEM_ID` (`order_item_id`),
  KEY `DOWNLOADABLE_LINK_PURCHASED_CUSTOMER_ID` (`customer_id`),
  CONSTRAINT `DL_LNK_PURCHASED_CSTR_ID_CSTR_ENTT_ENTT_ID` FOREIGN KEY (`customer_id`) REFERENCES `customer_entity` (`entity_id`) ON DELETE SET NULL,
  CONSTRAINT `DOWNLOADABLE_LINK_PURCHASED_ORDER_ID_SALES_ORDER_ENTITY_ID` FOREIGN KEY (`order_id`) REFERENCES `sales_order` (`entity_id`) ON DELETE SET NULL
) ENGINE=InnoDB DEFAULT CHARSET=utf8 COMMENT='Downloadable Link Purchased Table';

--
-- Dumping data for table `downloadable_link_purchased`
--


--
-- Table structure for table `downloadable_link_purchased_item`
--

CREATE TABLE `downloadable_link_purchased_item` (
  `item_id` int(10) unsigned NOT NULL AUTO_INCREMENT COMMENT 'Item ID',
  `purchased_id` int(10) unsigned NOT NULL DEFAULT '0' COMMENT 'Purchased ID',
  `order_item_id` int(10) unsigned DEFAULT '0' COMMENT 'Order Item ID',
  `product_id` int(10) unsigned DEFAULT '0' COMMENT 'Product ID',
  `link_hash` varchar(255) DEFAULT NULL COMMENT 'Link hash',
  `number_of_downloads_bought` int(10) unsigned NOT NULL DEFAULT '0' COMMENT 'Number of downloads bought',
  `number_of_downloads_used` int(10) unsigned NOT NULL DEFAULT '0' COMMENT 'Number of downloads used',
  `link_id` int(10) unsigned NOT NULL DEFAULT '0' COMMENT 'Link ID',
  `link_title` varchar(255) DEFAULT NULL COMMENT 'Link Title',
  `is_shareable` smallint(5) unsigned NOT NULL DEFAULT '0' COMMENT 'Shareable Flag',
  `link_url` varchar(255) DEFAULT NULL COMMENT 'Link Url',
  `link_file` varchar(255) DEFAULT NULL COMMENT 'Link File',
  `link_type` varchar(255) DEFAULT NULL COMMENT 'Link Type',
  `status` varchar(50) DEFAULT NULL COMMENT 'Status',
  `created_at` timestamp NOT NULL DEFAULT CURRENT_TIMESTAMP COMMENT 'Creation Time',
  `updated_at` timestamp NOT NULL DEFAULT CURRENT_TIMESTAMP ON UPDATE CURRENT_TIMESTAMP COMMENT 'Update Time',
  PRIMARY KEY (`item_id`),
  KEY `DOWNLOADABLE_LINK_PURCHASED_ITEM_LINK_HASH` (`link_hash`),
  KEY `DOWNLOADABLE_LINK_PURCHASED_ITEM_ORDER_ITEM_ID` (`order_item_id`),
  KEY `DOWNLOADABLE_LINK_PURCHASED_ITEM_PURCHASED_ID` (`purchased_id`),
  CONSTRAINT `FK_164CFCBEFF38684B1365D32ADEAFB4A2` FOREIGN KEY (`order_item_id`) REFERENCES `sales_order_item` (`item_id`) ON DELETE SET NULL,
  CONSTRAINT `FK_50E2C4190899EC24DC306CD27D9A1067` FOREIGN KEY (`purchased_id`) REFERENCES `downloadable_link_purchased` (`purchased_id`) ON DELETE CASCADE
) ENGINE=InnoDB DEFAULT CHARSET=utf8 COMMENT='Downloadable Link Purchased Item Table';

--
-- Dumping data for table `downloadable_link_purchased_item`
--


--
-- Table structure for table `downloadable_link_title`
--

CREATE TABLE `downloadable_link_title` (
  `title_id` int(10) unsigned NOT NULL AUTO_INCREMENT COMMENT 'Title ID',
  `link_id` int(10) unsigned NOT NULL DEFAULT '0' COMMENT 'Link ID',
  `store_id` smallint(5) unsigned NOT NULL DEFAULT '0' COMMENT 'Store ID',
  `title` varchar(255) DEFAULT NULL COMMENT 'Title',
  PRIMARY KEY (`title_id`),
  UNIQUE KEY `DOWNLOADABLE_LINK_TITLE_LINK_ID_STORE_ID` (`link_id`,`store_id`),
  KEY `DOWNLOADABLE_LINK_TITLE_STORE_ID` (`store_id`),
  CONSTRAINT `DOWNLOADABLE_LINK_TITLE_LINK_ID_DOWNLOADABLE_LINK_LINK_ID` FOREIGN KEY (`link_id`) REFERENCES `downloadable_link` (`link_id`) ON DELETE CASCADE,
  CONSTRAINT `DOWNLOADABLE_LINK_TITLE_STORE_ID_STORE_STORE_ID` FOREIGN KEY (`store_id`) REFERENCES `store` (`store_id`) ON DELETE CASCADE
) ENGINE=InnoDB DEFAULT CHARSET=utf8 COMMENT='Link Title Table';

--
-- Dumping data for table `downloadable_link_title`
--


--
-- Table structure for table `downloadable_sample`
--

CREATE TABLE `downloadable_sample` (
  `sample_id` int(10) unsigned NOT NULL AUTO_INCREMENT COMMENT 'Sample ID',
  `product_id` int(10) unsigned NOT NULL DEFAULT '0' COMMENT 'Product ID',
  `sample_url` varchar(255) DEFAULT NULL COMMENT 'Sample URL',
  `sample_file` varchar(255) DEFAULT NULL COMMENT 'Sample file',
  `sample_type` varchar(20) DEFAULT NULL COMMENT 'Sample Type',
  `sort_order` int(10) unsigned NOT NULL DEFAULT '0' COMMENT 'Sort Order',
  PRIMARY KEY (`sample_id`),
  KEY `DOWNLOADABLE_SAMPLE_PRODUCT_ID` (`product_id`),
  CONSTRAINT `DL_SAMPLE_PRD_ID_CAT_PRD_ENTT_ENTT_ID` FOREIGN KEY (`product_id`) REFERENCES `catalog_product_entity` (`entity_id`) ON DELETE CASCADE
) ENGINE=InnoDB DEFAULT CHARSET=utf8 COMMENT='Downloadable Sample Table';

--
-- Dumping data for table `downloadable_sample`
--


--
-- Table structure for table `downloadable_sample_title`
--

CREATE TABLE `downloadable_sample_title` (
  `title_id` int(10) unsigned NOT NULL AUTO_INCREMENT COMMENT 'Title ID',
  `sample_id` int(10) unsigned NOT NULL DEFAULT '0' COMMENT 'Sample ID',
  `store_id` smallint(5) unsigned NOT NULL DEFAULT '0' COMMENT 'Store ID',
  `title` varchar(255) DEFAULT NULL COMMENT 'Title',
  PRIMARY KEY (`title_id`),
  UNIQUE KEY `DOWNLOADABLE_SAMPLE_TITLE_SAMPLE_ID_STORE_ID` (`sample_id`,`store_id`),
  KEY `DOWNLOADABLE_SAMPLE_TITLE_STORE_ID` (`store_id`),
  CONSTRAINT `DL_SAMPLE_TTL_SAMPLE_ID_DL_SAMPLE_SAMPLE_ID` FOREIGN KEY (`sample_id`) REFERENCES `downloadable_sample` (`sample_id`) ON DELETE CASCADE,
  CONSTRAINT `DOWNLOADABLE_SAMPLE_TITLE_STORE_ID_STORE_STORE_ID` FOREIGN KEY (`store_id`) REFERENCES `store` (`store_id`) ON DELETE CASCADE
) ENGINE=InnoDB DEFAULT CHARSET=utf8 COMMENT='Downloadable Sample Title Table';

--
-- Dumping data for table `downloadable_sample_title`
--


--
-- Table structure for table `eav_attribute`
--

CREATE TABLE `eav_attribute` (
  `attribute_id` smallint(5) unsigned NOT NULL AUTO_INCREMENT COMMENT 'Attribute Id',
  `entity_type_id` smallint(5) unsigned NOT NULL DEFAULT '0' COMMENT 'Entity Type Id',
  `attribute_code` varchar(255) DEFAULT NULL COMMENT 'Attribute Code',
  `attribute_model` varchar(255) DEFAULT NULL COMMENT 'Attribute Model',
  `backend_model` varchar(255) DEFAULT NULL COMMENT 'Backend Model',
  `backend_type` varchar(8) NOT NULL DEFAULT 'static' COMMENT 'Backend Type',
  `backend_table` varchar(255) DEFAULT NULL COMMENT 'Backend Table',
  `frontend_model` varchar(255) DEFAULT NULL COMMENT 'Frontend Model',
  `frontend_input` varchar(50) DEFAULT NULL COMMENT 'Frontend Input',
  `frontend_label` varchar(255) DEFAULT NULL COMMENT 'Frontend Label',
  `frontend_class` varchar(255) DEFAULT NULL COMMENT 'Frontend Class',
  `source_model` varchar(255) DEFAULT NULL COMMENT 'Source Model',
  `is_required` smallint(5) unsigned NOT NULL DEFAULT '0' COMMENT 'Defines Is Required',
  `is_user_defined` smallint(5) unsigned NOT NULL DEFAULT '0' COMMENT 'Defines Is User Defined',
  `default_value` text COMMENT 'Default Value',
  `is_unique` smallint(5) unsigned NOT NULL DEFAULT '0' COMMENT 'Defines Is Unique',
  `note` varchar(255) DEFAULT NULL COMMENT 'Note',
  PRIMARY KEY (`attribute_id`),
  UNIQUE KEY `EAV_ATTRIBUTE_ENTITY_TYPE_ID_ATTRIBUTE_CODE` (`entity_type_id`,`attribute_code`),
  CONSTRAINT `EAV_ATTRIBUTE_ENTITY_TYPE_ID_EAV_ENTITY_TYPE_ENTITY_TYPE_ID` FOREIGN KEY (`entity_type_id`) REFERENCES `eav_entity_type` (`entity_type_id`) ON DELETE CASCADE
) ENGINE=InnoDB AUTO_INCREMENT=156 DEFAULT CHARSET=utf8 COMMENT='Eav Attribute';

--
-- Dumping data for table `eav_attribute`
--



--
-- Table structure for table `eav_attribute_group`
--

CREATE TABLE `eav_attribute_group` (
  `attribute_group_id` smallint(5) unsigned NOT NULL AUTO_INCREMENT COMMENT 'Attribute Group Id',
  `attribute_set_id` smallint(5) unsigned NOT NULL DEFAULT '0' COMMENT 'Attribute Set Id',
  `attribute_group_name` varchar(255) DEFAULT NULL COMMENT 'Attribute Group Name',
  `sort_order` smallint(6) NOT NULL DEFAULT '0' COMMENT 'Sort Order',
  `default_id` smallint(5) unsigned DEFAULT '0' COMMENT 'Default Id',
  `attribute_group_code` varchar(255) NOT NULL COMMENT 'Attribute Group Code',
  `tab_group_code` varchar(255) DEFAULT NULL COMMENT 'Tab Group Code',
  PRIMARY KEY (`attribute_group_id`),
  UNIQUE KEY `EAV_ATTRIBUTE_GROUP_ATTRIBUTE_SET_ID_ATTRIBUTE_GROUP_NAME` (`attribute_set_id`,`attribute_group_name`),
  KEY `EAV_ATTRIBUTE_GROUP_ATTRIBUTE_SET_ID_SORT_ORDER` (`attribute_set_id`,`sort_order`),
  CONSTRAINT `EAV_ATTR_GROUP_ATTR_SET_ID_EAV_ATTR_SET_ATTR_SET_ID` FOREIGN KEY (`attribute_set_id`) REFERENCES `eav_attribute_set` (`attribute_set_id`) ON DELETE CASCADE
) ENGINE=InnoDB AUTO_INCREMENT=33 DEFAULT CHARSET=utf8 COMMENT='Eav Attribute Group';

--
-- Dumping data for table `eav_attribute_group`
--

INSERT INTO `eav_attribute_group` VALUES (1,1,'General',1,1,'general',NULL),(2,2,'General',1,1,'general',NULL),(3,3,'General',10,1,'general',NULL),(4,3,'General Information',2,0,'general-information',NULL),(5,3,'Display Settings',20,0,'display-settings',NULL),(6,3,'Custom Design',30,0,'custom-design',NULL),(7,4,'Product Details',10,1,'product-details','basic'),(8,4,'Advanced Pricing',40,0,'advanced-pricing','advanced'),(9,4,'Search Engine Optimization',30,0,'search-engine-optimization','basic'),(10,4,'Images',20,0,'image-management','basic'),(11,4,'Design',50,0,'design','advanced'),(12,4,'Autosettings',60,0,'autosettings','advanced'),(13,4,'Content',15,0,'content','basic'),(14,4,'Schedule Design Update',55,0,'schedule-design-update','advanced'),(15,4,'Bundle Items',16,0,'bundle-items',NULL),(16,5,'General',1,1,'general',NULL),(17,6,'General',1,1,'general',NULL),(18,7,'General',1,1,'general',NULL),(19,8,'General',1,1,'general',NULL),(20,4,'Gift Options',61,0,'gift-options',NULL),(21,3,'SW Menu',31,0,'sw-menu',NULL),(22,3,'Onepage Category',32,0,'onepage-category',NULL),(23,9,'Gift Options',10,0,'gift-options',NULL),(24,9,'Autosettings',9,0,'autosettings','advanced'),(25,9,'Schedule Design Update',8,0,'schedule-design-update','advanced'),(26,9,'Design',7,0,'design','advanced'),(27,9,'Advanced Pricing',6,0,'advanced-pricing','advanced'),(28,9,'Search Engine Optimization',5,0,'search-engine-optimization','basic'),(29,9,'Images',4,0,'image-management','basic'),(30,9,'Bundle Items',3,0,'bundle-items',NULL),(31,9,'Content',2,0,'content','basic'),(32,9,'Product Details',1,1,'product-details','basic');

--
-- Table structure for table `eav_attribute_label`
--

CREATE TABLE `eav_attribute_label` (
  `attribute_label_id` int(10) unsigned NOT NULL AUTO_INCREMENT COMMENT 'Attribute Label Id',
  `attribute_id` smallint(5) unsigned NOT NULL DEFAULT '0' COMMENT 'Attribute Id',
  `store_id` smallint(5) unsigned NOT NULL DEFAULT '0' COMMENT 'Store Id',
  `value` varchar(255) DEFAULT NULL COMMENT 'Value',
  PRIMARY KEY (`attribute_label_id`),
  KEY `EAV_ATTRIBUTE_LABEL_STORE_ID` (`store_id`),
  KEY `EAV_ATTRIBUTE_LABEL_ATTRIBUTE_ID_STORE_ID` (`attribute_id`,`store_id`),
  CONSTRAINT `EAV_ATTRIBUTE_LABEL_ATTRIBUTE_ID_EAV_ATTRIBUTE_ATTRIBUTE_ID` FOREIGN KEY (`attribute_id`) REFERENCES `eav_attribute` (`attribute_id`) ON DELETE CASCADE,
  CONSTRAINT `EAV_ATTRIBUTE_LABEL_STORE_ID_STORE_STORE_ID` FOREIGN KEY (`store_id`) REFERENCES `store` (`store_id`) ON DELETE CASCADE
) ENGINE=InnoDB DEFAULT CHARSET=utf8 COMMENT='Eav Attribute Label';

--
-- Dumping data for table `eav_attribute_label`
--


--
-- Table structure for table `eav_attribute_option`
--

CREATE TABLE `eav_attribute_option` (
  `option_id` int(10) unsigned NOT NULL AUTO_INCREMENT COMMENT 'Option Id',
  `attribute_id` smallint(5) unsigned NOT NULL DEFAULT '0' COMMENT 'Attribute Id',
  `sort_order` smallint(5) unsigned NOT NULL DEFAULT '0' COMMENT 'Sort Order',
  PRIMARY KEY (`option_id`),
  KEY `EAV_ATTRIBUTE_OPTION_ATTRIBUTE_ID` (`attribute_id`),
  CONSTRAINT `EAV_ATTR_OPT_ATTR_ID_EAV_ATTR_ATTR_ID` FOREIGN KEY (`attribute_id`) REFERENCES `eav_attribute` (`attribute_id`) ON DELETE CASCADE
) ENGINE=InnoDB AUTO_INCREMENT=13 DEFAULT CHARSET=utf8 COMMENT='Eav Attribute Option';

--
-- Dumping data for table `eav_attribute_option`
--

INSERT INTO `eav_attribute_option` VALUES (1,20,0),(2,20,1),(3,20,3),(4,93,1),(5,93,2),(6,93,3),(7,93,4),(8,93,5),(9,93,6),(10,155,1),(11,155,2),(12,155,3);

--
-- Table structure for table `eav_attribute_option_swatch`
--

CREATE TABLE `eav_attribute_option_swatch` (
  `swatch_id` int(10) unsigned NOT NULL AUTO_INCREMENT COMMENT 'Swatch ID',
  `option_id` int(10) unsigned NOT NULL COMMENT 'Option ID',
  `store_id` smallint(5) unsigned NOT NULL COMMENT 'Store ID',
  `type` smallint(5) unsigned NOT NULL COMMENT 'Swatch type: 0 - text, 1 - visual color, 2 - visual image',
  `value` varchar(255) DEFAULT NULL COMMENT 'Swatch Value',
  PRIMARY KEY (`swatch_id`),
  UNIQUE KEY `EAV_ATTRIBUTE_OPTION_SWATCH_STORE_ID_OPTION_ID` (`store_id`,`option_id`),
  KEY `EAV_ATTRIBUTE_OPTION_SWATCH_SWATCH_ID` (`swatch_id`),
  KEY `EAV_ATTR_OPT_SWATCH_OPT_ID_EAV_ATTR_OPT_OPT_ID` (`option_id`),
  CONSTRAINT `EAV_ATTRIBUTE_OPTION_SWATCH_STORE_ID_STORE_STORE_ID` FOREIGN KEY (`store_id`) REFERENCES `store` (`store_id`) ON DELETE CASCADE,
  CONSTRAINT `EAV_ATTR_OPT_SWATCH_OPT_ID_EAV_ATTR_OPT_OPT_ID` FOREIGN KEY (`option_id`) REFERENCES `eav_attribute_option` (`option_id`) ON DELETE CASCADE
) ENGINE=InnoDB DEFAULT CHARSET=utf8 COMMENT='Magento Swatches table';

--
-- Dumping data for table `eav_attribute_option_swatch`
--


--
-- Table structure for table `eav_attribute_option_value`
--

CREATE TABLE `eav_attribute_option_value` (
  `value_id` int(10) unsigned NOT NULL AUTO_INCREMENT COMMENT 'Value Id',
  `option_id` int(10) unsigned NOT NULL DEFAULT '0' COMMENT 'Option Id',
  `store_id` smallint(5) unsigned NOT NULL DEFAULT '0' COMMENT 'Store Id',
  `value` varchar(255) DEFAULT NULL COMMENT 'Value',
  PRIMARY KEY (`value_id`),
  KEY `EAV_ATTRIBUTE_OPTION_VALUE_OPTION_ID` (`option_id`),
  KEY `EAV_ATTRIBUTE_OPTION_VALUE_STORE_ID` (`store_id`),
  CONSTRAINT `EAV_ATTRIBUTE_OPTION_VALUE_STORE_ID_STORE_STORE_ID` FOREIGN KEY (`store_id`) REFERENCES `store` (`store_id`) ON DELETE CASCADE,
  CONSTRAINT `EAV_ATTR_OPT_VAL_OPT_ID_EAV_ATTR_OPT_OPT_ID` FOREIGN KEY (`option_id`) REFERENCES `eav_attribute_option` (`option_id`) ON DELETE CASCADE
) ENGINE=InnoDB AUTO_INCREMENT=88 DEFAULT CHARSET=utf8 COMMENT='Eav Attribute Option Value';

--
-- Dumping data for table `eav_attribute_option_value`
--

INSERT INTO `eav_attribute_option_value` VALUES (1,1,0,'Male'),(2,2,0,'Female'),(3,3,0,'Not Specified'),(46,10,1,'12g'),(47,10,0,'12g'),(48,11,1,'28g'),(49,11,0,'28g'),(50,12,1,'52g'),(51,12,0,'52g'),(76,4,1,'Black'),(77,4,0,'Black'),(78,5,1,'Dark Brown'),(79,5,0,'Dark Brown'),(80,6,1,'Medium Brown'),(81,6,0,'Medium Brown'),(82,7,1,'Light Brown'),(83,7,0,'Light Brown'),(84,8,1,'Grey'),(85,8,0,'Grey'),(86,9,1,'Medium Blonde'),(87,9,0,'Medium Blonde');

--
-- Table structure for table `eav_attribute_set`
--

CREATE TABLE `eav_attribute_set` (
  `attribute_set_id` smallint(5) unsigned NOT NULL AUTO_INCREMENT COMMENT 'Attribute Set Id',
  `entity_type_id` smallint(5) unsigned NOT NULL DEFAULT '0' COMMENT 'Entity Type Id',
  `attribute_set_name` varchar(255) DEFAULT NULL COMMENT 'Attribute Set Name',
  `sort_order` smallint(6) NOT NULL DEFAULT '0' COMMENT 'Sort Order',
  PRIMARY KEY (`attribute_set_id`),
  UNIQUE KEY `EAV_ATTRIBUTE_SET_ENTITY_TYPE_ID_ATTRIBUTE_SET_NAME` (`entity_type_id`,`attribute_set_name`),
  KEY `EAV_ATTRIBUTE_SET_ENTITY_TYPE_ID_SORT_ORDER` (`entity_type_id`,`sort_order`),
  CONSTRAINT `EAV_ATTR_SET_ENTT_TYPE_ID_EAV_ENTT_TYPE_ENTT_TYPE_ID` FOREIGN KEY (`entity_type_id`) REFERENCES `eav_entity_type` (`entity_type_id`) ON DELETE CASCADE
) ENGINE=InnoDB AUTO_INCREMENT=10 DEFAULT CHARSET=utf8 COMMENT='Eav Attribute Set';

--
-- Dumping data for table `eav_attribute_set`
--

INSERT INTO `eav_attribute_set` VALUES (1,1,'Default',2),(2,2,'Default',2),(3,3,'Default',1),(4,4,'Default',1),(5,5,'Default',1),(6,6,'Default',1),(7,7,'Default',1),(8,8,'Default',1),(9,4,'Hair Fibers',0);

--
-- Table structure for table `eav_entity`
--

CREATE TABLE `eav_entity` (
  `entity_id` int(10) unsigned NOT NULL AUTO_INCREMENT COMMENT 'Entity Id',
  `entity_type_id` smallint(5) unsigned NOT NULL DEFAULT '0' COMMENT 'Entity Type Id',
  `attribute_set_id` smallint(5) unsigned NOT NULL DEFAULT '0' COMMENT 'Attribute Set Id',
  `increment_id` varchar(50) DEFAULT NULL COMMENT 'Increment Id',
  `parent_id` int(10) unsigned NOT NULL DEFAULT '0' COMMENT 'Parent Id',
  `store_id` smallint(5) unsigned NOT NULL DEFAULT '0' COMMENT 'Store Id',
  `created_at` timestamp NOT NULL DEFAULT CURRENT_TIMESTAMP COMMENT 'Created At',
  `updated_at` timestamp NOT NULL DEFAULT CURRENT_TIMESTAMP ON UPDATE CURRENT_TIMESTAMP COMMENT 'Updated At',
  `is_active` smallint(5) unsigned NOT NULL DEFAULT '1' COMMENT 'Defines Is Entity Active',
  PRIMARY KEY (`entity_id`),
  KEY `EAV_ENTITY_ENTITY_TYPE_ID` (`entity_type_id`),
  KEY `EAV_ENTITY_STORE_ID` (`store_id`),
  CONSTRAINT `EAV_ENTITY_ENTITY_TYPE_ID_EAV_ENTITY_TYPE_ENTITY_TYPE_ID` FOREIGN KEY (`entity_type_id`) REFERENCES `eav_entity_type` (`entity_type_id`) ON DELETE CASCADE,
  CONSTRAINT `EAV_ENTITY_STORE_ID_STORE_STORE_ID` FOREIGN KEY (`store_id`) REFERENCES `store` (`store_id`) ON DELETE CASCADE
) ENGINE=InnoDB DEFAULT CHARSET=utf8 COMMENT='Eav Entity';

--
-- Dumping data for table `eav_entity`
--


--
-- Table structure for table `eav_entity_attribute`
--

CREATE TABLE `eav_entity_attribute` (
  `entity_attribute_id` int(10) unsigned NOT NULL AUTO_INCREMENT COMMENT 'Entity Attribute Id',
  `entity_type_id` smallint(5) unsigned NOT NULL DEFAULT '0' COMMENT 'Entity Type Id',
  `attribute_set_id` smallint(5) unsigned NOT NULL DEFAULT '0' COMMENT 'Attribute Set Id',
  `attribute_group_id` smallint(5) unsigned NOT NULL DEFAULT '0' COMMENT 'Attribute Group Id',
  `attribute_id` smallint(5) unsigned NOT NULL DEFAULT '0' COMMENT 'Attribute Id',
  `sort_order` smallint(6) NOT NULL DEFAULT '0' COMMENT 'Sort Order',
  PRIMARY KEY (`entity_attribute_id`),
  UNIQUE KEY `EAV_ENTITY_ATTRIBUTE_ATTRIBUTE_SET_ID_ATTRIBUTE_ID` (`attribute_set_id`,`attribute_id`),
  UNIQUE KEY `EAV_ENTITY_ATTRIBUTE_ATTRIBUTE_GROUP_ID_ATTRIBUTE_ID` (`attribute_group_id`,`attribute_id`),
  KEY `EAV_ENTITY_ATTRIBUTE_ATTRIBUTE_SET_ID_SORT_ORDER` (`attribute_set_id`,`sort_order`),
  KEY `EAV_ENTITY_ATTRIBUTE_ATTRIBUTE_ID` (`attribute_id`),
  CONSTRAINT `EAV_ENTT_ATTR_ATTR_GROUP_ID_EAV_ATTR_GROUP_ATTR_GROUP_ID` FOREIGN KEY (`attribute_group_id`) REFERENCES `eav_attribute_group` (`attribute_group_id`) ON DELETE CASCADE,
  CONSTRAINT `EAV_ENTT_ATTR_ATTR_ID_EAV_ATTR_ATTR_ID` FOREIGN KEY (`attribute_id`) REFERENCES `eav_attribute` (`attribute_id`) ON DELETE CASCADE
) ENGINE=InnoDB AUTO_INCREMENT=457 DEFAULT CHARSET=utf8 COMMENT='Eav Entity Attributes';

--
-- Dumping data for table `eav_entity_attribute`
--

INSERT INTO `eav_entity_attribute` VALUES (1,1,1,1,1,10),(2,1,1,1,2,20),(3,1,1,1,3,20),(4,1,1,1,4,30),(5,1,1,1,5,40),(6,1,1,1,6,50),(7,1,1,1,7,60),(8,1,1,1,8,70),(9,1,1,1,9,80),(10,1,1,1,10,25),(11,1,1,1,11,90),(12,1,1,1,12,81),(13,1,1,1,13,115),(14,1,1,1,14,120),(15,1,1,1,15,82),(16,1,1,1,16,83),(17,1,1,1,17,100),(18,1,1,1,18,85),(19,1,1,1,19,86),(20,1,1,1,20,110),(21,1,1,1,21,28),(22,2,2,2,22,10),(23,2,2,2,23,20),(24,2,2,2,24,30),(25,2,2,2,25,40),(26,2,2,2,26,50),(27,2,2,2,27,60),(28,2,2,2,28,70),(29,2,2,2,29,80),(30,2,2,2,30,90),(31,2,2,2,31,100),(32,2,2,2,32,100),(33,2,2,2,33,110),(34,2,2,2,34,120),(35,2,2,2,35,130),(36,2,2,2,36,131),(37,2,2,2,37,132),(38,2,2,2,38,133),(39,2,2,2,39,134),(40,2,2,2,40,135),(41,1,1,1,41,87),(42,1,1,1,42,100),(43,1,1,1,43,110),(44,1,1,1,44,120),(45,3,3,4,45,1),(46,3,3,4,46,2),(47,3,3,4,47,4),(48,3,3,4,48,5),(49,3,3,4,49,6),(50,3,3,4,50,7),(51,3,3,4,51,8),(52,3,3,5,52,10),(53,3,3,5,53,20),(54,3,3,5,54,30),(55,3,3,4,55,12),(56,3,3,4,56,13),(57,3,3,4,57,14),(58,3,3,4,58,15),(59,3,3,4,59,16),(60,3,3,6,60,10),(61,3,3,6,61,30),(62,3,3,6,62,40),(63,3,3,6,63,50),(64,3,3,6,64,60),(65,3,3,4,65,24),(66,3,3,4,66,25),(67,3,3,5,67,40),(68,3,3,5,68,50),(69,3,3,4,69,10),(70,3,3,6,70,5),(71,3,3,6,71,6),(72,3,3,5,72,51),(73,4,4,7,73,10),(74,4,4,7,74,20),(75,4,4,13,75,90),(76,4,4,13,76,100),(77,4,4,7,77,30),(78,4,4,8,78,3),(79,4,4,8,79,4),(80,4,4,8,80,5),(81,4,4,8,81,6),(82,4,4,7,82,70),(83,4,4,9,84,20),(84,4,4,9,85,30),(85,4,4,9,86,40),(86,4,4,10,87,1),(87,4,4,10,88,2),(88,4,4,10,89,3),(89,4,4,10,90,4),(90,4,4,7,91,6),(91,4,4,8,92,7),(92,4,4,7,94,90),(93,4,4,7,95,100),(94,4,4,10,96,5),(95,4,4,7,97,5),(96,4,4,8,98,8),(97,4,4,7,99,80),(98,4,4,14,100,40),(99,4,4,14,101,20),(100,4,4,14,102,30),(101,4,4,11,103,10),(102,4,4,11,104,5),(103,4,4,7,105,80),(104,4,4,11,106,6),(105,4,4,7,107,14),(106,4,4,7,108,15),(107,4,4,7,109,16),(108,4,4,7,110,17),(109,4,4,7,111,18),(110,4,4,7,112,19),(111,4,4,7,113,20),(112,4,4,7,114,110),(113,4,4,7,115,60),(114,4,4,14,116,50),(115,3,3,4,117,3),(116,3,3,4,118,17),(117,4,4,9,119,10),(118,4,4,7,120,11),(119,4,4,8,121,9),(120,4,4,8,122,10),(121,4,4,7,123,31),(122,4,4,7,124,21),(123,4,4,7,125,71),(124,4,4,8,126,11),(125,4,4,15,127,1),(126,4,4,7,128,111),(127,4,4,7,129,112),(128,4,4,7,130,113),(129,4,4,7,131,114),(130,4,4,10,132,3),(131,4,4,7,133,40),(132,4,4,20,134,10),(133,4,4,7,135,102),(134,3,3,21,136,10),(135,3,3,21,137,20),(136,3,3,21,138,30),(137,3,3,21,139,40),(138,3,3,21,140,50),(139,3,3,21,141,60),(140,3,3,21,142,70),(141,3,3,21,143,80),(142,3,3,21,144,90),(143,3,3,21,145,100),(144,3,3,21,146,110),(145,3,3,21,147,120),(146,3,3,21,148,130),(147,3,3,21,149,140),(148,3,3,22,150,10),(149,3,3,22,151,20),(150,3,3,22,152,30),(151,3,3,22,153,40),(152,3,3,22,154,50),(180,4,9,27,98,8),(216,4,9,32,91,6),(220,4,9,32,120,11),(222,4,9,32,107,14),(224,4,9,32,108,15),(226,4,9,32,109,16),(228,4,9,32,110,17),(230,4,9,32,111,18),(232,4,9,32,112,19),(236,4,9,32,113,20),(264,4,9,32,128,111),(266,4,9,32,129,112),(268,4,9,32,130,113),(270,4,9,32,131,114),(364,4,9,32,73,2),(366,4,9,32,74,3),(368,4,9,32,77,5),(370,4,9,32,82,9),(372,4,9,32,93,17),(374,4,9,32,94,13),(376,4,9,32,95,14),(378,4,9,32,97,1),(380,4,9,32,99,12),(382,4,9,32,105,11),(384,4,9,32,114,16),(386,4,9,32,115,8),(388,4,9,32,123,6),(390,4,9,32,124,4),(392,4,9,32,125,10),(394,4,9,32,133,7),(396,4,9,32,135,15),(398,4,9,32,155,18),(400,4,9,31,75,1),(402,4,9,31,76,2),(404,4,9,30,127,1),(406,4,9,29,87,1),(408,4,9,29,88,2),(410,4,9,29,89,3),(412,4,9,29,90,5),(414,4,9,29,96,6),(416,4,9,29,132,4),(418,4,9,28,84,2),(420,4,9,28,85,3),(422,4,9,28,86,4),(424,4,9,28,119,1),(426,4,9,27,78,1),(428,4,9,27,79,2),(430,4,9,27,80,3),(432,4,9,27,81,4),(434,4,9,27,92,5),(436,4,9,27,121,6),(438,4,9,27,122,7),(440,4,9,27,126,8),(442,4,9,26,103,3),(444,4,9,26,104,1),(446,4,9,26,106,2),(448,4,9,25,100,3),(450,4,9,25,101,1),(452,4,9,25,102,2),(454,4,9,25,116,4),(456,4,9,23,134,1);

--
-- Table structure for table `eav_entity_datetime`
--

CREATE TABLE `eav_entity_datetime` (
  `value_id` int(11) NOT NULL AUTO_INCREMENT COMMENT 'Value Id',
  `entity_type_id` smallint(5) unsigned NOT NULL DEFAULT '0' COMMENT 'Entity Type Id',
  `attribute_id` smallint(5) unsigned NOT NULL DEFAULT '0' COMMENT 'Attribute Id',
  `store_id` smallint(5) unsigned NOT NULL DEFAULT '0' COMMENT 'Store Id',
  `entity_id` int(10) unsigned NOT NULL DEFAULT '0' COMMENT 'Entity Id',
  `value` datetime DEFAULT NULL COMMENT 'Attribute Value',
  PRIMARY KEY (`value_id`),
  UNIQUE KEY `EAV_ENTITY_DATETIME_ENTITY_ID_ATTRIBUTE_ID_STORE_ID` (`entity_id`,`attribute_id`,`store_id`),
  KEY `EAV_ENTITY_DATETIME_STORE_ID` (`store_id`),
  KEY `EAV_ENTITY_DATETIME_ATTRIBUTE_ID_VALUE` (`attribute_id`,`value`),
  KEY `EAV_ENTITY_DATETIME_ENTITY_TYPE_ID_VALUE` (`entity_type_id`,`value`),
  CONSTRAINT `EAV_ENTITY_DATETIME_ENTITY_ID_EAV_ENTITY_ENTITY_ID` FOREIGN KEY (`entity_id`) REFERENCES `eav_entity` (`entity_id`) ON DELETE CASCADE,
  CONSTRAINT `EAV_ENTITY_DATETIME_STORE_ID_STORE_STORE_ID` FOREIGN KEY (`store_id`) REFERENCES `store` (`store_id`) ON DELETE CASCADE,
  CONSTRAINT `EAV_ENTT_DTIME_ENTT_TYPE_ID_EAV_ENTT_TYPE_ENTT_TYPE_ID` FOREIGN KEY (`entity_type_id`) REFERENCES `eav_entity_type` (`entity_type_id`) ON DELETE CASCADE
) ENGINE=InnoDB DEFAULT CHARSET=utf8 COMMENT='Eav Entity Value Prefix';

--
-- Dumping data for table `eav_entity_datetime`
--


--
-- Table structure for table `eav_entity_decimal`
--

CREATE TABLE `eav_entity_decimal` (
  `value_id` int(11) NOT NULL AUTO_INCREMENT COMMENT 'Value Id',
  `entity_type_id` smallint(5) unsigned NOT NULL DEFAULT '0' COMMENT 'Entity Type Id',
  `attribute_id` smallint(5) unsigned NOT NULL DEFAULT '0' COMMENT 'Attribute Id',
  `store_id` smallint(5) unsigned NOT NULL DEFAULT '0' COMMENT 'Store Id',
  `entity_id` int(10) unsigned NOT NULL DEFAULT '0' COMMENT 'Entity Id',
  `value` decimal(12,4) NOT NULL DEFAULT '0.0000' COMMENT 'Attribute Value',
  PRIMARY KEY (`value_id`),
  UNIQUE KEY `EAV_ENTITY_DECIMAL_ENTITY_ID_ATTRIBUTE_ID_STORE_ID` (`entity_id`,`attribute_id`,`store_id`),
  KEY `EAV_ENTITY_DECIMAL_STORE_ID` (`store_id`),
  KEY `EAV_ENTITY_DECIMAL_ATTRIBUTE_ID_VALUE` (`attribute_id`,`value`),
  KEY `EAV_ENTITY_DECIMAL_ENTITY_TYPE_ID_VALUE` (`entity_type_id`,`value`),
  CONSTRAINT `EAV_ENTITY_DECIMAL_ENTITY_ID_EAV_ENTITY_ENTITY_ID` FOREIGN KEY (`entity_id`) REFERENCES `eav_entity` (`entity_id`) ON DELETE CASCADE,
  CONSTRAINT `EAV_ENTITY_DECIMAL_STORE_ID_STORE_STORE_ID` FOREIGN KEY (`store_id`) REFERENCES `store` (`store_id`) ON DELETE CASCADE,
  CONSTRAINT `EAV_ENTT_DEC_ENTT_TYPE_ID_EAV_ENTT_TYPE_ENTT_TYPE_ID` FOREIGN KEY (`entity_type_id`) REFERENCES `eav_entity_type` (`entity_type_id`) ON DELETE CASCADE
) ENGINE=InnoDB DEFAULT CHARSET=utf8 COMMENT='Eav Entity Value Prefix';

--
-- Dumping data for table `eav_entity_decimal`
--


--
-- Table structure for table `eav_entity_int`
--

CREATE TABLE `eav_entity_int` (
  `value_id` int(11) NOT NULL AUTO_INCREMENT COMMENT 'Value Id',
  `entity_type_id` smallint(5) unsigned NOT NULL DEFAULT '0' COMMENT 'Entity Type Id',
  `attribute_id` smallint(5) unsigned NOT NULL DEFAULT '0' COMMENT 'Attribute Id',
  `store_id` smallint(5) unsigned NOT NULL DEFAULT '0' COMMENT 'Store Id',
  `entity_id` int(10) unsigned NOT NULL DEFAULT '0' COMMENT 'Entity Id',
  `value` int(11) NOT NULL DEFAULT '0' COMMENT 'Attribute Value',
  PRIMARY KEY (`value_id`),
  UNIQUE KEY `EAV_ENTITY_INT_ENTITY_ID_ATTRIBUTE_ID_STORE_ID` (`entity_id`,`attribute_id`,`store_id`),
  KEY `EAV_ENTITY_INT_STORE_ID` (`store_id`),
  KEY `EAV_ENTITY_INT_ATTRIBUTE_ID_VALUE` (`attribute_id`,`value`),
  KEY `EAV_ENTITY_INT_ENTITY_TYPE_ID_VALUE` (`entity_type_id`,`value`),
  CONSTRAINT `EAV_ENTITY_INT_ENTITY_ID_EAV_ENTITY_ENTITY_ID` FOREIGN KEY (`entity_id`) REFERENCES `eav_entity` (`entity_id`) ON DELETE CASCADE,
  CONSTRAINT `EAV_ENTITY_INT_STORE_ID_STORE_STORE_ID` FOREIGN KEY (`store_id`) REFERENCES `store` (`store_id`) ON DELETE CASCADE,
  CONSTRAINT `EAV_ENTT_INT_ENTT_TYPE_ID_EAV_ENTT_TYPE_ENTT_TYPE_ID` FOREIGN KEY (`entity_type_id`) REFERENCES `eav_entity_type` (`entity_type_id`) ON DELETE CASCADE
) ENGINE=InnoDB DEFAULT CHARSET=utf8 COMMENT='Eav Entity Value Prefix';

--
-- Dumping data for table `eav_entity_int`
--


--
-- Table structure for table `eav_entity_store`
--

CREATE TABLE `eav_entity_store` (
  `entity_store_id` int(10) unsigned NOT NULL AUTO_INCREMENT COMMENT 'Entity Store Id',
  `entity_type_id` smallint(5) unsigned NOT NULL DEFAULT '0' COMMENT 'Entity Type Id',
  `store_id` smallint(5) unsigned NOT NULL DEFAULT '0' COMMENT 'Store Id',
  `increment_prefix` varchar(20) DEFAULT NULL COMMENT 'Increment Prefix',
  `increment_last_id` varchar(50) DEFAULT NULL COMMENT 'Last Incremented Id',
  PRIMARY KEY (`entity_store_id`),
  KEY `EAV_ENTITY_STORE_ENTITY_TYPE_ID` (`entity_type_id`),
  KEY `EAV_ENTITY_STORE_STORE_ID` (`store_id`),
  CONSTRAINT `EAV_ENTITY_STORE_STORE_ID_STORE_STORE_ID` FOREIGN KEY (`store_id`) REFERENCES `store` (`store_id`) ON DELETE CASCADE,
  CONSTRAINT `EAV_ENTT_STORE_ENTT_TYPE_ID_EAV_ENTT_TYPE_ENTT_TYPE_ID` FOREIGN KEY (`entity_type_id`) REFERENCES `eav_entity_type` (`entity_type_id`) ON DELETE CASCADE
) ENGINE=InnoDB DEFAULT CHARSET=utf8 COMMENT='Eav Entity Store';

--
-- Dumping data for table `eav_entity_store`
--


--
-- Table structure for table `eav_entity_text`
--

CREATE TABLE `eav_entity_text` (
  `value_id` int(11) NOT NULL AUTO_INCREMENT COMMENT 'Value Id',
  `entity_type_id` smallint(5) unsigned NOT NULL DEFAULT '0' COMMENT 'Entity Type Id',
  `attribute_id` smallint(5) unsigned NOT NULL DEFAULT '0' COMMENT 'Attribute Id',
  `store_id` smallint(5) unsigned NOT NULL DEFAULT '0' COMMENT 'Store Id',
  `entity_id` int(10) unsigned NOT NULL DEFAULT '0' COMMENT 'Entity Id',
  `value` text NOT NULL COMMENT 'Attribute Value',
  PRIMARY KEY (`value_id`),
  UNIQUE KEY `EAV_ENTITY_TEXT_ENTITY_ID_ATTRIBUTE_ID_STORE_ID` (`entity_id`,`attribute_id`,`store_id`),
  KEY `EAV_ENTITY_TEXT_ENTITY_TYPE_ID` (`entity_type_id`),
  KEY `EAV_ENTITY_TEXT_ATTRIBUTE_ID` (`attribute_id`),
  KEY `EAV_ENTITY_TEXT_STORE_ID` (`store_id`),
  CONSTRAINT `EAV_ENTITY_TEXT_ENTITY_ID_EAV_ENTITY_ENTITY_ID` FOREIGN KEY (`entity_id`) REFERENCES `eav_entity` (`entity_id`) ON DELETE CASCADE,
  CONSTRAINT `EAV_ENTITY_TEXT_STORE_ID_STORE_STORE_ID` FOREIGN KEY (`store_id`) REFERENCES `store` (`store_id`) ON DELETE CASCADE,
  CONSTRAINT `EAV_ENTT_TEXT_ENTT_TYPE_ID_EAV_ENTT_TYPE_ENTT_TYPE_ID` FOREIGN KEY (`entity_type_id`) REFERENCES `eav_entity_type` (`entity_type_id`) ON DELETE CASCADE
) ENGINE=InnoDB DEFAULT CHARSET=utf8 COMMENT='Eav Entity Value Prefix';

--
-- Dumping data for table `eav_entity_text`
--


--
-- Table structure for table `eav_entity_type`
--

CREATE TABLE `eav_entity_type` (
  `entity_type_id` smallint(5) unsigned NOT NULL AUTO_INCREMENT COMMENT 'Entity Type Id',
  `entity_type_code` varchar(50) NOT NULL COMMENT 'Entity Type Code',
  `entity_model` varchar(255) NOT NULL COMMENT 'Entity Model',
  `attribute_model` varchar(255) DEFAULT NULL COMMENT 'Attribute Model',
  `entity_table` varchar(255) DEFAULT NULL COMMENT 'Entity Table',
  `value_table_prefix` varchar(255) DEFAULT NULL COMMENT 'Value Table Prefix',
  `entity_id_field` varchar(255) DEFAULT NULL COMMENT 'Entity Id Field',
  `is_data_sharing` smallint(5) unsigned NOT NULL DEFAULT '1' COMMENT 'Defines Is Data Sharing',
  `data_sharing_key` varchar(100) DEFAULT 'default' COMMENT 'Data Sharing Key',
  `default_attribute_set_id` smallint(5) unsigned NOT NULL DEFAULT '0' COMMENT 'Default Attribute Set Id',
  `increment_model` varchar(255) DEFAULT NULL COMMENT 'Increment Model',
  `increment_per_store` smallint(5) unsigned NOT NULL DEFAULT '0' COMMENT 'Increment Per Store',
  `increment_pad_length` smallint(5) unsigned NOT NULL DEFAULT '8' COMMENT 'Increment Pad Length',
  `increment_pad_char` varchar(1) NOT NULL DEFAULT '0' COMMENT 'Increment Pad Char',
  `additional_attribute_table` varchar(255) DEFAULT NULL COMMENT 'Additional Attribute Table',
  `entity_attribute_collection` varchar(255) DEFAULT NULL COMMENT 'Entity Attribute Collection',
  PRIMARY KEY (`entity_type_id`),
  KEY `EAV_ENTITY_TYPE_ENTITY_TYPE_CODE` (`entity_type_code`)
) ENGINE=InnoDB AUTO_INCREMENT=9 DEFAULT CHARSET=utf8 COMMENT='Eav Entity Type';

--
-- Dumping data for table `eav_entity_type`
--

INSERT INTO `eav_entity_type` VALUES (1,'customer','Magento\\Customer\\Model\\ResourceModel\\Customer','Magento\\Customer\\Model\\Attribute','customer_entity',NULL,NULL,1,'default',1,'Magento\\Eav\\Model\\Entity\\Increment\\NumericValue',0,8,'0','customer_eav_attribute','Magento\\Customer\\Model\\ResourceModel\\Attribute\\Collection'),(2,'customer_address','Magento\\Customer\\Model\\ResourceModel\\Address','Magento\\Customer\\Model\\Attribute','customer_address_entity',NULL,NULL,1,'default',2,NULL,0,8,'0','customer_eav_attribute','Magento\\Customer\\Model\\ResourceModel\\Address\\Attribute\\Collection'),(3,'catalog_category','Magento\\Catalog\\Model\\ResourceModel\\Category','Magento\\Catalog\\Model\\ResourceModel\\Eav\\Attribute','catalog_category_entity',NULL,NULL,1,'default',3,NULL,0,8,'0','catalog_eav_attribute','Magento\\Catalog\\Model\\ResourceModel\\Category\\Attribute\\Collection'),(4,'catalog_product','Magento\\Catalog\\Model\\ResourceModel\\Product','Magento\\Catalog\\Model\\ResourceModel\\Eav\\Attribute','catalog_product_entity',NULL,NULL,1,'default',4,NULL,0,8,'0','catalog_eav_attribute','Magento\\Catalog\\Model\\ResourceModel\\Product\\Attribute\\Collection'),(5,'order','Magento\\Sales\\Model\\ResourceModel\\Order',NULL,'sales_order',NULL,NULL,1,'default',5,'Magento\\Eav\\Model\\Entity\\Increment\\NumericValue',1,6,'0',NULL,NULL),(6,'invoice','Magento\\Sales\\Model\\ResourceModel\\Order',NULL,'sales_invoice',NULL,NULL,1,'default',6,'Magento\\Eav\\Model\\Entity\\Increment\\NumericValue',1,5,'0',NULL,NULL),(7,'creditmemo','Magento\\Sales\\Model\\ResourceModel\\Order\\Creditmemo',NULL,'sales_creditmemo',NULL,NULL,1,'default',7,'Magento\\Eav\\Model\\Entity\\Increment\\NumericValue',1,8,'0',NULL,NULL),(8,'shipment','Magento\\Sales\\Model\\ResourceModel\\Order\\Shipment',NULL,'sales_shipment',NULL,NULL,1,'default',8,'Magento\\Eav\\Model\\Entity\\Increment\\NumericValue',1,5,'0',NULL,NULL);

--
-- Table structure for table `eav_entity_varchar`
--

CREATE TABLE `eav_entity_varchar` (
  `value_id` int(11) NOT NULL AUTO_INCREMENT COMMENT 'Value Id',
  `entity_type_id` smallint(5) unsigned NOT NULL DEFAULT '0' COMMENT 'Entity Type Id',
  `attribute_id` smallint(5) unsigned NOT NULL DEFAULT '0' COMMENT 'Attribute Id',
  `store_id` smallint(5) unsigned NOT NULL DEFAULT '0' COMMENT 'Store Id',
  `entity_id` int(10) unsigned NOT NULL DEFAULT '0' COMMENT 'Entity Id',
  `value` varchar(255) DEFAULT NULL COMMENT 'Attribute Value',
  PRIMARY KEY (`value_id`),
  UNIQUE KEY `EAV_ENTITY_VARCHAR_ENTITY_ID_ATTRIBUTE_ID_STORE_ID` (`entity_id`,`attribute_id`,`store_id`),
  KEY `EAV_ENTITY_VARCHAR_STORE_ID` (`store_id`),
  KEY `EAV_ENTITY_VARCHAR_ATTRIBUTE_ID_VALUE` (`attribute_id`,`value`),
  KEY `EAV_ENTITY_VARCHAR_ENTITY_TYPE_ID_VALUE` (`entity_type_id`,`value`),
  CONSTRAINT `EAV_ENTITY_VARCHAR_ENTITY_ID_EAV_ENTITY_ENTITY_ID` FOREIGN KEY (`entity_id`) REFERENCES `eav_entity` (`entity_id`) ON DELETE CASCADE,
  CONSTRAINT `EAV_ENTITY_VARCHAR_STORE_ID_STORE_STORE_ID` FOREIGN KEY (`store_id`) REFERENCES `store` (`store_id`) ON DELETE CASCADE,
  CONSTRAINT `EAV_ENTT_VCHR_ENTT_TYPE_ID_EAV_ENTT_TYPE_ENTT_TYPE_ID` FOREIGN KEY (`entity_type_id`) REFERENCES `eav_entity_type` (`entity_type_id`) ON DELETE CASCADE
) ENGINE=InnoDB DEFAULT CHARSET=utf8 COMMENT='Eav Entity Value Prefix';

--
-- Dumping data for table `eav_entity_varchar`
--


--
-- Table structure for table `eav_form_element`
--

CREATE TABLE `eav_form_element` (
  `element_id` int(10) unsigned NOT NULL AUTO_INCREMENT COMMENT 'Element Id',
  `type_id` smallint(5) unsigned NOT NULL COMMENT 'Type Id',
  `fieldset_id` smallint(5) unsigned DEFAULT NULL COMMENT 'Fieldset Id',
  `attribute_id` smallint(5) unsigned NOT NULL COMMENT 'Attribute Id',
  `sort_order` int(11) NOT NULL DEFAULT '0' COMMENT 'Sort Order',
  PRIMARY KEY (`element_id`),
  UNIQUE KEY `EAV_FORM_ELEMENT_TYPE_ID_ATTRIBUTE_ID` (`type_id`,`attribute_id`),
  KEY `EAV_FORM_ELEMENT_FIELDSET_ID` (`fieldset_id`),
  KEY `EAV_FORM_ELEMENT_ATTRIBUTE_ID` (`attribute_id`),
  CONSTRAINT `EAV_FORM_ELEMENT_ATTRIBUTE_ID_EAV_ATTRIBUTE_ATTRIBUTE_ID` FOREIGN KEY (`attribute_id`) REFERENCES `eav_attribute` (`attribute_id`) ON DELETE CASCADE,
  CONSTRAINT `EAV_FORM_ELEMENT_FIELDSET_ID_EAV_FORM_FIELDSET_FIELDSET_ID` FOREIGN KEY (`fieldset_id`) REFERENCES `eav_form_fieldset` (`fieldset_id`) ON DELETE SET NULL,
  CONSTRAINT `EAV_FORM_ELEMENT_TYPE_ID_EAV_FORM_TYPE_TYPE_ID` FOREIGN KEY (`type_id`) REFERENCES `eav_form_type` (`type_id`) ON DELETE CASCADE
) ENGINE=InnoDB AUTO_INCREMENT=43 DEFAULT CHARSET=utf8 COMMENT='Eav Form Element';

--
-- Dumping data for table `eav_form_element`
--

INSERT INTO `eav_form_element` VALUES (1,1,NULL,23,0),(2,1,NULL,25,1),(3,1,NULL,27,2),(4,1,NULL,9,3),(5,1,NULL,28,4),(6,1,NULL,29,5),(7,1,NULL,31,6),(8,1,NULL,33,7),(9,1,NULL,30,8),(10,1,NULL,34,9),(11,1,NULL,35,10),(12,2,NULL,23,0),(13,2,NULL,25,1),(14,2,NULL,27,2),(15,2,NULL,9,3),(16,2,NULL,28,4),(17,2,NULL,29,5),(18,2,NULL,31,6),(19,2,NULL,33,7),(20,2,NULL,30,8),(21,2,NULL,34,9),(22,2,NULL,35,10),(23,3,NULL,23,0),(24,3,NULL,25,1),(25,3,NULL,27,2),(26,3,NULL,28,3),(27,3,NULL,29,4),(28,3,NULL,31,5),(29,3,NULL,33,6),(30,3,NULL,30,7),(31,3,NULL,34,8),(32,3,NULL,35,9),(33,4,NULL,23,0),(34,4,NULL,25,1),(35,4,NULL,27,2),(36,4,NULL,28,3),(37,4,NULL,29,4),(38,4,NULL,31,5),(39,4,NULL,33,6),(40,4,NULL,30,7),(41,4,NULL,34,8),(42,4,NULL,35,9);

--
-- Table structure for table `eav_form_fieldset`
--

CREATE TABLE `eav_form_fieldset` (
  `fieldset_id` smallint(5) unsigned NOT NULL AUTO_INCREMENT COMMENT 'Fieldset Id',
  `type_id` smallint(5) unsigned NOT NULL COMMENT 'Type Id',
  `code` varchar(64) NOT NULL COMMENT 'Code',
  `sort_order` int(11) NOT NULL DEFAULT '0' COMMENT 'Sort Order',
  PRIMARY KEY (`fieldset_id`),
  UNIQUE KEY `EAV_FORM_FIELDSET_TYPE_ID_CODE` (`type_id`,`code`),
  CONSTRAINT `EAV_FORM_FIELDSET_TYPE_ID_EAV_FORM_TYPE_TYPE_ID` FOREIGN KEY (`type_id`) REFERENCES `eav_form_type` (`type_id`) ON DELETE CASCADE
) ENGINE=InnoDB DEFAULT CHARSET=utf8 COMMENT='Eav Form Fieldset';

--
-- Dumping data for table `eav_form_fieldset`
--


--
-- Table structure for table `eav_form_fieldset_label`
--

CREATE TABLE `eav_form_fieldset_label` (
  `fieldset_id` smallint(5) unsigned NOT NULL COMMENT 'Fieldset Id',
  `store_id` smallint(5) unsigned NOT NULL COMMENT 'Store Id',
  `label` varchar(255) NOT NULL COMMENT 'Label',
  PRIMARY KEY (`fieldset_id`,`store_id`),
  KEY `EAV_FORM_FIELDSET_LABEL_STORE_ID` (`store_id`),
  CONSTRAINT `EAV_FORM_FIELDSET_LABEL_STORE_ID_STORE_STORE_ID` FOREIGN KEY (`store_id`) REFERENCES `store` (`store_id`) ON DELETE CASCADE,
  CONSTRAINT `EAV_FORM_FSET_LBL_FSET_ID_EAV_FORM_FSET_FSET_ID` FOREIGN KEY (`fieldset_id`) REFERENCES `eav_form_fieldset` (`fieldset_id`) ON DELETE CASCADE
) ENGINE=InnoDB DEFAULT CHARSET=utf8 COMMENT='Eav Form Fieldset Label';

--
-- Dumping data for table `eav_form_fieldset_label`
--


--
-- Table structure for table `eav_form_type`
--

CREATE TABLE `eav_form_type` (
  `type_id` smallint(5) unsigned NOT NULL AUTO_INCREMENT COMMENT 'Type Id',
  `code` varchar(64) NOT NULL COMMENT 'Code',
  `label` varchar(255) NOT NULL COMMENT 'Label',
  `is_system` smallint(5) unsigned NOT NULL DEFAULT '0' COMMENT 'Is System',
  `theme` varchar(64) DEFAULT NULL COMMENT 'Theme',
  `store_id` smallint(5) unsigned NOT NULL COMMENT 'Store Id',
  PRIMARY KEY (`type_id`),
  UNIQUE KEY `EAV_FORM_TYPE_CODE_THEME_STORE_ID` (`code`,`theme`,`store_id`),
  KEY `EAV_FORM_TYPE_STORE_ID` (`store_id`),
  CONSTRAINT `EAV_FORM_TYPE_STORE_ID_STORE_STORE_ID` FOREIGN KEY (`store_id`) REFERENCES `store` (`store_id`) ON DELETE CASCADE
) ENGINE=InnoDB AUTO_INCREMENT=5 DEFAULT CHARSET=utf8 COMMENT='Eav Form Type';

--
-- Dumping data for table `eav_form_type`
--

INSERT INTO `eav_form_type` VALUES (1,'checkout_onepage_register','checkout_onepage_register',1,'',0),(2,'checkout_onepage_register_guest','checkout_onepage_register_guest',1,'',0),(3,'checkout_onepage_billing_address','checkout_onepage_billing_address',1,'',0),(4,'checkout_onepage_shipping_address','checkout_onepage_shipping_address',1,'',0);

--
-- Table structure for table `eav_form_type_entity`
--

CREATE TABLE `eav_form_type_entity` (
  `type_id` smallint(5) unsigned NOT NULL COMMENT 'Type Id',
  `entity_type_id` smallint(5) unsigned NOT NULL COMMENT 'Entity Type Id',
  PRIMARY KEY (`type_id`,`entity_type_id`),
  KEY `EAV_FORM_TYPE_ENTITY_ENTITY_TYPE_ID` (`entity_type_id`),
  CONSTRAINT `EAV_FORM_TYPE_ENTITY_TYPE_ID_EAV_FORM_TYPE_TYPE_ID` FOREIGN KEY (`type_id`) REFERENCES `eav_form_type` (`type_id`) ON DELETE CASCADE,
  CONSTRAINT `EAV_FORM_TYPE_ENTT_ENTT_TYPE_ID_EAV_ENTT_TYPE_ENTT_TYPE_ID` FOREIGN KEY (`entity_type_id`) REFERENCES `eav_entity_type` (`entity_type_id`) ON DELETE CASCADE
) ENGINE=InnoDB DEFAULT CHARSET=utf8 COMMENT='Eav Form Type Entity';

--
-- Dumping data for table `eav_form_type_entity`
--

INSERT INTO `eav_form_type_entity` VALUES (1,1),(2,1),(1,2),(2,2),(3,2),(4,2);

--
-- Table structure for table `email_template`
--

CREATE TABLE `email_template` (
  `template_id` int(10) unsigned NOT NULL AUTO_INCREMENT COMMENT 'Template ID',
  `template_code` varchar(150) NOT NULL COMMENT 'Template Name',
  `template_text` text NOT NULL COMMENT 'Template Content',
  `template_styles` text COMMENT 'Templste Styles',
  `template_type` int(10) unsigned DEFAULT NULL COMMENT 'Template Type',
  `template_subject` varchar(200) NOT NULL COMMENT 'Template Subject',
  `template_sender_name` varchar(200) DEFAULT NULL COMMENT 'Template Sender Name',
  `template_sender_email` varchar(200) DEFAULT NULL COMMENT 'Template Sender Email',
  `added_at` timestamp NOT NULL DEFAULT CURRENT_TIMESTAMP COMMENT 'Date of Template Creation',
  `modified_at` timestamp NOT NULL DEFAULT CURRENT_TIMESTAMP ON UPDATE CURRENT_TIMESTAMP COMMENT 'Date of Template Modification',
  `orig_template_code` varchar(200) DEFAULT NULL COMMENT 'Original Template Code',
  `orig_template_variables` text COMMENT 'Original Template Variables',
  PRIMARY KEY (`template_id`),
  UNIQUE KEY `EMAIL_TEMPLATE_TEMPLATE_CODE` (`template_code`),
  KEY `EMAIL_TEMPLATE_ADDED_AT` (`added_at`),
  KEY `EMAIL_TEMPLATE_MODIFIED_AT` (`modified_at`)
) ENGINE=InnoDB DEFAULT CHARSET=utf8 COMMENT='Email Templates';

--
-- Dumping data for table `email_template`
--


--
-- Table structure for table `flag`
--

CREATE TABLE `flag` (
  `flag_id` int(10) unsigned NOT NULL AUTO_INCREMENT COMMENT 'Flag Id',
  `flag_code` varchar(255) NOT NULL COMMENT 'Flag Code',
  `state` smallint(5) unsigned NOT NULL DEFAULT '0' COMMENT 'Flag State',
  `flag_data` text COMMENT 'Flag Data',
  `last_update` timestamp NOT NULL DEFAULT CURRENT_TIMESTAMP ON UPDATE CURRENT_TIMESTAMP COMMENT 'Date of Last Flag Update',
  PRIMARY KEY (`flag_id`),
  KEY `FLAG_LAST_UPDATE` (`last_update`)
) ENGINE=InnoDB AUTO_INCREMENT=8 DEFAULT CHARSET=utf8 COMMENT='Flag';

--
-- Dumping data for table `flag`
--

INSERT INTO `flag` VALUES (1,'report_order_aggregated',0,NULL,'2020-02-26 05:00:11'),(2,'report_invoiced_aggregated',0,NULL,'2020-02-26 05:00:11'),(3,'report_refunded_aggregated',0,NULL,'2020-02-26 05:00:12'),(4,'report_bestsellers_aggregated',0,NULL,'2020-02-26 05:00:12'),(5,'report_coupons_aggregated',0,NULL,'2020-02-26 05:00:13'),(6,'report_shipping_aggregated',0,NULL,'2020-02-26 05:00:17'),(7,'report_tax_aggregated',0,NULL,'2020-02-26 05:00:18');

--
-- Table structure for table `gift_message`
--

CREATE TABLE `gift_message` (
  `gift_message_id` int(10) unsigned NOT NULL AUTO_INCREMENT COMMENT 'GiftMessage Id',
  `customer_id` int(10) unsigned NOT NULL DEFAULT '0' COMMENT 'Customer id',
  `sender` varchar(255) DEFAULT NULL COMMENT 'Sender',
  `recipient` varchar(255) DEFAULT NULL COMMENT 'Registrant',
  `message` text COMMENT 'Message',
  PRIMARY KEY (`gift_message_id`)
) ENGINE=InnoDB DEFAULT CHARSET=utf8 COMMENT='Gift Message';

--
-- Dumping data for table `gift_message`
--


--
-- Table structure for table `googleoptimizer_code`
--

CREATE TABLE `googleoptimizer_code` (
  `code_id` int(10) unsigned NOT NULL AUTO_INCREMENT COMMENT 'Google experiment code id',
  `entity_id` int(10) unsigned NOT NULL COMMENT 'Optimized entity id product id or catalog id',
  `entity_type` varchar(50) DEFAULT NULL COMMENT 'Optimized entity type',
  `store_id` smallint(5) unsigned NOT NULL COMMENT 'Store id',
  `experiment_script` text COMMENT 'Google experiment script',
  PRIMARY KEY (`code_id`),
  UNIQUE KEY `GOOGLEOPTIMIZER_CODE_STORE_ID_ENTITY_ID_ENTITY_TYPE` (`store_id`,`entity_id`,`entity_type`),
  CONSTRAINT `GOOGLEOPTIMIZER_CODE_STORE_ID_STORE_STORE_ID` FOREIGN KEY (`store_id`) REFERENCES `store` (`store_id`) ON DELETE CASCADE
) ENGINE=InnoDB DEFAULT CHARSET=utf8 COMMENT='Google Experiment code';

--
-- Dumping data for table `googleoptimizer_code`
--


--
-- Table structure for table `import_history`
--

CREATE TABLE `import_history` (
  `history_id` int(10) unsigned NOT NULL AUTO_INCREMENT COMMENT 'History record Id',
  `started_at` timestamp NOT NULL DEFAULT CURRENT_TIMESTAMP COMMENT 'Started at',
  `user_id` int(10) unsigned NOT NULL DEFAULT '0' COMMENT 'User ID',
  `imported_file` varchar(255) DEFAULT NULL COMMENT 'Imported file',
  `execution_time` varchar(255) DEFAULT NULL COMMENT 'Execution time',
  `summary` varchar(255) DEFAULT NULL COMMENT 'Summary',
  `error_file` varchar(255) NOT NULL COMMENT 'Imported file with errors',
  PRIMARY KEY (`history_id`)
) ENGINE=InnoDB DEFAULT CHARSET=utf8 COMMENT='Import history table';

--
-- Dumping data for table `import_history`
--


--
-- Table structure for table `importexport_importdata`
--

CREATE TABLE `importexport_importdata` (
  `id` int(10) unsigned NOT NULL AUTO_INCREMENT COMMENT 'Id',
  `entity` varchar(50) NOT NULL COMMENT 'Entity',
  `behavior` varchar(10) NOT NULL DEFAULT 'append' COMMENT 'Behavior',
  `data` longtext COMMENT 'Data',
  PRIMARY KEY (`id`)
) ENGINE=InnoDB DEFAULT CHARSET=utf8 COMMENT='Import Data Table';

--
-- Dumping data for table `importexport_importdata`
--


--
-- Table structure for table `indexer_state`
--

CREATE TABLE `indexer_state` (
  `state_id` int(10) unsigned NOT NULL AUTO_INCREMENT COMMENT 'Indexer State Id',
  `indexer_id` varchar(255) DEFAULT NULL COMMENT 'Indexer Id',
  `status` varchar(16) DEFAULT 'invalid' COMMENT 'Indexer Status',
  `updated` datetime DEFAULT NULL COMMENT 'Indexer Status',
  `hash_config` varchar(32) NOT NULL COMMENT 'Hash of indexer config',
  PRIMARY KEY (`state_id`),
  KEY `INDEXER_STATE_INDEXER_ID` (`indexer_id`)
) ENGINE=InnoDB AUTO_INCREMENT=11 DEFAULT CHARSET=utf8 COMMENT='Indexer State';

--
-- Dumping data for table `indexer_state`
--

INSERT INTO `indexer_state` VALUES (1,'design_config_grid','valid','2017-04-10 18:00:37','27baa8fe6a5369f52c8b7cbd54a3c3c4'),(2,'customer_grid','valid','2017-04-10 18:00:37','a1bbcab4c6368d654719ccf6cf0e55a8'),(3,'catalog_category_product','valid','2017-04-10 18:00:37','57b48d3cf1fcd64abe6b01dea3173d02'),(4,'catalog_product_category','valid','2017-01-09 04:34:15','9957f66909342cc58ff2703dcd268bf4'),(5,'catalog_product_price','valid','2017-04-10 18:00:37','15a819a577a149220cd0722c291de721'),(6,'catalog_product_attribute','valid','2017-04-10 18:00:37','77eed0bf72b16099d299d0ab47b74910'),(7,'cataloginventory_stock','valid','2017-04-10 18:00:37','78a405fd852458c326c85096099d7d5e'),(8,'catalogrule_rule','valid','2020-02-26 06:00:10','5afe3cacdcb52ec3a7e68dc245679021'),(9,'catalogrule_product','valid','2017-01-09 04:34:15','0ebee9e52ed424273132e8227fe646f3'),(10,'catalogsearch_fulltext','valid','2017-04-10 18:00:38','4486b57e2021aa78b526c68c9af2dcab');

--
-- Table structure for table `integration`
--

CREATE TABLE `integration` (
  `integration_id` int(10) unsigned NOT NULL AUTO_INCREMENT COMMENT 'Integration ID',
  `name` varchar(255) NOT NULL COMMENT 'Integration name is displayed in the admin interface',
  `email` varchar(255) NOT NULL COMMENT 'Email address of the contact person',
  `endpoint` varchar(255) DEFAULT NULL COMMENT 'Endpoint for posting consumer credentials',
  `status` smallint(5) unsigned NOT NULL COMMENT 'Integration status',
  `consumer_id` int(10) unsigned DEFAULT NULL COMMENT 'Oauth consumer',
  `created_at` timestamp NOT NULL DEFAULT CURRENT_TIMESTAMP COMMENT 'Creation Time',
  `updated_at` timestamp NOT NULL DEFAULT '0000-00-00 00:00:00' ON UPDATE CURRENT_TIMESTAMP COMMENT 'Update Time',
  `setup_type` smallint(5) unsigned NOT NULL DEFAULT '0' COMMENT 'Integration type - manual or config file',
  `identity_link_url` varchar(255) DEFAULT NULL COMMENT 'Identity linking Url',
  PRIMARY KEY (`integration_id`),
  UNIQUE KEY `INTEGRATION_NAME` (`name`),
  UNIQUE KEY `INTEGRATION_CONSUMER_ID` (`consumer_id`),
  CONSTRAINT `INTEGRATION_CONSUMER_ID_OAUTH_CONSUMER_ENTITY_ID` FOREIGN KEY (`consumer_id`) REFERENCES `oauth_consumer` (`entity_id`) ON DELETE CASCADE
) ENGINE=InnoDB DEFAULT CHARSET=utf8 COMMENT='integration';

--
-- Dumping data for table `integration`
--


--
-- Table structure for table `layout_link`
--

CREATE TABLE `layout_link` (
  `layout_link_id` int(10) unsigned NOT NULL AUTO_INCREMENT COMMENT 'Link Id',
  `store_id` smallint(5) unsigned NOT NULL DEFAULT '0' COMMENT 'Store Id',
  `theme_id` int(10) unsigned NOT NULL COMMENT 'Theme id',
  `layout_update_id` int(10) unsigned NOT NULL DEFAULT '0' COMMENT 'Layout Update Id',
  `is_temporary` tinyint(1) NOT NULL DEFAULT '0' COMMENT 'Defines whether Layout Update is Temporary',
  PRIMARY KEY (`layout_link_id`),
  KEY `LAYOUT_LINK_LAYOUT_UPDATE_ID` (`layout_update_id`),
  KEY `LAYOUT_LINK_STORE_ID_THEME_ID_LAYOUT_UPDATE_ID_IS_TEMPORARY` (`store_id`,`theme_id`,`layout_update_id`,`is_temporary`),
  KEY `LAYOUT_LINK_THEME_ID_THEME_THEME_ID` (`theme_id`),
  CONSTRAINT `LAYOUT_LINK_LAYOUT_UPDATE_ID_LAYOUT_UPDATE_LAYOUT_UPDATE_ID` FOREIGN KEY (`layout_update_id`) REFERENCES `layout_update` (`layout_update_id`) ON DELETE CASCADE,
  CONSTRAINT `LAYOUT_LINK_STORE_ID_STORE_STORE_ID` FOREIGN KEY (`store_id`) REFERENCES `store` (`store_id`) ON DELETE CASCADE,
  CONSTRAINT `LAYOUT_LINK_THEME_ID_THEME_THEME_ID` FOREIGN KEY (`theme_id`) REFERENCES `theme` (`theme_id`) ON DELETE CASCADE
) ENGINE=InnoDB DEFAULT CHARSET=utf8 COMMENT='Layout Link';

--
-- Dumping data for table `layout_link`
--


--
-- Table structure for table `layout_update`
--

CREATE TABLE `layout_update` (
  `layout_update_id` int(10) unsigned NOT NULL AUTO_INCREMENT COMMENT 'Layout Update Id',
  `handle` varchar(255) DEFAULT NULL COMMENT 'Handle',
  `xml` text COMMENT 'Xml',
  `sort_order` smallint(6) NOT NULL DEFAULT '0' COMMENT 'Sort Order',
  `updated_at` timestamp NULL DEFAULT '0000-00-00 00:00:00' ON UPDATE CURRENT_TIMESTAMP COMMENT 'Last Update Timestamp',
  PRIMARY KEY (`layout_update_id`),
  KEY `LAYOUT_UPDATE_HANDLE` (`handle`)
) ENGINE=InnoDB DEFAULT CHARSET=utf8 COMMENT='Layout Updates';

--
-- Dumping data for table `layout_update`
--


--
-- Table structure for table `mview_state`
--

CREATE TABLE `mview_state` (
  `state_id` int(10) unsigned NOT NULL AUTO_INCREMENT COMMENT 'View State Id',
  `view_id` varchar(255) DEFAULT NULL COMMENT 'View Id',
  `mode` varchar(16) DEFAULT 'disabled' COMMENT 'View Mode',
  `status` varchar(16) DEFAULT 'idle' COMMENT 'View Status',
  `updated` datetime DEFAULT NULL COMMENT 'View updated time',
  `version_id` int(10) unsigned DEFAULT NULL COMMENT 'View Version Id',
  PRIMARY KEY (`state_id`),
  KEY `MVIEW_STATE_VIEW_ID` (`view_id`),
  KEY `MVIEW_STATE_MODE` (`mode`)
) ENGINE=InnoDB DEFAULT CHARSET=utf8 COMMENT='View State';

--
-- Dumping data for table `mview_state`
--


--
-- Table structure for table `newsletter_problem`
--

CREATE TABLE `newsletter_problem` (
  `problem_id` int(10) unsigned NOT NULL AUTO_INCREMENT COMMENT 'Problem Id',
  `subscriber_id` int(10) unsigned DEFAULT NULL COMMENT 'Subscriber Id',
  `queue_id` int(10) unsigned NOT NULL DEFAULT '0' COMMENT 'Queue Id',
  `problem_error_code` int(10) unsigned DEFAULT '0' COMMENT 'Problem Error Code',
  `problem_error_text` varchar(200) DEFAULT NULL COMMENT 'Problem Error Text',
  PRIMARY KEY (`problem_id`),
  KEY `NEWSLETTER_PROBLEM_SUBSCRIBER_ID` (`subscriber_id`),
  KEY `NEWSLETTER_PROBLEM_QUEUE_ID` (`queue_id`),
  CONSTRAINT `NEWSLETTER_PROBLEM_QUEUE_ID_NEWSLETTER_QUEUE_QUEUE_ID` FOREIGN KEY (`queue_id`) REFERENCES `newsletter_queue` (`queue_id`) ON DELETE CASCADE,
  CONSTRAINT `NLTTR_PROBLEM_SUBSCRIBER_ID_NLTTR_SUBSCRIBER_SUBSCRIBER_ID` FOREIGN KEY (`subscriber_id`) REFERENCES `newsletter_subscriber` (`subscriber_id`) ON DELETE CASCADE
) ENGINE=InnoDB DEFAULT CHARSET=utf8 COMMENT='Newsletter Problems';

--
-- Dumping data for table `newsletter_problem`
--


--
-- Table structure for table `newsletter_queue`
--

CREATE TABLE `newsletter_queue` (
  `queue_id` int(10) unsigned NOT NULL AUTO_INCREMENT COMMENT 'Queue Id',
  `template_id` int(10) unsigned NOT NULL DEFAULT '0' COMMENT 'Template ID',
  `newsletter_type` int(11) DEFAULT NULL COMMENT 'Newsletter Type',
  `newsletter_text` text COMMENT 'Newsletter Text',
  `newsletter_styles` text COMMENT 'Newsletter Styles',
  `newsletter_subject` varchar(200) DEFAULT NULL COMMENT 'Newsletter Subject',
  `newsletter_sender_name` varchar(200) DEFAULT NULL COMMENT 'Newsletter Sender Name',
  `newsletter_sender_email` varchar(200) DEFAULT NULL COMMENT 'Newsletter Sender Email',
  `queue_status` int(10) unsigned NOT NULL DEFAULT '0' COMMENT 'Queue Status',
  `queue_start_at` timestamp NULL DEFAULT NULL COMMENT 'Queue Start At',
  `queue_finish_at` timestamp NULL DEFAULT NULL COMMENT 'Queue Finish At',
  PRIMARY KEY (`queue_id`),
  KEY `NEWSLETTER_QUEUE_TEMPLATE_ID` (`template_id`),
  CONSTRAINT `NLTTR_QUEUE_TEMPLATE_ID_NLTTR_TEMPLATE_TEMPLATE_ID` FOREIGN KEY (`template_id`) REFERENCES `newsletter_template` (`template_id`) ON DELETE CASCADE
) ENGINE=InnoDB DEFAULT CHARSET=utf8 COMMENT='Newsletter Queue';

--
-- Dumping data for table `newsletter_queue`
--


--
-- Table structure for table `newsletter_queue_link`
--

CREATE TABLE `newsletter_queue_link` (
  `queue_link_id` int(10) unsigned NOT NULL AUTO_INCREMENT COMMENT 'Queue Link Id',
  `queue_id` int(10) unsigned NOT NULL DEFAULT '0' COMMENT 'Queue Id',
  `subscriber_id` int(10) unsigned NOT NULL DEFAULT '0' COMMENT 'Subscriber Id',
  `letter_sent_at` timestamp NULL DEFAULT NULL COMMENT 'Letter Sent At',
  PRIMARY KEY (`queue_link_id`),
  KEY `NEWSLETTER_QUEUE_LINK_SUBSCRIBER_ID` (`subscriber_id`),
  KEY `NEWSLETTER_QUEUE_LINK_QUEUE_ID_LETTER_SENT_AT` (`queue_id`,`letter_sent_at`),
  CONSTRAINT `FK_872527E765CDA81F7041AFC298FDBF09` FOREIGN KEY (`subscriber_id`) REFERENCES `newsletter_subscriber` (`subscriber_id`) ON DELETE CASCADE,
  CONSTRAINT `NEWSLETTER_QUEUE_LINK_QUEUE_ID_NEWSLETTER_QUEUE_QUEUE_ID` FOREIGN KEY (`queue_id`) REFERENCES `newsletter_queue` (`queue_id`) ON DELETE CASCADE
) ENGINE=InnoDB DEFAULT CHARSET=utf8 COMMENT='Newsletter Queue Link';

--
-- Dumping data for table `newsletter_queue_link`
--


--
-- Table structure for table `newsletter_queue_store_link`
--

CREATE TABLE `newsletter_queue_store_link` (
  `queue_id` int(10) unsigned NOT NULL DEFAULT '0' COMMENT 'Queue Id',
  `store_id` smallint(5) unsigned NOT NULL DEFAULT '0' COMMENT 'Store Id',
  PRIMARY KEY (`queue_id`,`store_id`),
  KEY `NEWSLETTER_QUEUE_STORE_LINK_STORE_ID` (`store_id`),
  CONSTRAINT `NEWSLETTER_QUEUE_STORE_LINK_STORE_ID_STORE_STORE_ID` FOREIGN KEY (`store_id`) REFERENCES `store` (`store_id`) ON DELETE CASCADE,
  CONSTRAINT `NLTTR_QUEUE_STORE_LNK_QUEUE_ID_NLTTR_QUEUE_QUEUE_ID` FOREIGN KEY (`queue_id`) REFERENCES `newsletter_queue` (`queue_id`) ON DELETE CASCADE
) ENGINE=InnoDB DEFAULT CHARSET=utf8 COMMENT='Newsletter Queue Store Link';

--
-- Dumping data for table `newsletter_queue_store_link`
--


--
-- Table structure for table `newsletter_template`
--

CREATE TABLE `newsletter_template` (
  `template_id` int(10) unsigned NOT NULL AUTO_INCREMENT COMMENT 'Template ID',
  `template_code` varchar(150) DEFAULT NULL COMMENT 'Template Code',
  `template_text` text COMMENT 'Template Text',
  `template_styles` text COMMENT 'Template Styles',
  `template_type` int(10) unsigned DEFAULT NULL COMMENT 'Template Type',
  `template_subject` varchar(200) DEFAULT NULL COMMENT 'Template Subject',
  `template_sender_name` varchar(200) DEFAULT NULL COMMENT 'Template Sender Name',
  `template_sender_email` varchar(200) DEFAULT NULL COMMENT 'Template Sender Email',
  `template_actual` smallint(5) unsigned DEFAULT '1' COMMENT 'Template Actual',
  `added_at` timestamp NULL DEFAULT NULL COMMENT 'Added At',
  `modified_at` timestamp NULL DEFAULT NULL COMMENT 'Modified At',
  PRIMARY KEY (`template_id`),
  KEY `NEWSLETTER_TEMPLATE_TEMPLATE_ACTUAL` (`template_actual`),
  KEY `NEWSLETTER_TEMPLATE_ADDED_AT` (`added_at`),
  KEY `NEWSLETTER_TEMPLATE_MODIFIED_AT` (`modified_at`)
) ENGINE=InnoDB DEFAULT CHARSET=utf8 COMMENT='Newsletter Template';

--
-- Dumping data for table `newsletter_template`
--


--
-- Table structure for table `oauth_consumer`
--

CREATE TABLE `oauth_consumer` (
  `entity_id` int(10) unsigned NOT NULL AUTO_INCREMENT COMMENT 'Entity Id',
  `created_at` timestamp NOT NULL DEFAULT CURRENT_TIMESTAMP COMMENT 'Created At',
  `updated_at` timestamp NULL DEFAULT '0000-00-00 00:00:00' ON UPDATE CURRENT_TIMESTAMP COMMENT 'Updated At',
  `name` varchar(255) NOT NULL COMMENT 'Name of consumer',
  `key` varchar(32) NOT NULL COMMENT 'Key code',
  `secret` varchar(32) NOT NULL COMMENT 'Secret code',
  `callback_url` text COMMENT 'Callback URL',
  `rejected_callback_url` text NOT NULL COMMENT 'Rejected callback URL',
  PRIMARY KEY (`entity_id`),
  UNIQUE KEY `OAUTH_CONSUMER_KEY` (`key`),
  UNIQUE KEY `OAUTH_CONSUMER_SECRET` (`secret`),
  KEY `OAUTH_CONSUMER_CREATED_AT` (`created_at`),
  KEY `OAUTH_CONSUMER_UPDATED_AT` (`updated_at`)
) ENGINE=InnoDB DEFAULT CHARSET=utf8 COMMENT='OAuth Consumers';

--
-- Dumping data for table `oauth_consumer`
--


--
-- Table structure for table `oauth_nonce`
--

CREATE TABLE `oauth_nonce` (
  `nonce` varchar(32) NOT NULL COMMENT 'Nonce String',
  `timestamp` int(10) unsigned NOT NULL COMMENT 'Nonce Timestamp',
  `consumer_id` int(10) unsigned NOT NULL COMMENT 'Consumer ID',
  UNIQUE KEY `OAUTH_NONCE_NONCE_CONSUMER_ID` (`nonce`,`consumer_id`),
  KEY `OAUTH_NONCE_CONSUMER_ID_OAUTH_CONSUMER_ENTITY_ID` (`consumer_id`),
  CONSTRAINT `OAUTH_NONCE_CONSUMER_ID_OAUTH_CONSUMER_ENTITY_ID` FOREIGN KEY (`consumer_id`) REFERENCES `oauth_consumer` (`entity_id`) ON DELETE CASCADE
) ENGINE=InnoDB DEFAULT CHARSET=utf8 COMMENT='OAuth Nonce';

--
-- Dumping data for table `oauth_nonce`
--


--
-- Table structure for table `oauth_token`
--

CREATE TABLE `oauth_token` (
  `entity_id` int(10) unsigned NOT NULL AUTO_INCREMENT COMMENT 'Entity ID',
  `consumer_id` int(10) unsigned DEFAULT NULL COMMENT 'Oauth Consumer ID',
  `admin_id` int(10) unsigned DEFAULT NULL COMMENT 'Admin user ID',
  `customer_id` int(10) unsigned DEFAULT NULL COMMENT 'Customer user ID',
  `type` varchar(16) NOT NULL COMMENT 'Token Type',
  `token` varchar(32) NOT NULL COMMENT 'Token',
  `secret` varchar(32) NOT NULL COMMENT 'Token Secret',
  `verifier` varchar(32) DEFAULT NULL COMMENT 'Token Verifier',
  `callback_url` text NOT NULL COMMENT 'Token Callback URL',
  `revoked` smallint(5) unsigned NOT NULL DEFAULT '0' COMMENT 'Is Token revoked',
  `authorized` smallint(5) unsigned NOT NULL DEFAULT '0' COMMENT 'Is Token authorized',
  `user_type` int(11) DEFAULT NULL COMMENT 'User type',
  `created_at` timestamp NOT NULL DEFAULT CURRENT_TIMESTAMP COMMENT 'Token creation timestamp',
  PRIMARY KEY (`entity_id`),
  UNIQUE KEY `OAUTH_TOKEN_TOKEN` (`token`),
  KEY `OAUTH_TOKEN_CONSUMER_ID` (`consumer_id`),
  KEY `OAUTH_TOKEN_ADMIN_ID_ADMIN_USER_USER_ID` (`admin_id`),
  KEY `OAUTH_TOKEN_CUSTOMER_ID_CUSTOMER_ENTITY_ENTITY_ID` (`customer_id`),
  CONSTRAINT `OAUTH_TOKEN_ADMIN_ID_ADMIN_USER_USER_ID` FOREIGN KEY (`admin_id`) REFERENCES `admin_user` (`user_id`) ON DELETE CASCADE,
  CONSTRAINT `OAUTH_TOKEN_CONSUMER_ID_OAUTH_CONSUMER_ENTITY_ID` FOREIGN KEY (`consumer_id`) REFERENCES `oauth_consumer` (`entity_id`) ON DELETE CASCADE,
  CONSTRAINT `OAUTH_TOKEN_CUSTOMER_ID_CUSTOMER_ENTITY_ENTITY_ID` FOREIGN KEY (`customer_id`) REFERENCES `customer_entity` (`entity_id`) ON DELETE CASCADE
) ENGINE=InnoDB DEFAULT CHARSET=utf8 COMMENT='OAuth Tokens';

--
-- Dumping data for table `oauth_token`
--


--
-- Table structure for table `oauth_token_request_log`
--

CREATE TABLE `oauth_token_request_log` (
  `log_id` int(10) unsigned NOT NULL AUTO_INCREMENT COMMENT 'Log Id',
  `user_name` varchar(255) NOT NULL COMMENT 'Customer email or admin login',
  `user_type` smallint(5) unsigned NOT NULL COMMENT 'User type (admin or customer)',
  `failures_count` smallint(5) unsigned DEFAULT '0' COMMENT 'Number of failed authentication attempts in a row',
  `lock_expires_at` timestamp NOT NULL DEFAULT CURRENT_TIMESTAMP ON UPDATE CURRENT_TIMESTAMP COMMENT 'Lock expiration time',
  PRIMARY KEY (`log_id`),
  UNIQUE KEY `OAUTH_TOKEN_REQUEST_LOG_USER_NAME_USER_TYPE` (`user_name`,`user_type`)
) ENGINE=InnoDB DEFAULT CHARSET=utf8 COMMENT='Log of token request authentication failures.';

--
-- Dumping data for table `oauth_token_request_log`
--


--
-- Table structure for table `password_reset_request_event`
--

CREATE TABLE `password_reset_request_event` (
  `id` int(10) unsigned NOT NULL AUTO_INCREMENT COMMENT 'Entity ID',
  `request_type` smallint(5) unsigned NOT NULL COMMENT 'Type of the event under a security control',
  `account_reference` varchar(255) DEFAULT NULL COMMENT 'An identifier for existing account or another target',
  `created_at` timestamp NOT NULL DEFAULT CURRENT_TIMESTAMP COMMENT 'Timestamp when the event occurs',
  `ip` varchar(15) NOT NULL COMMENT 'Remote user IP',
  PRIMARY KEY (`id`),
  KEY `PASSWORD_RESET_REQUEST_EVENT_ACCOUNT_REFERENCE` (`account_reference`),
  KEY `PASSWORD_RESET_REQUEST_EVENT_CREATED_AT` (`created_at`)
) ENGINE=InnoDB AUTO_INCREMENT=240 DEFAULT CHARSET=utf8 COMMENT='Password Reset Request Event under a security control';

--
-- Dumping data for table `password_reset_request_event`
--

INSERT INTO `password_reset_request_event` VALUES (1,0,'mashulya299@gmail.com','2020-05-20 18:34:09','37.139.1.100'),(2,0,'hall.jeff61@yahoo.com','2020-08-05 01:02:57','171.35.160.204'),(3,0,'brown_sarah63@yahoo.com','2020-08-07 06:29:39','202.55.167.227'),(4,0,'navodide@yahoo.com','2020-08-07 19:10:41','112.28.25.21'),(5,0,'michaelcharles5175@gmail.com','2020-08-10 07:48:26','140.148.250.101'),(6,0,'ablev93@zoominternet.net','2020-08-10 22:54:27','217.36.230.19'),(7,0,'cazembe@comcast.net','2020-08-11 01:08:11','85.12.219.101'),(8,0,'mdrocks@itstriangle.com','2020-08-11 07:24:31','106.51.158.198'),(9,0,'lauranicolewatkins@gmail.com','2020-08-11 07:44:45','45.163.100.19'),(10,0,'laflamme@gmail.com','2020-08-11 12:59:20','147.75.118.231'),(11,0,'yazmeen.davis@gmail.com','2020-08-11 13:12:24','94.194.85.115'),(12,0,'amandajensen367@yahoo.com','2020-08-11 13:40:07','14.231.151.86'),(13,0,'ditzlerva@gmail.com','2020-08-11 16:37:36','110.39.14.30'),(14,0,'serioke@gmail.com','2020-08-11 16:59:09','72.223.6.10'),(15,0,'henrynits2016@gmail.com','2020-08-11 17:44:41','80.24.218.206'),(16,0,'trevorspotten@gmail.com','2020-08-11 18:50:34','45.163.199.169'),(17,0,'bectom@frontiernet.net','2020-08-11 21:41:59','167.249.206.19'),(18,0,'nora-ordonez@hotmail.com','2020-08-12 02:15:48','177.19.164.149'),(19,0,'khloerustan@gmail.com','2020-08-12 09:25:49','121.203.202.118'),(20,0,'tuffybgoode@gmail.com','2020-08-12 18:51:44','103.57.176.251'),(21,0,'mariatorres_78@hotmail.com','2020-08-12 20:26:39','61.136.137.53'),(22,0,'decidel@gmail.com','2020-08-12 22:07:40','194.143.251.65'),(23,0,'kmbrsnd@gmail.com','2020-08-12 23:41:11','190.43.87.85'),(24,0,'trim.joseph@gmail.com','2020-08-13 11:24:34','46.102.207.89'),(25,0,'23rwinkler@student.dasd.org','2020-08-13 14:20:29','185.200.77.215'),(26,0,'mesonenergy@gmail.com','2020-08-13 16:43:19','110.39.193.158'),(27,0,'sara.shaabani1361@gmail.com','2020-08-13 19:59:48','27.74.187.52'),(28,0,'laurenpearson00@hotmail.com','2020-08-13 21:01:44','223.197.196.44'),(29,0,'tpalden96@gmail.com','2020-08-13 21:09:00','41.89.220.6'),(30,0,'kkturrieta82@gmail.com','2020-08-14 00:31:55','79.97.177.78'),(31,0,'jeelmoore@gmail.com','2020-08-14 01:58:38','40.122.200.130'),(32,0,'kernyen@hotmail.com','2020-08-14 13:36:43','178.164.229.91'),(33,0,'ylorenzov@hotmail.com','2020-08-14 21:00:39','194.53.176.201'),(34,0,'nicolekang12@hotmail.com','2020-08-15 06:20:53','201.28.105.213'),(35,0,'saralaurette@gmail.com','2020-08-15 09:10:58','182.72.104.50'),(36,0,'thomasine.schoenheide@yahoo.com','2020-08-15 13:17:38','185.200.77.215'),(37,0,'mschmotzer1973@gmail.com','2020-08-15 13:26:10','113.173.231.200'),(38,0,'diana_guy@hotmail.com','2020-08-15 19:34:40','171.235.120.115'),(39,0,'fjkov777@gmail.com','2020-08-15 21:35:27','183.89.241.133'),(40,0,'jlegros@southernfolger.com','2020-08-16 09:19:41','180.150.67.3'),(41,0,'r.haven@live.com','2020-08-16 11:46:36','47.251.49.195'),(42,0,'ayeshalyn.brogdon@gmail.com','2020-08-16 13:04:04','88.2.42.55'),(43,0,'moresbyharmony@yahoo.com','2020-08-17 07:32:17','27.71.11.58'),(44,0,'kathriningram@yahoo.com','2020-08-17 07:48:52','31.43.203.69'),(45,0,'neldeandre7@gmail.com','2020-08-17 18:16:29','116.112.207.235'),(46,0,'leatricemm@gmail.com','2020-08-17 19:19:12','190.42.251.236'),(47,0,'robyn1305@gmail.com','2020-08-17 20:17:19','113.178.74.136'),(48,0,'info@myminttravel.com','2020-08-17 20:50:26','200.81.122.25'),(49,0,'morroneinteriors@gmail.com','2020-08-18 07:22:39','14.46.14.243'),(50,0,'youngustin@gmail.com','2020-08-18 18:16:08','177.104.254.68'),(51,0,'kellynakib@gmail.com','2020-08-19 00:48:14','49.64.153.189'),(52,0,'amandaholmes@me.com','2020-08-19 04:04:53','78.20.186.2'),(53,0,'cmurray6@comcast.net','2020-08-19 13:40:52','84.54.146.153'),(54,0,'thilaka.vithana@gmail.com','2020-08-19 16:28:47','52.148.87.44'),(55,0,'lsimons@nyc.rr.com','2020-08-19 20:14:47','189.15.31.142'),(56,0,'soban.kuruvikar@gmail.com','2020-08-19 22:37:41','94.70.223.206'),(57,0,'sueewald@live.com','2020-08-20 08:23:02','116.48.151.88'),(58,0,'beard8841@gmail.com','2020-08-20 18:03:06','187.94.6.196'),(59,0,'kmzwatkins3@gmail.com','2020-08-20 19:57:23','202.175.245.194'),(60,0,'family59@comcast.net','2020-08-20 21:45:36','72.250.73.166'),(61,0,'caroleabryson@gmail.com','2020-08-20 21:50:19','110.136.203.63'),(62,0,'jeff.onlinebiz@gmail.com','2020-08-20 22:30:06','140.186.23.219'),(63,0,'zahavag0116@gmail.com','2020-08-21 00:56:11','176.140.185.221'),(64,0,'milner.christy@gmail.com','2020-08-21 02:15:09','37.186.198.206'),(65,0,'chucksean@hotmail.com','2020-08-21 07:48:14','113.214.28.246'),(66,0,'mcoxwell.tgv@gmail.com','2020-08-21 09:07:20','14.176.40.72'),(67,0,'harwood.bonny@yahoo.com','2020-08-21 14:17:16','218.22.135.190'),(68,0,'jessieboyes@gmail.com','2020-08-21 16:01:17','123.27.14.43'),(69,0,'shawn.noralez@gmail.com','2020-08-21 16:07:09','27.34.4.41'),(70,0,'vellakd@netzero.net','2020-08-21 16:32:23','104.211.202.134'),(71,0,'obcijay@nethtc.net','2020-08-21 17:06:00','84.46.91.69'),(72,0,'decidel@gmail.com','2020-08-21 23:56:38','59.124.242.28'),(73,0,'berhanu@wisc.edu','2020-08-22 00:45:41','117.242.38.85'),(74,0,'bandarkayali@gmail.com','2020-08-22 05:04:38','5.26.199.8'),(75,0,'miguelrey67@gmail.com','2020-08-22 06:51:31','14.169.138.184'),(76,0,'seanrhoy@gmail.com','2020-08-22 08:43:22','186.179.142.240'),(77,0,'eric@rtesllc.com','2020-08-22 12:56:23','116.90.234.146'),(78,0,'hiview105@hotmail.com','2020-08-22 17:28:15','216.221.67.117'),(79,0,'shawn.noralez@gmail.com','2020-08-23 16:19:59','218.103.126.211'),(80,0,'kellynakib@gmail.com','2020-08-24 00:28:06','194.53.178.26'),(81,0,'melbourne.eden@yahoo.com','2020-08-24 09:33:56','220.255.37.147'),(82,0,'betsyh68@gmail.com','2020-08-24 11:40:29','190.235.99.155'),(83,0,'luisarias410@gmail.com','2020-08-24 14:45:05','78.186.238.64'),(84,0,'angelica_mitchell@hotmail.com','2020-08-24 16:26:38','69.160.202.89'),(85,0,'joycef0524@gmail.com','2020-08-24 16:59:19','190.140.149.204'),(86,0,'gabriella.guzsvany@gmail.com','2020-08-24 18:28:50','27.76.116.136'),(87,0,'ksstoltz66@gmail.com','2020-08-24 22:45:08','14.98.199.186'),(88,0,'rturneraz@cox.net','2020-08-25 03:31:38','193.53.89.154'),(89,0,'samuel.iturrino@gmail.com','2020-08-25 11:49:13','186.56.10.51'),(90,0,'krrrdr@gmail.com','2020-08-25 15:18:04','80.250.152.127'),(91,0,'caroleabryson@gmail.com','2020-08-25 17:32:50','149.34.23.231'),(92,0,'vstead@sutton.com','2020-08-25 19:19:13','111.224.83.88'),(93,0,'mjaysonh@hotmail.com','2020-08-25 21:18:45','14.186.124.185'),(94,0,'vzetino@gmail.com','2020-08-26 00:20:11','193.176.215.193'),(95,0,'boothorboothbylouise@yahoo.com','2020-08-26 02:48:26','103.127.63.26'),(96,0,'h.e.kenney@gmail.com','2020-08-26 05:49:51','207.222.212.62'),(97,0,'firebirdoriginal@gmail.com','2020-08-26 06:20:17','80.221.159.134'),(98,0,'msperschall@gmail.com','2020-08-26 13:35:35','42.118.76.74'),(99,0,'echogenic1@gmail.com','2020-08-26 19:58:36','87.234.49.222'),(100,0,'m.carpenterlaw@gmail.com','2020-08-26 22:44:26','202.63.213.19'),(101,0,'zhamgotsev@atlantis-pak.com','2020-08-26 23:54:57','121.165.242.72'),(102,0,'traci@wardp-m.com','2020-08-27 07:21:10','138.204.153.177'),(103,0,'gelito1354@gmail.com','2020-08-27 09:58:17','24.97.8.12'),(104,0,'sheenadarlington@yahoo.com','2020-08-27 12:50:21','192.140.123.174'),(105,0,'travelduot-j-11@hotmail.com','2020-08-27 16:53:37','194.53.176.198'),(106,0,'barbeau.maryam@yahoo.com','2020-08-27 18:01:22','144.91.80.149'),(107,0,'kgallagher@d211.org','2020-08-27 19:31:08','5.26.117.98'),(108,0,'baller230@prodigy.net','2020-08-27 19:50:36','103.147.142.220'),(109,0,'tlevers6@comcast.ne','2020-08-27 23:54:06','202.150.138.98'),(110,0,'l_crawford@hotmail.com','2020-08-28 00:42:29','122.166.207.70'),(111,0,'ljkeith03@gmail.com','2020-08-28 08:27:42','104.41.39.96'),(112,0,'rsyahriar@outlook.com','2020-08-28 14:41:36','120.88.33.58'),(113,0,'jinzo_50@hotmail.com','2020-08-28 22:35:24','36.94.40.99'),(114,0,'robbygroff@hotmail.com','2020-08-28 23:09:50','41.218.202.254'),(115,0,'charliegregson10@yahoo.com','2020-08-29 00:44:21','222.254.175.41'),(116,0,'xinyili1995@gmail.com','2020-08-29 01:26:31','77.222.130.202'),(117,0,'kzenow@gozcsnow.com','2020-08-29 01:37:27','190.3.198.133'),(118,0,'idkwhyyou@gmail.com','2020-08-29 02:39:52','171.250.151.215'),(119,0,'kutkingz@gmail.com','2020-08-30 06:01:52','185.216.129.58'),(120,0,'rheba.t@yahoo.com','2020-08-30 17:31:49','123.21.99.163'),(121,0,'mariette.broadhead@yahoo.com','2020-08-31 00:13:49','183.88.39.172'),(122,0,'pdaherlihy@comcast.net','2020-08-31 03:57:04','124.253.132.49'),(123,0,'elaine@prospectivetax.com','2020-08-31 08:43:49','109.195.118.221'),(124,0,'achau@utexas.edu','2020-08-31 09:11:08','178.19.112.10'),(125,0,'jzobactaylor@gmail.com','2020-08-31 13:08:12','110.36.232.238'),(126,0,'magnet@taconic.net','2020-08-31 20:49:49','41.72.1.57'),(127,0,'trinikid72@gmail.com','2020-09-01 01:51:54','45.163.198.195'),(128,0,'hounghuy123@gmail.com','2020-09-01 02:36:10','45.162.231.121'),(129,0,'erincmiller75@gmail.com','2020-09-01 05:38:54','121.189.226.81'),(130,0,'coryrsolis@gmail.com','2020-09-01 07:04:39','69.165.172.194'),(131,0,'rwagoner99@gmail.com','2020-09-01 07:30:55','110.36.237.14'),(132,0,'laurine_barwise@yahoo.com','2020-09-01 13:05:51','105.30.26.50'),(133,0,'moking547@gmail.com','2020-09-01 15:33:28','191.235.89.248'),(134,0,'jesse.clark29@gmail.com','2020-09-01 21:30:52','41.218.203.126'),(135,0,'crystal.mccauley@comcast.net','2020-09-01 23:44:27','182.76.23.134'),(136,0,'marc@4dexp.com','2020-09-02 08:53:05','85.62.8.21'),(137,0,'traci@wardp-m.com','2020-09-02 10:06:39','182.189.18.160'),(138,0,'marcigiang@gmail.com','2020-09-02 17:16:11','23.99.118.14'),(139,0,'markywelding@gmail.com','2020-09-02 19:36:39','160.177.147.48'),(140,0,'lloydgervase@gmail.com','2020-09-02 23:04:31','35.231.21.82'),(141,0,'mf200g@gmail.com','2020-09-03 02:39:46','110.78.151.32'),(142,0,'sarmsFerecakiK3Ut@yahoo.com','2020-09-07 13:04:44','220.67.70.253'),(143,0,'helpsmichael171@gmail.com','2020-09-09 10:38:31','218.248.0.9'),(144,0,'albuttmanMywelcher@yahoo.com','2020-09-09 15:12:44','117.92.127.175'),(145,0,'bronniesnr@yahoo.com','2020-09-16 04:36:03','60.246.1.23'),(146,0,'mounsey.brit@yahoo.com','2020-09-17 10:05:36','116.58.232.104'),(147,0,'aubriejohnsto@gmail.com','2020-09-18 04:40:47','94.244.134.107'),(148,0,'yvesfenwick@yahoo.com','2020-09-20 05:46:35','103.102.205.38'),(149,0,'sneadmayer@yahoo.com','2020-09-20 10:28:16','185.226.89.59'),(150,0,'mcgovern_dag@yahoo.com','2020-09-22 11:18:37','5.249.152.59'),(151,0,'hosintimadko@gmail.com','2020-09-24 18:31:12','101.80.247.120'),(152,0,'greggverser@windstream.net','2020-09-25 02:13:39','187.50.136.210'),(153,0,'mansonclarke@yahoo.com','2020-09-25 04:13:25','194.53.176.249'),(154,0,'ebrand@gocitywide.com','2020-09-25 04:37:35','61.13.19.3'),(155,0,'colleenwallace3@gmail.com','2020-09-25 04:52:58','5.103.29.13'),(156,0,'julienmesagerie@hotmail.com','2020-09-25 10:06:04','31.186.24.110'),(157,0,'slordi@comcast.net','2020-09-25 13:05:40','199.190.50.231'),(158,0,'samcho24@gmail.com','2020-09-25 15:50:46','185.141.10.26'),(159,0,'tweed.medlin@gmail.com','2020-09-25 17:55:25','188.59.17.167'),(160,0,'taylorc1237@gmail.com','2020-09-25 19:54:40','168.196.227.201'),(161,0,'leo@soundford.com','2020-09-25 20:38:10','216.188.219.254'),(162,0,'jendomgibson@ameritech.net','2020-09-25 20:58:57','193.109.60.70'),(163,0,'jvarga916@comcast.net','2020-09-25 21:59:24','27.79.187.231'),(164,0,'leo.vickers2021@gmail.com','2020-09-26 00:34:23','47.37.103.192'),(165,0,'kasie.danford@gmail.com','2020-09-26 09:03:51','221.120.48.5'),(166,0,'tachauch81@gmail.com','2020-09-26 09:32:30','197.251.192.64'),(167,0,'jon.rwtf@gmail.com','2020-09-26 19:06:21','88.106.20.30'),(168,0,'jonathanjulien2854@gmail.com','2020-09-27 01:07:54','181.114.215.9'),(169,0,'gartist12b@gmail.com','2020-09-27 23:12:06','112.27.250.210'),(170,0,'binxu0724@gmail.com','2020-09-27 23:20:47','185.234.249.27'),(171,0,'leo.vickers2021@gmail.com','2020-09-28 04:36:30','201.220.156.35'),(172,0,'cantrellcpa@gmail.com','2020-09-28 05:44:24','183.89.42.7'),(173,0,'padoheny59@gmail.com','2020-09-28 11:35:46','86.47.50.180'),(174,0,'toddbrightwell@gmail.com','2020-09-28 16:27:06','201.240.55.9'),(175,0,'klgraban1@gmail.com','2020-09-28 16:55:37','91.227.242.41'),(176,0,'anhhongly@gmail.com','2020-09-28 17:20:32','187.95.106.222'),(177,0,'elvirasantoyo@gmail.com','2020-09-28 19:06:16','58.16.188.59'),(178,0,'johnsonbergen@gmail.com','2020-09-28 20:02:35','110.39.174.231'),(179,0,'akamaiww@gmail.com','2020-09-28 20:23:22','175.184.248.39'),(180,0,'latanya.cocciardimilne@yahoo.com','2020-09-28 23:04:23','142.44.211.181'),(181,0,'jeraldinelegrand@yahoo.com','2020-09-28 23:40:11','109.195.118.221'),(182,0,'mohmd.alalawi@gmail.com','2020-09-29 13:19:34','37.235.176.75'),(183,0,'hassetjoyfull@gmail.com','2020-09-29 16:22:10','60.246.2.131'),(184,0,'justinstubb@gmail.com','2020-09-29 18:11:49','14.161.50.104'),(185,0,'leo.vickers2021@gmail.com','2020-09-29 19:26:22','185.49.27.127'),(186,0,'ellenmays@gmail.com','2020-09-29 20:54:27','210.4.118.35'),(187,0,'richardsbabcock@gmail.com','2020-09-29 21:23:16','61.255.9.9'),(188,0,'operationsemail@gmail.com','2020-09-29 23:54:58','191.98.205.85'),(189,0,'shkupishpresa@gmail.com','2020-09-30 00:13:34','217.165.67.70'),(190,0,'ebrand@gocitywide.com','2020-09-30 13:18:41','171.237.148.148'),(191,0,'mustypuppy@gmail.com','2020-09-30 14:17:51','196.0.40.130'),(192,0,'jo.cayetano24@gmail.com','2020-09-30 14:36:40','114.70.22.165'),(193,0,'huangjunya1@gmail.com','2020-09-30 16:22:54','85.128.60.158'),(194,0,'michael@nycom.com','2020-09-30 16:32:53','82.146.89.177'),(195,0,'nikkic277@gmail.com','2020-09-30 18:52:17','195.209.47.199'),(196,0,'kclark@lpc.com','2020-09-30 19:04:49','113.19.0.55'),(197,0,'artaietstar@hotmail.com','2020-09-30 21:57:00','196.46.202.130'),(198,0,'ghost.001.lp@gmail.com','2020-09-30 23:01:29','113.194.128.239'),(199,0,'ebrand@gocitywide.com','2020-09-30 23:27:38','41.215.100.212'),(200,0,'adp769811@gmail.com','2020-10-01 00:45:33','171.236.111.82'),(201,0,'lowery1113@gmail.com','2020-10-01 02:01:04','171.212.102.210'),(202,0,'evantywalker@gmail.com','2020-10-01 02:08:25','1.235.202.83'),(203,0,'finaltouchli@outlook.com','2020-10-01 02:31:52','110.36.235.250'),(204,0,'bwalsh@allbridge.com','2020-10-01 05:04:13','37.139.20.147'),(205,0,'june7140@gmail.com','2020-10-01 13:33:23','103.106.153.109'),(206,0,'vly422@gmail.com','2020-10-01 16:09:12','110.38.213.138'),(207,0,'ghernandezcorp@gmail.com','2020-10-01 16:23:47','149.224.118.10'),(208,0,'cbeasey@gmail.com','2020-10-01 16:41:18','121.227.222.95'),(209,0,'francofamily4@me.com','2020-10-01 17:17:33','66.219.217.188'),(210,0,'larrychoate@cox.net','2020-10-01 17:33:15','103.143.190.115'),(211,0,'kcateswessel@gmail.com','2020-10-01 18:46:48','1.1.205.68'),(212,0,'sherisimon0@gmail.com','2020-10-01 19:26:55','110.39.50.250'),(213,0,'venkata.harikrishna.nallamalli@navis.com','2020-10-01 20:23:32','188.17.152.30'),(214,0,'skylarstampley07@gmail.com','2020-10-01 20:49:00','156.213.55.216'),(215,0,'jimmy@eastrucking.com','2020-10-01 20:55:07','82.151.214.160'),(216,0,'angelswx@gmail.com','2020-10-01 21:02:35','80.115.124.229'),(217,0,'simonli95@hotmail.com','2020-10-01 22:23:37','118.143.228.47'),(218,0,'fsyoung@charter.net','2020-10-02 00:23:21','115.78.134.87'),(219,0,'connochapp@gmail.com','2020-10-02 01:14:41','79.100.162.235'),(220,0,'roreyg2007@gmail.com','2020-10-02 01:19:36','182.75.175.14'),(221,0,'bwalsh@allbridge.com','2020-10-02 01:36:52','125.38.118.122'),(222,0,'efoulem@rogers.com','2020-10-02 02:03:26','117.254.58.250'),(223,0,'manessa.abraham@gmail.com','2020-10-02 02:30:03','24.207.45.12'),(224,0,'mike1551@msn.com','2020-10-02 03:20:31','41.39.207.82'),(225,0,'darumph@gmail.com','2020-10-02 06:56:44','101.0.42.87'),(226,0,'lynnwhitleynixon@charter.net','2020-10-02 09:33:24','209.121.142.215'),(227,0,'operationsemail@gmail.com','2020-10-02 10:24:08','187.69.8.174'),(228,0,'ulabmetli7981@yahoo.com','2020-10-02 14:09:08','98.30.54.82'),(229,0,'benz@lec.edu','2020-10-02 18:07:33','132.255.225.81'),(230,0,'martini4000@gmail.com','2020-10-02 18:59:20','121.135.52.86'),(231,0,'adamfesler11@gmail.com','2020-10-02 19:30:53','41.218.197.71'),(232,0,'lauraray74@gmail.com','2020-10-02 20:03:38','90.15.32.99'),(233,0,'olsiotestvers409@gmail.com','2020-10-02 21:18:30','196.200.39.100'),(234,0,'lawdevil@frontier.com','2020-10-02 21:38:45','203.217.116.87'),(235,0,'carlosgonzalez688@gmail.com','2020-10-03 01:32:33','206.174.236.147'),(236,0,'charlenemscarlett@gmail.com','2020-10-04 07:02:17','81.23.5.84'),(237,0,'perfgilchole6709@yahoo.com','2020-10-04 09:11:24','117.160.138.142'),(238,0,'prinimpropop6365@yahoo.com','2020-10-04 10:58:34','110.36.233.222'),(239,0,'kismail.ka@pourforme.com','2020-12-19 10:49:44','110.77.184.156');

--
-- Table structure for table `paypal_billing_agreement`
--

CREATE TABLE `paypal_billing_agreement` (
  `agreement_id` int(10) unsigned NOT NULL AUTO_INCREMENT COMMENT 'Agreement Id',
  `customer_id` int(10) unsigned NOT NULL COMMENT 'Customer Id',
  `method_code` varchar(32) NOT NULL COMMENT 'Method Code',
  `reference_id` varchar(32) NOT NULL COMMENT 'Reference Id',
  `status` varchar(20) NOT NULL COMMENT 'Status',
  `created_at` timestamp NOT NULL DEFAULT CURRENT_TIMESTAMP COMMENT 'Created At',
  `updated_at` timestamp NULL DEFAULT NULL COMMENT 'Updated At',
  `store_id` smallint(5) unsigned DEFAULT NULL COMMENT 'Store Id',
  `agreement_label` varchar(255) DEFAULT NULL COMMENT 'Agreement Label',
  PRIMARY KEY (`agreement_id`),
  KEY `PAYPAL_BILLING_AGREEMENT_CUSTOMER_ID` (`customer_id`),
  KEY `PAYPAL_BILLING_AGREEMENT_STORE_ID` (`store_id`),
  CONSTRAINT `PAYPAL_BILLING_AGREEMENT_STORE_ID_STORE_STORE_ID` FOREIGN KEY (`store_id`) REFERENCES `store` (`store_id`) ON DELETE SET NULL,
  CONSTRAINT `PAYPAL_BILLING_AGRT_CSTR_ID_CSTR_ENTT_ENTT_ID` FOREIGN KEY (`customer_id`) REFERENCES `customer_entity` (`entity_id`) ON DELETE CASCADE
) ENGINE=InnoDB DEFAULT CHARSET=utf8 COMMENT='Sales Billing Agreement';

--
-- Dumping data for table `paypal_billing_agreement`
--


--
-- Table structure for table `paypal_billing_agreement_order`
--

CREATE TABLE `paypal_billing_agreement_order` (
  `agreement_id` int(10) unsigned NOT NULL COMMENT 'Agreement Id',
  `order_id` int(10) unsigned NOT NULL COMMENT 'Order Id',
  PRIMARY KEY (`agreement_id`,`order_id`),
  KEY `PAYPAL_BILLING_AGREEMENT_ORDER_ORDER_ID` (`order_id`),
  CONSTRAINT `FK_1AB8A7D268A89EC0FF19ED4F783EDFC1` FOREIGN KEY (`agreement_id`) REFERENCES `paypal_billing_agreement` (`agreement_id`) ON DELETE CASCADE,
  CONSTRAINT `PAYPAL_BILLING_AGRT_ORDER_ORDER_ID_SALES_ORDER_ENTT_ID` FOREIGN KEY (`order_id`) REFERENCES `sales_order` (`entity_id`) ON DELETE CASCADE
) ENGINE=InnoDB DEFAULT CHARSET=utf8 COMMENT='Sales Billing Agreement Order';

--
-- Dumping data for table `paypal_billing_agreement_order`
--


--
-- Table structure for table `paypal_cert`
--

CREATE TABLE `paypal_cert` (
  `cert_id` smallint(5) unsigned NOT NULL AUTO_INCREMENT COMMENT 'Cert Id',
  `website_id` smallint(5) unsigned NOT NULL DEFAULT '0' COMMENT 'Website Id',
  `content` text COMMENT 'Content',
  `updated_at` timestamp NULL DEFAULT NULL COMMENT 'Updated At',
  PRIMARY KEY (`cert_id`),
  KEY `PAYPAL_CERT_WEBSITE_ID` (`website_id`),
  CONSTRAINT `PAYPAL_CERT_WEBSITE_ID_STORE_WEBSITE_WEBSITE_ID` FOREIGN KEY (`website_id`) REFERENCES `store_website` (`website_id`) ON DELETE CASCADE
) ENGINE=InnoDB DEFAULT CHARSET=utf8 COMMENT='Paypal Certificate Table';

--
-- Dumping data for table `paypal_cert`
--


--
-- Table structure for table `paypal_payment_transaction`
--

CREATE TABLE `paypal_payment_transaction` (
  `transaction_id` int(10) unsigned NOT NULL AUTO_INCREMENT COMMENT 'Entity Id',
  `txn_id` varchar(100) DEFAULT NULL COMMENT 'Txn Id',
  `additional_information` blob COMMENT 'Additional Information',
  `created_at` timestamp NULL DEFAULT NULL COMMENT 'Created At',
  PRIMARY KEY (`transaction_id`),
  UNIQUE KEY `PAYPAL_PAYMENT_TRANSACTION_TXN_ID` (`txn_id`)
) ENGINE=InnoDB DEFAULT CHARSET=utf8 COMMENT='PayPal Payflow Link Payment Transaction';

--
-- Dumping data for table `paypal_payment_transaction`
--


--
-- Table structure for table `paypal_settlement_report`
--

CREATE TABLE `paypal_settlement_report` (
  `report_id` int(10) unsigned NOT NULL AUTO_INCREMENT COMMENT 'Report Id',
  `report_date` timestamp NULL DEFAULT NULL COMMENT 'Report Date',
  `account_id` varchar(64) DEFAULT NULL COMMENT 'Account Id',
  `filename` varchar(24) DEFAULT NULL COMMENT 'Filename',
  `last_modified` timestamp NULL DEFAULT NULL COMMENT 'Last Modified',
  PRIMARY KEY (`report_id`),
  UNIQUE KEY `PAYPAL_SETTLEMENT_REPORT_REPORT_DATE_ACCOUNT_ID` (`report_date`,`account_id`)
) ENGINE=InnoDB DEFAULT CHARSET=utf8 COMMENT='Paypal Settlement Report Table';

--
-- Dumping data for table `paypal_settlement_report`
--


--
-- Table structure for table `paypal_settlement_report_row`
--

CREATE TABLE `paypal_settlement_report_row` (
  `row_id` int(10) unsigned NOT NULL AUTO_INCREMENT COMMENT 'Row Id',
  `report_id` int(10) unsigned NOT NULL COMMENT 'Report Id',
  `transaction_id` varchar(19) DEFAULT NULL COMMENT 'Transaction Id',
  `invoice_id` varchar(127) DEFAULT NULL COMMENT 'Invoice Id',
  `paypal_reference_id` varchar(19) DEFAULT NULL COMMENT 'Paypal Reference Id',
  `paypal_reference_id_type` varchar(3) DEFAULT NULL COMMENT 'Paypal Reference Id Type',
  `transaction_event_code` varchar(5) DEFAULT NULL COMMENT 'Transaction Event Code',
  `transaction_initiation_date` timestamp NULL DEFAULT NULL COMMENT 'Transaction Initiation Date',
  `transaction_completion_date` timestamp NULL DEFAULT NULL COMMENT 'Transaction Completion Date',
  `transaction_debit_or_credit` varchar(2) NOT NULL DEFAULT 'CR' COMMENT 'Transaction Debit Or Credit',
  `gross_transaction_amount` decimal(20,6) NOT NULL DEFAULT '0.000000' COMMENT 'Gross Transaction Amount',
  `gross_transaction_currency` varchar(3) DEFAULT NULL COMMENT 'Gross Transaction Currency',
  `fee_debit_or_credit` varchar(2) DEFAULT NULL COMMENT 'Fee Debit Or Credit',
  `fee_amount` decimal(20,6) NOT NULL DEFAULT '0.000000' COMMENT 'Fee Amount',
  `fee_currency` varchar(3) DEFAULT NULL COMMENT 'Fee Currency',
  `custom_field` varchar(255) DEFAULT NULL COMMENT 'Custom Field',
  `consumer_id` varchar(127) DEFAULT NULL COMMENT 'Consumer Id',
  `payment_tracking_id` varchar(255) DEFAULT NULL COMMENT 'Payment Tracking ID',
  `store_id` varchar(50) DEFAULT NULL COMMENT 'Store ID',
  PRIMARY KEY (`row_id`),
  KEY `PAYPAL_SETTLEMENT_REPORT_ROW_REPORT_ID` (`report_id`),
  CONSTRAINT `FK_9BEB1983213188304DD3EBF502388542` FOREIGN KEY (`report_id`) REFERENCES `paypal_settlement_report` (`report_id`) ON DELETE CASCADE
) ENGINE=InnoDB DEFAULT CHARSET=utf8 COMMENT='Paypal Settlement Report Row Table';

--
-- Dumping data for table `paypal_settlement_report_row`
--


--
-- Table structure for table `persistent_session`
--

CREATE TABLE `persistent_session` (
  `persistent_id` int(10) unsigned NOT NULL AUTO_INCREMENT COMMENT 'Session id',
  `key` varchar(50) NOT NULL COMMENT 'Unique cookie key',
  `customer_id` int(10) unsigned DEFAULT NULL COMMENT 'Customer id',
  `website_id` smallint(5) unsigned NOT NULL DEFAULT '0' COMMENT 'Website ID',
  `info` text COMMENT 'Session Data',
  `updated_at` timestamp NOT NULL DEFAULT CURRENT_TIMESTAMP ON UPDATE CURRENT_TIMESTAMP COMMENT 'Updated At',
  PRIMARY KEY (`persistent_id`),
  UNIQUE KEY `PERSISTENT_SESSION_KEY` (`key`),
  UNIQUE KEY `PERSISTENT_SESSION_CUSTOMER_ID` (`customer_id`),
  KEY `PERSISTENT_SESSION_UPDATED_AT` (`updated_at`),
  KEY `PERSISTENT_SESSION_WEBSITE_ID_STORE_WEBSITE_WEBSITE_ID` (`website_id`),
  CONSTRAINT `PERSISTENT_SESSION_CUSTOMER_ID_CUSTOMER_ENTITY_ENTITY_ID` FOREIGN KEY (`customer_id`) REFERENCES `customer_entity` (`entity_id`) ON DELETE CASCADE,
  CONSTRAINT `PERSISTENT_SESSION_WEBSITE_ID_STORE_WEBSITE_WEBSITE_ID` FOREIGN KEY (`website_id`) REFERENCES `store_website` (`website_id`) ON DELETE CASCADE
) ENGINE=InnoDB DEFAULT CHARSET=utf8 COMMENT='Persistent Session';

--
-- Dumping data for table `persistent_session`
--


--
-- Table structure for table `product_alert_price`
--

CREATE TABLE `product_alert_price` (
  `alert_price_id` int(10) unsigned NOT NULL AUTO_INCREMENT COMMENT 'Product alert price id',
  `customer_id` int(10) unsigned NOT NULL DEFAULT '0' COMMENT 'Customer id',
  `product_id` int(10) unsigned NOT NULL DEFAULT '0' COMMENT 'Product id',
  `price` decimal(12,4) NOT NULL DEFAULT '0.0000' COMMENT 'Price amount',
  `website_id` smallint(5) unsigned NOT NULL DEFAULT '0' COMMENT 'Website id',
  `add_date` timestamp NOT NULL DEFAULT CURRENT_TIMESTAMP COMMENT 'Product alert add date',
  `last_send_date` timestamp NULL DEFAULT NULL COMMENT 'Product alert last send date',
  `send_count` smallint(5) unsigned NOT NULL DEFAULT '0' COMMENT 'Product alert send count',
  `status` smallint(5) unsigned NOT NULL DEFAULT '0' COMMENT 'Product alert status',
  PRIMARY KEY (`alert_price_id`),
  KEY `PRODUCT_ALERT_PRICE_CUSTOMER_ID` (`customer_id`),
  KEY `PRODUCT_ALERT_PRICE_PRODUCT_ID` (`product_id`),
  KEY `PRODUCT_ALERT_PRICE_WEBSITE_ID` (`website_id`),
  CONSTRAINT `PRD_ALERT_PRICE_PRD_ID_CAT_PRD_ENTT_ENTT_ID` FOREIGN KEY (`product_id`) REFERENCES `catalog_product_entity` (`entity_id`) ON DELETE CASCADE,
  CONSTRAINT `PRODUCT_ALERT_PRICE_CUSTOMER_ID_CUSTOMER_ENTITY_ENTITY_ID` FOREIGN KEY (`customer_id`) REFERENCES `customer_entity` (`entity_id`) ON DELETE CASCADE,
  CONSTRAINT `PRODUCT_ALERT_PRICE_WEBSITE_ID_STORE_WEBSITE_WEBSITE_ID` FOREIGN KEY (`website_id`) REFERENCES `store_website` (`website_id`) ON DELETE CASCADE
) ENGINE=InnoDB DEFAULT CHARSET=utf8 COMMENT='Product Alert Price';

--
-- Dumping data for table `product_alert_price`
--


--
-- Table structure for table `product_alert_stock`
--

CREATE TABLE `product_alert_stock` (
  `alert_stock_id` int(10) unsigned NOT NULL AUTO_INCREMENT COMMENT 'Product alert stock id',
  `customer_id` int(10) unsigned NOT NULL DEFAULT '0' COMMENT 'Customer id',
  `product_id` int(10) unsigned NOT NULL DEFAULT '0' COMMENT 'Product id',
  `website_id` smallint(5) unsigned NOT NULL DEFAULT '0' COMMENT 'Website id',
  `add_date` timestamp NOT NULL DEFAULT CURRENT_TIMESTAMP COMMENT 'Product alert add date',
  `send_date` timestamp NULL DEFAULT NULL COMMENT 'Product alert send date',
  `send_count` smallint(5) unsigned NOT NULL DEFAULT '0' COMMENT 'Send Count',
  `status` smallint(5) unsigned NOT NULL DEFAULT '0' COMMENT 'Product alert status',
  PRIMARY KEY (`alert_stock_id`),
  KEY `PRODUCT_ALERT_STOCK_CUSTOMER_ID` (`customer_id`),
  KEY `PRODUCT_ALERT_STOCK_PRODUCT_ID` (`product_id`),
  KEY `PRODUCT_ALERT_STOCK_WEBSITE_ID` (`website_id`),
  CONSTRAINT `PRD_ALERT_STOCK_PRD_ID_CAT_PRD_ENTT_ENTT_ID` FOREIGN KEY (`product_id`) REFERENCES `catalog_product_entity` (`entity_id`) ON DELETE CASCADE,
  CONSTRAINT `PRODUCT_ALERT_STOCK_CUSTOMER_ID_CUSTOMER_ENTITY_ENTITY_ID` FOREIGN KEY (`customer_id`) REFERENCES `customer_entity` (`entity_id`) ON DELETE CASCADE,
  CONSTRAINT `PRODUCT_ALERT_STOCK_WEBSITE_ID_STORE_WEBSITE_WEBSITE_ID` FOREIGN KEY (`website_id`) REFERENCES `store_website` (`website_id`) ON DELETE CASCADE
) ENGINE=InnoDB DEFAULT CHARSET=utf8 COMMENT='Product Alert Stock';

--
-- Dumping data for table `product_alert_stock`
--


--
-- Table structure for table `quote_address`
--

CREATE TABLE `quote_address` (
  `address_id` int(10) unsigned NOT NULL AUTO_INCREMENT COMMENT 'Address Id',
  `quote_id` int(10) unsigned NOT NULL DEFAULT '0' COMMENT 'Quote Id',
  `created_at` timestamp NOT NULL DEFAULT CURRENT_TIMESTAMP COMMENT 'Created At',
  `updated_at` timestamp NOT NULL DEFAULT '0000-00-00 00:00:00' ON UPDATE CURRENT_TIMESTAMP COMMENT 'Updated At',
  `customer_id` int(10) unsigned DEFAULT NULL COMMENT 'Customer Id',
  `save_in_address_book` smallint(6) DEFAULT '0' COMMENT 'Save In Address Book',
  `customer_address_id` int(10) unsigned DEFAULT NULL COMMENT 'Customer Address Id',
  `address_type` varchar(10) DEFAULT NULL COMMENT 'Address Type',
  `email` varchar(255) DEFAULT NULL COMMENT 'Email',
  `prefix` varchar(40) DEFAULT NULL COMMENT 'Prefix',
  `firstname` varchar(20) DEFAULT NULL COMMENT 'Firstname',
  `middlename` varchar(20) DEFAULT NULL COMMENT 'Middlename',
  `lastname` varchar(20) DEFAULT NULL COMMENT 'Lastname',
  `suffix` varchar(40) DEFAULT NULL COMMENT 'Suffix',
  `company` varchar(255) DEFAULT NULL COMMENT 'Company',
  `street` varchar(255) DEFAULT NULL COMMENT 'Street',
  `city` varchar(40) DEFAULT NULL COMMENT 'City',
  `region` varchar(40) DEFAULT NULL COMMENT 'Region',
  `region_id` int(10) unsigned DEFAULT NULL COMMENT 'Region Id',
  `postcode` varchar(20) DEFAULT NULL COMMENT 'Postcode',
  `country_id` varchar(30) DEFAULT NULL COMMENT 'Country Id',
  `telephone` varchar(20) DEFAULT NULL COMMENT 'Phone Number',
  `fax` varchar(20) DEFAULT NULL COMMENT 'Fax',
  `same_as_billing` smallint(5) unsigned NOT NULL DEFAULT '0' COMMENT 'Same As Billing',
  `collect_shipping_rates` smallint(5) unsigned NOT NULL DEFAULT '0' COMMENT 'Collect Shipping Rates',
  `shipping_method` varchar(40) DEFAULT NULL COMMENT 'Shipping Method',
  `shipping_description` varchar(255) DEFAULT NULL COMMENT 'Shipping Description',
  `weight` decimal(12,4) NOT NULL DEFAULT '0.0000' COMMENT 'Weight',
  `subtotal` decimal(12,4) NOT NULL DEFAULT '0.0000' COMMENT 'Subtotal',
  `base_subtotal` decimal(12,4) NOT NULL DEFAULT '0.0000' COMMENT 'Base Subtotal',
  `subtotal_with_discount` decimal(12,4) NOT NULL DEFAULT '0.0000' COMMENT 'Subtotal With Discount',
  `base_subtotal_with_discount` decimal(12,4) NOT NULL DEFAULT '0.0000' COMMENT 'Base Subtotal With Discount',
  `tax_amount` decimal(12,4) NOT NULL DEFAULT '0.0000' COMMENT 'Tax Amount',
  `base_tax_amount` decimal(12,4) NOT NULL DEFAULT '0.0000' COMMENT 'Base Tax Amount',
  `shipping_amount` decimal(12,4) NOT NULL DEFAULT '0.0000' COMMENT 'Shipping Amount',
  `base_shipping_amount` decimal(12,4) NOT NULL DEFAULT '0.0000' COMMENT 'Base Shipping Amount',
  `shipping_tax_amount` decimal(12,4) DEFAULT NULL COMMENT 'Shipping Tax Amount',
  `base_shipping_tax_amount` decimal(12,4) DEFAULT NULL COMMENT 'Base Shipping Tax Amount',
  `discount_amount` decimal(12,4) NOT NULL DEFAULT '0.0000' COMMENT 'Discount Amount',
  `base_discount_amount` decimal(12,4) NOT NULL DEFAULT '0.0000' COMMENT 'Base Discount Amount',
  `grand_total` decimal(12,4) NOT NULL DEFAULT '0.0000' COMMENT 'Grand Total',
  `base_grand_total` decimal(12,4) NOT NULL DEFAULT '0.0000' COMMENT 'Base Grand Total',
  `customer_notes` text COMMENT 'Customer Notes',
  `applied_taxes` text COMMENT 'Applied Taxes',
  `discount_description` varchar(255) DEFAULT NULL COMMENT 'Discount Description',
  `shipping_discount_amount` decimal(12,4) DEFAULT NULL COMMENT 'Shipping Discount Amount',
  `base_shipping_discount_amount` decimal(12,4) DEFAULT NULL COMMENT 'Base Shipping Discount Amount',
  `subtotal_incl_tax` decimal(12,4) DEFAULT NULL COMMENT 'Subtotal Incl Tax',
  `base_subtotal_total_incl_tax` decimal(12,4) DEFAULT NULL COMMENT 'Base Subtotal Total Incl Tax',
  `discount_tax_compensation_amount` decimal(12,4) DEFAULT NULL COMMENT 'Discount Tax Compensation Amount',
  `base_discount_tax_compensation_amount` decimal(12,4) DEFAULT NULL COMMENT 'Base Discount Tax Compensation Amount',
  `shipping_discount_tax_compensation_amount` decimal(12,4) DEFAULT NULL COMMENT 'Shipping Discount Tax Compensation Amount',
  `base_shipping_discount_tax_compensation_amnt` decimal(12,4) DEFAULT NULL COMMENT 'Base Shipping Discount Tax Compensation Amount',
  `shipping_incl_tax` decimal(12,4) DEFAULT NULL COMMENT 'Shipping Incl Tax',
  `base_shipping_incl_tax` decimal(12,4) DEFAULT NULL COMMENT 'Base Shipping Incl Tax',
  `free_shipping` smallint(6) DEFAULT NULL,
  `vat_id` text COMMENT 'Vat Id',
  `vat_is_valid` smallint(6) DEFAULT NULL COMMENT 'Vat Is Valid',
  `vat_request_id` text COMMENT 'Vat Request Id',
  `vat_request_date` text COMMENT 'Vat Request Date',
  `vat_request_success` smallint(6) DEFAULT NULL COMMENT 'Vat Request Success',
  `gift_message_id` int(11) DEFAULT NULL COMMENT 'Gift Message Id',
  PRIMARY KEY (`address_id`),
  KEY `QUOTE_ADDRESS_QUOTE_ID` (`quote_id`),
  CONSTRAINT `QUOTE_ADDRESS_QUOTE_ID_QUOTE_ENTITY_ID` FOREIGN KEY (`quote_id`) REFERENCES `quote` (`entity_id`) ON DELETE CASCADE
) ENGINE=InnoDB AUTO_INCREMENT=2095 DEFAULT CHARSET=utf8 COMMENT='Sales Flat Quote Address';

--
-- Dumping data for table `quote_address`
--

INSERT INTO `quote_address` VALUES (7,3,'2017-01-09 18:14:42','0000-00-00 00:00:00',NULL,0,NULL,'billing',NULL,NULL,NULL,NULL,NULL,NULL,NULL,NULL,NULL,NULL,NULL,NULL,NULL,NULL,NULL,0,0,NULL,NULL,0.0000,0.0000,0.0000,59.8500,59.8500,0.0000,0.0000,0.0000,0.0000,0.0000,0.0000,0.0000,0.0000,0.0000,0.0000,NULL,'N;',NULL,0.0000,0.0000,0.0000,59.8500,0.0000,0.0000,0.0000,NULL,0.0000,0.0000,NULL,NULL,NULL,NULL,NULL,NULL,NULL),(8,3,'2017-01-09 18:14:42','0000-00-00 00:00:00',NULL,0,NULL,'shipping',NULL,NULL,NULL,NULL,NULL,NULL,NULL,NULL,NULL,NULL,NULL,NULL,NULL,NULL,NULL,1,0,NULL,NULL,1.0000,59.8500,59.8500,59.8500,59.8500,0.0000,0.0000,0.0000,0.0000,0.0000,0.0000,0.0000,0.0000,59.8500,59.8500,NULL,'a:0:{}',NULL,0.0000,0.0000,59.8500,59.8500,0.0000,0.0000,0.0000,NULL,0.0000,0.0000,NULL,NULL,NULL,NULL,NULL,NULL,NULL),(9,4,'2017-01-10 05:18:02','0000-00-00 00:00:00',NULL,0,NULL,'billing','bt_buyer_us@paypal.com',NULL,'John',NULL,'Doe',NULL,NULL,'123 Division Street\nApt. #1','Chicago','Illinois',23,'60618','US',NULL,NULL,0,0,NULL,NULL,0.0000,0.0000,0.0000,0.0000,0.0000,0.0000,0.0000,0.0000,0.0000,NULL,NULL,0.0000,0.0000,0.0000,0.0000,NULL,'N;',NULL,NULL,NULL,0.0000,NULL,0.0000,0.0000,0.0000,NULL,NULL,NULL,NULL,NULL,NULL,NULL,NULL,NULL,NULL),(10,4,'2017-01-10 05:18:02','0000-00-00 00:00:00',NULL,0,NULL,'shipping','bt_buyer_us@paypal.com',NULL,'John',NULL,'Doe',NULL,NULL,'123 Division Street\nApt. #1','Chicago','Illinois',23,'60618','US',NULL,NULL,1,1,NULL,NULL,1.0000,0.0000,0.0000,0.0000,0.0000,0.0000,0.0000,0.0000,0.0000,0.0000,0.0000,0.0000,0.0000,0.0000,0.0000,NULL,'a:0:{}',NULL,0.0000,0.0000,0.0000,0.0000,0.0000,0.0000,0.0000,NULL,0.0000,0.0000,NULL,NULL,NULL,NULL,NULL,NULL,NULL),(17,7,'2017-01-10 18:25:33','0000-00-00 00:00:00',NULL,0,NULL,'billing',NULL,NULL,NULL,NULL,NULL,NULL,NULL,NULL,NULL,NULL,NULL,NULL,NULL,NULL,NULL,0,0,NULL,NULL,0.0000,0.0000,0.0000,0.0000,0.0000,0.0000,0.0000,0.0000,0.0000,NULL,NULL,0.0000,0.0000,0.0000,0.0000,NULL,'N;',NULL,NULL,NULL,0.0000,NULL,0.0000,0.0000,0.0000,NULL,NULL,NULL,NULL,NULL,NULL,NULL,NULL,NULL,NULL),(18,7,'2017-01-10 18:25:33','0000-00-00 00:00:00',NULL,0,NULL,'shipping',NULL,NULL,NULL,NULL,NULL,NULL,NULL,NULL,NULL,NULL,NULL,NULL,NULL,NULL,NULL,1,1,NULL,NULL,0.0000,0.0000,0.0000,0.0000,0.0000,0.0000,0.0000,0.0000,0.0000,0.0000,0.0000,0.0000,0.0000,0.0000,0.0000,NULL,'N;',NULL,0.0000,0.0000,0.0000,0.0000,0.0000,0.0000,0.0000,NULL,0.0000,0.0000,NULL,NULL,NULL,NULL,NULL,NULL,NULL),(24,10,'2017-01-10 21:06:43','0000-00-00 00:00:00',NULL,0,NULL,'billing',NULL,NULL,NULL,NULL,NULL,NULL,NULL,NULL,NULL,NULL,NULL,NULL,NULL,NULL,NULL,0,0,NULL,NULL,0.0000,0.0000,0.0000,0.0000,0.0000,0.0000,0.0000,0.0000,0.0000,NULL,NULL,0.0000,0.0000,0.0000,0.0000,NULL,'N;',NULL,NULL,NULL,0.0000,NULL,0.0000,0.0000,0.0000,NULL,NULL,NULL,NULL,NULL,NULL,NULL,NULL,NULL,NULL),(25,10,'2017-01-10 21:06:43','0000-00-00 00:00:00',NULL,0,NULL,'shipping',NULL,NULL,NULL,NULL,NULL,NULL,NULL,NULL,NULL,NULL,NULL,NULL,NULL,NULL,NULL,1,1,NULL,NULL,2.0000,69.9000,69.9000,69.9000,69.9000,0.0000,0.0000,0.0000,0.0000,0.0000,0.0000,0.0000,0.0000,69.9000,69.9000,NULL,'a:0:{}',NULL,0.0000,0.0000,69.9000,69.9000,0.0000,0.0000,0.0000,NULL,0.0000,0.0000,NULL,NULL,NULL,NULL,NULL,NULL,NULL),(26,11,'2017-01-10 21:08:16','0000-00-00 00:00:00',NULL,0,NULL,'billing',NULL,NULL,NULL,NULL,NULL,NULL,NULL,NULL,NULL,NULL,NULL,NULL,NULL,NULL,NULL,0,0,NULL,NULL,0.0000,0.0000,0.0000,0.0000,0.0000,0.0000,0.0000,0.0000,0.0000,NULL,NULL,0.0000,0.0000,0.0000,0.0000,NULL,'N;',NULL,NULL,NULL,0.0000,NULL,0.0000,0.0000,0.0000,NULL,NULL,NULL,NULL,NULL,NULL,NULL,NULL,NULL,NULL),(27,11,'2017-01-10 21:08:16','0000-00-00 00:00:00',NULL,0,NULL,'shipping',NULL,NULL,NULL,NULL,NULL,NULL,NULL,NULL,NULL,NULL,NULL,NULL,NULL,NULL,NULL,1,0,NULL,NULL,1.0000,34.9500,34.9500,34.9500,34.9500,0.0000,0.0000,0.0000,0.0000,0.0000,0.0000,0.0000,0.0000,34.9500,34.9500,NULL,'a:0:{}',NULL,0.0000,0.0000,34.9500,34.9500,0.0000,0.0000,0.0000,NULL,0.0000,0.0000,NULL,NULL,NULL,NULL,NULL,NULL,NULL),(28,12,'2017-01-10 21:28:47','0000-00-00 00:00:00',NULL,0,NULL,'billing',NULL,NULL,NULL,NULL,NULL,NULL,NULL,NULL,NULL,NULL,NULL,NULL,NULL,NULL,NULL,0,0,NULL,NULL,0.0000,19.9500,19.9500,19.9500,19.9500,0.0000,0.0000,0.0000,0.0000,0.0000,0.0000,0.0000,0.0000,19.9500,19.9500,NULL,'a:0:{}',NULL,0.0000,0.0000,19.9500,19.9500,0.0000,0.0000,0.0000,NULL,0.0000,0.0000,NULL,NULL,NULL,NULL,NULL,NULL,NULL),(29,12,'2017-01-10 21:28:47','0000-00-00 00:00:00',NULL,0,NULL,'shipping',NULL,NULL,NULL,NULL,NULL,NULL,NULL,NULL,NULL,NULL,NULL,NULL,NULL,NULL,NULL,1,1,NULL,NULL,0.0000,0.0000,0.0000,0.0000,0.0000,0.0000,0.0000,0.0000,0.0000,NULL,NULL,0.0000,0.0000,0.0000,0.0000,NULL,'N;',NULL,NULL,NULL,0.0000,NULL,0.0000,0.0000,0.0000,NULL,NULL,NULL,NULL,NULL,NULL,NULL,NULL,NULL,NULL),(30,13,'2017-01-11 12:15:36','0000-00-00 00:00:00',NULL,0,NULL,'billing',NULL,NULL,NULL,NULL,NULL,NULL,NULL,NULL,NULL,NULL,NULL,NULL,NULL,NULL,NULL,0,0,NULL,NULL,0.0000,0.0000,0.0000,0.0000,0.0000,0.0000,0.0000,0.0000,0.0000,NULL,NULL,0.0000,0.0000,0.0000,0.0000,NULL,'N;',NULL,NULL,NULL,0.0000,NULL,0.0000,0.0000,0.0000,NULL,NULL,NULL,NULL,NULL,NULL,NULL,NULL,NULL,NULL),(31,13,'2017-01-11 12:15:36','0000-00-00 00:00:00',NULL,0,NULL,'shipping',NULL,NULL,NULL,NULL,NULL,NULL,NULL,NULL,NULL,NULL,NULL,NULL,NULL,NULL,NULL,1,1,NULL,NULL,2.0000,0.0000,0.0000,0.0000,0.0000,0.0000,0.0000,0.0000,0.0000,0.0000,0.0000,0.0000,0.0000,0.0000,0.0000,NULL,'a:0:{}',NULL,0.0000,0.0000,0.0000,0.0000,0.0000,0.0000,0.0000,NULL,0.0000,0.0000,NULL,NULL,NULL,NULL,NULL,NULL,NULL),(32,14,'2017-01-12 15:21:06','0000-00-00 00:00:00',NULL,0,NULL,'billing',NULL,NULL,NULL,NULL,NULL,NULL,NULL,NULL,NULL,NULL,NULL,NULL,NULL,NULL,NULL,0,0,NULL,NULL,0.0000,0.0000,0.0000,0.0000,0.0000,0.0000,0.0000,0.0000,0.0000,NULL,NULL,0.0000,0.0000,0.0000,0.0000,NULL,'N;',NULL,NULL,NULL,0.0000,NULL,0.0000,0.0000,0.0000,NULL,NULL,NULL,NULL,NULL,NULL,NULL,NULL,NULL,NULL),(33,14,'2017-01-12 15:21:06','0000-00-00 00:00:00',NULL,0,NULL,'shipping',NULL,NULL,NULL,NULL,NULL,NULL,NULL,NULL,NULL,NULL,NULL,NULL,NULL,NULL,NULL,1,0,NULL,NULL,1.0000,0.0000,0.0000,0.0000,0.0000,0.0000,0.0000,0.0000,0.0000,0.0000,0.0000,0.0000,0.0000,0.0000,0.0000,NULL,'a:0:{}',NULL,0.0000,0.0000,0.0000,0.0000,0.0000,0.0000,0.0000,NULL,0.0000,0.0000,NULL,NULL,NULL,NULL,NULL,NULL,NULL),(34,15,'2017-01-20 13:11:23','0000-00-00 00:00:00',NULL,0,NULL,'billing',NULL,NULL,NULL,NULL,NULL,NULL,NULL,NULL,NULL,NULL,NULL,NULL,NULL,NULL,NULL,0,0,NULL,NULL,0.0000,19.9500,19.9500,19.9500,19.9500,0.0000,0.0000,0.0000,0.0000,0.0000,0.0000,0.0000,0.0000,19.9500,19.9500,NULL,'a:0:{}',NULL,0.0000,0.0000,19.9500,19.9500,0.0000,0.0000,0.0000,NULL,0.0000,0.0000,NULL,NULL,NULL,NULL,NULL,NULL,NULL),(35,15,'2017-01-20 13:11:23','0000-00-00 00:00:00',NULL,0,NULL,'shipping',NULL,NULL,NULL,NULL,NULL,NULL,NULL,NULL,NULL,NULL,NULL,NULL,NULL,NULL,NULL,1,1,NULL,NULL,0.0000,0.0000,0.0000,0.0000,0.0000,0.0000,0.0000,0.0000,0.0000,NULL,NULL,0.0000,0.0000,0.0000,0.0000,NULL,'N;',NULL,NULL,NULL,0.0000,NULL,0.0000,0.0000,0.0000,NULL,NULL,NULL,NULL,NULL,NULL,NULL,NULL,NULL,NULL),(36,16,'2017-02-02 12:30:11','0000-00-00 00:00:00',NULL,0,NULL,'billing',NULL,NULL,NULL,NULL,NULL,NULL,NULL,NULL,NULL,NULL,NULL,NULL,NULL,NULL,NULL,0,0,NULL,NULL,0.0000,0.0000,0.0000,0.0000,0.0000,0.0000,0.0000,0.0000,0.0000,NULL,NULL,0.0000,0.0000,0.0000,0.0000,NULL,'N;',NULL,NULL,NULL,0.0000,NULL,0.0000,0.0000,0.0000,NULL,NULL,NULL,NULL,NULL,NULL,NULL,NULL,NULL,NULL),(37,16,'2017-02-02 12:30:11','0000-00-00 00:00:00',NULL,0,NULL,'shipping',NULL,NULL,NULL,NULL,NULL,NULL,NULL,NULL,NULL,NULL,NULL,NULL,NULL,NULL,NULL,1,0,NULL,NULL,1.0000,34.9500,34.9500,34.9500,34.9500,0.0000,0.0000,0.0000,0.0000,0.0000,0.0000,0.0000,0.0000,34.9500,34.9500,NULL,'a:0:{}',NULL,0.0000,0.0000,34.9500,34.9500,0.0000,0.0000,0.0000,NULL,0.0000,0.0000,NULL,NULL,NULL,NULL,NULL,NULL,NULL),(41,18,'2017-02-02 13:20:51','0000-00-00 00:00:00',NULL,0,NULL,'billing',NULL,NULL,NULL,NULL,NULL,NULL,NULL,NULL,NULL,NULL,NULL,NULL,NULL,NULL,NULL,0,0,NULL,NULL,0.0000,0.0000,0.0000,0.0000,0.0000,0.0000,0.0000,0.0000,0.0000,NULL,NULL,0.0000,0.0000,0.0000,0.0000,NULL,'N;',NULL,NULL,NULL,0.0000,NULL,0.0000,0.0000,0.0000,NULL,NULL,NULL,NULL,NULL,NULL,NULL,NULL,NULL,NULL),(42,18,'2017-02-02 13:20:51','0000-00-00 00:00:00',NULL,0,NULL,'shipping',NULL,NULL,NULL,NULL,NULL,NULL,NULL,NULL,NULL,NULL,NULL,NULL,NULL,NULL,NULL,1,0,NULL,NULL,1.0000,0.0000,0.0000,0.0000,0.0000,0.0000,0.0000,0.0000,0.0000,0.0000,0.0000,0.0000,0.0000,0.0000,0.0000,NULL,'a:0:{}',NULL,0.0000,0.0000,0.0000,0.0000,0.0000,0.0000,0.0000,NULL,0.0000,0.0000,NULL,NULL,NULL,NULL,NULL,NULL,NULL),(43,19,'2017-02-03 00:14:27','0000-00-00 00:00:00',NULL,0,NULL,'billing',NULL,NULL,NULL,NULL,NULL,NULL,NULL,NULL,NULL,NULL,NULL,NULL,NULL,NULL,NULL,0,0,NULL,NULL,0.0000,0.0000,0.0000,0.0000,0.0000,0.0000,0.0000,0.0000,0.0000,NULL,NULL,0.0000,0.0000,0.0000,0.0000,NULL,'N;',NULL,NULL,NULL,0.0000,NULL,0.0000,0.0000,0.0000,NULL,NULL,NULL,NULL,NULL,NULL,NULL,NULL,NULL,NULL),(44,19,'2017-02-03 00:14:27','0000-00-00 00:00:00',NULL,0,NULL,'shipping',NULL,NULL,NULL,NULL,NULL,NULL,NULL,NULL,NULL,NULL,NULL,NULL,NULL,NULL,NULL,1,1,NULL,NULL,2.0000,34.9500,34.9500,34.9500,34.9500,0.0000,0.0000,0.0000,0.0000,0.0000,0.0000,0.0000,0.0000,34.9500,34.9500,NULL,'a:0:{}',NULL,0.0000,0.0000,34.9500,34.9500,0.0000,0.0000,0.0000,NULL,0.0000,0.0000,NULL,NULL,NULL,NULL,NULL,NULL,NULL),(45,20,'2017-02-17 20:04:25','0000-00-00 00:00:00',NULL,0,NULL,'billing',NULL,NULL,NULL,NULL,NULL,NULL,NULL,NULL,NULL,NULL,NULL,NULL,NULL,NULL,NULL,0,0,NULL,NULL,0.0000,0.0000,0.0000,0.0000,0.0000,0.0000,0.0000,0.0000,0.0000,NULL,NULL,0.0000,0.0000,0.0000,0.0000,NULL,'N;',NULL,NULL,NULL,0.0000,NULL,0.0000,0.0000,0.0000,NULL,NULL,NULL,NULL,NULL,NULL,NULL,NULL,NULL,NULL),(46,20,'2017-02-17 20:04:25','0000-00-00 00:00:00',NULL,0,NULL,'shipping',NULL,NULL,NULL,NULL,NULL,NULL,NULL,NULL,NULL,NULL,NULL,NULL,NULL,NULL,NULL,1,0,NULL,NULL,2.0000,44.9500,44.9500,44.9500,44.9500,0.0000,0.0000,0.0000,0.0000,0.0000,0.0000,0.0000,0.0000,44.9500,44.9500,NULL,'a:0:{}',NULL,0.0000,0.0000,44.9500,44.9500,0.0000,0.0000,0.0000,NULL,0.0000,0.0000,NULL,NULL,NULL,NULL,NULL,NULL,NULL),(47,21,'2017-02-17 20:54:25','0000-00-00 00:00:00',NULL,0,NULL,'billing',NULL,NULL,NULL,NULL,NULL,NULL,NULL,NULL,NULL,NULL,NULL,NULL,NULL,NULL,NULL,0,0,NULL,NULL,0.0000,19.9500,19.9500,19.9500,19.9500,0.0000,0.0000,0.0000,0.0000,0.0000,0.0000,0.0000,0.0000,19.9500,19.9500,NULL,'a:0:{}',NULL,0.0000,0.0000,19.9500,19.9500,0.0000,0.0000,0.0000,NULL,0.0000,0.0000,NULL,NULL,NULL,NULL,NULL,NULL,NULL),(48,21,'2017-02-17 20:54:25','0000-00-00 00:00:00',NULL,0,NULL,'shipping',NULL,NULL,NULL,NULL,NULL,NULL,NULL,NULL,NULL,NULL,NULL,NULL,NULL,NULL,NULL,1,1,NULL,NULL,0.0000,0.0000,0.0000,0.0000,0.0000,0.0000,0.0000,0.0000,0.0000,NULL,NULL,0.0000,0.0000,0.0000,0.0000,NULL,'N;',NULL,NULL,NULL,0.0000,NULL,0.0000,0.0000,0.0000,NULL,NULL,NULL,NULL,NULL,NULL,NULL,NULL,NULL,NULL),(80,32,'2017-02-24 03:15:36','0000-00-00 00:00:00',NULL,0,NULL,'billing',NULL,NULL,NULL,NULL,NULL,NULL,NULL,NULL,NULL,NULL,NULL,NULL,NULL,NULL,NULL,0,0,NULL,NULL,0.0000,0.0000,0.0000,0.0000,0.0000,0.0000,0.0000,0.0000,0.0000,NULL,NULL,0.0000,0.0000,0.0000,0.0000,NULL,'N;',NULL,NULL,NULL,0.0000,NULL,0.0000,0.0000,0.0000,NULL,NULL,NULL,NULL,NULL,NULL,NULL,NULL,NULL,NULL),(81,32,'2017-02-24 03:15:36','0000-00-00 00:00:00',NULL,0,NULL,'shipping',NULL,NULL,NULL,NULL,NULL,NULL,NULL,NULL,NULL,NULL,NULL,NULL,NULL,NULL,NULL,1,0,NULL,NULL,1.0000,0.0000,0.0000,0.0000,0.0000,0.0000,0.0000,0.0000,0.0000,0.0000,0.0000,0.0000,0.0000,0.0000,0.0000,NULL,'a:0:{}',NULL,0.0000,0.0000,0.0000,0.0000,0.0000,0.0000,0.0000,NULL,0.0000,0.0000,NULL,NULL,NULL,NULL,NULL,NULL,NULL),(85,34,'2017-03-04 15:24:39','0000-00-00 00:00:00',NULL,0,NULL,'billing','alex@paiplaw.com',NULL,NULL,NULL,NULL,NULL,NULL,NULL,NULL,NULL,NULL,NULL,NULL,NULL,NULL,0,0,NULL,NULL,0.0000,19.9500,19.9500,19.9500,19.9500,0.0000,0.0000,0.0000,0.0000,0.0000,0.0000,0.0000,0.0000,19.9500,19.9500,NULL,'a:0:{}',NULL,0.0000,0.0000,19.9500,19.9500,0.0000,0.0000,0.0000,NULL,0.0000,0.0000,NULL,NULL,NULL,NULL,NULL,NULL,NULL),(86,34,'2017-03-04 15:24:39','0000-00-00 00:00:00',NULL,0,NULL,'shipping',NULL,NULL,NULL,NULL,NULL,NULL,NULL,NULL,NULL,NULL,NULL,NULL,NULL,NULL,NULL,1,1,NULL,NULL,0.0000,0.0000,0.0000,0.0000,0.0000,0.0000,0.0000,0.0000,0.0000,NULL,NULL,0.0000,0.0000,0.0000,0.0000,NULL,'N;',NULL,NULL,NULL,0.0000,NULL,0.0000,0.0000,0.0000,NULL,NULL,NULL,NULL,NULL,NULL,NULL,NULL,NULL,NULL),(90,36,'2017-04-01 01:27:59','0000-00-00 00:00:00',NULL,0,NULL,'billing','alex@keragen.com',NULL,NULL,NULL,NULL,NULL,NULL,NULL,NULL,NULL,NULL,NULL,NULL,NULL,NULL,0,0,NULL,NULL,0.0000,19.9500,19.9500,19.9500,19.9500,0.0000,0.0000,0.0000,0.0000,0.0000,0.0000,0.0000,0.0000,19.9500,19.9500,NULL,'a:0:{}',NULL,0.0000,0.0000,19.9500,19.9500,0.0000,0.0000,0.0000,NULL,0.0000,0.0000,NULL,NULL,NULL,NULL,NULL,NULL,NULL),(91,36,'2017-04-01 01:27:59','0000-00-00 00:00:00',NULL,0,NULL,'shipping',NULL,NULL,NULL,NULL,NULL,NULL,NULL,NULL,NULL,NULL,NULL,NULL,NULL,NULL,NULL,1,1,NULL,NULL,0.0000,0.0000,0.0000,0.0000,0.0000,0.0000,0.0000,0.0000,0.0000,NULL,NULL,0.0000,0.0000,0.0000,0.0000,NULL,'N;',NULL,NULL,NULL,0.0000,NULL,0.0000,0.0000,0.0000,NULL,NULL,NULL,NULL,NULL,NULL,NULL,NULL,NULL,NULL),(105,41,'2017-04-01 15:09:53','0000-00-00 00:00:00',NULL,0,NULL,'billing',NULL,NULL,NULL,NULL,NULL,NULL,NULL,NULL,NULL,NULL,NULL,NULL,NULL,NULL,NULL,0,0,NULL,NULL,0.0000,19.9500,19.9500,19.9500,19.9500,0.0000,0.0000,0.0000,0.0000,0.0000,0.0000,0.0000,0.0000,19.9500,19.9500,NULL,'a:0:{}',NULL,0.0000,0.0000,19.9500,19.9500,0.0000,0.0000,0.0000,NULL,0.0000,0.0000,NULL,NULL,NULL,NULL,NULL,NULL,NULL),(106,41,'2017-04-01 15:09:53','0000-00-00 00:00:00',NULL,0,NULL,'shipping',NULL,NULL,NULL,NULL,NULL,NULL,NULL,NULL,NULL,NULL,NULL,NULL,NULL,NULL,NULL,1,1,NULL,NULL,0.0000,0.0000,0.0000,0.0000,0.0000,0.0000,0.0000,0.0000,0.0000,NULL,NULL,0.0000,0.0000,0.0000,0.0000,NULL,'N;',NULL,NULL,NULL,0.0000,NULL,0.0000,0.0000,0.0000,NULL,NULL,NULL,NULL,NULL,NULL,NULL,NULL,NULL,NULL),(107,42,'2017-04-07 03:19:06','0000-00-00 00:00:00',NULL,0,NULL,'shipping',NULL,NULL,NULL,NULL,NULL,NULL,NULL,NULL,NULL,NULL,0,NULL,NULL,NULL,NULL,1,1,NULL,NULL,0.0000,0.0000,0.0000,0.0000,0.0000,0.0000,0.0000,0.0000,0.0000,NULL,NULL,0.0000,0.0000,0.0000,0.0000,NULL,'N;',NULL,NULL,NULL,0.0000,NULL,0.0000,0.0000,0.0000,NULL,NULL,NULL,NULL,NULL,NULL,NULL,NULL,NULL,NULL),(108,42,'2017-04-07 03:19:06','0000-00-00 00:00:00',NULL,0,NULL,'billing',NULL,NULL,NULL,NULL,NULL,NULL,NULL,NULL,NULL,NULL,NULL,NULL,NULL,NULL,NULL,0,0,NULL,NULL,0.0000,0.0000,0.0000,0.0000,0.0000,0.0000,0.0000,0.0000,0.0000,NULL,NULL,0.0000,0.0000,0.0000,0.0000,NULL,'N;',NULL,NULL,NULL,0.0000,NULL,0.0000,0.0000,0.0000,NULL,NULL,NULL,NULL,NULL,NULL,NULL,NULL,NULL,NULL),(109,43,'2017-04-07 04:45:09','0000-00-00 00:00:00',NULL,0,NULL,'shipping',NULL,NULL,NULL,NULL,NULL,NULL,NULL,NULL,NULL,NULL,0,NULL,NULL,NULL,NULL,1,1,NULL,NULL,0.0000,0.0000,0.0000,0.0000,0.0000,0.0000,0.0000,0.0000,0.0000,NULL,NULL,0.0000,0.0000,0.0000,0.0000,NULL,'N;',NULL,NULL,NULL,0.0000,NULL,0.0000,0.0000,0.0000,NULL,NULL,NULL,NULL,NULL,NULL,NULL,NULL,NULL,NULL),(110,43,'2017-04-07 04:45:09','0000-00-00 00:00:00',NULL,0,NULL,'billing',NULL,NULL,NULL,NULL,NULL,NULL,NULL,NULL,NULL,NULL,NULL,NULL,NULL,NULL,NULL,0,0,NULL,NULL,0.0000,0.0000,0.0000,0.0000,0.0000,0.0000,0.0000,0.0000,0.0000,NULL,NULL,0.0000,0.0000,0.0000,0.0000,NULL,'N;',NULL,NULL,NULL,0.0000,NULL,0.0000,0.0000,0.0000,NULL,NULL,NULL,NULL,NULL,NULL,NULL,NULL,NULL,NULL),(115,45,'2017-04-10 06:07:23','0000-00-00 00:00:00',NULL,0,NULL,'billing',NULL,NULL,NULL,NULL,NULL,NULL,NULL,NULL,NULL,NULL,NULL,NULL,NULL,NULL,NULL,0,0,NULL,NULL,0.0000,0.0000,0.0000,0.0000,0.0000,0.0000,0.0000,0.0000,0.0000,NULL,NULL,0.0000,0.0000,0.0000,0.0000,NULL,'N;',NULL,NULL,NULL,0.0000,NULL,0.0000,0.0000,0.0000,NULL,NULL,NULL,NULL,NULL,NULL,NULL,NULL,NULL,NULL),(116,45,'2017-04-10 06:07:23','0000-00-00 00:00:00',NULL,0,NULL,'shipping',NULL,NULL,NULL,NULL,NULL,NULL,NULL,NULL,NULL,NULL,NULL,NULL,NULL,NULL,NULL,1,1,NULL,NULL,0.0000,0.0000,0.0000,19.9500,19.9500,0.0000,0.0000,0.0000,0.0000,0.0000,0.0000,0.0000,0.0000,0.0000,0.0000,NULL,'N;',NULL,0.0000,0.0000,0.0000,19.9500,0.0000,0.0000,0.0000,NULL,0.0000,0.0000,NULL,NULL,NULL,NULL,NULL,NULL,NULL),(117,46,'2017-04-10 18:09:24','0000-00-00 00:00:00',NULL,0,NULL,'billing',NULL,NULL,NULL,NULL,NULL,NULL,NULL,NULL,NULL,NULL,NULL,NULL,NULL,NULL,NULL,0,0,NULL,NULL,0.0000,0.0000,0.0000,0.0000,0.0000,0.0000,0.0000,0.0000,0.0000,NULL,NULL,0.0000,0.0000,0.0000,0.0000,NULL,'N;',NULL,NULL,NULL,0.0000,NULL,0.0000,0.0000,0.0000,NULL,NULL,NULL,NULL,NULL,NULL,NULL,NULL,NULL,NULL),(118,46,'2017-04-10 18:09:24','0000-00-00 00:00:00',NULL,0,NULL,'shipping',NULL,NULL,NULL,NULL,NULL,NULL,NULL,NULL,NULL,NULL,NULL,NULL,NULL,NULL,NULL,1,0,NULL,NULL,2.0000,39.9000,39.9000,39.9000,39.9000,0.0000,0.0000,0.0000,0.0000,0.0000,0.0000,0.0000,0.0000,39.9000,39.9000,NULL,'a:0:{}','Free Shipping',0.0000,0.0000,39.9000,39.9000,0.0000,0.0000,0.0000,NULL,0.0000,0.0000,1,NULL,NULL,NULL,NULL,NULL,NULL),(122,48,'2017-05-16 10:03:36','0000-00-00 00:00:00',NULL,0,NULL,'shipping',NULL,NULL,NULL,NULL,NULL,NULL,NULL,NULL,NULL,NULL,0,NULL,NULL,NULL,NULL,1,1,NULL,NULL,0.0000,0.0000,0.0000,0.0000,0.0000,0.0000,0.0000,0.0000,0.0000,NULL,NULL,0.0000,0.0000,0.0000,0.0000,NULL,'N;',NULL,NULL,NULL,0.0000,NULL,0.0000,0.0000,0.0000,NULL,NULL,NULL,NULL,NULL,NULL,NULL,NULL,NULL,NULL),(123,48,'2017-05-16 10:03:36','0000-00-00 00:00:00',NULL,0,NULL,'billing',NULL,NULL,NULL,NULL,NULL,NULL,NULL,NULL,NULL,NULL,NULL,NULL,NULL,NULL,NULL,0,0,NULL,NULL,0.0000,0.0000,0.0000,0.0000,0.0000,0.0000,0.0000,0.0000,0.0000,NULL,NULL,0.0000,0.0000,0.0000,0.0000,NULL,'N;',NULL,NULL,NULL,0.0000,NULL,0.0000,0.0000,0.0000,NULL,NULL,NULL,NULL,NULL,NULL,NULL,NULL,NULL,NULL),(124,49,'2017-06-10 04:55:46','0000-00-00 00:00:00',NULL,0,NULL,'shipping',NULL,NULL,NULL,NULL,NULL,NULL,NULL,NULL,NULL,NULL,0,NULL,NULL,NULL,NULL,1,1,NULL,NULL,0.0000,0.0000,0.0000,0.0000,0.0000,0.0000,0.0000,0.0000,0.0000,NULL,NULL,0.0000,0.0000,0.0000,0.0000,NULL,'N;',NULL,NULL,NULL,0.0000,NULL,0.0000,0.0000,0.0000,NULL,NULL,NULL,NULL,NULL,NULL,NULL,NULL,NULL,NULL),(125,49,'2017-06-10 04:55:46','0000-00-00 00:00:00',NULL,0,NULL,'billing',NULL,NULL,NULL,NULL,NULL,NULL,NULL,NULL,NULL,NULL,NULL,NULL,NULL,NULL,NULL,0,0,NULL,NULL,0.0000,0.0000,0.0000,0.0000,0.0000,0.0000,0.0000,0.0000,0.0000,NULL,NULL,0.0000,0.0000,0.0000,0.0000,NULL,'N;',NULL,NULL,NULL,0.0000,NULL,0.0000,0.0000,0.0000,NULL,NULL,NULL,NULL,NULL,NULL,NULL,NULL,NULL,NULL),(126,50,'2017-07-12 00:22:43','0000-00-00 00:00:00',NULL,0,NULL,'shipping',NULL,NULL,NULL,NULL,NULL,NULL,NULL,NULL,NULL,NULL,0,NULL,NULL,NULL,NULL,1,1,NULL,NULL,0.0000,0.0000,0.0000,0.0000,0.0000,0.0000,0.0000,0.0000,0.0000,NULL,NULL,0.0000,0.0000,0.0000,0.0000,NULL,'N;',NULL,NULL,NULL,0.0000,NULL,0.0000,0.0000,0.0000,NULL,NULL,NULL,NULL,NULL,NULL,NULL,NULL,NULL,NULL),(127,50,'2017-07-12 00:22:43','0000-00-00 00:00:00',NULL,0,NULL,'billing',NULL,NULL,NULL,NULL,NULL,NULL,NULL,NULL,NULL,NULL,NULL,NULL,NULL,NULL,NULL,0,0,NULL,NULL,0.0000,0.0000,0.0000,0.0000,0.0000,0.0000,0.0000,0.0000,0.0000,NULL,NULL,0.0000,0.0000,0.0000,0.0000,NULL,'N;',NULL,NULL,NULL,0.0000,NULL,0.0000,0.0000,0.0000,NULL,NULL,NULL,NULL,NULL,NULL,NULL,NULL,NULL,NULL),(128,51,'2017-08-12 07:47:05','0000-00-00 00:00:00',NULL,0,NULL,'shipping',NULL,NULL,NULL,NULL,NULL,NULL,NULL,NULL,NULL,NULL,0,NULL,NULL,NULL,NULL,1,1,NULL,NULL,0.0000,0.0000,0.0000,0.0000,0.0000,0.0000,0.0000,0.0000,0.0000,NULL,NULL,0.0000,0.0000,0.0000,0.0000,NULL,'N;',NULL,NULL,NULL,0.0000,NULL,0.0000,0.0000,0.0000,NULL,NULL,NULL,NULL,NULL,NULL,NULL,NULL,NULL,NULL),(129,51,'2017-08-12 07:47:05','0000-00-00 00:00:00',NULL,0,NULL,'billing',NULL,NULL,NULL,NULL,NULL,NULL,NULL,NULL,NULL,NULL,NULL,NULL,NULL,NULL,NULL,0,0,NULL,NULL,0.0000,0.0000,0.0000,0.0000,0.0000,0.0000,0.0000,0.0000,0.0000,NULL,NULL,0.0000,0.0000,0.0000,0.0000,NULL,'N;',NULL,NULL,NULL,0.0000,NULL,0.0000,0.0000,0.0000,NULL,NULL,NULL,NULL,NULL,NULL,NULL,NULL,NULL,NULL),(130,52,'2017-08-30 04:38:50','0000-00-00 00:00:00',NULL,0,NULL,'billing',NULL,NULL,NULL,NULL,NULL,NULL,NULL,NULL,NULL,NULL,NULL,NULL,NULL,NULL,NULL,0,0,NULL,NULL,0.0000,0.0000,0.0000,0.0000,0.0000,0.0000,0.0000,0.0000,0.0000,NULL,NULL,0.0000,0.0000,0.0000,0.0000,NULL,'N;',NULL,NULL,NULL,0.0000,NULL,0.0000,0.0000,0.0000,NULL,NULL,NULL,NULL,NULL,NULL,NULL,NULL,NULL,NULL),(131,52,'2017-08-30 04:38:50','0000-00-00 00:00:00',NULL,0,NULL,'shipping',NULL,NULL,NULL,NULL,NULL,NULL,NULL,NULL,NULL,NULL,NULL,NULL,NULL,NULL,NULL,1,0,NULL,NULL,1.0000,19.9500,19.9500,19.9500,19.9500,0.0000,0.0000,0.0000,0.0000,0.0000,0.0000,0.0000,0.0000,19.9500,19.9500,NULL,'a:0:{}',NULL,0.0000,0.0000,19.9500,19.9500,0.0000,0.0000,0.0000,NULL,0.0000,0.0000,NULL,NULL,NULL,NULL,NULL,NULL,NULL),(132,53,'2017-09-13 03:20:54','0000-00-00 00:00:00',NULL,0,NULL,'shipping',NULL,NULL,NULL,NULL,NULL,NULL,NULL,NULL,NULL,NULL,0,NULL,NULL,NULL,NULL,1,1,NULL,NULL,0.0000,0.0000,0.0000,0.0000,0.0000,0.0000,0.0000,0.0000,0.0000,NULL,NULL,0.0000,0.0000,0.0000,0.0000,NULL,'N;',NULL,NULL,NULL,0.0000,NULL,0.0000,0.0000,0.0000,NULL,NULL,NULL,NULL,NULL,NULL,NULL,NULL,NULL,NULL),(133,53,'2017-09-13 03:20:54','0000-00-00 00:00:00',NULL,0,NULL,'billing',NULL,NULL,NULL,NULL,NULL,NULL,NULL,NULL,NULL,NULL,NULL,NULL,NULL,NULL,NULL,0,0,NULL,NULL,0.0000,0.0000,0.0000,0.0000,0.0000,0.0000,0.0000,0.0000,0.0000,NULL,NULL,0.0000,0.0000,0.0000,0.0000,NULL,'N;',NULL,NULL,NULL,0.0000,NULL,0.0000,0.0000,0.0000,NULL,NULL,NULL,NULL,NULL,NULL,NULL,NULL,NULL,NULL),(134,54,'2017-09-15 16:00:33','0000-00-00 00:00:00',NULL,0,NULL,'billing',NULL,NULL,NULL,NULL,NULL,NULL,NULL,NULL,NULL,NULL,NULL,NULL,NULL,NULL,NULL,0,0,NULL,NULL,0.0000,0.0000,0.0000,0.0000,0.0000,0.0000,0.0000,0.0000,0.0000,NULL,NULL,0.0000,0.0000,0.0000,0.0000,NULL,'N;',NULL,NULL,NULL,0.0000,NULL,0.0000,0.0000,0.0000,NULL,NULL,NULL,NULL,NULL,NULL,NULL,NULL,NULL,NULL),(135,54,'2017-09-15 16:00:33','0000-00-00 00:00:00',NULL,0,NULL,'shipping',NULL,NULL,NULL,NULL,NULL,NULL,NULL,NULL,NULL,NULL,NULL,NULL,NULL,NULL,NULL,1,0,NULL,NULL,1.0000,19.9500,19.9500,19.9500,19.9500,0.0000,0.0000,0.0000,0.0000,0.0000,0.0000,0.0000,0.0000,19.9500,19.9500,NULL,'a:0:{}',NULL,0.0000,0.0000,19.9500,19.9500,0.0000,0.0000,0.0000,NULL,0.0000,0.0000,NULL,NULL,NULL,NULL,NULL,NULL,NULL),(136,55,'2017-10-07 04:54:23','0000-00-00 00:00:00',NULL,0,NULL,'shipping',NULL,NULL,NULL,NULL,NULL,NULL,NULL,NULL,NULL,NULL,0,NULL,NULL,NULL,NULL,1,1,NULL,NULL,0.0000,0.0000,0.0000,0.0000,0.0000,0.0000,0.0000,0.0000,0.0000,NULL,NULL,0.0000,0.0000,0.0000,0.0000,NULL,'N;',NULL,NULL,NULL,0.0000,NULL,0.0000,0.0000,0.0000,NULL,NULL,NULL,NULL,NULL,NULL,NULL,NULL,NULL,NULL),(137,55,'2017-10-07 04:54:23','0000-00-00 00:00:00',NULL,0,NULL,'billing',NULL,NULL,NULL,NULL,NULL,NULL,NULL,NULL,NULL,NULL,NULL,NULL,NULL,NULL,NULL,0,0,NULL,NULL,0.0000,0.0000,0.0000,0.0000,0.0000,0.0000,0.0000,0.0000,0.0000,NULL,NULL,0.0000,0.0000,0.0000,0.0000,NULL,'N;',NULL,NULL,NULL,0.0000,NULL,0.0000,0.0000,0.0000,NULL,NULL,NULL,NULL,NULL,NULL,NULL,NULL,NULL,NULL),(138,56,'2017-11-04 02:55:19','0000-00-00 00:00:00',NULL,0,NULL,'shipping',NULL,NULL,NULL,NULL,NULL,NULL,NULL,NULL,NULL,NULL,0,NULL,NULL,NULL,NULL,1,1,NULL,NULL,0.0000,0.0000,0.0000,0.0000,0.0000,0.0000,0.0000,0.0000,0.0000,NULL,NULL,0.0000,0.0000,0.0000,0.0000,NULL,'N;',NULL,NULL,NULL,0.0000,NULL,0.0000,0.0000,0.0000,NULL,NULL,NULL,NULL,NULL,NULL,NULL,NULL,NULL,NULL),(139,56,'2017-11-04 02:55:19','0000-00-00 00:00:00',NULL,0,NULL,'billing',NULL,NULL,NULL,NULL,NULL,NULL,NULL,NULL,NULL,NULL,NULL,NULL,NULL,NULL,NULL,0,0,NULL,NULL,0.0000,0.0000,0.0000,0.0000,0.0000,0.0000,0.0000,0.0000,0.0000,NULL,NULL,0.0000,0.0000,0.0000,0.0000,NULL,'N;',NULL,NULL,NULL,0.0000,NULL,0.0000,0.0000,0.0000,NULL,NULL,NULL,NULL,NULL,NULL,NULL,NULL,NULL,NULL),(140,57,'2017-11-11 02:04:19','0000-00-00 00:00:00',NULL,0,NULL,'billing',NULL,NULL,NULL,NULL,NULL,NULL,NULL,NULL,NULL,NULL,NULL,NULL,NULL,NULL,NULL,0,0,NULL,NULL,0.0000,0.0000,0.0000,0.0000,0.0000,0.0000,0.0000,0.0000,0.0000,NULL,NULL,0.0000,0.0000,0.0000,0.0000,NULL,'N;',NULL,NULL,NULL,0.0000,NULL,0.0000,0.0000,0.0000,NULL,NULL,NULL,NULL,NULL,NULL,NULL,NULL,NULL,NULL),(141,57,'2017-11-11 02:04:19','0000-00-00 00:00:00',NULL,0,NULL,'shipping',NULL,NULL,NULL,NULL,NULL,NULL,NULL,NULL,NULL,NULL,NULL,NULL,NULL,NULL,NULL,1,0,NULL,NULL,1.0000,19.9500,19.9500,19.9500,19.9500,0.0000,0.0000,0.0000,0.0000,0.0000,0.0000,0.0000,0.0000,19.9500,19.9500,NULL,'a:0:{}',NULL,0.0000,0.0000,19.9500,19.9500,0.0000,0.0000,0.0000,NULL,0.0000,0.0000,NULL,NULL,NULL,NULL,NULL,NULL,NULL),(142,58,'2017-12-07 06:13:54','0000-00-00 00:00:00',NULL,0,NULL,'shipping',NULL,NULL,NULL,NULL,NULL,NULL,NULL,NULL,NULL,NULL,0,NULL,NULL,NULL,NULL,1,1,NULL,NULL,0.0000,0.0000,0.0000,0.0000,0.0000,0.0000,0.0000,0.0000,0.0000,NULL,NULL,0.0000,0.0000,0.0000,0.0000,NULL,'N;',NULL,NULL,NULL,0.0000,NULL,0.0000,0.0000,0.0000,NULL,NULL,NULL,NULL,NULL,NULL,NULL,NULL,NULL,NULL),(143,58,'2017-12-07 06:13:54','0000-00-00 00:00:00',NULL,0,NULL,'billing',NULL,NULL,NULL,NULL,NULL,NULL,NULL,NULL,NULL,NULL,NULL,NULL,NULL,NULL,NULL,0,0,NULL,NULL,0.0000,0.0000,0.0000,0.0000,0.0000,0.0000,0.0000,0.0000,0.0000,NULL,NULL,0.0000,0.0000,0.0000,0.0000,NULL,'N;',NULL,NULL,NULL,0.0000,NULL,0.0000,0.0000,0.0000,NULL,NULL,NULL,NULL,NULL,NULL,NULL,NULL,NULL,NULL),(144,59,'2018-01-10 07:54:39','0000-00-00 00:00:00',NULL,0,NULL,'shipping',NULL,NULL,NULL,NULL,NULL,NULL,NULL,NULL,NULL,NULL,0,NULL,NULL,NULL,NULL,1,1,NULL,NULL,0.0000,0.0000,0.0000,0.0000,0.0000,0.0000,0.0000,0.0000,0.0000,NULL,NULL,0.0000,0.0000,0.0000,0.0000,NULL,'N;',NULL,NULL,NULL,0.0000,NULL,0.0000,0.0000,0.0000,NULL,NULL,NULL,NULL,NULL,NULL,NULL,NULL,NULL,NULL),(145,59,'2018-01-10 07:54:39','0000-00-00 00:00:00',NULL,0,NULL,'billing',NULL,NULL,NULL,NULL,NULL,NULL,NULL,NULL,NULL,NULL,NULL,NULL,NULL,NULL,NULL,0,0,NULL,NULL,0.0000,0.0000,0.0000,0.0000,0.0000,0.0000,0.0000,0.0000,0.0000,NULL,NULL,0.0000,0.0000,0.0000,0.0000,NULL,'N;',NULL,NULL,NULL,0.0000,NULL,0.0000,0.0000,0.0000,NULL,NULL,NULL,NULL,NULL,NULL,NULL,NULL,NULL,NULL),(146,60,'2018-02-10 11:41:09','0000-00-00 00:00:00',NULL,0,NULL,'shipping',NULL,NULL,NULL,NULL,NULL,NULL,NULL,NULL,NULL,NULL,0,NULL,NULL,NULL,NULL,1,1,NULL,NULL,0.0000,0.0000,0.0000,0.0000,0.0000,0.0000,0.0000,0.0000,0.0000,NULL,NULL,0.0000,0.0000,0.0000,0.0000,NULL,'N;',NULL,NULL,NULL,0.0000,NULL,0.0000,0.0000,0.0000,NULL,NULL,NULL,NULL,NULL,NULL,NULL,NULL,NULL,NULL),(147,60,'2018-02-10 11:41:09','0000-00-00 00:00:00',NULL,0,NULL,'billing',NULL,NULL,NULL,NULL,NULL,NULL,NULL,NULL,NULL,NULL,NULL,NULL,NULL,NULL,NULL,0,0,NULL,NULL,0.0000,0.0000,0.0000,0.0000,0.0000,0.0000,0.0000,0.0000,0.0000,NULL,NULL,0.0000,0.0000,0.0000,0.0000,NULL,'N;',NULL,NULL,NULL,0.0000,NULL,0.0000,0.0000,0.0000,NULL,NULL,NULL,NULL,NULL,NULL,NULL,NULL,NULL,NULL),(148,61,'2018-03-13 16:22:31','0000-00-00 00:00:00',NULL,0,NULL,'shipping',NULL,NULL,NULL,NULL,NULL,NULL,NULL,NULL,NULL,NULL,0,NULL,NULL,NULL,NULL,1,1,NULL,NULL,0.0000,0.0000,0.0000,0.0000,0.0000,0.0000,0.0000,0.0000,0.0000,NULL,NULL,0.0000,0.0000,0.0000,0.0000,NULL,'N;',NULL,NULL,NULL,0.0000,NULL,0.0000,0.0000,0.0000,NULL,NULL,NULL,NULL,NULL,NULL,NULL,NULL,NULL,NULL),(149,61,'2018-03-13 16:22:31','0000-00-00 00:00:00',NULL,0,NULL,'billing',NULL,NULL,NULL,NULL,NULL,NULL,NULL,NULL,NULL,NULL,NULL,NULL,NULL,NULL,NULL,0,0,NULL,NULL,0.0000,0.0000,0.0000,0.0000,0.0000,0.0000,0.0000,0.0000,0.0000,NULL,NULL,0.0000,0.0000,0.0000,0.0000,NULL,'N;',NULL,NULL,NULL,0.0000,NULL,0.0000,0.0000,0.0000,NULL,NULL,NULL,NULL,NULL,NULL,NULL,NULL,NULL,NULL),(150,62,'2018-04-11 04:44:16','0000-00-00 00:00:00',NULL,0,NULL,'shipping',NULL,NULL,NULL,NULL,NULL,NULL,NULL,NULL,NULL,NULL,0,NULL,NULL,NULL,NULL,1,1,NULL,NULL,0.0000,0.0000,0.0000,0.0000,0.0000,0.0000,0.0000,0.0000,0.0000,NULL,NULL,0.0000,0.0000,0.0000,0.0000,NULL,'N;',NULL,NULL,NULL,0.0000,NULL,0.0000,0.0000,0.0000,NULL,NULL,NULL,NULL,NULL,NULL,NULL,NULL,NULL,NULL),(151,62,'2018-04-11 04:44:16','0000-00-00 00:00:00',NULL,0,NULL,'billing',NULL,NULL,NULL,NULL,NULL,NULL,NULL,NULL,NULL,NULL,NULL,NULL,NULL,NULL,NULL,0,0,NULL,NULL,0.0000,0.0000,0.0000,0.0000,0.0000,0.0000,0.0000,0.0000,0.0000,NULL,NULL,0.0000,0.0000,0.0000,0.0000,NULL,'N;',NULL,NULL,NULL,0.0000,NULL,0.0000,0.0000,0.0000,NULL,NULL,NULL,NULL,NULL,NULL,NULL,NULL,NULL,NULL),(152,63,'2018-05-05 03:54:22','0000-00-00 00:00:00',NULL,0,NULL,'shipping',NULL,NULL,NULL,NULL,NULL,NULL,NULL,NULL,NULL,NULL,0,NULL,NULL,NULL,NULL,1,1,NULL,NULL,0.0000,0.0000,0.0000,0.0000,0.0000,0.0000,0.0000,0.0000,0.0000,NULL,NULL,0.0000,0.0000,0.0000,0.0000,NULL,'N;',NULL,NULL,NULL,0.0000,NULL,0.0000,0.0000,0.0000,NULL,NULL,NULL,NULL,NULL,NULL,NULL,NULL,NULL,NULL),(153,63,'2018-05-05 03:54:22','0000-00-00 00:00:00',NULL,0,NULL,'billing',NULL,NULL,NULL,NULL,NULL,NULL,NULL,NULL,NULL,NULL,NULL,NULL,NULL,NULL,NULL,0,0,NULL,NULL,0.0000,0.0000,0.0000,0.0000,0.0000,0.0000,0.0000,0.0000,0.0000,NULL,NULL,0.0000,0.0000,0.0000,0.0000,NULL,'N;',NULL,NULL,NULL,0.0000,NULL,0.0000,0.0000,0.0000,NULL,NULL,NULL,NULL,NULL,NULL,NULL,NULL,NULL,NULL),(154,64,'2018-05-16 17:08:04','0000-00-00 00:00:00',NULL,0,NULL,'shipping',NULL,NULL,NULL,NULL,NULL,NULL,NULL,NULL,NULL,NULL,0,NULL,NULL,NULL,NULL,1,1,NULL,NULL,0.0000,0.0000,0.0000,0.0000,0.0000,0.0000,0.0000,0.0000,0.0000,NULL,NULL,0.0000,0.0000,0.0000,0.0000,NULL,'N;',NULL,NULL,NULL,0.0000,NULL,0.0000,0.0000,0.0000,NULL,NULL,NULL,NULL,NULL,NULL,NULL,NULL,NULL,NULL),(155,64,'2018-05-16 17:08:04','0000-00-00 00:00:00',NULL,0,NULL,'billing',NULL,NULL,NULL,NULL,NULL,NULL,NULL,NULL,NULL,NULL,NULL,NULL,NULL,NULL,NULL,0,0,NULL,NULL,0.0000,0.0000,0.0000,0.0000,0.0000,0.0000,0.0000,0.0000,0.0000,NULL,NULL,0.0000,0.0000,0.0000,0.0000,NULL,'N;',NULL,NULL,NULL,0.0000,NULL,0.0000,0.0000,0.0000,NULL,NULL,NULL,NULL,NULL,NULL,NULL,NULL,NULL,NULL),(156,65,'2018-06-13 08:58:26','0000-00-00 00:00:00',NULL,0,NULL,'shipping',NULL,NULL,NULL,NULL,NULL,NULL,NULL,NULL,NULL,NULL,0,NULL,NULL,NULL,NULL,1,1,NULL,NULL,0.0000,0.0000,0.0000,0.0000,0.0000,0.0000,0.0000,0.0000,0.0000,NULL,NULL,0.0000,0.0000,0.0000,0.0000,NULL,'N;',NULL,NULL,NULL,0.0000,NULL,0.0000,0.0000,0.0000,NULL,NULL,NULL,NULL,NULL,NULL,NULL,NULL,NULL,NULL),(157,65,'2018-06-13 08:58:26','0000-00-00 00:00:00',NULL,0,NULL,'billing',NULL,NULL,NULL,NULL,NULL,NULL,NULL,NULL,NULL,NULL,NULL,NULL,NULL,NULL,NULL,0,0,NULL,NULL,0.0000,0.0000,0.0000,0.0000,0.0000,0.0000,0.0000,0.0000,0.0000,NULL,NULL,0.0000,0.0000,0.0000,0.0000,NULL,'N;',NULL,NULL,NULL,0.0000,NULL,0.0000,0.0000,0.0000,NULL,NULL,NULL,NULL,NULL,NULL,NULL,NULL,NULL,NULL),(158,66,'2018-06-13 09:10:20','0000-00-00 00:00:00',NULL,0,NULL,'shipping',NULL,NULL,NULL,NULL,NULL,NULL,NULL,NULL,NULL,NULL,0,NULL,NULL,NULL,NULL,1,1,NULL,NULL,0.0000,0.0000,0.0000,0.0000,0.0000,0.0000,0.0000,0.0000,0.0000,NULL,NULL,0.0000,0.0000,0.0000,0.0000,NULL,'N;',NULL,NULL,NULL,0.0000,NULL,0.0000,0.0000,0.0000,NULL,NULL,NULL,NULL,NULL,NULL,NULL,NULL,NULL,NULL),(159,66,'2018-06-13 09:10:20','0000-00-00 00:00:00',NULL,0,NULL,'billing',NULL,NULL,NULL,NULL,NULL,NULL,NULL,NULL,NULL,NULL,NULL,NULL,NULL,NULL,NULL,0,0,NULL,NULL,0.0000,0.0000,0.0000,0.0000,0.0000,0.0000,0.0000,0.0000,0.0000,NULL,NULL,0.0000,0.0000,0.0000,0.0000,NULL,'N;',NULL,NULL,NULL,0.0000,NULL,0.0000,0.0000,0.0000,NULL,NULL,NULL,NULL,NULL,NULL,NULL,NULL,NULL,NULL),(160,67,'2018-07-06 07:51:18','0000-00-00 00:00:00',NULL,0,NULL,'shipping',NULL,NULL,NULL,NULL,NULL,NULL,NULL,NULL,NULL,NULL,0,NULL,NULL,NULL,NULL,1,1,NULL,NULL,0.0000,0.0000,0.0000,0.0000,0.0000,0.0000,0.0000,0.0000,0.0000,NULL,NULL,0.0000,0.0000,0.0000,0.0000,NULL,'N;',NULL,NULL,NULL,0.0000,NULL,0.0000,0.0000,0.0000,NULL,NULL,NULL,NULL,NULL,NULL,NULL,NULL,NULL,NULL),(161,67,'2018-07-06 07:51:18','0000-00-00 00:00:00',NULL,0,NULL,'billing',NULL,NULL,NULL,NULL,NULL,NULL,NULL,NULL,NULL,NULL,NULL,NULL,NULL,NULL,NULL,0,0,NULL,NULL,0.0000,0.0000,0.0000,0.0000,0.0000,0.0000,0.0000,0.0000,0.0000,NULL,NULL,0.0000,0.0000,0.0000,0.0000,NULL,'N;',NULL,NULL,NULL,0.0000,NULL,0.0000,0.0000,0.0000,NULL,NULL,NULL,NULL,NULL,NULL,NULL,NULL,NULL,NULL),(162,68,'2018-07-06 14:39:11','0000-00-00 00:00:00',NULL,0,NULL,'shipping',NULL,NULL,NULL,NULL,NULL,NULL,NULL,NULL,NULL,NULL,0,NULL,NULL,NULL,NULL,1,1,NULL,NULL,0.0000,0.0000,0.0000,0.0000,0.0000,0.0000,0.0000,0.0000,0.0000,NULL,NULL,0.0000,0.0000,0.0000,0.0000,NULL,'N;',NULL,NULL,NULL,0.0000,NULL,0.0000,0.0000,0.0000,NULL,NULL,NULL,NULL,NULL,NULL,NULL,NULL,NULL,NULL),(163,68,'2018-07-06 14:39:11','0000-00-00 00:00:00',NULL,0,NULL,'billing',NULL,NULL,NULL,NULL,NULL,NULL,NULL,NULL,NULL,NULL,NULL,NULL,NULL,NULL,NULL,0,0,NULL,NULL,0.0000,0.0000,0.0000,0.0000,0.0000,0.0000,0.0000,0.0000,0.0000,NULL,NULL,0.0000,0.0000,0.0000,0.0000,NULL,'N;',NULL,NULL,NULL,0.0000,NULL,0.0000,0.0000,0.0000,NULL,NULL,NULL,NULL,NULL,NULL,NULL,NULL,NULL,NULL),(164,69,'2018-07-06 14:43:44','0000-00-00 00:00:00',NULL,0,NULL,'shipping',NULL,NULL,NULL,NULL,NULL,NULL,NULL,NULL,NULL,NULL,0,NULL,NULL,NULL,NULL,1,1,NULL,NULL,0.0000,0.0000,0.0000,0.0000,0.0000,0.0000,0.0000,0.0000,0.0000,NULL,NULL,0.0000,0.0000,0.0000,0.0000,NULL,'N;',NULL,NULL,NULL,0.0000,NULL,0.0000,0.0000,0.0000,NULL,NULL,NULL,NULL,NULL,NULL,NULL,NULL,NULL,NULL),(165,69,'2018-07-06 14:43:44','0000-00-00 00:00:00',NULL,0,NULL,'billing',NULL,NULL,NULL,NULL,NULL,NULL,NULL,NULL,NULL,NULL,NULL,NULL,NULL,NULL,NULL,0,0,NULL,NULL,0.0000,0.0000,0.0000,0.0000,0.0000,0.0000,0.0000,0.0000,0.0000,NULL,NULL,0.0000,0.0000,0.0000,0.0000,NULL,'N;',NULL,NULL,NULL,0.0000,NULL,0.0000,0.0000,0.0000,NULL,NULL,NULL,NULL,NULL,NULL,NULL,NULL,NULL,NULL),(166,70,'2018-07-06 14:46:36','0000-00-00 00:00:00',NULL,0,NULL,'shipping',NULL,NULL,NULL,NULL,NULL,NULL,NULL,NULL,NULL,NULL,0,NULL,NULL,NULL,NULL,1,1,NULL,NULL,0.0000,0.0000,0.0000,0.0000,0.0000,0.0000,0.0000,0.0000,0.0000,NULL,NULL,0.0000,0.0000,0.0000,0.0000,NULL,'N;',NULL,NULL,NULL,0.0000,NULL,0.0000,0.0000,0.0000,NULL,NULL,NULL,NULL,NULL,NULL,NULL,NULL,NULL,NULL),(167,70,'2018-07-06 14:46:36','0000-00-00 00:00:00',NULL,0,NULL,'billing',NULL,NULL,NULL,NULL,NULL,NULL,NULL,NULL,NULL,NULL,NULL,NULL,NULL,NULL,NULL,0,0,NULL,NULL,0.0000,0.0000,0.0000,0.0000,0.0000,0.0000,0.0000,0.0000,0.0000,NULL,NULL,0.0000,0.0000,0.0000,0.0000,NULL,'N;',NULL,NULL,NULL,0.0000,NULL,0.0000,0.0000,0.0000,NULL,NULL,NULL,NULL,NULL,NULL,NULL,NULL,NULL,NULL),(168,71,'2018-07-06 14:49:18','0000-00-00 00:00:00',NULL,0,NULL,'shipping',NULL,NULL,NULL,NULL,NULL,NULL,NULL,NULL,NULL,NULL,0,NULL,NULL,NULL,NULL,1,1,NULL,NULL,0.0000,0.0000,0.0000,0.0000,0.0000,0.0000,0.0000,0.0000,0.0000,NULL,NULL,0.0000,0.0000,0.0000,0.0000,NULL,'N;',NULL,NULL,NULL,0.0000,NULL,0.0000,0.0000,0.0000,NULL,NULL,NULL,NULL,NULL,NULL,NULL,NULL,NULL,NULL),(169,71,'2018-07-06 14:49:18','0000-00-00 00:00:00',NULL,0,NULL,'billing',NULL,NULL,NULL,NULL,NULL,NULL,NULL,NULL,NULL,NULL,NULL,NULL,NULL,NULL,NULL,0,0,NULL,NULL,0.0000,0.0000,0.0000,0.0000,0.0000,0.0000,0.0000,0.0000,0.0000,NULL,NULL,0.0000,0.0000,0.0000,0.0000,NULL,'N;',NULL,NULL,NULL,0.0000,NULL,0.0000,0.0000,0.0000,NULL,NULL,NULL,NULL,NULL,NULL,NULL,NULL,NULL,NULL),(170,72,'2018-07-06 14:49:48','0000-00-00 00:00:00',NULL,0,NULL,'shipping',NULL,NULL,NULL,NULL,NULL,NULL,NULL,NULL,NULL,NULL,0,NULL,NULL,NULL,NULL,1,1,NULL,NULL,0.0000,0.0000,0.0000,0.0000,0.0000,0.0000,0.0000,0.0000,0.0000,NULL,NULL,0.0000,0.0000,0.0000,0.0000,NULL,'N;',NULL,NULL,NULL,0.0000,NULL,0.0000,0.0000,0.0000,NULL,NULL,NULL,NULL,NULL,NULL,NULL,NULL,NULL,NULL),(171,72,'2018-07-06 14:49:48','0000-00-00 00:00:00',NULL,0,NULL,'billing',NULL,NULL,NULL,NULL,NULL,NULL,NULL,NULL,NULL,NULL,NULL,NULL,NULL,NULL,NULL,0,0,NULL,NULL,0.0000,0.0000,0.0000,0.0000,0.0000,0.0000,0.0000,0.0000,0.0000,NULL,NULL,0.0000,0.0000,0.0000,0.0000,NULL,'N;',NULL,NULL,NULL,0.0000,NULL,0.0000,0.0000,0.0000,NULL,NULL,NULL,NULL,NULL,NULL,NULL,NULL,NULL,NULL),(172,73,'2018-07-06 15:42:16','0000-00-00 00:00:00',NULL,0,NULL,'shipping',NULL,NULL,NULL,NULL,NULL,NULL,NULL,NULL,NULL,NULL,0,NULL,NULL,NULL,NULL,1,1,NULL,NULL,0.0000,0.0000,0.0000,0.0000,0.0000,0.0000,0.0000,0.0000,0.0000,NULL,NULL,0.0000,0.0000,0.0000,0.0000,NULL,'N;',NULL,NULL,NULL,0.0000,NULL,0.0000,0.0000,0.0000,NULL,NULL,NULL,NULL,NULL,NULL,NULL,NULL,NULL,NULL),(173,73,'2018-07-06 15:42:16','0000-00-00 00:00:00',NULL,0,NULL,'billing',NULL,NULL,NULL,NULL,NULL,NULL,NULL,NULL,NULL,NULL,NULL,NULL,NULL,NULL,NULL,0,0,NULL,NULL,0.0000,0.0000,0.0000,0.0000,0.0000,0.0000,0.0000,0.0000,0.0000,NULL,NULL,0.0000,0.0000,0.0000,0.0000,NULL,'N;',NULL,NULL,NULL,0.0000,NULL,0.0000,0.0000,0.0000,NULL,NULL,NULL,NULL,NULL,NULL,NULL,NULL,NULL,NULL),(174,74,'2018-07-06 15:46:41','0000-00-00 00:00:00',NULL,0,NULL,'shipping',NULL,NULL,NULL,NULL,NULL,NULL,NULL,NULL,NULL,NULL,0,NULL,NULL,NULL,NULL,1,1,NULL,NULL,0.0000,0.0000,0.0000,0.0000,0.0000,0.0000,0.0000,0.0000,0.0000,NULL,NULL,0.0000,0.0000,0.0000,0.0000,NULL,'N;',NULL,NULL,NULL,0.0000,NULL,0.0000,0.0000,0.0000,NULL,NULL,NULL,NULL,NULL,NULL,NULL,NULL,NULL,NULL),(175,74,'2018-07-06 15:46:41','0000-00-00 00:00:00',NULL,0,NULL,'billing',NULL,NULL,NULL,NULL,NULL,NULL,NULL,NULL,NULL,NULL,NULL,NULL,NULL,NULL,NULL,0,0,NULL,NULL,0.0000,0.0000,0.0000,0.0000,0.0000,0.0000,0.0000,0.0000,0.0000,NULL,NULL,0.0000,0.0000,0.0000,0.0000,NULL,'N;',NULL,NULL,NULL,0.0000,NULL,0.0000,0.0000,0.0000,NULL,NULL,NULL,NULL,NULL,NULL,NULL,NULL,NULL,NULL),(176,75,'2018-07-06 16:32:48','0000-00-00 00:00:00',NULL,0,NULL,'shipping',NULL,NULL,NULL,NULL,NULL,NULL,NULL,NULL,NULL,NULL,0,NULL,NULL,NULL,NULL,1,1,NULL,NULL,0.0000,0.0000,0.0000,0.0000,0.0000,0.0000,0.0000,0.0000,0.0000,NULL,NULL,0.0000,0.0000,0.0000,0.0000,NULL,'N;',NULL,NULL,NULL,0.0000,NULL,0.0000,0.0000,0.0000,NULL,NULL,NULL,NULL,NULL,NULL,NULL,NULL,NULL,NULL),(177,75,'2018-07-06 16:32:48','0000-00-00 00:00:00',NULL,0,NULL,'billing',NULL,NULL,NULL,NULL,NULL,NULL,NULL,NULL,NULL,NULL,NULL,NULL,NULL,NULL,NULL,0,0,NULL,NULL,0.0000,0.0000,0.0000,0.0000,0.0000,0.0000,0.0000,0.0000,0.0000,NULL,NULL,0.0000,0.0000,0.0000,0.0000,NULL,'N;',NULL,NULL,NULL,0.0000,NULL,0.0000,0.0000,0.0000,NULL,NULL,NULL,NULL,NULL,NULL,NULL,NULL,NULL,NULL),(178,76,'2018-07-06 16:35:06','0000-00-00 00:00:00',NULL,0,NULL,'shipping',NULL,NULL,NULL,NULL,NULL,NULL,NULL,NULL,NULL,NULL,0,NULL,NULL,NULL,NULL,1,1,NULL,NULL,0.0000,0.0000,0.0000,0.0000,0.0000,0.0000,0.0000,0.0000,0.0000,NULL,NULL,0.0000,0.0000,0.0000,0.0000,NULL,'N;',NULL,NULL,NULL,0.0000,NULL,0.0000,0.0000,0.0000,NULL,NULL,NULL,NULL,NULL,NULL,NULL,NULL,NULL,NULL),(179,76,'2018-07-06 16:35:06','0000-00-00 00:00:00',NULL,0,NULL,'billing',NULL,NULL,NULL,NULL,NULL,NULL,NULL,NULL,NULL,NULL,NULL,NULL,NULL,NULL,NULL,0,0,NULL,NULL,0.0000,0.0000,0.0000,0.0000,0.0000,0.0000,0.0000,0.0000,0.0000,NULL,NULL,0.0000,0.0000,0.0000,0.0000,NULL,'N;',NULL,NULL,NULL,0.0000,NULL,0.0000,0.0000,0.0000,NULL,NULL,NULL,NULL,NULL,NULL,NULL,NULL,NULL,NULL),(180,77,'2018-07-06 17:18:39','0000-00-00 00:00:00',NULL,0,NULL,'shipping',NULL,NULL,NULL,NULL,NULL,NULL,NULL,NULL,NULL,NULL,0,NULL,NULL,NULL,NULL,1,1,NULL,NULL,0.0000,0.0000,0.0000,0.0000,0.0000,0.0000,0.0000,0.0000,0.0000,NULL,NULL,0.0000,0.0000,0.0000,0.0000,NULL,'N;',NULL,NULL,NULL,0.0000,NULL,0.0000,0.0000,0.0000,NULL,NULL,NULL,NULL,NULL,NULL,NULL,NULL,NULL,NULL),(181,77,'2018-07-06 17:18:39','0000-00-00 00:00:00',NULL,0,NULL,'billing',NULL,NULL,NULL,NULL,NULL,NULL,NULL,NULL,NULL,NULL,NULL,NULL,NULL,NULL,NULL,0,0,NULL,NULL,0.0000,0.0000,0.0000,0.0000,0.0000,0.0000,0.0000,0.0000,0.0000,NULL,NULL,0.0000,0.0000,0.0000,0.0000,NULL,'N;',NULL,NULL,NULL,0.0000,NULL,0.0000,0.0000,0.0000,NULL,NULL,NULL,NULL,NULL,NULL,NULL,NULL,NULL,NULL),(182,78,'2018-07-06 17:25:32','0000-00-00 00:00:00',NULL,0,NULL,'shipping',NULL,NULL,NULL,NULL,NULL,NULL,NULL,NULL,NULL,NULL,0,NULL,NULL,NULL,NULL,1,1,NULL,NULL,0.0000,0.0000,0.0000,0.0000,0.0000,0.0000,0.0000,0.0000,0.0000,NULL,NULL,0.0000,0.0000,0.0000,0.0000,NULL,'N;',NULL,NULL,NULL,0.0000,NULL,0.0000,0.0000,0.0000,NULL,NULL,NULL,NULL,NULL,NULL,NULL,NULL,NULL,NULL),(183,78,'2018-07-06 17:25:32','0000-00-00 00:00:00',NULL,0,NULL,'billing',NULL,NULL,NULL,NULL,NULL,NULL,NULL,NULL,NULL,NULL,NULL,NULL,NULL,NULL,NULL,0,0,NULL,NULL,0.0000,0.0000,0.0000,0.0000,0.0000,0.0000,0.0000,0.0000,0.0000,NULL,NULL,0.0000,0.0000,0.0000,0.0000,NULL,'N;',NULL,NULL,NULL,0.0000,NULL,0.0000,0.0000,0.0000,NULL,NULL,NULL,NULL,NULL,NULL,NULL,NULL,NULL,NULL),(184,79,'2018-07-06 18:00:35','0000-00-00 00:00:00',NULL,0,NULL,'shipping',NULL,NULL,NULL,NULL,NULL,NULL,NULL,NULL,NULL,NULL,0,NULL,NULL,NULL,NULL,1,1,NULL,NULL,0.0000,0.0000,0.0000,0.0000,0.0000,0.0000,0.0000,0.0000,0.0000,NULL,NULL,0.0000,0.0000,0.0000,0.0000,NULL,'N;',NULL,NULL,NULL,0.0000,NULL,0.0000,0.0000,0.0000,NULL,NULL,NULL,NULL,NULL,NULL,NULL,NULL,NULL,NULL),(185,79,'2018-07-06 18:00:35','0000-00-00 00:00:00',NULL,0,NULL,'billing',NULL,NULL,NULL,NULL,NULL,NULL,NULL,NULL,NULL,NULL,NULL,NULL,NULL,NULL,NULL,0,0,NULL,NULL,0.0000,0.0000,0.0000,0.0000,0.0000,0.0000,0.0000,0.0000,0.0000,NULL,NULL,0.0000,0.0000,0.0000,0.0000,NULL,'N;',NULL,NULL,NULL,0.0000,NULL,0.0000,0.0000,0.0000,NULL,NULL,NULL,NULL,NULL,NULL,NULL,NULL,NULL,NULL),(186,80,'2018-07-06 18:26:24','0000-00-00 00:00:00',NULL,0,NULL,'shipping',NULL,NULL,NULL,NULL,NULL,NULL,NULL,NULL,NULL,NULL,0,NULL,NULL,NULL,NULL,1,1,NULL,NULL,0.0000,0.0000,0.0000,0.0000,0.0000,0.0000,0.0000,0.0000,0.0000,NULL,NULL,0.0000,0.0000,0.0000,0.0000,NULL,'N;',NULL,NULL,NULL,0.0000,NULL,0.0000,0.0000,0.0000,NULL,NULL,NULL,NULL,NULL,NULL,NULL,NULL,NULL,NULL),(187,80,'2018-07-06 18:26:24','0000-00-00 00:00:00',NULL,0,NULL,'billing',NULL,NULL,NULL,NULL,NULL,NULL,NULL,NULL,NULL,NULL,NULL,NULL,NULL,NULL,NULL,0,0,NULL,NULL,0.0000,0.0000,0.0000,0.0000,0.0000,0.0000,0.0000,0.0000,0.0000,NULL,NULL,0.0000,0.0000,0.0000,0.0000,NULL,'N;',NULL,NULL,NULL,0.0000,NULL,0.0000,0.0000,0.0000,NULL,NULL,NULL,NULL,NULL,NULL,NULL,NULL,NULL,NULL),(188,81,'2018-07-06 18:28:11','0000-00-00 00:00:00',NULL,0,NULL,'shipping',NULL,NULL,NULL,NULL,NULL,NULL,NULL,NULL,NULL,NULL,0,NULL,NULL,NULL,NULL,1,1,NULL,NULL,0.0000,0.0000,0.0000,0.0000,0.0000,0.0000,0.0000,0.0000,0.0000,NULL,NULL,0.0000,0.0000,0.0000,0.0000,NULL,'N;',NULL,NULL,NULL,0.0000,NULL,0.0000,0.0000,0.0000,NULL,NULL,NULL,NULL,NULL,NULL,NULL,NULL,NULL,NULL),(189,81,'2018-07-06 18:28:11','0000-00-00 00:00:00',NULL,0,NULL,'billing',NULL,NULL,NULL,NULL,NULL,NULL,NULL,NULL,NULL,NULL,NULL,NULL,NULL,NULL,NULL,0,0,NULL,NULL,0.0000,0.0000,0.0000,0.0000,0.0000,0.0000,0.0000,0.0000,0.0000,NULL,NULL,0.0000,0.0000,0.0000,0.0000,NULL,'N;',NULL,NULL,NULL,0.0000,NULL,0.0000,0.0000,0.0000,NULL,NULL,NULL,NULL,NULL,NULL,NULL,NULL,NULL,NULL),(190,82,'2018-07-06 18:33:07','0000-00-00 00:00:00',NULL,0,NULL,'shipping',NULL,NULL,NULL,NULL,NULL,NULL,NULL,NULL,NULL,NULL,0,NULL,NULL,NULL,NULL,1,1,NULL,NULL,0.0000,0.0000,0.0000,0.0000,0.0000,0.0000,0.0000,0.0000,0.0000,NULL,NULL,0.0000,0.0000,0.0000,0.0000,NULL,'N;',NULL,NULL,NULL,0.0000,NULL,0.0000,0.0000,0.0000,NULL,NULL,NULL,NULL,NULL,NULL,NULL,NULL,NULL,NULL),(191,82,'2018-07-06 18:33:07','0000-00-00 00:00:00',NULL,0,NULL,'billing',NULL,NULL,NULL,NULL,NULL,NULL,NULL,NULL,NULL,NULL,NULL,NULL,NULL,NULL,NULL,0,0,NULL,NULL,0.0000,0.0000,0.0000,0.0000,0.0000,0.0000,0.0000,0.0000,0.0000,NULL,NULL,0.0000,0.0000,0.0000,0.0000,NULL,'N;',NULL,NULL,NULL,0.0000,NULL,0.0000,0.0000,0.0000,NULL,NULL,NULL,NULL,NULL,NULL,NULL,NULL,NULL,NULL),(192,83,'2018-07-06 18:43:09','0000-00-00 00:00:00',NULL,0,NULL,'shipping',NULL,NULL,NULL,NULL,NULL,NULL,NULL,NULL,NULL,NULL,0,NULL,NULL,NULL,NULL,1,1,NULL,NULL,0.0000,0.0000,0.0000,0.0000,0.0000,0.0000,0.0000,0.0000,0.0000,NULL,NULL,0.0000,0.0000,0.0000,0.0000,NULL,'N;',NULL,NULL,NULL,0.0000,NULL,0.0000,0.0000,0.0000,NULL,NULL,NULL,NULL,NULL,NULL,NULL,NULL,NULL,NULL),(193,83,'2018-07-06 18:43:09','0000-00-00 00:00:00',NULL,0,NULL,'billing',NULL,NULL,NULL,NULL,NULL,NULL,NULL,NULL,NULL,NULL,NULL,NULL,NULL,NULL,NULL,0,0,NULL,NULL,0.0000,0.0000,0.0000,0.0000,0.0000,0.0000,0.0000,0.0000,0.0000,NULL,NULL,0.0000,0.0000,0.0000,0.0000,NULL,'N;',NULL,NULL,NULL,0.0000,NULL,0.0000,0.0000,0.0000,NULL,NULL,NULL,NULL,NULL,NULL,NULL,NULL,NULL,NULL),(194,84,'2018-07-06 18:45:34','0000-00-00 00:00:00',NULL,0,NULL,'shipping',NULL,NULL,NULL,NULL,NULL,NULL,NULL,NULL,NULL,NULL,0,NULL,NULL,NULL,NULL,1,1,NULL,NULL,0.0000,0.0000,0.0000,0.0000,0.0000,0.0000,0.0000,0.0000,0.0000,NULL,NULL,0.0000,0.0000,0.0000,0.0000,NULL,'N;',NULL,NULL,NULL,0.0000,NULL,0.0000,0.0000,0.0000,NULL,NULL,NULL,NULL,NULL,NULL,NULL,NULL,NULL,NULL),(195,84,'2018-07-06 18:45:34','0000-00-00 00:00:00',NULL,0,NULL,'billing',NULL,NULL,NULL,NULL,NULL,NULL,NULL,NULL,NULL,NULL,NULL,NULL,NULL,NULL,NULL,0,0,NULL,NULL,0.0000,0.0000,0.0000,0.0000,0.0000,0.0000,0.0000,0.0000,0.0000,NULL,NULL,0.0000,0.0000,0.0000,0.0000,NULL,'N;',NULL,NULL,NULL,0.0000,NULL,0.0000,0.0000,0.0000,NULL,NULL,NULL,NULL,NULL,NULL,NULL,NULL,NULL,NULL),(196,85,'2018-07-06 18:50:11','0000-00-00 00:00:00',NULL,0,NULL,'shipping',NULL,NULL,NULL,NULL,NULL,NULL,NULL,NULL,NULL,NULL,0,NULL,NULL,NULL,NULL,1,1,NULL,NULL,0.0000,0.0000,0.0000,0.0000,0.0000,0.0000,0.0000,0.0000,0.0000,NULL,NULL,0.0000,0.0000,0.0000,0.0000,NULL,'N;',NULL,NULL,NULL,0.0000,NULL,0.0000,0.0000,0.0000,NULL,NULL,NULL,NULL,NULL,NULL,NULL,NULL,NULL,NULL),(197,85,'2018-07-06 18:50:11','0000-00-00 00:00:00',NULL,0,NULL,'billing',NULL,NULL,NULL,NULL,NULL,NULL,NULL,NULL,NULL,NULL,NULL,NULL,NULL,NULL,NULL,0,0,NULL,NULL,0.0000,0.0000,0.0000,0.0000,0.0000,0.0000,0.0000,0.0000,0.0000,NULL,NULL,0.0000,0.0000,0.0000,0.0000,NULL,'N;',NULL,NULL,NULL,0.0000,NULL,0.0000,0.0000,0.0000,NULL,NULL,NULL,NULL,NULL,NULL,NULL,NULL,NULL,NULL),(198,86,'2018-07-06 18:54:07','0000-00-00 00:00:00',NULL,0,NULL,'shipping',NULL,NULL,NULL,NULL,NULL,NULL,NULL,NULL,NULL,NULL,0,NULL,NULL,NULL,NULL,1,1,NULL,NULL,0.0000,0.0000,0.0000,0.0000,0.0000,0.0000,0.0000,0.0000,0.0000,NULL,NULL,0.0000,0.0000,0.0000,0.0000,NULL,'N;',NULL,NULL,NULL,0.0000,NULL,0.0000,0.0000,0.0000,NULL,NULL,NULL,NULL,NULL,NULL,NULL,NULL,NULL,NULL),(199,86,'2018-07-06 18:54:07','0000-00-00 00:00:00',NULL,0,NULL,'billing',NULL,NULL,NULL,NULL,NULL,NULL,NULL,NULL,NULL,NULL,NULL,NULL,NULL,NULL,NULL,0,0,NULL,NULL,0.0000,0.0000,0.0000,0.0000,0.0000,0.0000,0.0000,0.0000,0.0000,NULL,NULL,0.0000,0.0000,0.0000,0.0000,NULL,'N;',NULL,NULL,NULL,0.0000,NULL,0.0000,0.0000,0.0000,NULL,NULL,NULL,NULL,NULL,NULL,NULL,NULL,NULL,NULL),(200,87,'2018-07-06 18:59:00','0000-00-00 00:00:00',NULL,0,NULL,'shipping',NULL,NULL,NULL,NULL,NULL,NULL,NULL,NULL,NULL,NULL,0,NULL,NULL,NULL,NULL,1,1,NULL,NULL,0.0000,0.0000,0.0000,0.0000,0.0000,0.0000,0.0000,0.0000,0.0000,NULL,NULL,0.0000,0.0000,0.0000,0.0000,NULL,'N;',NULL,NULL,NULL,0.0000,NULL,0.0000,0.0000,0.0000,NULL,NULL,NULL,NULL,NULL,NULL,NULL,NULL,NULL,NULL),(201,87,'2018-07-06 18:59:00','0000-00-00 00:00:00',NULL,0,NULL,'billing',NULL,NULL,NULL,NULL,NULL,NULL,NULL,NULL,NULL,NULL,NULL,NULL,NULL,NULL,NULL,0,0,NULL,NULL,0.0000,0.0000,0.0000,0.0000,0.0000,0.0000,0.0000,0.0000,0.0000,NULL,NULL,0.0000,0.0000,0.0000,0.0000,NULL,'N;',NULL,NULL,NULL,0.0000,NULL,0.0000,0.0000,0.0000,NULL,NULL,NULL,NULL,NULL,NULL,NULL,NULL,NULL,NULL),(202,88,'2018-07-06 19:05:11','0000-00-00 00:00:00',NULL,0,NULL,'shipping',NULL,NULL,NULL,NULL,NULL,NULL,NULL,NULL,NULL,NULL,0,NULL,NULL,NULL,NULL,1,1,NULL,NULL,0.0000,0.0000,0.0000,0.0000,0.0000,0.0000,0.0000,0.0000,0.0000,NULL,NULL,0.0000,0.0000,0.0000,0.0000,NULL,'N;',NULL,NULL,NULL,0.0000,NULL,0.0000,0.0000,0.0000,NULL,NULL,NULL,NULL,NULL,NULL,NULL,NULL,NULL,NULL),(203,88,'2018-07-06 19:05:11','0000-00-00 00:00:00',NULL,0,NULL,'billing',NULL,NULL,NULL,NULL,NULL,NULL,NULL,NULL,NULL,NULL,NULL,NULL,NULL,NULL,NULL,0,0,NULL,NULL,0.0000,0.0000,0.0000,0.0000,0.0000,0.0000,0.0000,0.0000,0.0000,NULL,NULL,0.0000,0.0000,0.0000,0.0000,NULL,'N;',NULL,NULL,NULL,0.0000,NULL,0.0000,0.0000,0.0000,NULL,NULL,NULL,NULL,NULL,NULL,NULL,NULL,NULL,NULL),(204,89,'2018-07-22 07:45:31','0000-00-00 00:00:00',5,0,NULL,'billing','aaz0ke7748488keram2u3@m.z4u2.com',NULL,NULL,NULL,NULL,NULL,NULL,NULL,NULL,NULL,NULL,NULL,NULL,NULL,NULL,0,0,NULL,NULL,0.0000,0.0000,0.0000,0.0000,0.0000,0.0000,0.0000,0.0000,0.0000,NULL,NULL,0.0000,0.0000,0.0000,0.0000,NULL,'N;',NULL,NULL,NULL,0.0000,NULL,0.0000,0.0000,0.0000,NULL,NULL,NULL,NULL,NULL,NULL,NULL,NULL,NULL,NULL),(205,89,'2018-07-22 07:45:31','0000-00-00 00:00:00',5,0,NULL,'shipping','aaz0ke7748488keram2u3@m.z4u2.com',NULL,NULL,NULL,NULL,NULL,NULL,NULL,NULL,NULL,NULL,NULL,NULL,NULL,NULL,1,0,NULL,NULL,0.0000,0.0000,0.0000,0.0000,0.0000,0.0000,0.0000,0.0000,0.0000,NULL,NULL,0.0000,0.0000,0.0000,0.0000,NULL,'N;',NULL,NULL,NULL,0.0000,NULL,0.0000,0.0000,0.0000,NULL,NULL,NULL,NULL,NULL,NULL,NULL,NULL,NULL,NULL),(206,90,'2018-08-03 07:08:01','0000-00-00 00:00:00',NULL,0,NULL,'shipping',NULL,NULL,NULL,NULL,NULL,NULL,NULL,NULL,NULL,NULL,0,NULL,NULL,NULL,NULL,1,1,NULL,NULL,0.0000,0.0000,0.0000,0.0000,0.0000,0.0000,0.0000,0.0000,0.0000,NULL,NULL,0.0000,0.0000,0.0000,0.0000,NULL,'N;',NULL,NULL,NULL,0.0000,NULL,0.0000,0.0000,0.0000,NULL,NULL,NULL,NULL,NULL,NULL,NULL,NULL,NULL,NULL),(207,90,'2018-08-03 07:08:01','0000-00-00 00:00:00',NULL,0,NULL,'billing',NULL,NULL,NULL,NULL,NULL,NULL,NULL,NULL,NULL,NULL,NULL,NULL,NULL,NULL,NULL,0,0,NULL,NULL,0.0000,0.0000,0.0000,0.0000,0.0000,0.0000,0.0000,0.0000,0.0000,NULL,NULL,0.0000,0.0000,0.0000,0.0000,NULL,'N;',NULL,NULL,NULL,0.0000,NULL,0.0000,0.0000,0.0000,NULL,NULL,NULL,NULL,NULL,NULL,NULL,NULL,NULL,NULL),(208,91,'2018-08-03 19:44:35','0000-00-00 00:00:00',NULL,0,NULL,'shipping',NULL,NULL,NULL,NULL,NULL,NULL,NULL,NULL,NULL,NULL,0,NULL,NULL,NULL,NULL,1,1,NULL,NULL,0.0000,0.0000,0.0000,0.0000,0.0000,0.0000,0.0000,0.0000,0.0000,NULL,NULL,0.0000,0.0000,0.0000,0.0000,NULL,'N;',NULL,NULL,NULL,0.0000,NULL,0.0000,0.0000,0.0000,NULL,NULL,NULL,NULL,NULL,NULL,NULL,NULL,NULL,NULL),(209,91,'2018-08-03 19:44:35','0000-00-00 00:00:00',NULL,0,NULL,'billing',NULL,NULL,NULL,NULL,NULL,NULL,NULL,NULL,NULL,NULL,NULL,NULL,NULL,NULL,NULL,0,0,NULL,NULL,0.0000,0.0000,0.0000,0.0000,0.0000,0.0000,0.0000,0.0000,0.0000,NULL,NULL,0.0000,0.0000,0.0000,0.0000,NULL,'N;',NULL,NULL,NULL,0.0000,NULL,0.0000,0.0000,0.0000,NULL,NULL,NULL,NULL,NULL,NULL,NULL,NULL,NULL,NULL),(210,92,'2018-08-03 21:46:45','0000-00-00 00:00:00',NULL,0,NULL,'shipping',NULL,NULL,NULL,NULL,NULL,NULL,NULL,NULL,NULL,NULL,0,NULL,NULL,NULL,NULL,1,1,NULL,NULL,0.0000,0.0000,0.0000,0.0000,0.0000,0.0000,0.0000,0.0000,0.0000,NULL,NULL,0.0000,0.0000,0.0000,0.0000,NULL,'N;',NULL,NULL,NULL,0.0000,NULL,0.0000,0.0000,0.0000,NULL,NULL,NULL,NULL,NULL,NULL,NULL,NULL,NULL,NULL),(211,92,'2018-08-03 21:46:45','0000-00-00 00:00:00',NULL,0,NULL,'billing',NULL,NULL,NULL,NULL,NULL,NULL,NULL,NULL,NULL,NULL,NULL,NULL,NULL,NULL,NULL,0,0,NULL,NULL,0.0000,0.0000,0.0000,0.0000,0.0000,0.0000,0.0000,0.0000,0.0000,NULL,NULL,0.0000,0.0000,0.0000,0.0000,NULL,'N;',NULL,NULL,NULL,0.0000,NULL,0.0000,0.0000,0.0000,NULL,NULL,NULL,NULL,NULL,NULL,NULL,NULL,NULL,NULL),(212,93,'2018-09-09 11:09:04','0000-00-00 00:00:00',NULL,0,NULL,'shipping',NULL,NULL,NULL,NULL,NULL,NULL,NULL,NULL,NULL,NULL,0,NULL,NULL,NULL,NULL,1,1,NULL,NULL,0.0000,0.0000,0.0000,0.0000,0.0000,0.0000,0.0000,0.0000,0.0000,NULL,NULL,0.0000,0.0000,0.0000,0.0000,NULL,'N;',NULL,NULL,NULL,0.0000,NULL,0.0000,0.0000,0.0000,NULL,NULL,NULL,NULL,NULL,NULL,NULL,NULL,NULL,NULL),(213,93,'2018-09-09 11:09:04','0000-00-00 00:00:00',NULL,0,NULL,'billing',NULL,NULL,NULL,NULL,NULL,NULL,NULL,NULL,NULL,NULL,NULL,NULL,NULL,NULL,NULL,0,0,NULL,NULL,0.0000,0.0000,0.0000,0.0000,0.0000,0.0000,0.0000,0.0000,0.0000,NULL,NULL,0.0000,0.0000,0.0000,0.0000,NULL,'N;',NULL,NULL,NULL,0.0000,NULL,0.0000,0.0000,0.0000,NULL,NULL,NULL,NULL,NULL,NULL,NULL,NULL,NULL,NULL),(214,94,'2018-09-10 21:48:07','0000-00-00 00:00:00',NULL,0,NULL,'shipping',NULL,NULL,NULL,NULL,NULL,NULL,NULL,NULL,NULL,NULL,0,NULL,NULL,NULL,NULL,1,1,NULL,NULL,0.0000,0.0000,0.0000,0.0000,0.0000,0.0000,0.0000,0.0000,0.0000,NULL,NULL,0.0000,0.0000,0.0000,0.0000,NULL,'N;',NULL,NULL,NULL,0.0000,NULL,0.0000,0.0000,0.0000,NULL,NULL,NULL,NULL,NULL,NULL,NULL,NULL,NULL,NULL),(215,94,'2018-09-10 21:48:07','0000-00-00 00:00:00',NULL,0,NULL,'billing',NULL,NULL,NULL,NULL,NULL,NULL,NULL,NULL,NULL,NULL,NULL,NULL,NULL,NULL,NULL,0,0,NULL,NULL,0.0000,0.0000,0.0000,0.0000,0.0000,0.0000,0.0000,0.0000,0.0000,NULL,NULL,0.0000,0.0000,0.0000,0.0000,NULL,'N;',NULL,NULL,NULL,0.0000,NULL,0.0000,0.0000,0.0000,NULL,NULL,NULL,NULL,NULL,NULL,NULL,NULL,NULL,NULL),(216,95,'2018-09-10 21:54:55','0000-00-00 00:00:00',NULL,0,NULL,'shipping',NULL,NULL,NULL,NULL,NULL,NULL,NULL,NULL,NULL,NULL,0,NULL,NULL,NULL,NULL,1,1,NULL,NULL,0.0000,0.0000,0.0000,0.0000,0.0000,0.0000,0.0000,0.0000,0.0000,NULL,NULL,0.0000,0.0000,0.0000,0.0000,NULL,'N;',NULL,NULL,NULL,0.0000,NULL,0.0000,0.0000,0.0000,NULL,NULL,NULL,NULL,NULL,NULL,NULL,NULL,NULL,NULL),(217,95,'2018-09-10 21:54:55','0000-00-00 00:00:00',NULL,0,NULL,'billing',NULL,NULL,NULL,NULL,NULL,NULL,NULL,NULL,NULL,NULL,NULL,NULL,NULL,NULL,NULL,0,0,NULL,NULL,0.0000,0.0000,0.0000,0.0000,0.0000,0.0000,0.0000,0.0000,0.0000,NULL,NULL,0.0000,0.0000,0.0000,0.0000,NULL,'N;',NULL,NULL,NULL,0.0000,NULL,0.0000,0.0000,0.0000,NULL,NULL,NULL,NULL,NULL,NULL,NULL,NULL,NULL,NULL),(218,96,'2018-09-10 22:11:07','0000-00-00 00:00:00',NULL,0,NULL,'shipping',NULL,NULL,NULL,NULL,NULL,NULL,NULL,NULL,NULL,NULL,0,NULL,NULL,NULL,NULL,1,1,NULL,NULL,0.0000,0.0000,0.0000,0.0000,0.0000,0.0000,0.0000,0.0000,0.0000,NULL,NULL,0.0000,0.0000,0.0000,0.0000,NULL,'N;',NULL,NULL,NULL,0.0000,NULL,0.0000,0.0000,0.0000,NULL,NULL,NULL,NULL,NULL,NULL,NULL,NULL,NULL,NULL),(219,96,'2018-09-10 22:11:07','0000-00-00 00:00:00',NULL,0,NULL,'billing',NULL,NULL,NULL,NULL,NULL,NULL,NULL,NULL,NULL,NULL,NULL,NULL,NULL,NULL,NULL,0,0,NULL,NULL,0.0000,0.0000,0.0000,0.0000,0.0000,0.0000,0.0000,0.0000,0.0000,NULL,NULL,0.0000,0.0000,0.0000,0.0000,NULL,'N;',NULL,NULL,NULL,0.0000,NULL,0.0000,0.0000,0.0000,NULL,NULL,NULL,NULL,NULL,NULL,NULL,NULL,NULL,NULL),(220,97,'2018-09-10 22:11:30','0000-00-00 00:00:00',NULL,0,NULL,'shipping',NULL,NULL,NULL,NULL,NULL,NULL,NULL,NULL,NULL,NULL,0,NULL,NULL,NULL,NULL,1,1,NULL,NULL,0.0000,0.0000,0.0000,0.0000,0.0000,0.0000,0.0000,0.0000,0.0000,NULL,NULL,0.0000,0.0000,0.0000,0.0000,NULL,'N;',NULL,NULL,NULL,0.0000,NULL,0.0000,0.0000,0.0000,NULL,NULL,NULL,NULL,NULL,NULL,NULL,NULL,NULL,NULL),(221,97,'2018-09-10 22:11:30','0000-00-00 00:00:00',NULL,0,NULL,'billing',NULL,NULL,NULL,NULL,NULL,NULL,NULL,NULL,NULL,NULL,NULL,NULL,NULL,NULL,NULL,0,0,NULL,NULL,0.0000,0.0000,0.0000,0.0000,0.0000,0.0000,0.0000,0.0000,0.0000,NULL,NULL,0.0000,0.0000,0.0000,0.0000,NULL,'N;',NULL,NULL,NULL,0.0000,NULL,0.0000,0.0000,0.0000,NULL,NULL,NULL,NULL,NULL,NULL,NULL,NULL,NULL,NULL),(222,98,'2018-09-10 22:15:29','0000-00-00 00:00:00',NULL,0,NULL,'shipping',NULL,NULL,NULL,NULL,NULL,NULL,NULL,NULL,NULL,NULL,0,NULL,NULL,NULL,NULL,1,1,NULL,NULL,0.0000,0.0000,0.0000,0.0000,0.0000,0.0000,0.0000,0.0000,0.0000,NULL,NULL,0.0000,0.0000,0.0000,0.0000,NULL,'N;',NULL,NULL,NULL,0.0000,NULL,0.0000,0.0000,0.0000,NULL,NULL,NULL,NULL,NULL,NULL,NULL,NULL,NULL,NULL),(223,98,'2018-09-10 22:15:29','0000-00-00 00:00:00',NULL,0,NULL,'billing',NULL,NULL,NULL,NULL,NULL,NULL,NULL,NULL,NULL,NULL,NULL,NULL,NULL,NULL,NULL,0,0,NULL,NULL,0.0000,0.0000,0.0000,0.0000,0.0000,0.0000,0.0000,0.0000,0.0000,NULL,NULL,0.0000,0.0000,0.0000,0.0000,NULL,'N;',NULL,NULL,NULL,0.0000,NULL,0.0000,0.0000,0.0000,NULL,NULL,NULL,NULL,NULL,NULL,NULL,NULL,NULL,NULL),(224,99,'2018-09-11 16:44:15','0000-00-00 00:00:00',NULL,0,NULL,'shipping',NULL,NULL,NULL,NULL,NULL,NULL,NULL,NULL,NULL,NULL,0,NULL,NULL,NULL,NULL,1,1,NULL,NULL,0.0000,0.0000,0.0000,0.0000,0.0000,0.0000,0.0000,0.0000,0.0000,NULL,NULL,0.0000,0.0000,0.0000,0.0000,NULL,'N;',NULL,NULL,NULL,0.0000,NULL,0.0000,0.0000,0.0000,NULL,NULL,NULL,NULL,NULL,NULL,NULL,NULL,NULL,NULL),(225,99,'2018-09-11 16:44:15','0000-00-00 00:00:00',NULL,0,NULL,'billing',NULL,NULL,NULL,NULL,NULL,NULL,NULL,NULL,NULL,NULL,NULL,NULL,NULL,NULL,NULL,0,0,NULL,NULL,0.0000,0.0000,0.0000,0.0000,0.0000,0.0000,0.0000,0.0000,0.0000,NULL,NULL,0.0000,0.0000,0.0000,0.0000,NULL,'N;',NULL,NULL,NULL,0.0000,NULL,0.0000,0.0000,0.0000,NULL,NULL,NULL,NULL,NULL,NULL,NULL,NULL,NULL,NULL),(226,100,'2018-09-11 16:47:11','0000-00-00 00:00:00',NULL,0,NULL,'shipping',NULL,NULL,NULL,NULL,NULL,NULL,NULL,NULL,NULL,NULL,0,NULL,NULL,NULL,NULL,1,1,NULL,NULL,0.0000,0.0000,0.0000,0.0000,0.0000,0.0000,0.0000,0.0000,0.0000,NULL,NULL,0.0000,0.0000,0.0000,0.0000,NULL,'N;',NULL,NULL,NULL,0.0000,NULL,0.0000,0.0000,0.0000,NULL,NULL,NULL,NULL,NULL,NULL,NULL,NULL,NULL,NULL),(227,100,'2018-09-11 16:47:11','0000-00-00 00:00:00',NULL,0,NULL,'billing',NULL,NULL,NULL,NULL,NULL,NULL,NULL,NULL,NULL,NULL,NULL,NULL,NULL,NULL,NULL,0,0,NULL,NULL,0.0000,0.0000,0.0000,0.0000,0.0000,0.0000,0.0000,0.0000,0.0000,NULL,NULL,0.0000,0.0000,0.0000,0.0000,NULL,'N;',NULL,NULL,NULL,0.0000,NULL,0.0000,0.0000,0.0000,NULL,NULL,NULL,NULL,NULL,NULL,NULL,NULL,NULL,NULL),(228,101,'2018-09-11 17:11:47','0000-00-00 00:00:00',NULL,0,NULL,'shipping',NULL,NULL,NULL,NULL,NULL,NULL,NULL,NULL,NULL,NULL,0,NULL,NULL,NULL,NULL,1,1,NULL,NULL,0.0000,0.0000,0.0000,0.0000,0.0000,0.0000,0.0000,0.0000,0.0000,NULL,NULL,0.0000,0.0000,0.0000,0.0000,NULL,'N;',NULL,NULL,NULL,0.0000,NULL,0.0000,0.0000,0.0000,NULL,NULL,NULL,NULL,NULL,NULL,NULL,NULL,NULL,NULL),(229,101,'2018-09-11 17:11:47','0000-00-00 00:00:00',NULL,0,NULL,'billing',NULL,NULL,NULL,NULL,NULL,NULL,NULL,NULL,NULL,NULL,NULL,NULL,NULL,NULL,NULL,0,0,NULL,NULL,0.0000,0.0000,0.0000,0.0000,0.0000,0.0000,0.0000,0.0000,0.0000,NULL,NULL,0.0000,0.0000,0.0000,0.0000,NULL,'N;',NULL,NULL,NULL,0.0000,NULL,0.0000,0.0000,0.0000,NULL,NULL,NULL,NULL,NULL,NULL,NULL,NULL,NULL,NULL),(230,102,'2018-09-11 17:14:39','0000-00-00 00:00:00',NULL,0,NULL,'shipping',NULL,NULL,NULL,NULL,NULL,NULL,NULL,NULL,NULL,NULL,0,NULL,NULL,NULL,NULL,1,1,NULL,NULL,0.0000,0.0000,0.0000,0.0000,0.0000,0.0000,0.0000,0.0000,0.0000,NULL,NULL,0.0000,0.0000,0.0000,0.0000,NULL,'N;',NULL,NULL,NULL,0.0000,NULL,0.0000,0.0000,0.0000,NULL,NULL,NULL,NULL,NULL,NULL,NULL,NULL,NULL,NULL),(231,102,'2018-09-11 17:14:39','0000-00-00 00:00:00',NULL,0,NULL,'billing',NULL,NULL,NULL,NULL,NULL,NULL,NULL,NULL,NULL,NULL,NULL,NULL,NULL,NULL,NULL,0,0,NULL,NULL,0.0000,0.0000,0.0000,0.0000,0.0000,0.0000,0.0000,0.0000,0.0000,NULL,NULL,0.0000,0.0000,0.0000,0.0000,NULL,'N;',NULL,NULL,NULL,0.0000,NULL,0.0000,0.0000,0.0000,NULL,NULL,NULL,NULL,NULL,NULL,NULL,NULL,NULL,NULL),(232,103,'2018-09-11 17:18:08','0000-00-00 00:00:00',NULL,0,NULL,'shipping',NULL,NULL,NULL,NULL,NULL,NULL,NULL,NULL,NULL,NULL,0,NULL,NULL,NULL,NULL,1,1,NULL,NULL,0.0000,0.0000,0.0000,0.0000,0.0000,0.0000,0.0000,0.0000,0.0000,NULL,NULL,0.0000,0.0000,0.0000,0.0000,NULL,'N;',NULL,NULL,NULL,0.0000,NULL,0.0000,0.0000,0.0000,NULL,NULL,NULL,NULL,NULL,NULL,NULL,NULL,NULL,NULL),(233,103,'2018-09-11 17:18:08','0000-00-00 00:00:00',NULL,0,NULL,'billing',NULL,NULL,NULL,NULL,NULL,NULL,NULL,NULL,NULL,NULL,NULL,NULL,NULL,NULL,NULL,0,0,NULL,NULL,0.0000,0.0000,0.0000,0.0000,0.0000,0.0000,0.0000,0.0000,0.0000,NULL,NULL,0.0000,0.0000,0.0000,0.0000,NULL,'N;',NULL,NULL,NULL,0.0000,NULL,0.0000,0.0000,0.0000,NULL,NULL,NULL,NULL,NULL,NULL,NULL,NULL,NULL,NULL),(234,104,'2018-09-11 17:22:56','0000-00-00 00:00:00',NULL,0,NULL,'shipping',NULL,NULL,NULL,NULL,NULL,NULL,NULL,NULL,NULL,NULL,0,NULL,NULL,NULL,NULL,1,1,NULL,NULL,0.0000,0.0000,0.0000,0.0000,0.0000,0.0000,0.0000,0.0000,0.0000,NULL,NULL,0.0000,0.0000,0.0000,0.0000,NULL,'N;',NULL,NULL,NULL,0.0000,NULL,0.0000,0.0000,0.0000,NULL,NULL,NULL,NULL,NULL,NULL,NULL,NULL,NULL,NULL),(235,104,'2018-09-11 17:22:56','0000-00-00 00:00:00',NULL,0,NULL,'billing',NULL,NULL,NULL,NULL,NULL,NULL,NULL,NULL,NULL,NULL,NULL,NULL,NULL,NULL,NULL,0,0,NULL,NULL,0.0000,0.0000,0.0000,0.0000,0.0000,0.0000,0.0000,0.0000,0.0000,NULL,NULL,0.0000,0.0000,0.0000,0.0000,NULL,'N;',NULL,NULL,NULL,0.0000,NULL,0.0000,0.0000,0.0000,NULL,NULL,NULL,NULL,NULL,NULL,NULL,NULL,NULL,NULL),(236,105,'2018-09-11 18:31:44','0000-00-00 00:00:00',NULL,0,NULL,'shipping',NULL,NULL,NULL,NULL,NULL,NULL,NULL,NULL,NULL,NULL,0,NULL,NULL,NULL,NULL,1,1,NULL,NULL,0.0000,0.0000,0.0000,0.0000,0.0000,0.0000,0.0000,0.0000,0.0000,NULL,NULL,0.0000,0.0000,0.0000,0.0000,NULL,'N;',NULL,NULL,NULL,0.0000,NULL,0.0000,0.0000,0.0000,NULL,NULL,NULL,NULL,NULL,NULL,NULL,NULL,NULL,NULL),(237,105,'2018-09-11 18:31:44','0000-00-00 00:00:00',NULL,0,NULL,'billing',NULL,NULL,NULL,NULL,NULL,NULL,NULL,NULL,NULL,NULL,NULL,NULL,NULL,NULL,NULL,0,0,NULL,NULL,0.0000,0.0000,0.0000,0.0000,0.0000,0.0000,0.0000,0.0000,0.0000,NULL,NULL,0.0000,0.0000,0.0000,0.0000,NULL,'N;',NULL,NULL,NULL,0.0000,NULL,0.0000,0.0000,0.0000,NULL,NULL,NULL,NULL,NULL,NULL,NULL,NULL,NULL,NULL),(238,106,'2018-09-12 22:16:18','0000-00-00 00:00:00',NULL,0,NULL,'shipping',NULL,NULL,NULL,NULL,NULL,NULL,NULL,NULL,NULL,NULL,0,NULL,NULL,NULL,NULL,1,1,NULL,NULL,0.0000,0.0000,0.0000,0.0000,0.0000,0.0000,0.0000,0.0000,0.0000,NULL,NULL,0.0000,0.0000,0.0000,0.0000,NULL,'N;',NULL,NULL,NULL,0.0000,NULL,0.0000,0.0000,0.0000,NULL,NULL,NULL,NULL,NULL,NULL,NULL,NULL,NULL,NULL),(239,106,'2018-09-12 22:16:18','0000-00-00 00:00:00',NULL,0,NULL,'billing',NULL,NULL,NULL,NULL,NULL,NULL,NULL,NULL,NULL,NULL,NULL,NULL,NULL,NULL,NULL,0,0,NULL,NULL,0.0000,0.0000,0.0000,0.0000,0.0000,0.0000,0.0000,0.0000,0.0000,NULL,NULL,0.0000,0.0000,0.0000,0.0000,NULL,'N;',NULL,NULL,NULL,0.0000,NULL,0.0000,0.0000,0.0000,NULL,NULL,NULL,NULL,NULL,NULL,NULL,NULL,NULL,NULL),(240,107,'2018-09-14 20:49:52','0000-00-00 00:00:00',NULL,0,NULL,'shipping',NULL,NULL,NULL,NULL,NULL,NULL,NULL,NULL,NULL,NULL,0,NULL,NULL,NULL,NULL,1,1,NULL,NULL,0.0000,0.0000,0.0000,0.0000,0.0000,0.0000,0.0000,0.0000,0.0000,NULL,NULL,0.0000,0.0000,0.0000,0.0000,NULL,'N;',NULL,NULL,NULL,0.0000,NULL,0.0000,0.0000,0.0000,NULL,NULL,NULL,NULL,NULL,NULL,NULL,NULL,NULL,NULL),(241,107,'2018-09-14 20:49:52','0000-00-00 00:00:00',NULL,0,NULL,'billing',NULL,NULL,NULL,NULL,NULL,NULL,NULL,NULL,NULL,NULL,NULL,NULL,NULL,NULL,NULL,0,0,NULL,NULL,0.0000,0.0000,0.0000,0.0000,0.0000,0.0000,0.0000,0.0000,0.0000,NULL,NULL,0.0000,0.0000,0.0000,0.0000,NULL,'N;',NULL,NULL,NULL,0.0000,NULL,0.0000,0.0000,0.0000,NULL,NULL,NULL,NULL,NULL,NULL,NULL,NULL,NULL,NULL),(242,108,'2018-10-04 01:12:40','0000-00-00 00:00:00',NULL,0,NULL,'shipping',NULL,NULL,NULL,NULL,NULL,NULL,NULL,NULL,NULL,NULL,0,NULL,NULL,NULL,NULL,1,1,NULL,NULL,0.0000,0.0000,0.0000,0.0000,0.0000,0.0000,0.0000,0.0000,0.0000,NULL,NULL,0.0000,0.0000,0.0000,0.0000,NULL,'N;',NULL,NULL,NULL,0.0000,NULL,0.0000,0.0000,0.0000,NULL,NULL,NULL,NULL,NULL,NULL,NULL,NULL,NULL,NULL),(243,108,'2018-10-04 01:12:40','0000-00-00 00:00:00',NULL,0,NULL,'billing',NULL,NULL,NULL,NULL,NULL,NULL,NULL,NULL,NULL,NULL,NULL,NULL,NULL,NULL,NULL,0,0,NULL,NULL,0.0000,0.0000,0.0000,0.0000,0.0000,0.0000,0.0000,0.0000,0.0000,NULL,NULL,0.0000,0.0000,0.0000,0.0000,NULL,'N;',NULL,NULL,NULL,0.0000,NULL,0.0000,0.0000,0.0000,NULL,NULL,NULL,NULL,NULL,NULL,NULL,NULL,NULL,NULL),(244,109,'2018-10-12 11:06:13','0000-00-00 00:00:00',NULL,0,NULL,'shipping',NULL,NULL,NULL,NULL,NULL,NULL,NULL,NULL,NULL,NULL,0,NULL,NULL,NULL,NULL,1,1,NULL,NULL,0.0000,0.0000,0.0000,0.0000,0.0000,0.0000,0.0000,0.0000,0.0000,NULL,NULL,0.0000,0.0000,0.0000,0.0000,NULL,'N;',NULL,NULL,NULL,0.0000,NULL,0.0000,0.0000,0.0000,NULL,NULL,NULL,NULL,NULL,NULL,NULL,NULL,NULL,NULL),(245,109,'2018-10-12 11:06:13','0000-00-00 00:00:00',NULL,0,NULL,'billing',NULL,NULL,NULL,NULL,NULL,NULL,NULL,NULL,NULL,NULL,NULL,NULL,NULL,NULL,NULL,0,0,NULL,NULL,0.0000,0.0000,0.0000,0.0000,0.0000,0.0000,0.0000,0.0000,0.0000,NULL,NULL,0.0000,0.0000,0.0000,0.0000,NULL,'N;',NULL,NULL,NULL,0.0000,NULL,0.0000,0.0000,0.0000,NULL,NULL,NULL,NULL,NULL,NULL,NULL,NULL,NULL,NULL),(246,110,'2018-11-10 11:05:23','0000-00-00 00:00:00',6,0,NULL,'billing','aaz0ke7744837keralgrb@m.z4u2.com',NULL,NULL,NULL,NULL,NULL,NULL,NULL,NULL,NULL,NULL,NULL,NULL,NULL,NULL,0,0,NULL,NULL,0.0000,0.0000,0.0000,0.0000,0.0000,0.0000,0.0000,0.0000,0.0000,NULL,NULL,0.0000,0.0000,0.0000,0.0000,NULL,'N;',NULL,NULL,NULL,0.0000,NULL,0.0000,0.0000,0.0000,NULL,NULL,NULL,NULL,NULL,NULL,NULL,NULL,NULL,NULL),(247,110,'2018-11-10 11:05:23','0000-00-00 00:00:00',6,0,NULL,'shipping','aaz0ke7744837keralgrb@m.z4u2.com',NULL,NULL,NULL,NULL,NULL,NULL,NULL,NULL,NULL,NULL,NULL,NULL,NULL,NULL,1,0,NULL,NULL,0.0000,0.0000,0.0000,0.0000,0.0000,0.0000,0.0000,0.0000,0.0000,NULL,NULL,0.0000,0.0000,0.0000,0.0000,NULL,'N;',NULL,NULL,NULL,0.0000,NULL,0.0000,0.0000,0.0000,NULL,NULL,NULL,NULL,NULL,NULL,NULL,NULL,NULL,NULL),(248,111,'2018-11-11 06:54:34','0000-00-00 00:00:00',7,0,NULL,'billing','sbondarevs779@gmail.com',NULL,NULL,NULL,NULL,NULL,NULL,NULL,NULL,NULL,NULL,NULL,NULL,NULL,NULL,0,0,NULL,NULL,0.0000,0.0000,0.0000,0.0000,0.0000,0.0000,0.0000,0.0000,0.0000,NULL,NULL,0.0000,0.0000,0.0000,0.0000,NULL,'N;',NULL,NULL,NULL,0.0000,NULL,0.0000,0.0000,0.0000,NULL,NULL,NULL,NULL,NULL,NULL,NULL,NULL,NULL,NULL),(249,111,'2018-11-11 06:54:34','0000-00-00 00:00:00',7,0,NULL,'shipping','sbondarevs779@gmail.com',NULL,NULL,NULL,NULL,NULL,NULL,NULL,NULL,NULL,NULL,NULL,NULL,NULL,NULL,1,0,NULL,NULL,0.0000,0.0000,0.0000,0.0000,0.0000,0.0000,0.0000,0.0000,0.0000,NULL,NULL,0.0000,0.0000,0.0000,0.0000,NULL,'N;',NULL,NULL,NULL,0.0000,NULL,0.0000,0.0000,0.0000,NULL,NULL,NULL,NULL,NULL,NULL,NULL,NULL,NULL,NULL),(250,112,'2018-11-11 11:51:57','0000-00-00 00:00:00',8,0,NULL,'billing','ilyakirillov79@gmail.com',NULL,NULL,NULL,NULL,NULL,NULL,NULL,NULL,NULL,NULL,NULL,NULL,NULL,NULL,0,0,NULL,NULL,0.0000,0.0000,0.0000,0.0000,0.0000,0.0000,0.0000,0.0000,0.0000,NULL,NULL,0.0000,0.0000,0.0000,0.0000,NULL,'N;',NULL,NULL,NULL,0.0000,NULL,0.0000,0.0000,0.0000,NULL,NULL,NULL,NULL,NULL,NULL,NULL,NULL,NULL,NULL),(251,112,'2018-11-11 11:51:57','0000-00-00 00:00:00',8,0,NULL,'shipping','ilyakirillov79@gmail.com',NULL,NULL,NULL,NULL,NULL,NULL,NULL,NULL,NULL,NULL,NULL,NULL,NULL,NULL,1,0,NULL,NULL,0.0000,0.0000,0.0000,0.0000,0.0000,0.0000,0.0000,0.0000,0.0000,NULL,NULL,0.0000,0.0000,0.0000,0.0000,NULL,'N;',NULL,NULL,NULL,0.0000,NULL,0.0000,0.0000,0.0000,NULL,NULL,NULL,NULL,NULL,NULL,NULL,NULL,NULL,NULL),(252,113,'2018-11-11 12:41:03','0000-00-00 00:00:00',9,0,NULL,'billing','sofiastriga092000@gmail.com',NULL,NULL,NULL,NULL,NULL,NULL,NULL,NULL,NULL,NULL,NULL,NULL,NULL,NULL,0,0,NULL,NULL,0.0000,0.0000,0.0000,0.0000,0.0000,0.0000,0.0000,0.0000,0.0000,NULL,NULL,0.0000,0.0000,0.0000,0.0000,NULL,'N;',NULL,NULL,NULL,0.0000,NULL,0.0000,0.0000,0.0000,NULL,NULL,NULL,NULL,NULL,NULL,NULL,NULL,NULL,NULL),(253,113,'2018-11-11 12:41:03','0000-00-00 00:00:00',9,0,NULL,'shipping','sofiastriga092000@gmail.com',NULL,NULL,NULL,NULL,NULL,NULL,NULL,NULL,NULL,NULL,NULL,NULL,NULL,NULL,1,0,NULL,NULL,0.0000,0.0000,0.0000,0.0000,0.0000,0.0000,0.0000,0.0000,0.0000,NULL,NULL,0.0000,0.0000,0.0000,0.0000,NULL,'N;',NULL,NULL,NULL,0.0000,NULL,0.0000,0.0000,0.0000,NULL,NULL,NULL,NULL,NULL,NULL,NULL,NULL,NULL,NULL),(254,114,'2018-11-11 13:21:47','0000-00-00 00:00:00',10,0,NULL,'billing','grei.74@yandex.ru',NULL,NULL,NULL,NULL,NULL,NULL,NULL,NULL,NULL,NULL,NULL,NULL,NULL,NULL,0,0,NULL,NULL,0.0000,0.0000,0.0000,0.0000,0.0000,0.0000,0.0000,0.0000,0.0000,NULL,NULL,0.0000,0.0000,0.0000,0.0000,NULL,'N;',NULL,NULL,NULL,0.0000,NULL,0.0000,0.0000,0.0000,NULL,NULL,NULL,NULL,NULL,NULL,NULL,NULL,NULL,NULL),(255,114,'2018-11-11 13:21:47','0000-00-00 00:00:00',10,0,NULL,'shipping','grei.74@yandex.ru',NULL,NULL,NULL,NULL,NULL,NULL,NULL,NULL,NULL,NULL,NULL,NULL,NULL,NULL,1,0,NULL,NULL,0.0000,0.0000,0.0000,0.0000,0.0000,0.0000,0.0000,0.0000,0.0000,NULL,NULL,0.0000,0.0000,0.0000,0.0000,NULL,'N;',NULL,NULL,NULL,0.0000,NULL,0.0000,0.0000,0.0000,NULL,NULL,NULL,NULL,NULL,NULL,NULL,NULL,NULL,NULL),(256,115,'2018-11-11 13:59:26','0000-00-00 00:00:00',11,0,NULL,'billing','katia19902611@bk.ru',NULL,NULL,NULL,NULL,NULL,NULL,NULL,NULL,NULL,NULL,NULL,NULL,NULL,NULL,0,0,NULL,NULL,0.0000,0.0000,0.0000,0.0000,0.0000,0.0000,0.0000,0.0000,0.0000,NULL,NULL,0.0000,0.0000,0.0000,0.0000,NULL,'N;',NULL,NULL,NULL,0.0000,NULL,0.0000,0.0000,0.0000,NULL,NULL,NULL,NULL,NULL,NULL,NULL,NULL,NULL,NULL),(257,115,'2018-11-11 13:59:26','0000-00-00 00:00:00',11,0,NULL,'shipping','katia19902611@bk.ru',NULL,NULL,NULL,NULL,NULL,NULL,NULL,NULL,NULL,NULL,NULL,NULL,NULL,NULL,1,0,NULL,NULL,0.0000,0.0000,0.0000,0.0000,0.0000,0.0000,0.0000,0.0000,0.0000,NULL,NULL,0.0000,0.0000,0.0000,0.0000,NULL,'N;',NULL,NULL,NULL,0.0000,NULL,0.0000,0.0000,0.0000,NULL,NULL,NULL,NULL,NULL,NULL,NULL,NULL,NULL,NULL),(258,116,'2018-11-11 14:01:39','0000-00-00 00:00:00',12,0,NULL,'billing','madam.anckudinova2010@yandex.ru',NULL,NULL,NULL,NULL,NULL,NULL,NULL,NULL,NULL,NULL,NULL,NULL,NULL,NULL,0,0,NULL,NULL,0.0000,0.0000,0.0000,0.0000,0.0000,0.0000,0.0000,0.0000,0.0000,NULL,NULL,0.0000,0.0000,0.0000,0.0000,NULL,'N;',NULL,NULL,NULL,0.0000,NULL,0.0000,0.0000,0.0000,NULL,NULL,NULL,NULL,NULL,NULL,NULL,NULL,NULL,NULL),(259,116,'2018-11-11 14:01:39','0000-00-00 00:00:00',12,0,NULL,'shipping','madam.anckudinova2010@yandex.ru',NULL,NULL,NULL,NULL,NULL,NULL,NULL,NULL,NULL,NULL,NULL,NULL,NULL,NULL,1,0,NULL,NULL,0.0000,0.0000,0.0000,0.0000,0.0000,0.0000,0.0000,0.0000,0.0000,NULL,NULL,0.0000,0.0000,0.0000,0.0000,NULL,'N;',NULL,NULL,NULL,0.0000,NULL,0.0000,0.0000,0.0000,NULL,NULL,NULL,NULL,NULL,NULL,NULL,NULL,NULL,NULL),(260,117,'2018-11-11 14:41:50','0000-00-00 00:00:00',13,0,NULL,'billing','miha05082016vika02032017@gmail.com',NULL,NULL,NULL,NULL,NULL,NULL,NULL,NULL,NULL,NULL,NULL,NULL,NULL,NULL,0,0,NULL,NULL,0.0000,0.0000,0.0000,0.0000,0.0000,0.0000,0.0000,0.0000,0.0000,NULL,NULL,0.0000,0.0000,0.0000,0.0000,NULL,'N;',NULL,NULL,NULL,0.0000,NULL,0.0000,0.0000,0.0000,NULL,NULL,NULL,NULL,NULL,NULL,NULL,NULL,NULL,NULL),(261,117,'2018-11-11 14:41:50','0000-00-00 00:00:00',13,0,NULL,'shipping','miha05082016vika02032017@gmail.com',NULL,NULL,NULL,NULL,NULL,NULL,NULL,NULL,NULL,NULL,NULL,NULL,NULL,NULL,1,0,NULL,NULL,0.0000,0.0000,0.0000,0.0000,0.0000,0.0000,0.0000,0.0000,0.0000,NULL,NULL,0.0000,0.0000,0.0000,0.0000,NULL,'N;',NULL,NULL,NULL,0.0000,NULL,0.0000,0.0000,0.0000,NULL,NULL,NULL,NULL,NULL,NULL,NULL,NULL,NULL,NULL),(262,118,'2018-11-11 14:42:04','0000-00-00 00:00:00',14,0,NULL,'billing','jvrlaje@gmail.com',NULL,NULL,NULL,NULL,NULL,NULL,NULL,NULL,NULL,NULL,NULL,NULL,NULL,NULL,0,0,NULL,NULL,0.0000,0.0000,0.0000,0.0000,0.0000,0.0000,0.0000,0.0000,0.0000,NULL,NULL,0.0000,0.0000,0.0000,0.0000,NULL,'N;',NULL,NULL,NULL,0.0000,NULL,0.0000,0.0000,0.0000,NULL,NULL,NULL,NULL,NULL,NULL,NULL,NULL,NULL,NULL),(263,118,'2018-11-11 14:42:04','0000-00-00 00:00:00',14,0,NULL,'shipping','jvrlaje@gmail.com',NULL,NULL,NULL,NULL,NULL,NULL,NULL,NULL,NULL,NULL,NULL,NULL,NULL,NULL,1,0,NULL,NULL,0.0000,0.0000,0.0000,0.0000,0.0000,0.0000,0.0000,0.0000,0.0000,NULL,NULL,0.0000,0.0000,0.0000,0.0000,NULL,'N;',NULL,NULL,NULL,0.0000,NULL,0.0000,0.0000,0.0000,NULL,NULL,NULL,NULL,NULL,NULL,NULL,NULL,NULL,NULL),(264,119,'2018-11-11 15:22:19','0000-00-00 00:00:00',15,0,NULL,'billing','natali11111111@inbox.ru',NULL,NULL,NULL,NULL,NULL,NULL,NULL,NULL,NULL,NULL,NULL,NULL,NULL,NULL,0,0,NULL,NULL,0.0000,0.0000,0.0000,0.0000,0.0000,0.0000,0.0000,0.0000,0.0000,NULL,NULL,0.0000,0.0000,0.0000,0.0000,NULL,'N;',NULL,NULL,NULL,0.0000,NULL,0.0000,0.0000,0.0000,NULL,NULL,NULL,NULL,NULL,NULL,NULL,NULL,NULL,NULL),(265,119,'2018-11-11 15:22:19','0000-00-00 00:00:00',15,0,NULL,'shipping','natali11111111@inbox.ru',NULL,NULL,NULL,NULL,NULL,NULL,NULL,NULL,NULL,NULL,NULL,NULL,NULL,NULL,1,0,NULL,NULL,0.0000,0.0000,0.0000,0.0000,0.0000,0.0000,0.0000,0.0000,0.0000,NULL,NULL,0.0000,0.0000,0.0000,0.0000,NULL,'N;',NULL,NULL,NULL,0.0000,NULL,0.0000,0.0000,0.0000,NULL,NULL,NULL,NULL,NULL,NULL,NULL,NULL,NULL,NULL),(266,120,'2018-11-11 16:02:52','0000-00-00 00:00:00',16,0,NULL,'billing','natalakanukova25238@gmail.com',NULL,NULL,NULL,NULL,NULL,NULL,NULL,NULL,NULL,NULL,NULL,NULL,NULL,NULL,0,0,NULL,NULL,0.0000,0.0000,0.0000,0.0000,0.0000,0.0000,0.0000,0.0000,0.0000,NULL,NULL,0.0000,0.0000,0.0000,0.0000,NULL,'N;',NULL,NULL,NULL,0.0000,NULL,0.0000,0.0000,0.0000,NULL,NULL,NULL,NULL,NULL,NULL,NULL,NULL,NULL,NULL),(267,120,'2018-11-11 16:02:52','0000-00-00 00:00:00',16,0,NULL,'shipping','natalakanukova25238@gmail.com',NULL,NULL,NULL,NULL,NULL,NULL,NULL,NULL,NULL,NULL,NULL,NULL,NULL,NULL,1,0,NULL,NULL,0.0000,0.0000,0.0000,0.0000,0.0000,0.0000,0.0000,0.0000,0.0000,NULL,NULL,0.0000,0.0000,0.0000,0.0000,NULL,'N;',NULL,NULL,NULL,0.0000,NULL,0.0000,0.0000,0.0000,NULL,NULL,NULL,NULL,NULL,NULL,NULL,NULL,NULL,NULL),(268,121,'2018-11-11 16:43:38','0000-00-00 00:00:00',17,0,NULL,'billing','Kopbilovat@gmail.com',NULL,NULL,NULL,NULL,NULL,NULL,NULL,NULL,NULL,NULL,NULL,NULL,NULL,NULL,0,0,NULL,NULL,0.0000,0.0000,0.0000,0.0000,0.0000,0.0000,0.0000,0.0000,0.0000,NULL,NULL,0.0000,0.0000,0.0000,0.0000,NULL,'N;',NULL,NULL,NULL,0.0000,NULL,0.0000,0.0000,0.0000,NULL,NULL,NULL,NULL,NULL,NULL,NULL,NULL,NULL,NULL),(269,121,'2018-11-11 16:43:38','0000-00-00 00:00:00',17,0,NULL,'shipping','Kopbilovat@gmail.com',NULL,NULL,NULL,NULL,NULL,NULL,NULL,NULL,NULL,NULL,NULL,NULL,NULL,NULL,1,0,NULL,NULL,0.0000,0.0000,0.0000,0.0000,0.0000,0.0000,0.0000,0.0000,0.0000,NULL,NULL,0.0000,0.0000,0.0000,0.0000,NULL,'N;',NULL,NULL,NULL,0.0000,NULL,0.0000,0.0000,0.0000,NULL,NULL,NULL,NULL,NULL,NULL,NULL,NULL,NULL,NULL),(270,122,'2018-11-11 17:24:28','0000-00-00 00:00:00',18,0,NULL,'billing','andraxme9@gmail.com',NULL,NULL,NULL,NULL,NULL,NULL,NULL,NULL,NULL,NULL,NULL,NULL,NULL,NULL,0,0,NULL,NULL,0.0000,0.0000,0.0000,0.0000,0.0000,0.0000,0.0000,0.0000,0.0000,NULL,NULL,0.0000,0.0000,0.0000,0.0000,NULL,'N;',NULL,NULL,NULL,0.0000,NULL,0.0000,0.0000,0.0000,NULL,NULL,NULL,NULL,NULL,NULL,NULL,NULL,NULL,NULL),(271,122,'2018-11-11 17:24:28','0000-00-00 00:00:00',18,0,NULL,'shipping','andraxme9@gmail.com',NULL,NULL,NULL,NULL,NULL,NULL,NULL,NULL,NULL,NULL,NULL,NULL,NULL,NULL,1,0,NULL,NULL,0.0000,0.0000,0.0000,0.0000,0.0000,0.0000,0.0000,0.0000,0.0000,NULL,NULL,0.0000,0.0000,0.0000,0.0000,NULL,'N;',NULL,NULL,NULL,0.0000,NULL,0.0000,0.0000,0.0000,NULL,NULL,NULL,NULL,NULL,NULL,NULL,NULL,NULL,NULL),(272,123,'2018-11-11 18:06:30','0000-00-00 00:00:00',19,0,NULL,'billing','antoskardr1@list.ru',NULL,NULL,NULL,NULL,NULL,NULL,NULL,NULL,NULL,NULL,NULL,NULL,NULL,NULL,0,0,NULL,NULL,0.0000,0.0000,0.0000,0.0000,0.0000,0.0000,0.0000,0.0000,0.0000,NULL,NULL,0.0000,0.0000,0.0000,0.0000,NULL,'N;',NULL,NULL,NULL,0.0000,NULL,0.0000,0.0000,0.0000,NULL,NULL,NULL,NULL,NULL,NULL,NULL,NULL,NULL,NULL),(273,123,'2018-11-11 18:06:30','0000-00-00 00:00:00',19,0,NULL,'shipping','antoskardr1@list.ru',NULL,NULL,NULL,NULL,NULL,NULL,NULL,NULL,NULL,NULL,NULL,NULL,NULL,NULL,1,0,NULL,NULL,0.0000,0.0000,0.0000,0.0000,0.0000,0.0000,0.0000,0.0000,0.0000,NULL,NULL,0.0000,0.0000,0.0000,0.0000,NULL,'N;',NULL,NULL,NULL,0.0000,NULL,0.0000,0.0000,0.0000,NULL,NULL,NULL,NULL,NULL,NULL,NULL,NULL,NULL,NULL),(274,124,'2018-11-11 18:48:11','0000-00-00 00:00:00',20,0,NULL,'billing','zharckih.valery58@yandex.ru',NULL,NULL,NULL,NULL,NULL,NULL,NULL,NULL,NULL,NULL,NULL,NULL,NULL,NULL,0,0,NULL,NULL,0.0000,0.0000,0.0000,0.0000,0.0000,0.0000,0.0000,0.0000,0.0000,NULL,NULL,0.0000,0.0000,0.0000,0.0000,NULL,'N;',NULL,NULL,NULL,0.0000,NULL,0.0000,0.0000,0.0000,NULL,NULL,NULL,NULL,NULL,NULL,NULL,NULL,NULL,NULL),(275,124,'2018-11-11 18:48:11','0000-00-00 00:00:00',20,0,NULL,'shipping','zharckih.valery58@yandex.ru',NULL,NULL,NULL,NULL,NULL,NULL,NULL,NULL,NULL,NULL,NULL,NULL,NULL,NULL,1,0,NULL,NULL,0.0000,0.0000,0.0000,0.0000,0.0000,0.0000,0.0000,0.0000,0.0000,NULL,NULL,0.0000,0.0000,0.0000,0.0000,NULL,'N;',NULL,NULL,NULL,0.0000,NULL,0.0000,0.0000,0.0000,NULL,NULL,NULL,NULL,NULL,NULL,NULL,NULL,NULL,NULL),(276,125,'2018-11-11 19:29:32','0000-00-00 00:00:00',21,0,NULL,'billing','elena_byvsheva@rambler.ru',NULL,NULL,NULL,NULL,NULL,NULL,NULL,NULL,NULL,NULL,NULL,NULL,NULL,NULL,0,0,NULL,NULL,0.0000,0.0000,0.0000,0.0000,0.0000,0.0000,0.0000,0.0000,0.0000,NULL,NULL,0.0000,0.0000,0.0000,0.0000,NULL,'N;',NULL,NULL,NULL,0.0000,NULL,0.0000,0.0000,0.0000,NULL,NULL,NULL,NULL,NULL,NULL,NULL,NULL,NULL,NULL),(277,125,'2018-11-11 19:29:32','0000-00-00 00:00:00',21,0,NULL,'shipping','elena_byvsheva@rambler.ru',NULL,NULL,NULL,NULL,NULL,NULL,NULL,NULL,NULL,NULL,NULL,NULL,NULL,NULL,1,0,NULL,NULL,0.0000,0.0000,0.0000,0.0000,0.0000,0.0000,0.0000,0.0000,0.0000,NULL,NULL,0.0000,0.0000,0.0000,0.0000,NULL,'N;',NULL,NULL,NULL,0.0000,NULL,0.0000,0.0000,0.0000,NULL,NULL,NULL,NULL,NULL,NULL,NULL,NULL,NULL,NULL),(278,126,'2018-11-11 20:10:54','0000-00-00 00:00:00',22,0,NULL,'billing','asetoova07@gmail.com',NULL,NULL,NULL,NULL,NULL,NULL,NULL,NULL,NULL,NULL,NULL,NULL,NULL,NULL,0,0,NULL,NULL,0.0000,0.0000,0.0000,0.0000,0.0000,0.0000,0.0000,0.0000,0.0000,NULL,NULL,0.0000,0.0000,0.0000,0.0000,NULL,'N;',NULL,NULL,NULL,0.0000,NULL,0.0000,0.0000,0.0000,NULL,NULL,NULL,NULL,NULL,NULL,NULL,NULL,NULL,NULL),(279,126,'2018-11-11 20:10:54','0000-00-00 00:00:00',22,0,NULL,'shipping','asetoova07@gmail.com',NULL,NULL,NULL,NULL,NULL,NULL,NULL,NULL,NULL,NULL,NULL,NULL,NULL,NULL,1,0,NULL,NULL,0.0000,0.0000,0.0000,0.0000,0.0000,0.0000,0.0000,0.0000,0.0000,NULL,NULL,0.0000,0.0000,0.0000,0.0000,NULL,'N;',NULL,NULL,NULL,0.0000,NULL,0.0000,0.0000,0.0000,NULL,NULL,NULL,NULL,NULL,NULL,NULL,NULL,NULL,NULL),(280,127,'2018-11-11 20:52:57','0000-00-00 00:00:00',23,0,NULL,'billing','denis54154@mail.ru',NULL,NULL,NULL,NULL,NULL,NULL,NULL,NULL,NULL,NULL,NULL,NULL,NULL,NULL,0,0,NULL,NULL,0.0000,0.0000,0.0000,0.0000,0.0000,0.0000,0.0000,0.0000,0.0000,NULL,NULL,0.0000,0.0000,0.0000,0.0000,NULL,'N;',NULL,NULL,NULL,0.0000,NULL,0.0000,0.0000,0.0000,NULL,NULL,NULL,NULL,NULL,NULL,NULL,NULL,NULL,NULL),(281,127,'2018-11-11 20:52:57','0000-00-00 00:00:00',23,0,NULL,'shipping','denis54154@mail.ru',NULL,NULL,NULL,NULL,NULL,NULL,NULL,NULL,NULL,NULL,NULL,NULL,NULL,NULL,1,0,NULL,NULL,0.0000,0.0000,0.0000,0.0000,0.0000,0.0000,0.0000,0.0000,0.0000,NULL,NULL,0.0000,0.0000,0.0000,0.0000,NULL,'N;',NULL,NULL,NULL,0.0000,NULL,0.0000,0.0000,0.0000,NULL,NULL,NULL,NULL,NULL,NULL,NULL,NULL,NULL,NULL),(282,128,'2018-11-11 21:34:26','0000-00-00 00:00:00',24,0,NULL,'billing','praudko.nikolay.o1@gmail.com',NULL,NULL,NULL,NULL,NULL,NULL,NULL,NULL,NULL,NULL,NULL,NULL,NULL,NULL,0,0,NULL,NULL,0.0000,0.0000,0.0000,0.0000,0.0000,0.0000,0.0000,0.0000,0.0000,NULL,NULL,0.0000,0.0000,0.0000,0.0000,NULL,'N;',NULL,NULL,NULL,0.0000,NULL,0.0000,0.0000,0.0000,NULL,NULL,NULL,NULL,NULL,NULL,NULL,NULL,NULL,NULL),(283,128,'2018-11-11 21:34:26','0000-00-00 00:00:00',24,0,NULL,'shipping','praudko.nikolay.o1@gmail.com',NULL,NULL,NULL,NULL,NULL,NULL,NULL,NULL,NULL,NULL,NULL,NULL,NULL,NULL,1,0,NULL,NULL,0.0000,0.0000,0.0000,0.0000,0.0000,0.0000,0.0000,0.0000,0.0000,NULL,NULL,0.0000,0.0000,0.0000,0.0000,NULL,'N;',NULL,NULL,NULL,0.0000,NULL,0.0000,0.0000,0.0000,NULL,NULL,NULL,NULL,NULL,NULL,NULL,NULL,NULL,NULL),(284,129,'2018-11-11 22:15:50','0000-00-00 00:00:00',25,0,NULL,'billing','komariyna@icloud.com',NULL,NULL,NULL,NULL,NULL,NULL,NULL,NULL,NULL,NULL,NULL,NULL,NULL,NULL,0,0,NULL,NULL,0.0000,0.0000,0.0000,0.0000,0.0000,0.0000,0.0000,0.0000,0.0000,NULL,NULL,0.0000,0.0000,0.0000,0.0000,NULL,'N;',NULL,NULL,NULL,0.0000,NULL,0.0000,0.0000,0.0000,NULL,NULL,NULL,NULL,NULL,NULL,NULL,NULL,NULL,NULL),(285,129,'2018-11-11 22:15:50','0000-00-00 00:00:00',25,0,NULL,'shipping','komariyna@icloud.com',NULL,NULL,NULL,NULL,NULL,NULL,NULL,NULL,NULL,NULL,NULL,NULL,NULL,NULL,1,0,NULL,NULL,0.0000,0.0000,0.0000,0.0000,0.0000,0.0000,0.0000,0.0000,0.0000,NULL,NULL,0.0000,0.0000,0.0000,0.0000,NULL,'N;',NULL,NULL,NULL,0.0000,NULL,0.0000,0.0000,0.0000,NULL,NULL,NULL,NULL,NULL,NULL,NULL,NULL,NULL,NULL),(286,130,'2018-11-11 22:57:09','0000-00-00 00:00:00',26,0,NULL,'billing','lexeperm040488@gmail.com',NULL,NULL,NULL,NULL,NULL,NULL,NULL,NULL,NULL,NULL,NULL,NULL,NULL,NULL,0,0,NULL,NULL,0.0000,0.0000,0.0000,0.0000,0.0000,0.0000,0.0000,0.0000,0.0000,NULL,NULL,0.0000,0.0000,0.0000,0.0000,NULL,'N;',NULL,NULL,NULL,0.0000,NULL,0.0000,0.0000,0.0000,NULL,NULL,NULL,NULL,NULL,NULL,NULL,NULL,NULL,NULL),(287,130,'2018-11-11 22:57:09','0000-00-00 00:00:00',26,0,NULL,'shipping','lexeperm040488@gmail.com',NULL,NULL,NULL,NULL,NULL,NULL,NULL,NULL,NULL,NULL,NULL,NULL,NULL,NULL,1,0,NULL,NULL,0.0000,0.0000,0.0000,0.0000,0.0000,0.0000,0.0000,0.0000,0.0000,NULL,NULL,0.0000,0.0000,0.0000,0.0000,NULL,'N;',NULL,NULL,NULL,0.0000,NULL,0.0000,0.0000,0.0000,NULL,NULL,NULL,NULL,NULL,NULL,NULL,NULL,NULL,NULL),(288,131,'2018-11-14 10:38:00','0000-00-00 00:00:00',27,0,NULL,'billing','anabolik12345679@mail.ru',NULL,NULL,NULL,NULL,NULL,NULL,NULL,NULL,NULL,NULL,NULL,NULL,NULL,NULL,0,0,NULL,NULL,0.0000,0.0000,0.0000,0.0000,0.0000,0.0000,0.0000,0.0000,0.0000,NULL,NULL,0.0000,0.0000,0.0000,0.0000,NULL,'N;',NULL,NULL,NULL,0.0000,NULL,0.0000,0.0000,0.0000,NULL,NULL,NULL,NULL,NULL,NULL,NULL,NULL,NULL,NULL),(289,131,'2018-11-14 10:38:00','0000-00-00 00:00:00',27,0,NULL,'shipping','anabolik12345679@mail.ru',NULL,NULL,NULL,NULL,NULL,NULL,NULL,NULL,NULL,NULL,NULL,NULL,NULL,NULL,1,0,NULL,NULL,0.0000,0.0000,0.0000,0.0000,0.0000,0.0000,0.0000,0.0000,0.0000,NULL,NULL,0.0000,0.0000,0.0000,0.0000,NULL,'N;',NULL,NULL,NULL,0.0000,NULL,0.0000,0.0000,0.0000,NULL,NULL,NULL,NULL,NULL,NULL,NULL,NULL,NULL,NULL),(290,132,'2018-11-14 11:28:25','0000-00-00 00:00:00',28,0,NULL,'billing','belekmaa.mongush.81@mail.ru',NULL,NULL,NULL,NULL,NULL,NULL,NULL,NULL,NULL,NULL,NULL,NULL,NULL,NULL,0,0,NULL,NULL,0.0000,0.0000,0.0000,0.0000,0.0000,0.0000,0.0000,0.0000,0.0000,NULL,NULL,0.0000,0.0000,0.0000,0.0000,NULL,'N;',NULL,NULL,NULL,0.0000,NULL,0.0000,0.0000,0.0000,NULL,NULL,NULL,NULL,NULL,NULL,NULL,NULL,NULL,NULL),(291,132,'2018-11-14 11:28:25','0000-00-00 00:00:00',28,0,NULL,'shipping','belekmaa.mongush.81@mail.ru',NULL,NULL,NULL,NULL,NULL,NULL,NULL,NULL,NULL,NULL,NULL,NULL,NULL,NULL,1,0,NULL,NULL,0.0000,0.0000,0.0000,0.0000,0.0000,0.0000,0.0000,0.0000,0.0000,NULL,NULL,0.0000,0.0000,0.0000,0.0000,NULL,'N;',NULL,NULL,NULL,0.0000,NULL,0.0000,0.0000,0.0000,NULL,NULL,NULL,NULL,NULL,NULL,NULL,NULL,NULL,NULL),(292,133,'2018-11-16 22:43:38','0000-00-00 00:00:00',29,0,NULL,'billing','igracheova@mail.ru',NULL,NULL,NULL,NULL,NULL,NULL,NULL,NULL,NULL,NULL,NULL,NULL,NULL,NULL,0,0,NULL,NULL,0.0000,0.0000,0.0000,0.0000,0.0000,0.0000,0.0000,0.0000,0.0000,NULL,NULL,0.0000,0.0000,0.0000,0.0000,NULL,'N;',NULL,NULL,NULL,0.0000,NULL,0.0000,0.0000,0.0000,NULL,NULL,NULL,NULL,NULL,NULL,NULL,NULL,NULL,NULL),(293,133,'2018-11-16 22:43:38','0000-00-00 00:00:00',29,0,NULL,'shipping','igracheova@mail.ru',NULL,NULL,NULL,NULL,NULL,NULL,NULL,NULL,NULL,NULL,NULL,NULL,NULL,NULL,1,0,NULL,NULL,0.0000,0.0000,0.0000,0.0000,0.0000,0.0000,0.0000,0.0000,0.0000,NULL,NULL,0.0000,0.0000,0.0000,0.0000,NULL,'N;',NULL,NULL,NULL,0.0000,NULL,0.0000,0.0000,0.0000,NULL,NULL,NULL,NULL,NULL,NULL,NULL,NULL,NULL,NULL),(294,134,'2018-11-21 17:48:59','0000-00-00 00:00:00',NULL,0,NULL,'shipping',NULL,NULL,NULL,NULL,NULL,NULL,NULL,NULL,NULL,NULL,0,NULL,NULL,NULL,NULL,1,1,NULL,NULL,0.0000,0.0000,0.0000,0.0000,0.0000,0.0000,0.0000,0.0000,0.0000,NULL,NULL,0.0000,0.0000,0.0000,0.0000,NULL,'N;',NULL,NULL,NULL,0.0000,NULL,0.0000,0.0000,0.0000,NULL,NULL,NULL,NULL,NULL,NULL,NULL,NULL,NULL,NULL),(295,134,'2018-11-21 17:48:59','0000-00-00 00:00:00',NULL,0,NULL,'billing',NULL,NULL,NULL,NULL,NULL,NULL,NULL,NULL,NULL,NULL,NULL,NULL,NULL,NULL,NULL,0,0,NULL,NULL,0.0000,0.0000,0.0000,0.0000,0.0000,0.0000,0.0000,0.0000,0.0000,NULL,NULL,0.0000,0.0000,0.0000,0.0000,NULL,'N;',NULL,NULL,NULL,0.0000,NULL,0.0000,0.0000,0.0000,NULL,NULL,NULL,NULL,NULL,NULL,NULL,NULL,NULL,NULL),(296,135,'2018-12-17 00:13:13','0000-00-00 00:00:00',NULL,0,NULL,'shipping',NULL,NULL,NULL,NULL,NULL,NULL,NULL,NULL,NULL,NULL,0,NULL,NULL,NULL,NULL,1,1,NULL,NULL,0.0000,0.0000,0.0000,0.0000,0.0000,0.0000,0.0000,0.0000,0.0000,NULL,NULL,0.0000,0.0000,0.0000,0.0000,NULL,'N;',NULL,NULL,NULL,0.0000,NULL,0.0000,0.0000,0.0000,NULL,NULL,NULL,NULL,NULL,NULL,NULL,NULL,NULL,NULL),(297,135,'2018-12-17 00:13:13','0000-00-00 00:00:00',NULL,0,NULL,'billing',NULL,NULL,NULL,NULL,NULL,NULL,NULL,NULL,NULL,NULL,NULL,NULL,NULL,NULL,NULL,0,0,NULL,NULL,0.0000,0.0000,0.0000,0.0000,0.0000,0.0000,0.0000,0.0000,0.0000,NULL,NULL,0.0000,0.0000,0.0000,0.0000,NULL,'N;',NULL,NULL,NULL,0.0000,NULL,0.0000,0.0000,0.0000,NULL,NULL,NULL,NULL,NULL,NULL,NULL,NULL,NULL,NULL),(298,136,'2018-12-28 23:33:07','0000-00-00 00:00:00',30,0,NULL,'billing','rysz@mail.ru',NULL,NULL,NULL,NULL,NULL,NULL,NULL,NULL,NULL,NULL,NULL,NULL,NULL,NULL,0,0,NULL,NULL,0.0000,0.0000,0.0000,0.0000,0.0000,0.0000,0.0000,0.0000,0.0000,NULL,NULL,0.0000,0.0000,0.0000,0.0000,NULL,'N;',NULL,NULL,NULL,0.0000,NULL,0.0000,0.0000,0.0000,NULL,NULL,NULL,NULL,NULL,NULL,NULL,NULL,NULL,NULL),(299,136,'2018-12-28 23:33:07','0000-00-00 00:00:00',30,0,NULL,'shipping','rysz@mail.ru',NULL,NULL,NULL,NULL,NULL,NULL,NULL,NULL,NULL,NULL,NULL,NULL,NULL,NULL,1,0,NULL,NULL,0.0000,0.0000,0.0000,0.0000,0.0000,0.0000,0.0000,0.0000,0.0000,NULL,NULL,0.0000,0.0000,0.0000,0.0000,NULL,'N;',NULL,NULL,NULL,0.0000,NULL,0.0000,0.0000,0.0000,NULL,NULL,NULL,NULL,NULL,NULL,NULL,NULL,NULL,NULL),(300,137,'2018-12-28 23:38:48','0000-00-00 00:00:00',31,0,NULL,'billing','pandaprof@mail.ru',NULL,NULL,NULL,NULL,NULL,NULL,NULL,NULL,NULL,NULL,NULL,NULL,NULL,NULL,0,0,NULL,NULL,0.0000,0.0000,0.0000,0.0000,0.0000,0.0000,0.0000,0.0000,0.0000,NULL,NULL,0.0000,0.0000,0.0000,0.0000,NULL,'N;',NULL,NULL,NULL,0.0000,NULL,0.0000,0.0000,0.0000,NULL,NULL,NULL,NULL,NULL,NULL,NULL,NULL,NULL,NULL),(301,137,'2018-12-28 23:38:48','0000-00-00 00:00:00',31,0,NULL,'shipping','pandaprof@mail.ru',NULL,NULL,NULL,NULL,NULL,NULL,NULL,NULL,NULL,NULL,NULL,NULL,NULL,NULL,1,0,NULL,NULL,0.0000,0.0000,0.0000,0.0000,0.0000,0.0000,0.0000,0.0000,0.0000,NULL,NULL,0.0000,0.0000,0.0000,0.0000,NULL,'N;',NULL,NULL,NULL,0.0000,NULL,0.0000,0.0000,0.0000,NULL,NULL,NULL,NULL,NULL,NULL,NULL,NULL,NULL,NULL),(302,138,'2018-12-28 23:57:01','0000-00-00 00:00:00',32,0,NULL,'billing','sksanka@mail.ru',NULL,NULL,NULL,NULL,NULL,NULL,NULL,NULL,NULL,NULL,NULL,NULL,NULL,NULL,0,0,NULL,NULL,0.0000,0.0000,0.0000,0.0000,0.0000,0.0000,0.0000,0.0000,0.0000,NULL,NULL,0.0000,0.0000,0.0000,0.0000,NULL,'N;',NULL,NULL,NULL,0.0000,NULL,0.0000,0.0000,0.0000,NULL,NULL,NULL,NULL,NULL,NULL,NULL,NULL,NULL,NULL),(303,138,'2018-12-28 23:57:01','0000-00-00 00:00:00',32,0,NULL,'shipping','sksanka@mail.ru',NULL,NULL,NULL,NULL,NULL,NULL,NULL,NULL,NULL,NULL,NULL,NULL,NULL,NULL,1,0,NULL,NULL,0.0000,0.0000,0.0000,0.0000,0.0000,0.0000,0.0000,0.0000,0.0000,NULL,NULL,0.0000,0.0000,0.0000,0.0000,NULL,'N;',NULL,NULL,NULL,0.0000,NULL,0.0000,0.0000,0.0000,NULL,NULL,NULL,NULL,NULL,NULL,NULL,NULL,NULL,NULL),(304,139,'2018-12-29 00:01:24','0000-00-00 00:00:00',33,0,NULL,'billing','chertenka88@mail.ru',NULL,NULL,NULL,NULL,NULL,NULL,NULL,NULL,NULL,NULL,NULL,NULL,NULL,NULL,0,0,NULL,NULL,0.0000,0.0000,0.0000,0.0000,0.0000,0.0000,0.0000,0.0000,0.0000,NULL,NULL,0.0000,0.0000,0.0000,0.0000,NULL,'N;',NULL,NULL,NULL,0.0000,NULL,0.0000,0.0000,0.0000,NULL,NULL,NULL,NULL,NULL,NULL,NULL,NULL,NULL,NULL),(305,139,'2018-12-29 00:01:24','0000-00-00 00:00:00',33,0,NULL,'shipping','chertenka88@mail.ru',NULL,NULL,NULL,NULL,NULL,NULL,NULL,NULL,NULL,NULL,NULL,NULL,NULL,NULL,1,0,NULL,NULL,0.0000,0.0000,0.0000,0.0000,0.0000,0.0000,0.0000,0.0000,0.0000,NULL,NULL,0.0000,0.0000,0.0000,0.0000,NULL,'N;',NULL,NULL,NULL,0.0000,NULL,0.0000,0.0000,0.0000,NULL,NULL,NULL,NULL,NULL,NULL,NULL,NULL,NULL,NULL),(306,140,'2018-12-29 00:15:49','0000-00-00 00:00:00',34,0,NULL,'billing','goldvr@mail.ru',NULL,NULL,NULL,NULL,NULL,NULL,NULL,NULL,NULL,NULL,NULL,NULL,NULL,NULL,0,0,NULL,NULL,0.0000,0.0000,0.0000,0.0000,0.0000,0.0000,0.0000,0.0000,0.0000,NULL,NULL,0.0000,0.0000,0.0000,0.0000,NULL,'N;',NULL,NULL,NULL,0.0000,NULL,0.0000,0.0000,0.0000,NULL,NULL,NULL,NULL,NULL,NULL,NULL,NULL,NULL,NULL),(307,140,'2018-12-29 00:15:49','0000-00-00 00:00:00',34,0,NULL,'shipping','goldvr@mail.ru',NULL,NULL,NULL,NULL,NULL,NULL,NULL,NULL,NULL,NULL,NULL,NULL,NULL,NULL,1,0,NULL,NULL,0.0000,0.0000,0.0000,0.0000,0.0000,0.0000,0.0000,0.0000,0.0000,NULL,NULL,0.0000,0.0000,0.0000,0.0000,NULL,'N;',NULL,NULL,NULL,0.0000,NULL,0.0000,0.0000,0.0000,NULL,NULL,NULL,NULL,NULL,NULL,NULL,NULL,NULL,NULL),(308,141,'2018-12-29 00:45:46','0000-00-00 00:00:00',35,0,NULL,'billing','levi.74@mail.ru',NULL,NULL,NULL,NULL,NULL,NULL,NULL,NULL,NULL,NULL,NULL,NULL,NULL,NULL,0,0,NULL,NULL,0.0000,0.0000,0.0000,0.0000,0.0000,0.0000,0.0000,0.0000,0.0000,NULL,NULL,0.0000,0.0000,0.0000,0.0000,NULL,'N;',NULL,NULL,NULL,0.0000,NULL,0.0000,0.0000,0.0000,NULL,NULL,NULL,NULL,NULL,NULL,NULL,NULL,NULL,NULL),(309,141,'2018-12-29 00:45:46','0000-00-00 00:00:00',35,0,NULL,'shipping','levi.74@mail.ru',NULL,NULL,NULL,NULL,NULL,NULL,NULL,NULL,NULL,NULL,NULL,NULL,NULL,NULL,1,0,NULL,NULL,0.0000,0.0000,0.0000,0.0000,0.0000,0.0000,0.0000,0.0000,0.0000,NULL,NULL,0.0000,0.0000,0.0000,0.0000,NULL,'N;',NULL,NULL,NULL,0.0000,NULL,0.0000,0.0000,0.0000,NULL,NULL,NULL,NULL,NULL,NULL,NULL,NULL,NULL,NULL),(310,142,'2018-12-29 01:46:37','0000-00-00 00:00:00',36,0,NULL,'billing','dimka_frezer_cno@mail.ru',NULL,NULL,NULL,NULL,NULL,NULL,NULL,NULL,NULL,NULL,NULL,NULL,NULL,NULL,0,0,NULL,NULL,0.0000,0.0000,0.0000,0.0000,0.0000,0.0000,0.0000,0.0000,0.0000,NULL,NULL,0.0000,0.0000,0.0000,0.0000,NULL,'N;',NULL,NULL,NULL,0.0000,NULL,0.0000,0.0000,0.0000,NULL,NULL,NULL,NULL,NULL,NULL,NULL,NULL,NULL,NULL),(311,142,'2018-12-29 01:46:37','0000-00-00 00:00:00',36,0,NULL,'shipping','dimka_frezer_cno@mail.ru',NULL,NULL,NULL,NULL,NULL,NULL,NULL,NULL,NULL,NULL,NULL,NULL,NULL,NULL,1,0,NULL,NULL,0.0000,0.0000,0.0000,0.0000,0.0000,0.0000,0.0000,0.0000,0.0000,NULL,NULL,0.0000,0.0000,0.0000,0.0000,NULL,'N;',NULL,NULL,NULL,0.0000,NULL,0.0000,0.0000,0.0000,NULL,NULL,NULL,NULL,NULL,NULL,NULL,NULL,NULL,NULL),(312,143,'2018-12-29 02:30:06','0000-00-00 00:00:00',37,0,NULL,'billing','irunkavz@mail.ru',NULL,NULL,NULL,NULL,NULL,NULL,NULL,NULL,NULL,NULL,NULL,NULL,NULL,NULL,0,0,NULL,NULL,0.0000,0.0000,0.0000,0.0000,0.0000,0.0000,0.0000,0.0000,0.0000,NULL,NULL,0.0000,0.0000,0.0000,0.0000,NULL,'N;',NULL,NULL,NULL,0.0000,NULL,0.0000,0.0000,0.0000,NULL,NULL,NULL,NULL,NULL,NULL,NULL,NULL,NULL,NULL),(313,143,'2018-12-29 02:30:06','0000-00-00 00:00:00',37,0,NULL,'shipping','irunkavz@mail.ru',NULL,NULL,NULL,NULL,NULL,NULL,NULL,NULL,NULL,NULL,NULL,NULL,NULL,NULL,1,0,NULL,NULL,0.0000,0.0000,0.0000,0.0000,0.0000,0.0000,0.0000,0.0000,0.0000,NULL,NULL,0.0000,0.0000,0.0000,0.0000,NULL,'N;',NULL,NULL,NULL,0.0000,NULL,0.0000,0.0000,0.0000,NULL,NULL,NULL,NULL,NULL,NULL,NULL,NULL,NULL,NULL),(314,144,'2018-12-29 03:15:47','0000-00-00 00:00:00',38,0,NULL,'billing','avin1966@mail.ru',NULL,NULL,NULL,NULL,NULL,NULL,NULL,NULL,NULL,NULL,NULL,NULL,NULL,NULL,0,0,NULL,NULL,0.0000,0.0000,0.0000,0.0000,0.0000,0.0000,0.0000,0.0000,0.0000,NULL,NULL,0.0000,0.0000,0.0000,0.0000,NULL,'N;',NULL,NULL,NULL,0.0000,NULL,0.0000,0.0000,0.0000,NULL,NULL,NULL,NULL,NULL,NULL,NULL,NULL,NULL,NULL),(315,144,'2018-12-29 03:15:47','0000-00-00 00:00:00',38,0,NULL,'shipping','avin1966@mail.ru',NULL,NULL,NULL,NULL,NULL,NULL,NULL,NULL,NULL,NULL,NULL,NULL,NULL,NULL,1,0,NULL,NULL,0.0000,0.0000,0.0000,0.0000,0.0000,0.0000,0.0000,0.0000,0.0000,NULL,NULL,0.0000,0.0000,0.0000,0.0000,NULL,'N;',NULL,NULL,NULL,0.0000,NULL,0.0000,0.0000,0.0000,NULL,NULL,NULL,NULL,NULL,NULL,NULL,NULL,NULL,NULL),(316,145,'2018-12-29 03:42:44','0000-00-00 00:00:00',39,0,NULL,'billing','rizotti_209@mail.ru',NULL,NULL,NULL,NULL,NULL,NULL,NULL,NULL,NULL,NULL,NULL,NULL,NULL,NULL,0,0,NULL,NULL,0.0000,0.0000,0.0000,0.0000,0.0000,0.0000,0.0000,0.0000,0.0000,NULL,NULL,0.0000,0.0000,0.0000,0.0000,NULL,'N;',NULL,NULL,NULL,0.0000,NULL,0.0000,0.0000,0.0000,NULL,NULL,NULL,NULL,NULL,NULL,NULL,NULL,NULL,NULL),(317,145,'2018-12-29 03:42:44','0000-00-00 00:00:00',39,0,NULL,'shipping','rizotti_209@mail.ru',NULL,NULL,NULL,NULL,NULL,NULL,NULL,NULL,NULL,NULL,NULL,NULL,NULL,NULL,1,0,NULL,NULL,0.0000,0.0000,0.0000,0.0000,0.0000,0.0000,0.0000,0.0000,0.0000,NULL,NULL,0.0000,0.0000,0.0000,0.0000,NULL,'N;',NULL,NULL,NULL,0.0000,NULL,0.0000,0.0000,0.0000,NULL,NULL,NULL,NULL,NULL,NULL,NULL,NULL,NULL,NULL),(318,146,'2018-12-29 07:47:07','0000-00-00 00:00:00',40,0,NULL,'billing','rempipe@mail.ru',NULL,NULL,NULL,NULL,NULL,NULL,NULL,NULL,NULL,NULL,NULL,NULL,NULL,NULL,0,0,NULL,NULL,0.0000,0.0000,0.0000,0.0000,0.0000,0.0000,0.0000,0.0000,0.0000,NULL,NULL,0.0000,0.0000,0.0000,0.0000,NULL,'N;',NULL,NULL,NULL,0.0000,NULL,0.0000,0.0000,0.0000,NULL,NULL,NULL,NULL,NULL,NULL,NULL,NULL,NULL,NULL),(319,146,'2018-12-29 07:47:07','0000-00-00 00:00:00',40,0,NULL,'shipping','rempipe@mail.ru',NULL,NULL,NULL,NULL,NULL,NULL,NULL,NULL,NULL,NULL,NULL,NULL,NULL,NULL,1,0,NULL,NULL,0.0000,0.0000,0.0000,0.0000,0.0000,0.0000,0.0000,0.0000,0.0000,NULL,NULL,0.0000,0.0000,0.0000,0.0000,NULL,'N;',NULL,NULL,NULL,0.0000,NULL,0.0000,0.0000,0.0000,NULL,NULL,NULL,NULL,NULL,NULL,NULL,NULL,NULL,NULL),(320,147,'2018-12-29 08:45:50','0000-00-00 00:00:00',41,0,NULL,'billing','mds85@inbox.ru',NULL,NULL,NULL,NULL,NULL,NULL,NULL,NULL,NULL,NULL,NULL,NULL,NULL,NULL,0,0,NULL,NULL,0.0000,0.0000,0.0000,0.0000,0.0000,0.0000,0.0000,0.0000,0.0000,NULL,NULL,0.0000,0.0000,0.0000,0.0000,NULL,'N;',NULL,NULL,NULL,0.0000,NULL,0.0000,0.0000,0.0000,NULL,NULL,NULL,NULL,NULL,NULL,NULL,NULL,NULL,NULL),(321,147,'2018-12-29 08:45:50','0000-00-00 00:00:00',41,0,NULL,'shipping','mds85@inbox.ru',NULL,NULL,NULL,NULL,NULL,NULL,NULL,NULL,NULL,NULL,NULL,NULL,NULL,NULL,1,0,NULL,NULL,0.0000,0.0000,0.0000,0.0000,0.0000,0.0000,0.0000,0.0000,0.0000,NULL,NULL,0.0000,0.0000,0.0000,0.0000,NULL,'N;',NULL,NULL,NULL,0.0000,NULL,0.0000,0.0000,0.0000,NULL,NULL,NULL,NULL,NULL,NULL,NULL,NULL,NULL,NULL),(322,148,'2018-12-29 10:56:42','0000-00-00 00:00:00',42,0,NULL,'billing','sergeylazarev98@mail.ru',NULL,NULL,NULL,NULL,NULL,NULL,NULL,NULL,NULL,NULL,NULL,NULL,NULL,NULL,0,0,NULL,NULL,0.0000,0.0000,0.0000,0.0000,0.0000,0.0000,0.0000,0.0000,0.0000,NULL,NULL,0.0000,0.0000,0.0000,0.0000,NULL,'N;',NULL,NULL,NULL,0.0000,NULL,0.0000,0.0000,0.0000,NULL,NULL,NULL,NULL,NULL,NULL,NULL,NULL,NULL,NULL),(323,148,'2018-12-29 10:56:42','0000-00-00 00:00:00',42,0,NULL,'shipping','sergeylazarev98@mail.ru',NULL,NULL,NULL,NULL,NULL,NULL,NULL,NULL,NULL,NULL,NULL,NULL,NULL,NULL,1,0,NULL,NULL,0.0000,0.0000,0.0000,0.0000,0.0000,0.0000,0.0000,0.0000,0.0000,NULL,NULL,0.0000,0.0000,0.0000,0.0000,NULL,'N;',NULL,NULL,NULL,0.0000,NULL,0.0000,0.0000,0.0000,NULL,NULL,NULL,NULL,NULL,NULL,NULL,NULL,NULL,NULL),(324,149,'2018-12-29 12:35:23','0000-00-00 00:00:00',43,0,NULL,'billing','kanarkinal@mail.ru',NULL,NULL,NULL,NULL,NULL,NULL,NULL,NULL,NULL,NULL,NULL,NULL,NULL,NULL,0,0,NULL,NULL,0.0000,0.0000,0.0000,0.0000,0.0000,0.0000,0.0000,0.0000,0.0000,NULL,NULL,0.0000,0.0000,0.0000,0.0000,NULL,'N;',NULL,NULL,NULL,0.0000,NULL,0.0000,0.0000,0.0000,NULL,NULL,NULL,NULL,NULL,NULL,NULL,NULL,NULL,NULL),(325,149,'2018-12-29 12:35:23','0000-00-00 00:00:00',43,0,NULL,'shipping','kanarkinal@mail.ru',NULL,NULL,NULL,NULL,NULL,NULL,NULL,NULL,NULL,NULL,NULL,NULL,NULL,NULL,1,0,NULL,NULL,0.0000,0.0000,0.0000,0.0000,0.0000,0.0000,0.0000,0.0000,0.0000,NULL,NULL,0.0000,0.0000,0.0000,0.0000,NULL,'N;',NULL,NULL,NULL,0.0000,NULL,0.0000,0.0000,0.0000,NULL,NULL,NULL,NULL,NULL,NULL,NULL,NULL,NULL,NULL),(326,150,'2018-12-29 15:00:32','0000-00-00 00:00:00',44,0,NULL,'billing','grawer@list.ru',NULL,NULL,NULL,NULL,NULL,NULL,NULL,NULL,NULL,NULL,NULL,NULL,NULL,NULL,0,0,NULL,NULL,0.0000,0.0000,0.0000,0.0000,0.0000,0.0000,0.0000,0.0000,0.0000,NULL,NULL,0.0000,0.0000,0.0000,0.0000,NULL,'N;',NULL,NULL,NULL,0.0000,NULL,0.0000,0.0000,0.0000,NULL,NULL,NULL,NULL,NULL,NULL,NULL,NULL,NULL,NULL),(327,150,'2018-12-29 15:00:32','0000-00-00 00:00:00',44,0,NULL,'shipping','grawer@list.ru',NULL,NULL,NULL,NULL,NULL,NULL,NULL,NULL,NULL,NULL,NULL,NULL,NULL,NULL,1,0,NULL,NULL,0.0000,0.0000,0.0000,0.0000,0.0000,0.0000,0.0000,0.0000,0.0000,NULL,NULL,0.0000,0.0000,0.0000,0.0000,NULL,'N;',NULL,NULL,NULL,0.0000,NULL,0.0000,0.0000,0.0000,NULL,NULL,NULL,NULL,NULL,NULL,NULL,NULL,NULL,NULL),(328,151,'2018-12-29 15:56:10','0000-00-00 00:00:00',45,0,NULL,'billing','weron9379@mail.ru',NULL,NULL,NULL,NULL,NULL,NULL,NULL,NULL,NULL,NULL,NULL,NULL,NULL,NULL,0,0,NULL,NULL,0.0000,0.0000,0.0000,0.0000,0.0000,0.0000,0.0000,0.0000,0.0000,NULL,NULL,0.0000,0.0000,0.0000,0.0000,NULL,'N;',NULL,NULL,NULL,0.0000,NULL,0.0000,0.0000,0.0000,NULL,NULL,NULL,NULL,NULL,NULL,NULL,NULL,NULL,NULL),(329,151,'2018-12-29 15:56:10','0000-00-00 00:00:00',45,0,NULL,'shipping','weron9379@mail.ru',NULL,NULL,NULL,NULL,NULL,NULL,NULL,NULL,NULL,NULL,NULL,NULL,NULL,NULL,1,0,NULL,NULL,0.0000,0.0000,0.0000,0.0000,0.0000,0.0000,0.0000,0.0000,0.0000,NULL,NULL,0.0000,0.0000,0.0000,0.0000,NULL,'N;',NULL,NULL,NULL,0.0000,NULL,0.0000,0.0000,0.0000,NULL,NULL,NULL,NULL,NULL,NULL,NULL,NULL,NULL,NULL),(330,152,'2018-12-29 16:02:56','0000-00-00 00:00:00',46,0,NULL,'billing','ya.poto@yandex.ru',NULL,NULL,NULL,NULL,NULL,NULL,NULL,NULL,NULL,NULL,NULL,NULL,NULL,NULL,0,0,NULL,NULL,0.0000,0.0000,0.0000,0.0000,0.0000,0.0000,0.0000,0.0000,0.0000,NULL,NULL,0.0000,0.0000,0.0000,0.0000,NULL,'N;',NULL,NULL,NULL,0.0000,NULL,0.0000,0.0000,0.0000,NULL,NULL,NULL,NULL,NULL,NULL,NULL,NULL,NULL,NULL),(331,152,'2018-12-29 16:02:56','0000-00-00 00:00:00',46,0,NULL,'shipping','ya.poto@yandex.ru',NULL,NULL,NULL,NULL,NULL,NULL,NULL,NULL,NULL,NULL,NULL,NULL,NULL,NULL,1,0,NULL,NULL,0.0000,0.0000,0.0000,0.0000,0.0000,0.0000,0.0000,0.0000,0.0000,NULL,NULL,0.0000,0.0000,0.0000,0.0000,NULL,'N;',NULL,NULL,NULL,0.0000,NULL,0.0000,0.0000,0.0000,NULL,NULL,NULL,NULL,NULL,NULL,NULL,NULL,NULL,NULL),(332,153,'2018-12-29 16:08:40','0000-00-00 00:00:00',47,0,NULL,'billing','89504610833@mail.ru',NULL,NULL,NULL,NULL,NULL,NULL,NULL,NULL,NULL,NULL,NULL,NULL,NULL,NULL,0,0,NULL,NULL,0.0000,0.0000,0.0000,0.0000,0.0000,0.0000,0.0000,0.0000,0.0000,NULL,NULL,0.0000,0.0000,0.0000,0.0000,NULL,'N;',NULL,NULL,NULL,0.0000,NULL,0.0000,0.0000,0.0000,NULL,NULL,NULL,NULL,NULL,NULL,NULL,NULL,NULL,NULL),(333,153,'2018-12-29 16:08:40','0000-00-00 00:00:00',47,0,NULL,'shipping','89504610833@mail.ru',NULL,NULL,NULL,NULL,NULL,NULL,NULL,NULL,NULL,NULL,NULL,NULL,NULL,NULL,1,0,NULL,NULL,0.0000,0.0000,0.0000,0.0000,0.0000,0.0000,0.0000,0.0000,0.0000,NULL,NULL,0.0000,0.0000,0.0000,0.0000,NULL,'N;',NULL,NULL,NULL,0.0000,NULL,0.0000,0.0000,0.0000,NULL,NULL,NULL,NULL,NULL,NULL,NULL,NULL,NULL,NULL),(334,154,'2018-12-29 16:09:15','0000-00-00 00:00:00',48,0,NULL,'billing','aishulenka@mail.ru',NULL,NULL,NULL,NULL,NULL,NULL,NULL,NULL,NULL,NULL,NULL,NULL,NULL,NULL,0,0,NULL,NULL,0.0000,0.0000,0.0000,0.0000,0.0000,0.0000,0.0000,0.0000,0.0000,NULL,NULL,0.0000,0.0000,0.0000,0.0000,NULL,'N;',NULL,NULL,NULL,0.0000,NULL,0.0000,0.0000,0.0000,NULL,NULL,NULL,NULL,NULL,NULL,NULL,NULL,NULL,NULL),(335,154,'2018-12-29 16:09:15','0000-00-00 00:00:00',48,0,NULL,'shipping','aishulenka@mail.ru',NULL,NULL,NULL,NULL,NULL,NULL,NULL,NULL,NULL,NULL,NULL,NULL,NULL,NULL,1,0,NULL,NULL,0.0000,0.0000,0.0000,0.0000,0.0000,0.0000,0.0000,0.0000,0.0000,NULL,NULL,0.0000,0.0000,0.0000,0.0000,NULL,'N;',NULL,NULL,NULL,0.0000,NULL,0.0000,0.0000,0.0000,NULL,NULL,NULL,NULL,NULL,NULL,NULL,NULL,NULL,NULL),(336,155,'2018-12-29 16:26:10','0000-00-00 00:00:00',49,0,NULL,'billing','step.egorow@yandex.ru',NULL,NULL,NULL,NULL,NULL,NULL,NULL,NULL,NULL,NULL,NULL,NULL,NULL,NULL,0,0,NULL,NULL,0.0000,0.0000,0.0000,0.0000,0.0000,0.0000,0.0000,0.0000,0.0000,NULL,NULL,0.0000,0.0000,0.0000,0.0000,NULL,'N;',NULL,NULL,NULL,0.0000,NULL,0.0000,0.0000,0.0000,NULL,NULL,NULL,NULL,NULL,NULL,NULL,NULL,NULL,NULL),(337,155,'2018-12-29 16:26:10','0000-00-00 00:00:00',49,0,NULL,'shipping','step.egorow@yandex.ru',NULL,NULL,NULL,NULL,NULL,NULL,NULL,NULL,NULL,NULL,NULL,NULL,NULL,NULL,1,0,NULL,NULL,0.0000,0.0000,0.0000,0.0000,0.0000,0.0000,0.0000,0.0000,0.0000,NULL,NULL,0.0000,0.0000,0.0000,0.0000,NULL,'N;',NULL,NULL,NULL,0.0000,NULL,0.0000,0.0000,0.0000,NULL,NULL,NULL,NULL,NULL,NULL,NULL,NULL,NULL,NULL),(338,156,'2018-12-29 16:35:18','0000-00-00 00:00:00',50,0,NULL,'billing','tanya__lebedeva@mail.ru',NULL,NULL,NULL,NULL,NULL,NULL,NULL,NULL,NULL,NULL,NULL,NULL,NULL,NULL,0,0,NULL,NULL,0.0000,0.0000,0.0000,0.0000,0.0000,0.0000,0.0000,0.0000,0.0000,NULL,NULL,0.0000,0.0000,0.0000,0.0000,NULL,'N;',NULL,NULL,NULL,0.0000,NULL,0.0000,0.0000,0.0000,NULL,NULL,NULL,NULL,NULL,NULL,NULL,NULL,NULL,NULL),(339,156,'2018-12-29 16:35:18','0000-00-00 00:00:00',50,0,NULL,'shipping','tanya__lebedeva@mail.ru',NULL,NULL,NULL,NULL,NULL,NULL,NULL,NULL,NULL,NULL,NULL,NULL,NULL,NULL,1,0,NULL,NULL,0.0000,0.0000,0.0000,0.0000,0.0000,0.0000,0.0000,0.0000,0.0000,NULL,NULL,0.0000,0.0000,0.0000,0.0000,NULL,'N;',NULL,NULL,NULL,0.0000,NULL,0.0000,0.0000,0.0000,NULL,NULL,NULL,NULL,NULL,NULL,NULL,NULL,NULL,NULL),(340,157,'2018-12-29 16:40:25','0000-00-00 00:00:00',51,0,NULL,'billing','aiza_96_engel@mail.ru',NULL,NULL,NULL,NULL,NULL,NULL,NULL,NULL,NULL,NULL,NULL,NULL,NULL,NULL,0,0,NULL,NULL,0.0000,0.0000,0.0000,0.0000,0.0000,0.0000,0.0000,0.0000,0.0000,NULL,NULL,0.0000,0.0000,0.0000,0.0000,NULL,'N;',NULL,NULL,NULL,0.0000,NULL,0.0000,0.0000,0.0000,NULL,NULL,NULL,NULL,NULL,NULL,NULL,NULL,NULL,NULL),(341,157,'2018-12-29 16:40:25','0000-00-00 00:00:00',51,0,NULL,'shipping','aiza_96_engel@mail.ru',NULL,NULL,NULL,NULL,NULL,NULL,NULL,NULL,NULL,NULL,NULL,NULL,NULL,NULL,1,0,NULL,NULL,0.0000,0.0000,0.0000,0.0000,0.0000,0.0000,0.0000,0.0000,0.0000,NULL,NULL,0.0000,0.0000,0.0000,0.0000,NULL,'N;',NULL,NULL,NULL,0.0000,NULL,0.0000,0.0000,0.0000,NULL,NULL,NULL,NULL,NULL,NULL,NULL,NULL,NULL,NULL),(342,158,'2018-12-29 17:02:23','0000-00-00 00:00:00',52,0,NULL,'billing','any-likhodeeva@yandex.ru',NULL,NULL,NULL,NULL,NULL,NULL,NULL,NULL,NULL,NULL,NULL,NULL,NULL,NULL,0,0,NULL,NULL,0.0000,0.0000,0.0000,0.0000,0.0000,0.0000,0.0000,0.0000,0.0000,NULL,NULL,0.0000,0.0000,0.0000,0.0000,NULL,'N;',NULL,NULL,NULL,0.0000,NULL,0.0000,0.0000,0.0000,NULL,NULL,NULL,NULL,NULL,NULL,NULL,NULL,NULL,NULL),(343,158,'2018-12-29 17:02:23','0000-00-00 00:00:00',52,0,NULL,'shipping','any-likhodeeva@yandex.ru',NULL,NULL,NULL,NULL,NULL,NULL,NULL,NULL,NULL,NULL,NULL,NULL,NULL,NULL,1,0,NULL,NULL,0.0000,0.0000,0.0000,0.0000,0.0000,0.0000,0.0000,0.0000,0.0000,NULL,NULL,0.0000,0.0000,0.0000,0.0000,NULL,'N;',NULL,NULL,NULL,0.0000,NULL,0.0000,0.0000,0.0000,NULL,NULL,NULL,NULL,NULL,NULL,NULL,NULL,NULL,NULL),(344,159,'2018-12-29 17:19:01','0000-00-00 00:00:00',53,0,NULL,'billing','jedy82@mail.ru',NULL,NULL,NULL,NULL,NULL,NULL,NULL,NULL,NULL,NULL,NULL,NULL,NULL,NULL,0,0,NULL,NULL,0.0000,0.0000,0.0000,0.0000,0.0000,0.0000,0.0000,0.0000,0.0000,NULL,NULL,0.0000,0.0000,0.0000,0.0000,NULL,'N;',NULL,NULL,NULL,0.0000,NULL,0.0000,0.0000,0.0000,NULL,NULL,NULL,NULL,NULL,NULL,NULL,NULL,NULL,NULL),(345,159,'2018-12-29 17:19:01','0000-00-00 00:00:00',53,0,NULL,'shipping','jedy82@mail.ru',NULL,NULL,NULL,NULL,NULL,NULL,NULL,NULL,NULL,NULL,NULL,NULL,NULL,NULL,1,0,NULL,NULL,0.0000,0.0000,0.0000,0.0000,0.0000,0.0000,0.0000,0.0000,0.0000,NULL,NULL,0.0000,0.0000,0.0000,0.0000,NULL,'N;',NULL,NULL,NULL,0.0000,NULL,0.0000,0.0000,0.0000,NULL,NULL,NULL,NULL,NULL,NULL,NULL,NULL,NULL,NULL),(346,160,'2018-12-29 17:32:31','0000-00-00 00:00:00',54,0,NULL,'billing','marinkka09@mail.ru',NULL,NULL,NULL,NULL,NULL,NULL,NULL,NULL,NULL,NULL,NULL,NULL,NULL,NULL,0,0,NULL,NULL,0.0000,0.0000,0.0000,0.0000,0.0000,0.0000,0.0000,0.0000,0.0000,NULL,NULL,0.0000,0.0000,0.0000,0.0000,NULL,'N;',NULL,NULL,NULL,0.0000,NULL,0.0000,0.0000,0.0000,NULL,NULL,NULL,NULL,NULL,NULL,NULL,NULL,NULL,NULL),(347,160,'2018-12-29 17:32:31','0000-00-00 00:00:00',54,0,NULL,'shipping','marinkka09@mail.ru',NULL,NULL,NULL,NULL,NULL,NULL,NULL,NULL,NULL,NULL,NULL,NULL,NULL,NULL,1,0,NULL,NULL,0.0000,0.0000,0.0000,0.0000,0.0000,0.0000,0.0000,0.0000,0.0000,NULL,NULL,0.0000,0.0000,0.0000,0.0000,NULL,'N;',NULL,NULL,NULL,0.0000,NULL,0.0000,0.0000,0.0000,NULL,NULL,NULL,NULL,NULL,NULL,NULL,NULL,NULL,NULL),(348,161,'2018-12-29 17:39:41','0000-00-00 00:00:00',55,0,NULL,'billing','marichka.78@bk.ru',NULL,NULL,NULL,NULL,NULL,NULL,NULL,NULL,NULL,NULL,NULL,NULL,NULL,NULL,0,0,NULL,NULL,0.0000,0.0000,0.0000,0.0000,0.0000,0.0000,0.0000,0.0000,0.0000,NULL,NULL,0.0000,0.0000,0.0000,0.0000,NULL,'N;',NULL,NULL,NULL,0.0000,NULL,0.0000,0.0000,0.0000,NULL,NULL,NULL,NULL,NULL,NULL,NULL,NULL,NULL,NULL),(349,161,'2018-12-29 17:39:41','0000-00-00 00:00:00',55,0,NULL,'shipping','marichka.78@bk.ru',NULL,NULL,NULL,NULL,NULL,NULL,NULL,NULL,NULL,NULL,NULL,NULL,NULL,NULL,1,0,NULL,NULL,0.0000,0.0000,0.0000,0.0000,0.0000,0.0000,0.0000,0.0000,0.0000,NULL,NULL,0.0000,0.0000,0.0000,0.0000,NULL,'N;',NULL,NULL,NULL,0.0000,NULL,0.0000,0.0000,0.0000,NULL,NULL,NULL,NULL,NULL,NULL,NULL,NULL,NULL,NULL),(350,162,'2018-12-30 01:48:23','0000-00-00 00:00:00',56,0,NULL,'billing','fominasasa01@gmail.com',NULL,NULL,NULL,NULL,NULL,NULL,NULL,NULL,NULL,NULL,NULL,NULL,NULL,NULL,0,0,NULL,NULL,0.0000,0.0000,0.0000,0.0000,0.0000,0.0000,0.0000,0.0000,0.0000,NULL,NULL,0.0000,0.0000,0.0000,0.0000,NULL,'N;',NULL,NULL,NULL,0.0000,NULL,0.0000,0.0000,0.0000,NULL,NULL,NULL,NULL,NULL,NULL,NULL,NULL,NULL,NULL),(351,162,'2018-12-30 01:48:23','0000-00-00 00:00:00',56,0,NULL,'shipping','fominasasa01@gmail.com',NULL,NULL,NULL,NULL,NULL,NULL,NULL,NULL,NULL,NULL,NULL,NULL,NULL,NULL,1,0,NULL,NULL,0.0000,0.0000,0.0000,0.0000,0.0000,0.0000,0.0000,0.0000,0.0000,NULL,NULL,0.0000,0.0000,0.0000,0.0000,NULL,'N;',NULL,NULL,NULL,0.0000,NULL,0.0000,0.0000,0.0000,NULL,NULL,NULL,NULL,NULL,NULL,NULL,NULL,NULL,NULL),(352,163,'2018-12-30 03:54:47','0000-00-00 00:00:00',57,0,NULL,'billing','sega21103m@yandex.ru',NULL,NULL,NULL,NULL,NULL,NULL,NULL,NULL,NULL,NULL,NULL,NULL,NULL,NULL,0,0,NULL,NULL,0.0000,0.0000,0.0000,0.0000,0.0000,0.0000,0.0000,0.0000,0.0000,NULL,NULL,0.0000,0.0000,0.0000,0.0000,NULL,'N;',NULL,NULL,NULL,0.0000,NULL,0.0000,0.0000,0.0000,NULL,NULL,NULL,NULL,NULL,NULL,NULL,NULL,NULL,NULL),(353,163,'2018-12-30 03:54:47','0000-00-00 00:00:00',57,0,NULL,'shipping','sega21103m@yandex.ru',NULL,NULL,NULL,NULL,NULL,NULL,NULL,NULL,NULL,NULL,NULL,NULL,NULL,NULL,1,0,NULL,NULL,0.0000,0.0000,0.0000,0.0000,0.0000,0.0000,0.0000,0.0000,0.0000,NULL,NULL,0.0000,0.0000,0.0000,0.0000,NULL,'N;',NULL,NULL,NULL,0.0000,NULL,0.0000,0.0000,0.0000,NULL,NULL,NULL,NULL,NULL,NULL,NULL,NULL,NULL,NULL),(354,164,'2018-12-30 03:56:45','0000-00-00 00:00:00',58,0,NULL,'billing','anastasia.gas@mail.ru',NULL,NULL,NULL,NULL,NULL,NULL,NULL,NULL,NULL,NULL,NULL,NULL,NULL,NULL,0,0,NULL,NULL,0.0000,0.0000,0.0000,0.0000,0.0000,0.0000,0.0000,0.0000,0.0000,NULL,NULL,0.0000,0.0000,0.0000,0.0000,NULL,'N;',NULL,NULL,NULL,0.0000,NULL,0.0000,0.0000,0.0000,NULL,NULL,NULL,NULL,NULL,NULL,NULL,NULL,NULL,NULL),(355,164,'2018-12-30 03:56:45','0000-00-00 00:00:00',58,0,NULL,'shipping','anastasia.gas@mail.ru',NULL,NULL,NULL,NULL,NULL,NULL,NULL,NULL,NULL,NULL,NULL,NULL,NULL,NULL,1,0,NULL,NULL,0.0000,0.0000,0.0000,0.0000,0.0000,0.0000,0.0000,0.0000,0.0000,NULL,NULL,0.0000,0.0000,0.0000,0.0000,NULL,'N;',NULL,NULL,NULL,0.0000,NULL,0.0000,0.0000,0.0000,NULL,NULL,NULL,NULL,NULL,NULL,NULL,NULL,NULL,NULL),(356,165,'2018-12-30 06:19:23','0000-00-00 00:00:00',59,0,NULL,'billing','svetlana-grineva@mail.ru',NULL,NULL,NULL,NULL,NULL,NULL,NULL,NULL,NULL,NULL,NULL,NULL,NULL,NULL,0,0,NULL,NULL,0.0000,0.0000,0.0000,0.0000,0.0000,0.0000,0.0000,0.0000,0.0000,NULL,NULL,0.0000,0.0000,0.0000,0.0000,NULL,'N;',NULL,NULL,NULL,0.0000,NULL,0.0000,0.0000,0.0000,NULL,NULL,NULL,NULL,NULL,NULL,NULL,NULL,NULL,NULL),(357,165,'2018-12-30 06:19:23','0000-00-00 00:00:00',59,0,NULL,'shipping','svetlana-grineva@mail.ru',NULL,NULL,NULL,NULL,NULL,NULL,NULL,NULL,NULL,NULL,NULL,NULL,NULL,NULL,1,0,NULL,NULL,0.0000,0.0000,0.0000,0.0000,0.0000,0.0000,0.0000,0.0000,0.0000,NULL,NULL,0.0000,0.0000,0.0000,0.0000,NULL,'N;',NULL,NULL,NULL,0.0000,NULL,0.0000,0.0000,0.0000,NULL,NULL,NULL,NULL,NULL,NULL,NULL,NULL,NULL,NULL),(358,166,'2018-12-30 08:18:20','0000-00-00 00:00:00',60,0,NULL,'billing','dolgikhkristina1992@mail.ru',NULL,NULL,NULL,NULL,NULL,NULL,NULL,NULL,NULL,NULL,NULL,NULL,NULL,NULL,0,0,NULL,NULL,0.0000,0.0000,0.0000,0.0000,0.0000,0.0000,0.0000,0.0000,0.0000,NULL,NULL,0.0000,0.0000,0.0000,0.0000,NULL,'N;',NULL,NULL,NULL,0.0000,NULL,0.0000,0.0000,0.0000,NULL,NULL,NULL,NULL,NULL,NULL,NULL,NULL,NULL,NULL),(359,166,'2018-12-30 08:18:20','0000-00-00 00:00:00',60,0,NULL,'shipping','dolgikhkristina1992@mail.ru',NULL,NULL,NULL,NULL,NULL,NULL,NULL,NULL,NULL,NULL,NULL,NULL,NULL,NULL,1,0,NULL,NULL,0.0000,0.0000,0.0000,0.0000,0.0000,0.0000,0.0000,0.0000,0.0000,NULL,NULL,0.0000,0.0000,0.0000,0.0000,NULL,'N;',NULL,NULL,NULL,0.0000,NULL,0.0000,0.0000,0.0000,NULL,NULL,NULL,NULL,NULL,NULL,NULL,NULL,NULL,NULL),(360,167,'2018-12-30 12:46:29','0000-00-00 00:00:00',61,0,NULL,'billing','karashash_93.93@mail.ru',NULL,NULL,NULL,NULL,NULL,NULL,NULL,NULL,NULL,NULL,NULL,NULL,NULL,NULL,0,0,NULL,NULL,0.0000,0.0000,0.0000,0.0000,0.0000,0.0000,0.0000,0.0000,0.0000,NULL,NULL,0.0000,0.0000,0.0000,0.0000,NULL,'N;',NULL,NULL,NULL,0.0000,NULL,0.0000,0.0000,0.0000,NULL,NULL,NULL,NULL,NULL,NULL,NULL,NULL,NULL,NULL),(361,167,'2018-12-30 12:46:29','0000-00-00 00:00:00',61,0,NULL,'shipping','karashash_93.93@mail.ru',NULL,NULL,NULL,NULL,NULL,NULL,NULL,NULL,NULL,NULL,NULL,NULL,NULL,NULL,1,0,NULL,NULL,0.0000,0.0000,0.0000,0.0000,0.0000,0.0000,0.0000,0.0000,0.0000,NULL,NULL,0.0000,0.0000,0.0000,0.0000,NULL,'N;',NULL,NULL,NULL,0.0000,NULL,0.0000,0.0000,0.0000,NULL,NULL,NULL,NULL,NULL,NULL,NULL,NULL,NULL,NULL),(362,168,'2018-12-30 12:56:23','0000-00-00 00:00:00',62,0,NULL,'billing','yurii1181@mail.ru',NULL,NULL,NULL,NULL,NULL,NULL,NULL,NULL,NULL,NULL,NULL,NULL,NULL,NULL,0,0,NULL,NULL,0.0000,0.0000,0.0000,0.0000,0.0000,0.0000,0.0000,0.0000,0.0000,NULL,NULL,0.0000,0.0000,0.0000,0.0000,NULL,'N;',NULL,NULL,NULL,0.0000,NULL,0.0000,0.0000,0.0000,NULL,NULL,NULL,NULL,NULL,NULL,NULL,NULL,NULL,NULL),(363,168,'2018-12-30 12:56:23','0000-00-00 00:00:00',62,0,NULL,'shipping','yurii1181@mail.ru',NULL,NULL,NULL,NULL,NULL,NULL,NULL,NULL,NULL,NULL,NULL,NULL,NULL,NULL,1,0,NULL,NULL,0.0000,0.0000,0.0000,0.0000,0.0000,0.0000,0.0000,0.0000,0.0000,NULL,NULL,0.0000,0.0000,0.0000,0.0000,NULL,'N;',NULL,NULL,NULL,0.0000,NULL,0.0000,0.0000,0.0000,NULL,NULL,NULL,NULL,NULL,NULL,NULL,NULL,NULL,NULL),(364,169,'2018-12-30 19:02:24','0000-00-00 00:00:00',63,0,NULL,'billing','kulchiskaya@mail.ru',NULL,NULL,NULL,NULL,NULL,NULL,NULL,NULL,NULL,NULL,NULL,NULL,NULL,NULL,0,0,NULL,NULL,0.0000,0.0000,0.0000,0.0000,0.0000,0.0000,0.0000,0.0000,0.0000,NULL,NULL,0.0000,0.0000,0.0000,0.0000,NULL,'N;',NULL,NULL,NULL,0.0000,NULL,0.0000,0.0000,0.0000,NULL,NULL,NULL,NULL,NULL,NULL,NULL,NULL,NULL,NULL),(365,169,'2018-12-30 19:02:24','0000-00-00 00:00:00',63,0,NULL,'shipping','kulchiskaya@mail.ru',NULL,NULL,NULL,NULL,NULL,NULL,NULL,NULL,NULL,NULL,NULL,NULL,NULL,NULL,1,0,NULL,NULL,0.0000,0.0000,0.0000,0.0000,0.0000,0.0000,0.0000,0.0000,0.0000,NULL,NULL,0.0000,0.0000,0.0000,0.0000,NULL,'N;',NULL,NULL,NULL,0.0000,NULL,0.0000,0.0000,0.0000,NULL,NULL,NULL,NULL,NULL,NULL,NULL,NULL,NULL,NULL),(366,170,'2018-12-30 19:08:00','0000-00-00 00:00:00',64,0,NULL,'billing','torebek.suleimenov.01@bk.ru',NULL,NULL,NULL,NULL,NULL,NULL,NULL,NULL,NULL,NULL,NULL,NULL,NULL,NULL,0,0,NULL,NULL,0.0000,0.0000,0.0000,0.0000,0.0000,0.0000,0.0000,0.0000,0.0000,NULL,NULL,0.0000,0.0000,0.0000,0.0000,NULL,'N;',NULL,NULL,NULL,0.0000,NULL,0.0000,0.0000,0.0000,NULL,NULL,NULL,NULL,NULL,NULL,NULL,NULL,NULL,NULL),(367,170,'2018-12-30 19:08:00','0000-00-00 00:00:00',64,0,NULL,'shipping','torebek.suleimenov.01@bk.ru',NULL,NULL,NULL,NULL,NULL,NULL,NULL,NULL,NULL,NULL,NULL,NULL,NULL,NULL,1,0,NULL,NULL,0.0000,0.0000,0.0000,0.0000,0.0000,0.0000,0.0000,0.0000,0.0000,NULL,NULL,0.0000,0.0000,0.0000,0.0000,NULL,'N;',NULL,NULL,NULL,0.0000,NULL,0.0000,0.0000,0.0000,NULL,NULL,NULL,NULL,NULL,NULL,NULL,NULL,NULL,NULL),(368,171,'2018-12-30 19:59:11','0000-00-00 00:00:00',65,0,NULL,'billing','svetaablogei@mail.ru',NULL,NULL,NULL,NULL,NULL,NULL,NULL,NULL,NULL,NULL,NULL,NULL,NULL,NULL,0,0,NULL,NULL,0.0000,0.0000,0.0000,0.0000,0.0000,0.0000,0.0000,0.0000,0.0000,NULL,NULL,0.0000,0.0000,0.0000,0.0000,NULL,'N;',NULL,NULL,NULL,0.0000,NULL,0.0000,0.0000,0.0000,NULL,NULL,NULL,NULL,NULL,NULL,NULL,NULL,NULL,NULL),(369,171,'2018-12-30 19:59:11','0000-00-00 00:00:00',65,0,NULL,'shipping','svetaablogei@mail.ru',NULL,NULL,NULL,NULL,NULL,NULL,NULL,NULL,NULL,NULL,NULL,NULL,NULL,NULL,1,0,NULL,NULL,0.0000,0.0000,0.0000,0.0000,0.0000,0.0000,0.0000,0.0000,0.0000,NULL,NULL,0.0000,0.0000,0.0000,0.0000,NULL,'N;',NULL,NULL,NULL,0.0000,NULL,0.0000,0.0000,0.0000,NULL,NULL,NULL,NULL,NULL,NULL,NULL,NULL,NULL,NULL),(370,172,'2018-12-30 20:16:35','0000-00-00 00:00:00',66,0,NULL,'billing','keth.sc@gmail.com',NULL,NULL,NULL,NULL,NULL,NULL,NULL,NULL,NULL,NULL,NULL,NULL,NULL,NULL,0,0,NULL,NULL,0.0000,0.0000,0.0000,0.0000,0.0000,0.0000,0.0000,0.0000,0.0000,NULL,NULL,0.0000,0.0000,0.0000,0.0000,NULL,'N;',NULL,NULL,NULL,0.0000,NULL,0.0000,0.0000,0.0000,NULL,NULL,NULL,NULL,NULL,NULL,NULL,NULL,NULL,NULL),(371,172,'2018-12-30 20:16:35','0000-00-00 00:00:00',66,0,NULL,'shipping','keth.sc@gmail.com',NULL,NULL,NULL,NULL,NULL,NULL,NULL,NULL,NULL,NULL,NULL,NULL,NULL,NULL,1,0,NULL,NULL,0.0000,0.0000,0.0000,0.0000,0.0000,0.0000,0.0000,0.0000,0.0000,NULL,NULL,0.0000,0.0000,0.0000,0.0000,NULL,'N;',NULL,NULL,NULL,0.0000,NULL,0.0000,0.0000,0.0000,NULL,NULL,NULL,NULL,NULL,NULL,NULL,NULL,NULL,NULL),(372,173,'2018-12-30 21:06:42','0000-00-00 00:00:00',67,0,NULL,'billing','art_sta@mail.ru',NULL,NULL,NULL,NULL,NULL,NULL,NULL,NULL,NULL,NULL,NULL,NULL,NULL,NULL,0,0,NULL,NULL,0.0000,0.0000,0.0000,0.0000,0.0000,0.0000,0.0000,0.0000,0.0000,NULL,NULL,0.0000,0.0000,0.0000,0.0000,NULL,'N;',NULL,NULL,NULL,0.0000,NULL,0.0000,0.0000,0.0000,NULL,NULL,NULL,NULL,NULL,NULL,NULL,NULL,NULL,NULL),(373,173,'2018-12-30 21:06:42','0000-00-00 00:00:00',67,0,NULL,'shipping','art_sta@mail.ru',NULL,NULL,NULL,NULL,NULL,NULL,NULL,NULL,NULL,NULL,NULL,NULL,NULL,NULL,1,0,NULL,NULL,0.0000,0.0000,0.0000,0.0000,0.0000,0.0000,0.0000,0.0000,0.0000,NULL,NULL,0.0000,0.0000,0.0000,0.0000,NULL,'N;',NULL,NULL,NULL,0.0000,NULL,0.0000,0.0000,0.0000,NULL,NULL,NULL,NULL,NULL,NULL,NULL,NULL,NULL,NULL),(374,174,'2018-12-30 21:10:26','0000-00-00 00:00:00',68,0,NULL,'billing','m0460228@gmail.com',NULL,NULL,NULL,NULL,NULL,NULL,NULL,NULL,NULL,NULL,NULL,NULL,NULL,NULL,0,0,NULL,NULL,0.0000,0.0000,0.0000,0.0000,0.0000,0.0000,0.0000,0.0000,0.0000,NULL,NULL,0.0000,0.0000,0.0000,0.0000,NULL,'N;',NULL,NULL,NULL,0.0000,NULL,0.0000,0.0000,0.0000,NULL,NULL,NULL,NULL,NULL,NULL,NULL,NULL,NULL,NULL),(375,174,'2018-12-30 21:10:26','0000-00-00 00:00:00',68,0,NULL,'shipping','m0460228@gmail.com',NULL,NULL,NULL,NULL,NULL,NULL,NULL,NULL,NULL,NULL,NULL,NULL,NULL,NULL,1,0,NULL,NULL,0.0000,0.0000,0.0000,0.0000,0.0000,0.0000,0.0000,0.0000,0.0000,NULL,NULL,0.0000,0.0000,0.0000,0.0000,NULL,'N;',NULL,NULL,NULL,0.0000,NULL,0.0000,0.0000,0.0000,NULL,NULL,NULL,NULL,NULL,NULL,NULL,NULL,NULL,NULL),(376,175,'2018-12-30 21:16:10','0000-00-00 00:00:00',69,0,NULL,'billing','zaikinaanna@gmail.com',NULL,NULL,NULL,NULL,NULL,NULL,NULL,NULL,NULL,NULL,NULL,NULL,NULL,NULL,0,0,NULL,NULL,0.0000,0.0000,0.0000,0.0000,0.0000,0.0000,0.0000,0.0000,0.0000,NULL,NULL,0.0000,0.0000,0.0000,0.0000,NULL,'N;',NULL,NULL,NULL,0.0000,NULL,0.0000,0.0000,0.0000,NULL,NULL,NULL,NULL,NULL,NULL,NULL,NULL,NULL,NULL),(377,175,'2018-12-30 21:16:10','0000-00-00 00:00:00',69,0,NULL,'shipping','zaikinaanna@gmail.com',NULL,NULL,NULL,NULL,NULL,NULL,NULL,NULL,NULL,NULL,NULL,NULL,NULL,NULL,1,0,NULL,NULL,0.0000,0.0000,0.0000,0.0000,0.0000,0.0000,0.0000,0.0000,0.0000,NULL,NULL,0.0000,0.0000,0.0000,0.0000,NULL,'N;',NULL,NULL,NULL,0.0000,NULL,0.0000,0.0000,0.0000,NULL,NULL,NULL,NULL,NULL,NULL,NULL,NULL,NULL,NULL),(378,176,'2018-12-30 21:20:48','0000-00-00 00:00:00',70,0,NULL,'billing','gabaeva97@inbox.ru',NULL,NULL,NULL,NULL,NULL,NULL,NULL,NULL,NULL,NULL,NULL,NULL,NULL,NULL,0,0,NULL,NULL,0.0000,0.0000,0.0000,0.0000,0.0000,0.0000,0.0000,0.0000,0.0000,NULL,NULL,0.0000,0.0000,0.0000,0.0000,NULL,'N;',NULL,NULL,NULL,0.0000,NULL,0.0000,0.0000,0.0000,NULL,NULL,NULL,NULL,NULL,NULL,NULL,NULL,NULL,NULL),(379,176,'2018-12-30 21:20:48','0000-00-00 00:00:00',70,0,NULL,'shipping','gabaeva97@inbox.ru',NULL,NULL,NULL,NULL,NULL,NULL,NULL,NULL,NULL,NULL,NULL,NULL,NULL,NULL,1,0,NULL,NULL,0.0000,0.0000,0.0000,0.0000,0.0000,0.0000,0.0000,0.0000,0.0000,NULL,NULL,0.0000,0.0000,0.0000,0.0000,NULL,'N;',NULL,NULL,NULL,0.0000,NULL,0.0000,0.0000,0.0000,NULL,NULL,NULL,NULL,NULL,NULL,NULL,NULL,NULL,NULL),(380,177,'2018-12-30 21:25:02','0000-00-00 00:00:00',71,0,NULL,'billing','ulius1988@mail.ru',NULL,NULL,NULL,NULL,NULL,NULL,NULL,NULL,NULL,NULL,NULL,NULL,NULL,NULL,0,0,NULL,NULL,0.0000,0.0000,0.0000,0.0000,0.0000,0.0000,0.0000,0.0000,0.0000,NULL,NULL,0.0000,0.0000,0.0000,0.0000,NULL,'N;',NULL,NULL,NULL,0.0000,NULL,0.0000,0.0000,0.0000,NULL,NULL,NULL,NULL,NULL,NULL,NULL,NULL,NULL,NULL),(381,177,'2018-12-30 21:25:02','0000-00-00 00:00:00',71,0,NULL,'shipping','ulius1988@mail.ru',NULL,NULL,NULL,NULL,NULL,NULL,NULL,NULL,NULL,NULL,NULL,NULL,NULL,NULL,1,0,NULL,NULL,0.0000,0.0000,0.0000,0.0000,0.0000,0.0000,0.0000,0.0000,0.0000,NULL,NULL,0.0000,0.0000,0.0000,0.0000,NULL,'N;',NULL,NULL,NULL,0.0000,NULL,0.0000,0.0000,0.0000,NULL,NULL,NULL,NULL,NULL,NULL,NULL,NULL,NULL,NULL),(382,178,'2018-12-30 21:32:06','0000-00-00 00:00:00',72,0,NULL,'billing','chielnakova75@mail.ru',NULL,NULL,NULL,NULL,NULL,NULL,NULL,NULL,NULL,NULL,NULL,NULL,NULL,NULL,0,0,NULL,NULL,0.0000,0.0000,0.0000,0.0000,0.0000,0.0000,0.0000,0.0000,0.0000,NULL,NULL,0.0000,0.0000,0.0000,0.0000,NULL,'N;',NULL,NULL,NULL,0.0000,NULL,0.0000,0.0000,0.0000,NULL,NULL,NULL,NULL,NULL,NULL,NULL,NULL,NULL,NULL),(383,178,'2018-12-30 21:32:06','0000-00-00 00:00:00',72,0,NULL,'shipping','chielnakova75@mail.ru',NULL,NULL,NULL,NULL,NULL,NULL,NULL,NULL,NULL,NULL,NULL,NULL,NULL,NULL,1,0,NULL,NULL,0.0000,0.0000,0.0000,0.0000,0.0000,0.0000,0.0000,0.0000,0.0000,NULL,NULL,0.0000,0.0000,0.0000,0.0000,NULL,'N;',NULL,NULL,NULL,0.0000,NULL,0.0000,0.0000,0.0000,NULL,NULL,NULL,NULL,NULL,NULL,NULL,NULL,NULL,NULL),(384,179,'2018-12-30 21:37:00','0000-00-00 00:00:00',73,0,NULL,'billing','kunduz.janybekova@icloud.com',NULL,NULL,NULL,NULL,NULL,NULL,NULL,NULL,NULL,NULL,NULL,NULL,NULL,NULL,0,0,NULL,NULL,0.0000,0.0000,0.0000,0.0000,0.0000,0.0000,0.0000,0.0000,0.0000,NULL,NULL,0.0000,0.0000,0.0000,0.0000,NULL,'N;',NULL,NULL,NULL,0.0000,NULL,0.0000,0.0000,0.0000,NULL,NULL,NULL,NULL,NULL,NULL,NULL,NULL,NULL,NULL),(385,179,'2018-12-30 21:37:00','0000-00-00 00:00:00',73,0,NULL,'shipping','kunduz.janybekova@icloud.com',NULL,NULL,NULL,NULL,NULL,NULL,NULL,NULL,NULL,NULL,NULL,NULL,NULL,NULL,1,0,NULL,NULL,0.0000,0.0000,0.0000,0.0000,0.0000,0.0000,0.0000,0.0000,0.0000,NULL,NULL,0.0000,0.0000,0.0000,0.0000,NULL,'N;',NULL,NULL,NULL,0.0000,NULL,0.0000,0.0000,0.0000,NULL,NULL,NULL,NULL,NULL,NULL,NULL,NULL,NULL,NULL),(386,180,'2018-12-30 21:37:27','0000-00-00 00:00:00',74,0,NULL,'billing','sepg2146@gmail.com',NULL,NULL,NULL,NULL,NULL,NULL,NULL,NULL,NULL,NULL,NULL,NULL,NULL,NULL,0,0,NULL,NULL,0.0000,0.0000,0.0000,0.0000,0.0000,0.0000,0.0000,0.0000,0.0000,NULL,NULL,0.0000,0.0000,0.0000,0.0000,NULL,'N;',NULL,NULL,NULL,0.0000,NULL,0.0000,0.0000,0.0000,NULL,NULL,NULL,NULL,NULL,NULL,NULL,NULL,NULL,NULL),(387,180,'2018-12-30 21:37:27','0000-00-00 00:00:00',74,0,NULL,'shipping','sepg2146@gmail.com',NULL,NULL,NULL,NULL,NULL,NULL,NULL,NULL,NULL,NULL,NULL,NULL,NULL,NULL,1,0,NULL,NULL,0.0000,0.0000,0.0000,0.0000,0.0000,0.0000,0.0000,0.0000,0.0000,NULL,NULL,0.0000,0.0000,0.0000,0.0000,NULL,'N;',NULL,NULL,NULL,0.0000,NULL,0.0000,0.0000,0.0000,NULL,NULL,NULL,NULL,NULL,NULL,NULL,NULL,NULL,NULL),(388,181,'2018-12-30 21:56:14','0000-00-00 00:00:00',75,0,NULL,'billing','snasapoverkin@gmail.com',NULL,NULL,NULL,NULL,NULL,NULL,NULL,NULL,NULL,NULL,NULL,NULL,NULL,NULL,0,0,NULL,NULL,0.0000,0.0000,0.0000,0.0000,0.0000,0.0000,0.0000,0.0000,0.0000,NULL,NULL,0.0000,0.0000,0.0000,0.0000,NULL,'N;',NULL,NULL,NULL,0.0000,NULL,0.0000,0.0000,0.0000,NULL,NULL,NULL,NULL,NULL,NULL,NULL,NULL,NULL,NULL),(389,181,'2018-12-30 21:56:14','0000-00-00 00:00:00',75,0,NULL,'shipping','snasapoverkin@gmail.com',NULL,NULL,NULL,NULL,NULL,NULL,NULL,NULL,NULL,NULL,NULL,NULL,NULL,NULL,1,0,NULL,NULL,0.0000,0.0000,0.0000,0.0000,0.0000,0.0000,0.0000,0.0000,0.0000,NULL,NULL,0.0000,0.0000,0.0000,0.0000,NULL,'N;',NULL,NULL,NULL,0.0000,NULL,0.0000,0.0000,0.0000,NULL,NULL,NULL,NULL,NULL,NULL,NULL,NULL,NULL,NULL),(390,182,'2018-12-30 22:06:50','0000-00-00 00:00:00',76,0,NULL,'billing','anna.klimohina@mail.ru',NULL,NULL,NULL,NULL,NULL,NULL,NULL,NULL,NULL,NULL,NULL,NULL,NULL,NULL,0,0,NULL,NULL,0.0000,0.0000,0.0000,0.0000,0.0000,0.0000,0.0000,0.0000,0.0000,NULL,NULL,0.0000,0.0000,0.0000,0.0000,NULL,'N;',NULL,NULL,NULL,0.0000,NULL,0.0000,0.0000,0.0000,NULL,NULL,NULL,NULL,NULL,NULL,NULL,NULL,NULL,NULL),(391,182,'2018-12-30 22:06:50','0000-00-00 00:00:00',76,0,NULL,'shipping','anna.klimohina@mail.ru',NULL,NULL,NULL,NULL,NULL,NULL,NULL,NULL,NULL,NULL,NULL,NULL,NULL,NULL,1,0,NULL,NULL,0.0000,0.0000,0.0000,0.0000,0.0000,0.0000,0.0000,0.0000,0.0000,NULL,NULL,0.0000,0.0000,0.0000,0.0000,NULL,'N;',NULL,NULL,NULL,0.0000,NULL,0.0000,0.0000,0.0000,NULL,NULL,NULL,NULL,NULL,NULL,NULL,NULL,NULL,NULL),(392,183,'2018-12-30 22:09:36','0000-00-00 00:00:00',77,0,NULL,'billing','mharipova0@gmail.com',NULL,NULL,NULL,NULL,NULL,NULL,NULL,NULL,NULL,NULL,NULL,NULL,NULL,NULL,0,0,NULL,NULL,0.0000,0.0000,0.0000,0.0000,0.0000,0.0000,0.0000,0.0000,0.0000,NULL,NULL,0.0000,0.0000,0.0000,0.0000,NULL,'N;',NULL,NULL,NULL,0.0000,NULL,0.0000,0.0000,0.0000,NULL,NULL,NULL,NULL,NULL,NULL,NULL,NULL,NULL,NULL),(393,183,'2018-12-30 22:09:36','0000-00-00 00:00:00',77,0,NULL,'shipping','mharipova0@gmail.com',NULL,NULL,NULL,NULL,NULL,NULL,NULL,NULL,NULL,NULL,NULL,NULL,NULL,NULL,1,0,NULL,NULL,0.0000,0.0000,0.0000,0.0000,0.0000,0.0000,0.0000,0.0000,0.0000,NULL,NULL,0.0000,0.0000,0.0000,0.0000,NULL,'N;',NULL,NULL,NULL,0.0000,NULL,0.0000,0.0000,0.0000,NULL,NULL,NULL,NULL,NULL,NULL,NULL,NULL,NULL,NULL),(394,184,'2018-12-30 23:21:38','0000-00-00 00:00:00',78,0,NULL,'billing','lina.atakhanova@mail.ru',NULL,NULL,NULL,NULL,NULL,NULL,NULL,NULL,NULL,NULL,NULL,NULL,NULL,NULL,0,0,NULL,NULL,0.0000,0.0000,0.0000,0.0000,0.0000,0.0000,0.0000,0.0000,0.0000,NULL,NULL,0.0000,0.0000,0.0000,0.0000,NULL,'N;',NULL,NULL,NULL,0.0000,NULL,0.0000,0.0000,0.0000,NULL,NULL,NULL,NULL,NULL,NULL,NULL,NULL,NULL,NULL),(395,184,'2018-12-30 23:21:38','0000-00-00 00:00:00',78,0,NULL,'shipping','lina.atakhanova@mail.ru',NULL,NULL,NULL,NULL,NULL,NULL,NULL,NULL,NULL,NULL,NULL,NULL,NULL,NULL,1,0,NULL,NULL,0.0000,0.0000,0.0000,0.0000,0.0000,0.0000,0.0000,0.0000,0.0000,NULL,NULL,0.0000,0.0000,0.0000,0.0000,NULL,'N;',NULL,NULL,NULL,0.0000,NULL,0.0000,0.0000,0.0000,NULL,NULL,NULL,NULL,NULL,NULL,NULL,NULL,NULL,NULL),(396,185,'2018-12-30 23:22:29','0000-00-00 00:00:00',79,0,NULL,'billing','nina.abrosimova@mail.ru',NULL,NULL,NULL,NULL,NULL,NULL,NULL,NULL,NULL,NULL,NULL,NULL,NULL,NULL,0,0,NULL,NULL,0.0000,0.0000,0.0000,0.0000,0.0000,0.0000,0.0000,0.0000,0.0000,NULL,NULL,0.0000,0.0000,0.0000,0.0000,NULL,'N;',NULL,NULL,NULL,0.0000,NULL,0.0000,0.0000,0.0000,NULL,NULL,NULL,NULL,NULL,NULL,NULL,NULL,NULL,NULL),(397,185,'2018-12-30 23:22:29','0000-00-00 00:00:00',79,0,NULL,'shipping','nina.abrosimova@mail.ru',NULL,NULL,NULL,NULL,NULL,NULL,NULL,NULL,NULL,NULL,NULL,NULL,NULL,NULL,1,0,NULL,NULL,0.0000,0.0000,0.0000,0.0000,0.0000,0.0000,0.0000,0.0000,0.0000,NULL,NULL,0.0000,0.0000,0.0000,0.0000,NULL,'N;',NULL,NULL,NULL,0.0000,NULL,0.0000,0.0000,0.0000,NULL,NULL,NULL,NULL,NULL,NULL,NULL,NULL,NULL,NULL),(398,186,'2018-12-30 23:36:30','0000-00-00 00:00:00',80,0,NULL,'billing','ondardenis19@gmail.com',NULL,NULL,NULL,NULL,NULL,NULL,NULL,NULL,NULL,NULL,NULL,NULL,NULL,NULL,0,0,NULL,NULL,0.0000,0.0000,0.0000,0.0000,0.0000,0.0000,0.0000,0.0000,0.0000,NULL,NULL,0.0000,0.0000,0.0000,0.0000,NULL,'N;',NULL,NULL,NULL,0.0000,NULL,0.0000,0.0000,0.0000,NULL,NULL,NULL,NULL,NULL,NULL,NULL,NULL,NULL,NULL),(399,186,'2018-12-30 23:36:30','0000-00-00 00:00:00',80,0,NULL,'shipping','ondardenis19@gmail.com',NULL,NULL,NULL,NULL,NULL,NULL,NULL,NULL,NULL,NULL,NULL,NULL,NULL,NULL,1,0,NULL,NULL,0.0000,0.0000,0.0000,0.0000,0.0000,0.0000,0.0000,0.0000,0.0000,NULL,NULL,0.0000,0.0000,0.0000,0.0000,NULL,'N;',NULL,NULL,NULL,0.0000,NULL,0.0000,0.0000,0.0000,NULL,NULL,NULL,NULL,NULL,NULL,NULL,NULL,NULL,NULL),(400,187,'2018-12-30 23:59:50','0000-00-00 00:00:00',81,0,NULL,'billing','19narinka69@rambler.ru',NULL,NULL,NULL,NULL,NULL,NULL,NULL,NULL,NULL,NULL,NULL,NULL,NULL,NULL,0,0,NULL,NULL,0.0000,0.0000,0.0000,0.0000,0.0000,0.0000,0.0000,0.0000,0.0000,NULL,NULL,0.0000,0.0000,0.0000,0.0000,NULL,'N;',NULL,NULL,NULL,0.0000,NULL,0.0000,0.0000,0.0000,NULL,NULL,NULL,NULL,NULL,NULL,NULL,NULL,NULL,NULL),(401,187,'2018-12-30 23:59:50','0000-00-00 00:00:00',81,0,NULL,'shipping','19narinka69@rambler.ru',NULL,NULL,NULL,NULL,NULL,NULL,NULL,NULL,NULL,NULL,NULL,NULL,NULL,NULL,1,0,NULL,NULL,0.0000,0.0000,0.0000,0.0000,0.0000,0.0000,0.0000,0.0000,0.0000,NULL,NULL,0.0000,0.0000,0.0000,0.0000,NULL,'N;',NULL,NULL,NULL,0.0000,NULL,0.0000,0.0000,0.0000,NULL,NULL,NULL,NULL,NULL,NULL,NULL,NULL,NULL,NULL),(402,188,'2018-12-31 00:01:40','0000-00-00 00:00:00',82,0,NULL,'billing','kek.keks.09@mail.ru',NULL,NULL,NULL,NULL,NULL,NULL,NULL,NULL,NULL,NULL,NULL,NULL,NULL,NULL,0,0,NULL,NULL,0.0000,0.0000,0.0000,0.0000,0.0000,0.0000,0.0000,0.0000,0.0000,NULL,NULL,0.0000,0.0000,0.0000,0.0000,NULL,'N;',NULL,NULL,NULL,0.0000,NULL,0.0000,0.0000,0.0000,NULL,NULL,NULL,NULL,NULL,NULL,NULL,NULL,NULL,NULL),(403,188,'2018-12-31 00:01:40','0000-00-00 00:00:00',82,0,NULL,'shipping','kek.keks.09@mail.ru',NULL,NULL,NULL,NULL,NULL,NULL,NULL,NULL,NULL,NULL,NULL,NULL,NULL,NULL,1,0,NULL,NULL,0.0000,0.0000,0.0000,0.0000,0.0000,0.0000,0.0000,0.0000,0.0000,NULL,NULL,0.0000,0.0000,0.0000,0.0000,NULL,'N;',NULL,NULL,NULL,0.0000,NULL,0.0000,0.0000,0.0000,NULL,NULL,NULL,NULL,NULL,NULL,NULL,NULL,NULL,NULL),(404,189,'2018-12-31 00:51:35','0000-00-00 00:00:00',83,0,NULL,'billing','korotkij.01@mail.ru',NULL,NULL,NULL,NULL,NULL,NULL,NULL,NULL,NULL,NULL,NULL,NULL,NULL,NULL,0,0,NULL,NULL,0.0000,0.0000,0.0000,0.0000,0.0000,0.0000,0.0000,0.0000,0.0000,NULL,NULL,0.0000,0.0000,0.0000,0.0000,NULL,'N;',NULL,NULL,NULL,0.0000,NULL,0.0000,0.0000,0.0000,NULL,NULL,NULL,NULL,NULL,NULL,NULL,NULL,NULL,NULL),(405,189,'2018-12-31 00:51:35','0000-00-00 00:00:00',83,0,NULL,'shipping','korotkij.01@mail.ru',NULL,NULL,NULL,NULL,NULL,NULL,NULL,NULL,NULL,NULL,NULL,NULL,NULL,NULL,1,0,NULL,NULL,0.0000,0.0000,0.0000,0.0000,0.0000,0.0000,0.0000,0.0000,0.0000,NULL,NULL,0.0000,0.0000,0.0000,0.0000,NULL,'N;',NULL,NULL,NULL,0.0000,NULL,0.0000,0.0000,0.0000,NULL,NULL,NULL,NULL,NULL,NULL,NULL,NULL,NULL,NULL),(406,190,'2018-12-31 00:55:30','0000-00-00 00:00:00',84,0,NULL,'billing','suyumbaeva1983@gmail.com',NULL,NULL,NULL,NULL,NULL,NULL,NULL,NULL,NULL,NULL,NULL,NULL,NULL,NULL,0,0,NULL,NULL,0.0000,0.0000,0.0000,0.0000,0.0000,0.0000,0.0000,0.0000,0.0000,NULL,NULL,0.0000,0.0000,0.0000,0.0000,NULL,'N;',NULL,NULL,NULL,0.0000,NULL,0.0000,0.0000,0.0000,NULL,NULL,NULL,NULL,NULL,NULL,NULL,NULL,NULL,NULL),(407,190,'2018-12-31 00:55:30','0000-00-00 00:00:00',84,0,NULL,'shipping','suyumbaeva1983@gmail.com',NULL,NULL,NULL,NULL,NULL,NULL,NULL,NULL,NULL,NULL,NULL,NULL,NULL,NULL,1,0,NULL,NULL,0.0000,0.0000,0.0000,0.0000,0.0000,0.0000,0.0000,0.0000,0.0000,NULL,NULL,0.0000,0.0000,0.0000,0.0000,NULL,'N;',NULL,NULL,NULL,0.0000,NULL,0.0000,0.0000,0.0000,NULL,NULL,NULL,NULL,NULL,NULL,NULL,NULL,NULL,NULL),(408,191,'2018-12-31 01:04:56','0000-00-00 00:00:00',85,0,NULL,'billing','popovoleg01051968@gmail.com',NULL,NULL,NULL,NULL,NULL,NULL,NULL,NULL,NULL,NULL,NULL,NULL,NULL,NULL,0,0,NULL,NULL,0.0000,0.0000,0.0000,0.0000,0.0000,0.0000,0.0000,0.0000,0.0000,NULL,NULL,0.0000,0.0000,0.0000,0.0000,NULL,'N;',NULL,NULL,NULL,0.0000,NULL,0.0000,0.0000,0.0000,NULL,NULL,NULL,NULL,NULL,NULL,NULL,NULL,NULL,NULL),(409,191,'2018-12-31 01:04:56','0000-00-00 00:00:00',85,0,NULL,'shipping','popovoleg01051968@gmail.com',NULL,NULL,NULL,NULL,NULL,NULL,NULL,NULL,NULL,NULL,NULL,NULL,NULL,NULL,1,0,NULL,NULL,0.0000,0.0000,0.0000,0.0000,0.0000,0.0000,0.0000,0.0000,0.0000,NULL,NULL,0.0000,0.0000,0.0000,0.0000,NULL,'N;',NULL,NULL,NULL,0.0000,NULL,0.0000,0.0000,0.0000,NULL,NULL,NULL,NULL,NULL,NULL,NULL,NULL,NULL,NULL),(410,192,'2018-12-31 01:49:49','0000-00-00 00:00:00',86,0,NULL,'billing','govanikam@gmail.com',NULL,NULL,NULL,NULL,NULL,NULL,NULL,NULL,NULL,NULL,NULL,NULL,NULL,NULL,0,0,NULL,NULL,0.0000,0.0000,0.0000,0.0000,0.0000,0.0000,0.0000,0.0000,0.0000,NULL,NULL,0.0000,0.0000,0.0000,0.0000,NULL,'N;',NULL,NULL,NULL,0.0000,NULL,0.0000,0.0000,0.0000,NULL,NULL,NULL,NULL,NULL,NULL,NULL,NULL,NULL,NULL),(411,192,'2018-12-31 01:49:49','0000-00-00 00:00:00',86,0,NULL,'shipping','govanikam@gmail.com',NULL,NULL,NULL,NULL,NULL,NULL,NULL,NULL,NULL,NULL,NULL,NULL,NULL,NULL,1,0,NULL,NULL,0.0000,0.0000,0.0000,0.0000,0.0000,0.0000,0.0000,0.0000,0.0000,NULL,NULL,0.0000,0.0000,0.0000,0.0000,NULL,'N;',NULL,NULL,NULL,0.0000,NULL,0.0000,0.0000,0.0000,NULL,NULL,NULL,NULL,NULL,NULL,NULL,NULL,NULL,NULL),(412,193,'2018-12-31 02:02:39','0000-00-00 00:00:00',87,0,NULL,'billing','faridguse@gmail.com',NULL,NULL,NULL,NULL,NULL,NULL,NULL,NULL,NULL,NULL,NULL,NULL,NULL,NULL,0,0,NULL,NULL,0.0000,0.0000,0.0000,0.0000,0.0000,0.0000,0.0000,0.0000,0.0000,NULL,NULL,0.0000,0.0000,0.0000,0.0000,NULL,'N;',NULL,NULL,NULL,0.0000,NULL,0.0000,0.0000,0.0000,NULL,NULL,NULL,NULL,NULL,NULL,NULL,NULL,NULL,NULL),(413,193,'2018-12-31 02:02:39','0000-00-00 00:00:00',87,0,NULL,'shipping','faridguse@gmail.com',NULL,NULL,NULL,NULL,NULL,NULL,NULL,NULL,NULL,NULL,NULL,NULL,NULL,NULL,1,0,NULL,NULL,0.0000,0.0000,0.0000,0.0000,0.0000,0.0000,0.0000,0.0000,0.0000,NULL,NULL,0.0000,0.0000,0.0000,0.0000,NULL,'N;',NULL,NULL,NULL,0.0000,NULL,0.0000,0.0000,0.0000,NULL,NULL,NULL,NULL,NULL,NULL,NULL,NULL,NULL,NULL),(414,194,'2018-12-31 02:35:06','0000-00-00 00:00:00',88,0,NULL,'billing','aleksandor_89av@mail.ru',NULL,NULL,NULL,NULL,NULL,NULL,NULL,NULL,NULL,NULL,NULL,NULL,NULL,NULL,0,0,NULL,NULL,0.0000,0.0000,0.0000,0.0000,0.0000,0.0000,0.0000,0.0000,0.0000,NULL,NULL,0.0000,0.0000,0.0000,0.0000,NULL,'N;',NULL,NULL,NULL,0.0000,NULL,0.0000,0.0000,0.0000,NULL,NULL,NULL,NULL,NULL,NULL,NULL,NULL,NULL,NULL),(415,194,'2018-12-31 02:35:06','0000-00-00 00:00:00',88,0,NULL,'shipping','aleksandor_89av@mail.ru',NULL,NULL,NULL,NULL,NULL,NULL,NULL,NULL,NULL,NULL,NULL,NULL,NULL,NULL,1,0,NULL,NULL,0.0000,0.0000,0.0000,0.0000,0.0000,0.0000,0.0000,0.0000,0.0000,NULL,NULL,0.0000,0.0000,0.0000,0.0000,NULL,'N;',NULL,NULL,NULL,0.0000,NULL,0.0000,0.0000,0.0000,NULL,NULL,NULL,NULL,NULL,NULL,NULL,NULL,NULL,NULL),(416,195,'2018-12-31 02:43:15','0000-00-00 00:00:00',89,0,NULL,'billing','lupitik48@gmail.com',NULL,NULL,NULL,NULL,NULL,NULL,NULL,NULL,NULL,NULL,NULL,NULL,NULL,NULL,0,0,NULL,NULL,0.0000,0.0000,0.0000,0.0000,0.0000,0.0000,0.0000,0.0000,0.0000,NULL,NULL,0.0000,0.0000,0.0000,0.0000,NULL,'N;',NULL,NULL,NULL,0.0000,NULL,0.0000,0.0000,0.0000,NULL,NULL,NULL,NULL,NULL,NULL,NULL,NULL,NULL,NULL),(417,195,'2018-12-31 02:43:15','0000-00-00 00:00:00',89,0,NULL,'shipping','lupitik48@gmail.com',NULL,NULL,NULL,NULL,NULL,NULL,NULL,NULL,NULL,NULL,NULL,NULL,NULL,NULL,1,0,NULL,NULL,0.0000,0.0000,0.0000,0.0000,0.0000,0.0000,0.0000,0.0000,0.0000,NULL,NULL,0.0000,0.0000,0.0000,0.0000,NULL,'N;',NULL,NULL,NULL,0.0000,NULL,0.0000,0.0000,0.0000,NULL,NULL,NULL,NULL,NULL,NULL,NULL,NULL,NULL,NULL),(418,196,'2018-12-31 02:46:56','0000-00-00 00:00:00',90,0,NULL,'billing','maks.petrovich.12@mail.ru',NULL,NULL,NULL,NULL,NULL,NULL,NULL,NULL,NULL,NULL,NULL,NULL,NULL,NULL,0,0,NULL,NULL,0.0000,0.0000,0.0000,0.0000,0.0000,0.0000,0.0000,0.0000,0.0000,NULL,NULL,0.0000,0.0000,0.0000,0.0000,NULL,'N;',NULL,NULL,NULL,0.0000,NULL,0.0000,0.0000,0.0000,NULL,NULL,NULL,NULL,NULL,NULL,NULL,NULL,NULL,NULL),(419,196,'2018-12-31 02:46:56','0000-00-00 00:00:00',90,0,NULL,'shipping','maks.petrovich.12@mail.ru',NULL,NULL,NULL,NULL,NULL,NULL,NULL,NULL,NULL,NULL,NULL,NULL,NULL,NULL,1,0,NULL,NULL,0.0000,0.0000,0.0000,0.0000,0.0000,0.0000,0.0000,0.0000,0.0000,NULL,NULL,0.0000,0.0000,0.0000,0.0000,NULL,'N;',NULL,NULL,NULL,0.0000,NULL,0.0000,0.0000,0.0000,NULL,NULL,NULL,NULL,NULL,NULL,NULL,NULL,NULL,NULL),(420,197,'2018-12-31 02:56:09','0000-00-00 00:00:00',91,0,NULL,'billing','hrustunahljuz@gmail.com',NULL,NULL,NULL,NULL,NULL,NULL,NULL,NULL,NULL,NULL,NULL,NULL,NULL,NULL,0,0,NULL,NULL,0.0000,0.0000,0.0000,0.0000,0.0000,0.0000,0.0000,0.0000,0.0000,NULL,NULL,0.0000,0.0000,0.0000,0.0000,NULL,'N;',NULL,NULL,NULL,0.0000,NULL,0.0000,0.0000,0.0000,NULL,NULL,NULL,NULL,NULL,NULL,NULL,NULL,NULL,NULL),(421,197,'2018-12-31 02:56:09','0000-00-00 00:00:00',91,0,NULL,'shipping','hrustunahljuz@gmail.com',NULL,NULL,NULL,NULL,NULL,NULL,NULL,NULL,NULL,NULL,NULL,NULL,NULL,NULL,1,0,NULL,NULL,0.0000,0.0000,0.0000,0.0000,0.0000,0.0000,0.0000,0.0000,0.0000,NULL,NULL,0.0000,0.0000,0.0000,0.0000,NULL,'N;',NULL,NULL,NULL,0.0000,NULL,0.0000,0.0000,0.0000,NULL,NULL,NULL,NULL,NULL,NULL,NULL,NULL,NULL,NULL),(422,198,'2018-12-31 02:58:22','0000-00-00 00:00:00',92,0,NULL,'billing','makenov.azat@mail.ru',NULL,NULL,NULL,NULL,NULL,NULL,NULL,NULL,NULL,NULL,NULL,NULL,NULL,NULL,0,0,NULL,NULL,0.0000,0.0000,0.0000,0.0000,0.0000,0.0000,0.0000,0.0000,0.0000,NULL,NULL,0.0000,0.0000,0.0000,0.0000,NULL,'N;',NULL,NULL,NULL,0.0000,NULL,0.0000,0.0000,0.0000,NULL,NULL,NULL,NULL,NULL,NULL,NULL,NULL,NULL,NULL),(423,198,'2018-12-31 02:58:22','0000-00-00 00:00:00',92,0,NULL,'shipping','makenov.azat@mail.ru',NULL,NULL,NULL,NULL,NULL,NULL,NULL,NULL,NULL,NULL,NULL,NULL,NULL,NULL,1,0,NULL,NULL,0.0000,0.0000,0.0000,0.0000,0.0000,0.0000,0.0000,0.0000,0.0000,NULL,NULL,0.0000,0.0000,0.0000,0.0000,NULL,'N;',NULL,NULL,NULL,0.0000,NULL,0.0000,0.0000,0.0000,NULL,NULL,NULL,NULL,NULL,NULL,NULL,NULL,NULL,NULL),(424,199,'2018-12-31 03:24:16','0000-00-00 00:00:00',93,0,NULL,'billing','lida-sudareva@outlook.com',NULL,NULL,NULL,NULL,NULL,NULL,NULL,NULL,NULL,NULL,NULL,NULL,NULL,NULL,0,0,NULL,NULL,0.0000,0.0000,0.0000,0.0000,0.0000,0.0000,0.0000,0.0000,0.0000,NULL,NULL,0.0000,0.0000,0.0000,0.0000,NULL,'N;',NULL,NULL,NULL,0.0000,NULL,0.0000,0.0000,0.0000,NULL,NULL,NULL,NULL,NULL,NULL,NULL,NULL,NULL,NULL),(425,199,'2018-12-31 03:24:16','0000-00-00 00:00:00',93,0,NULL,'shipping','lida-sudareva@outlook.com',NULL,NULL,NULL,NULL,NULL,NULL,NULL,NULL,NULL,NULL,NULL,NULL,NULL,NULL,1,0,NULL,NULL,0.0000,0.0000,0.0000,0.0000,0.0000,0.0000,0.0000,0.0000,0.0000,NULL,NULL,0.0000,0.0000,0.0000,0.0000,NULL,'N;',NULL,NULL,NULL,0.0000,NULL,0.0000,0.0000,0.0000,NULL,NULL,NULL,NULL,NULL,NULL,NULL,NULL,NULL,NULL),(426,200,'2018-12-31 03:29:54','0000-00-00 00:00:00',94,0,NULL,'billing','vlad_didenko_98@mail.ru',NULL,NULL,NULL,NULL,NULL,NULL,NULL,NULL,NULL,NULL,NULL,NULL,NULL,NULL,0,0,NULL,NULL,0.0000,0.0000,0.0000,0.0000,0.0000,0.0000,0.0000,0.0000,0.0000,NULL,NULL,0.0000,0.0000,0.0000,0.0000,NULL,'N;',NULL,NULL,NULL,0.0000,NULL,0.0000,0.0000,0.0000,NULL,NULL,NULL,NULL,NULL,NULL,NULL,NULL,NULL,NULL),(427,200,'2018-12-31 03:29:54','0000-00-00 00:00:00',94,0,NULL,'shipping','vlad_didenko_98@mail.ru',NULL,NULL,NULL,NULL,NULL,NULL,NULL,NULL,NULL,NULL,NULL,NULL,NULL,NULL,1,0,NULL,NULL,0.0000,0.0000,0.0000,0.0000,0.0000,0.0000,0.0000,0.0000,0.0000,NULL,NULL,0.0000,0.0000,0.0000,0.0000,NULL,'N;',NULL,NULL,NULL,0.0000,NULL,0.0000,0.0000,0.0000,NULL,NULL,NULL,NULL,NULL,NULL,NULL,NULL,NULL,NULL),(428,201,'2018-12-31 03:33:52','0000-00-00 00:00:00',95,0,NULL,'billing','leila24293002@gmail.com',NULL,NULL,NULL,NULL,NULL,NULL,NULL,NULL,NULL,NULL,NULL,NULL,NULL,NULL,0,0,NULL,NULL,0.0000,0.0000,0.0000,0.0000,0.0000,0.0000,0.0000,0.0000,0.0000,NULL,NULL,0.0000,0.0000,0.0000,0.0000,NULL,'N;',NULL,NULL,NULL,0.0000,NULL,0.0000,0.0000,0.0000,NULL,NULL,NULL,NULL,NULL,NULL,NULL,NULL,NULL,NULL),(429,201,'2018-12-31 03:33:52','0000-00-00 00:00:00',95,0,NULL,'shipping','leila24293002@gmail.com',NULL,NULL,NULL,NULL,NULL,NULL,NULL,NULL,NULL,NULL,NULL,NULL,NULL,NULL,1,0,NULL,NULL,0.0000,0.0000,0.0000,0.0000,0.0000,0.0000,0.0000,0.0000,0.0000,NULL,NULL,0.0000,0.0000,0.0000,0.0000,NULL,'N;',NULL,NULL,NULL,0.0000,NULL,0.0000,0.0000,0.0000,NULL,NULL,NULL,NULL,NULL,NULL,NULL,NULL,NULL,NULL),(430,202,'2018-12-31 03:34:52','0000-00-00 00:00:00',96,0,NULL,'billing','mihail.tumanov.05@mail.ru',NULL,NULL,NULL,NULL,NULL,NULL,NULL,NULL,NULL,NULL,NULL,NULL,NULL,NULL,0,0,NULL,NULL,0.0000,0.0000,0.0000,0.0000,0.0000,0.0000,0.0000,0.0000,0.0000,NULL,NULL,0.0000,0.0000,0.0000,0.0000,NULL,'N;',NULL,NULL,NULL,0.0000,NULL,0.0000,0.0000,0.0000,NULL,NULL,NULL,NULL,NULL,NULL,NULL,NULL,NULL,NULL),(431,202,'2018-12-31 03:34:52','0000-00-00 00:00:00',96,0,NULL,'shipping','mihail.tumanov.05@mail.ru',NULL,NULL,NULL,NULL,NULL,NULL,NULL,NULL,NULL,NULL,NULL,NULL,NULL,NULL,1,0,NULL,NULL,0.0000,0.0000,0.0000,0.0000,0.0000,0.0000,0.0000,0.0000,0.0000,NULL,NULL,0.0000,0.0000,0.0000,0.0000,NULL,'N;',NULL,NULL,NULL,0.0000,NULL,0.0000,0.0000,0.0000,NULL,NULL,NULL,NULL,NULL,NULL,NULL,NULL,NULL,NULL),(432,203,'2018-12-31 05:24:03','0000-00-00 00:00:00',97,0,NULL,'billing','isaeva199@list.ru',NULL,NULL,NULL,NULL,NULL,NULL,NULL,NULL,NULL,NULL,NULL,NULL,NULL,NULL,0,0,NULL,NULL,0.0000,0.0000,0.0000,0.0000,0.0000,0.0000,0.0000,0.0000,0.0000,NULL,NULL,0.0000,0.0000,0.0000,0.0000,NULL,'N;',NULL,NULL,NULL,0.0000,NULL,0.0000,0.0000,0.0000,NULL,NULL,NULL,NULL,NULL,NULL,NULL,NULL,NULL,NULL),(433,203,'2018-12-31 05:24:03','0000-00-00 00:00:00',97,0,NULL,'shipping','isaeva199@list.ru',NULL,NULL,NULL,NULL,NULL,NULL,NULL,NULL,NULL,NULL,NULL,NULL,NULL,NULL,1,0,NULL,NULL,0.0000,0.0000,0.0000,0.0000,0.0000,0.0000,0.0000,0.0000,0.0000,NULL,NULL,0.0000,0.0000,0.0000,0.0000,NULL,'N;',NULL,NULL,NULL,0.0000,NULL,0.0000,0.0000,0.0000,NULL,NULL,NULL,NULL,NULL,NULL,NULL,NULL,NULL,NULL),(434,204,'2018-12-31 07:37:56','0000-00-00 00:00:00',98,0,NULL,'billing','murkakiss777@mail.ru',NULL,NULL,NULL,NULL,NULL,NULL,NULL,NULL,NULL,NULL,NULL,NULL,NULL,NULL,0,0,NULL,NULL,0.0000,0.0000,0.0000,0.0000,0.0000,0.0000,0.0000,0.0000,0.0000,NULL,NULL,0.0000,0.0000,0.0000,0.0000,NULL,'N;',NULL,NULL,NULL,0.0000,NULL,0.0000,0.0000,0.0000,NULL,NULL,NULL,NULL,NULL,NULL,NULL,NULL,NULL,NULL),(435,204,'2018-12-31 07:37:56','0000-00-00 00:00:00',98,0,NULL,'shipping','murkakiss777@mail.ru',NULL,NULL,NULL,NULL,NULL,NULL,NULL,NULL,NULL,NULL,NULL,NULL,NULL,NULL,1,0,NULL,NULL,0.0000,0.0000,0.0000,0.0000,0.0000,0.0000,0.0000,0.0000,0.0000,NULL,NULL,0.0000,0.0000,0.0000,0.0000,NULL,'N;',NULL,NULL,NULL,0.0000,NULL,0.0000,0.0000,0.0000,NULL,NULL,NULL,NULL,NULL,NULL,NULL,NULL,NULL,NULL),(436,205,'2018-12-31 10:17:07','0000-00-00 00:00:00',99,0,NULL,'billing','gelioss011@mail.ru',NULL,NULL,NULL,NULL,NULL,NULL,NULL,NULL,NULL,NULL,NULL,NULL,NULL,NULL,0,0,NULL,NULL,0.0000,0.0000,0.0000,0.0000,0.0000,0.0000,0.0000,0.0000,0.0000,NULL,NULL,0.0000,0.0000,0.0000,0.0000,NULL,'N;',NULL,NULL,NULL,0.0000,NULL,0.0000,0.0000,0.0000,NULL,NULL,NULL,NULL,NULL,NULL,NULL,NULL,NULL,NULL),(437,205,'2018-12-31 10:17:07','0000-00-00 00:00:00',99,0,NULL,'shipping','gelioss011@mail.ru',NULL,NULL,NULL,NULL,NULL,NULL,NULL,NULL,NULL,NULL,NULL,NULL,NULL,NULL,1,0,NULL,NULL,0.0000,0.0000,0.0000,0.0000,0.0000,0.0000,0.0000,0.0000,0.0000,NULL,NULL,0.0000,0.0000,0.0000,0.0000,NULL,'N;',NULL,NULL,NULL,0.0000,NULL,0.0000,0.0000,0.0000,NULL,NULL,NULL,NULL,NULL,NULL,NULL,NULL,NULL,NULL),(438,206,'2019-01-01 06:14:49','0000-00-00 00:00:00',100,0,NULL,'billing','kalsinaulia1@gmail.com',NULL,NULL,NULL,NULL,NULL,NULL,NULL,NULL,NULL,NULL,NULL,NULL,NULL,NULL,0,0,NULL,NULL,0.0000,0.0000,0.0000,0.0000,0.0000,0.0000,0.0000,0.0000,0.0000,NULL,NULL,0.0000,0.0000,0.0000,0.0000,NULL,'N;',NULL,NULL,NULL,0.0000,NULL,0.0000,0.0000,0.0000,NULL,NULL,NULL,NULL,NULL,NULL,NULL,NULL,NULL,NULL),(439,206,'2019-01-01 06:14:49','0000-00-00 00:00:00',100,0,NULL,'shipping','kalsinaulia1@gmail.com',NULL,NULL,NULL,NULL,NULL,NULL,NULL,NULL,NULL,NULL,NULL,NULL,NULL,NULL,1,0,NULL,NULL,0.0000,0.0000,0.0000,0.0000,0.0000,0.0000,0.0000,0.0000,0.0000,NULL,NULL,0.0000,0.0000,0.0000,0.0000,NULL,'N;',NULL,NULL,NULL,0.0000,NULL,0.0000,0.0000,0.0000,NULL,NULL,NULL,NULL,NULL,NULL,NULL,NULL,NULL,NULL),(440,207,'2019-01-01 09:41:19','0000-00-00 00:00:00',101,0,NULL,'billing','bukarewa84@mail.ru',NULL,NULL,NULL,NULL,NULL,NULL,NULL,NULL,NULL,NULL,NULL,NULL,NULL,NULL,0,0,NULL,NULL,0.0000,0.0000,0.0000,0.0000,0.0000,0.0000,0.0000,0.0000,0.0000,NULL,NULL,0.0000,0.0000,0.0000,0.0000,NULL,'N;',NULL,NULL,NULL,0.0000,NULL,0.0000,0.0000,0.0000,NULL,NULL,NULL,NULL,NULL,NULL,NULL,NULL,NULL,NULL),(441,207,'2019-01-01 09:41:19','0000-00-00 00:00:00',101,0,NULL,'shipping','bukarewa84@mail.ru',NULL,NULL,NULL,NULL,NULL,NULL,NULL,NULL,NULL,NULL,NULL,NULL,NULL,NULL,1,0,NULL,NULL,0.0000,0.0000,0.0000,0.0000,0.0000,0.0000,0.0000,0.0000,0.0000,NULL,NULL,0.0000,0.0000,0.0000,0.0000,NULL,'N;',NULL,NULL,NULL,0.0000,NULL,0.0000,0.0000,0.0000,NULL,NULL,NULL,NULL,NULL,NULL,NULL,NULL,NULL,NULL),(442,208,'2019-01-01 11:06:46','0000-00-00 00:00:00',102,0,NULL,'billing','naz-090490@mail.ru',NULL,NULL,NULL,NULL,NULL,NULL,NULL,NULL,NULL,NULL,NULL,NULL,NULL,NULL,0,0,NULL,NULL,0.0000,0.0000,0.0000,0.0000,0.0000,0.0000,0.0000,0.0000,0.0000,NULL,NULL,0.0000,0.0000,0.0000,0.0000,NULL,'N;',NULL,NULL,NULL,0.0000,NULL,0.0000,0.0000,0.0000,NULL,NULL,NULL,NULL,NULL,NULL,NULL,NULL,NULL,NULL),(443,208,'2019-01-01 11:06:46','0000-00-00 00:00:00',102,0,NULL,'shipping','naz-090490@mail.ru',NULL,NULL,NULL,NULL,NULL,NULL,NULL,NULL,NULL,NULL,NULL,NULL,NULL,NULL,1,0,NULL,NULL,0.0000,0.0000,0.0000,0.0000,0.0000,0.0000,0.0000,0.0000,0.0000,NULL,NULL,0.0000,0.0000,0.0000,0.0000,NULL,'N;',NULL,NULL,NULL,0.0000,NULL,0.0000,0.0000,0.0000,NULL,NULL,NULL,NULL,NULL,NULL,NULL,NULL,NULL,NULL),(444,209,'2019-01-01 14:34:38','0000-00-00 00:00:00',103,0,NULL,'billing','corep0262@gmail.com',NULL,NULL,NULL,NULL,NULL,NULL,NULL,NULL,NULL,NULL,NULL,NULL,NULL,NULL,0,0,NULL,NULL,0.0000,0.0000,0.0000,0.0000,0.0000,0.0000,0.0000,0.0000,0.0000,NULL,NULL,0.0000,0.0000,0.0000,0.0000,NULL,'N;',NULL,NULL,NULL,0.0000,NULL,0.0000,0.0000,0.0000,NULL,NULL,NULL,NULL,NULL,NULL,NULL,NULL,NULL,NULL),(445,209,'2019-01-01 14:34:38','0000-00-00 00:00:00',103,0,NULL,'shipping','corep0262@gmail.com',NULL,NULL,NULL,NULL,NULL,NULL,NULL,NULL,NULL,NULL,NULL,NULL,NULL,NULL,1,0,NULL,NULL,0.0000,0.0000,0.0000,0.0000,0.0000,0.0000,0.0000,0.0000,0.0000,NULL,NULL,0.0000,0.0000,0.0000,0.0000,NULL,'N;',NULL,NULL,NULL,0.0000,NULL,0.0000,0.0000,0.0000,NULL,NULL,NULL,NULL,NULL,NULL,NULL,NULL,NULL,NULL),(446,210,'2019-01-01 15:31:58','0000-00-00 00:00:00',104,0,NULL,'billing','moroz230787@mail.ru',NULL,NULL,NULL,NULL,NULL,NULL,NULL,NULL,NULL,NULL,NULL,NULL,NULL,NULL,0,0,NULL,NULL,0.0000,0.0000,0.0000,0.0000,0.0000,0.0000,0.0000,0.0000,0.0000,NULL,NULL,0.0000,0.0000,0.0000,0.0000,NULL,'N;',NULL,NULL,NULL,0.0000,NULL,0.0000,0.0000,0.0000,NULL,NULL,NULL,NULL,NULL,NULL,NULL,NULL,NULL,NULL),(447,210,'2019-01-01 15:31:58','0000-00-00 00:00:00',104,0,NULL,'shipping','moroz230787@mail.ru',NULL,NULL,NULL,NULL,NULL,NULL,NULL,NULL,NULL,NULL,NULL,NULL,NULL,NULL,1,0,NULL,NULL,0.0000,0.0000,0.0000,0.0000,0.0000,0.0000,0.0000,0.0000,0.0000,NULL,NULL,0.0000,0.0000,0.0000,0.0000,NULL,'N;',NULL,NULL,NULL,0.0000,NULL,0.0000,0.0000,0.0000,NULL,NULL,NULL,NULL,NULL,NULL,NULL,NULL,NULL,NULL),(448,211,'2019-01-01 15:35:36','0000-00-00 00:00:00',105,0,NULL,'billing','vkrepusheva@yandex.ru',NULL,NULL,NULL,NULL,NULL,NULL,NULL,NULL,NULL,NULL,NULL,NULL,NULL,NULL,0,0,NULL,NULL,0.0000,0.0000,0.0000,0.0000,0.0000,0.0000,0.0000,0.0000,0.0000,NULL,NULL,0.0000,0.0000,0.0000,0.0000,NULL,'N;',NULL,NULL,NULL,0.0000,NULL,0.0000,0.0000,0.0000,NULL,NULL,NULL,NULL,NULL,NULL,NULL,NULL,NULL,NULL),(449,211,'2019-01-01 15:35:36','0000-00-00 00:00:00',105,0,NULL,'shipping','vkrepusheva@yandex.ru',NULL,NULL,NULL,NULL,NULL,NULL,NULL,NULL,NULL,NULL,NULL,NULL,NULL,NULL,1,0,NULL,NULL,0.0000,0.0000,0.0000,0.0000,0.0000,0.0000,0.0000,0.0000,0.0000,NULL,NULL,0.0000,0.0000,0.0000,0.0000,NULL,'N;',NULL,NULL,NULL,0.0000,NULL,0.0000,0.0000,0.0000,NULL,NULL,NULL,NULL,NULL,NULL,NULL,NULL,NULL,NULL),(450,212,'2019-01-01 17:33:41','0000-00-00 00:00:00',106,0,NULL,'billing','vasilevn@bk.ru',NULL,NULL,NULL,NULL,NULL,NULL,NULL,NULL,NULL,NULL,NULL,NULL,NULL,NULL,0,0,NULL,NULL,0.0000,0.0000,0.0000,0.0000,0.0000,0.0000,0.0000,0.0000,0.0000,NULL,NULL,0.0000,0.0000,0.0000,0.0000,NULL,'N;',NULL,NULL,NULL,0.0000,NULL,0.0000,0.0000,0.0000,NULL,NULL,NULL,NULL,NULL,NULL,NULL,NULL,NULL,NULL),(451,212,'2019-01-01 17:33:41','0000-00-00 00:00:00',106,0,NULL,'shipping','vasilevn@bk.ru',NULL,NULL,NULL,NULL,NULL,NULL,NULL,NULL,NULL,NULL,NULL,NULL,NULL,NULL,1,0,NULL,NULL,0.0000,0.0000,0.0000,0.0000,0.0000,0.0000,0.0000,0.0000,0.0000,NULL,NULL,0.0000,0.0000,0.0000,0.0000,NULL,'N;',NULL,NULL,NULL,0.0000,NULL,0.0000,0.0000,0.0000,NULL,NULL,NULL,NULL,NULL,NULL,NULL,NULL,NULL,NULL),(452,213,'2019-01-01 17:53:57','0000-00-00 00:00:00',107,0,NULL,'billing','zaf.myrzaev@yandex.ru',NULL,NULL,NULL,NULL,NULL,NULL,NULL,NULL,NULL,NULL,NULL,NULL,NULL,NULL,0,0,NULL,NULL,0.0000,0.0000,0.0000,0.0000,0.0000,0.0000,0.0000,0.0000,0.0000,NULL,NULL,0.0000,0.0000,0.0000,0.0000,NULL,'N;',NULL,NULL,NULL,0.0000,NULL,0.0000,0.0000,0.0000,NULL,NULL,NULL,NULL,NULL,NULL,NULL,NULL,NULL,NULL),(453,213,'2019-01-01 17:53:57','0000-00-00 00:00:00',107,0,NULL,'shipping','zaf.myrzaev@yandex.ru',NULL,NULL,NULL,NULL,NULL,NULL,NULL,NULL,NULL,NULL,NULL,NULL,NULL,NULL,1,0,NULL,NULL,0.0000,0.0000,0.0000,0.0000,0.0000,0.0000,0.0000,0.0000,0.0000,NULL,NULL,0.0000,0.0000,0.0000,0.0000,NULL,'N;',NULL,NULL,NULL,0.0000,NULL,0.0000,0.0000,0.0000,NULL,NULL,NULL,NULL,NULL,NULL,NULL,NULL,NULL,NULL),(454,214,'2019-01-01 19:21:25','0000-00-00 00:00:00',108,0,NULL,'billing','barsnov1@yandex.ru',NULL,NULL,NULL,NULL,NULL,NULL,NULL,NULL,NULL,NULL,NULL,NULL,NULL,NULL,0,0,NULL,NULL,0.0000,0.0000,0.0000,0.0000,0.0000,0.0000,0.0000,0.0000,0.0000,NULL,NULL,0.0000,0.0000,0.0000,0.0000,NULL,'N;',NULL,NULL,NULL,0.0000,NULL,0.0000,0.0000,0.0000,NULL,NULL,NULL,NULL,NULL,NULL,NULL,NULL,NULL,NULL),(455,214,'2019-01-01 19:21:25','0000-00-00 00:00:00',108,0,NULL,'shipping','barsnov1@yandex.ru',NULL,NULL,NULL,NULL,NULL,NULL,NULL,NULL,NULL,NULL,NULL,NULL,NULL,NULL,1,0,NULL,NULL,0.0000,0.0000,0.0000,0.0000,0.0000,0.0000,0.0000,0.0000,0.0000,NULL,NULL,0.0000,0.0000,0.0000,0.0000,NULL,'N;',NULL,NULL,NULL,0.0000,NULL,0.0000,0.0000,0.0000,NULL,NULL,NULL,NULL,NULL,NULL,NULL,NULL,NULL,NULL),(456,215,'2019-01-01 22:13:17','0000-00-00 00:00:00',109,0,NULL,'billing','sychak95@mail.ru',NULL,NULL,NULL,NULL,NULL,NULL,NULL,NULL,NULL,NULL,NULL,NULL,NULL,NULL,0,0,NULL,NULL,0.0000,0.0000,0.0000,0.0000,0.0000,0.0000,0.0000,0.0000,0.0000,NULL,NULL,0.0000,0.0000,0.0000,0.0000,NULL,'N;',NULL,NULL,NULL,0.0000,NULL,0.0000,0.0000,0.0000,NULL,NULL,NULL,NULL,NULL,NULL,NULL,NULL,NULL,NULL),(457,215,'2019-01-01 22:13:17','0000-00-00 00:00:00',109,0,NULL,'shipping','sychak95@mail.ru',NULL,NULL,NULL,NULL,NULL,NULL,NULL,NULL,NULL,NULL,NULL,NULL,NULL,NULL,1,0,NULL,NULL,0.0000,0.0000,0.0000,0.0000,0.0000,0.0000,0.0000,0.0000,0.0000,NULL,NULL,0.0000,0.0000,0.0000,0.0000,NULL,'N;',NULL,NULL,NULL,0.0000,NULL,0.0000,0.0000,0.0000,NULL,NULL,NULL,NULL,NULL,NULL,NULL,NULL,NULL,NULL),(458,216,'2019-01-01 22:17:49','0000-00-00 00:00:00',110,0,NULL,'billing','vladimir020389@yandex.ru',NULL,NULL,NULL,NULL,NULL,NULL,NULL,NULL,NULL,NULL,NULL,NULL,NULL,NULL,0,0,NULL,NULL,0.0000,0.0000,0.0000,0.0000,0.0000,0.0000,0.0000,0.0000,0.0000,NULL,NULL,0.0000,0.0000,0.0000,0.0000,NULL,'N;',NULL,NULL,NULL,0.0000,NULL,0.0000,0.0000,0.0000,NULL,NULL,NULL,NULL,NULL,NULL,NULL,NULL,NULL,NULL),(459,216,'2019-01-01 22:17:49','0000-00-00 00:00:00',110,0,NULL,'shipping','vladimir020389@yandex.ru',NULL,NULL,NULL,NULL,NULL,NULL,NULL,NULL,NULL,NULL,NULL,NULL,NULL,NULL,1,0,NULL,NULL,0.0000,0.0000,0.0000,0.0000,0.0000,0.0000,0.0000,0.0000,0.0000,NULL,NULL,0.0000,0.0000,0.0000,0.0000,NULL,'N;',NULL,NULL,NULL,0.0000,NULL,0.0000,0.0000,0.0000,NULL,NULL,NULL,NULL,NULL,NULL,NULL,NULL,NULL,NULL),(460,217,'2019-01-01 22:19:21','0000-00-00 00:00:00',111,0,NULL,'billing','lubasik_0579@mail.ru',NULL,NULL,NULL,NULL,NULL,NULL,NULL,NULL,NULL,NULL,NULL,NULL,NULL,NULL,0,0,NULL,NULL,0.0000,0.0000,0.0000,0.0000,0.0000,0.0000,0.0000,0.0000,0.0000,NULL,NULL,0.0000,0.0000,0.0000,0.0000,NULL,'N;',NULL,NULL,NULL,0.0000,NULL,0.0000,0.0000,0.0000,NULL,NULL,NULL,NULL,NULL,NULL,NULL,NULL,NULL,NULL),(461,217,'2019-01-01 22:19:21','0000-00-00 00:00:00',111,0,NULL,'shipping','lubasik_0579@mail.ru',NULL,NULL,NULL,NULL,NULL,NULL,NULL,NULL,NULL,NULL,NULL,NULL,NULL,NULL,1,0,NULL,NULL,0.0000,0.0000,0.0000,0.0000,0.0000,0.0000,0.0000,0.0000,0.0000,NULL,NULL,0.0000,0.0000,0.0000,0.0000,NULL,'N;',NULL,NULL,NULL,0.0000,NULL,0.0000,0.0000,0.0000,NULL,NULL,NULL,NULL,NULL,NULL,NULL,NULL,NULL,NULL),(462,218,'2019-01-01 22:26:37','0000-00-00 00:00:00',112,0,NULL,'billing','evgeni82_82@mail.ru',NULL,NULL,NULL,NULL,NULL,NULL,NULL,NULL,NULL,NULL,NULL,NULL,NULL,NULL,0,0,NULL,NULL,0.0000,0.0000,0.0000,0.0000,0.0000,0.0000,0.0000,0.0000,0.0000,NULL,NULL,0.0000,0.0000,0.0000,0.0000,NULL,'N;',NULL,NULL,NULL,0.0000,NULL,0.0000,0.0000,0.0000,NULL,NULL,NULL,NULL,NULL,NULL,NULL,NULL,NULL,NULL),(463,218,'2019-01-01 22:26:37','0000-00-00 00:00:00',112,0,NULL,'shipping','evgeni82_82@mail.ru',NULL,NULL,NULL,NULL,NULL,NULL,NULL,NULL,NULL,NULL,NULL,NULL,NULL,NULL,1,0,NULL,NULL,0.0000,0.0000,0.0000,0.0000,0.0000,0.0000,0.0000,0.0000,0.0000,NULL,NULL,0.0000,0.0000,0.0000,0.0000,NULL,'N;',NULL,NULL,NULL,0.0000,NULL,0.0000,0.0000,0.0000,NULL,NULL,NULL,NULL,NULL,NULL,NULL,NULL,NULL,NULL),(464,219,'2019-01-01 22:57:04','0000-00-00 00:00:00',113,0,NULL,'billing','mister-leha@mail.ru',NULL,NULL,NULL,NULL,NULL,NULL,NULL,NULL,NULL,NULL,NULL,NULL,NULL,NULL,0,0,NULL,NULL,0.0000,0.0000,0.0000,0.0000,0.0000,0.0000,0.0000,0.0000,0.0000,NULL,NULL,0.0000,0.0000,0.0000,0.0000,NULL,'N;',NULL,NULL,NULL,0.0000,NULL,0.0000,0.0000,0.0000,NULL,NULL,NULL,NULL,NULL,NULL,NULL,NULL,NULL,NULL),(465,219,'2019-01-01 22:57:04','0000-00-00 00:00:00',113,0,NULL,'shipping','mister-leha@mail.ru',NULL,NULL,NULL,NULL,NULL,NULL,NULL,NULL,NULL,NULL,NULL,NULL,NULL,NULL,1,0,NULL,NULL,0.0000,0.0000,0.0000,0.0000,0.0000,0.0000,0.0000,0.0000,0.0000,NULL,NULL,0.0000,0.0000,0.0000,0.0000,NULL,'N;',NULL,NULL,NULL,0.0000,NULL,0.0000,0.0000,0.0000,NULL,NULL,NULL,NULL,NULL,NULL,NULL,NULL,NULL,NULL),(466,220,'2019-01-01 23:08:15','0000-00-00 00:00:00',114,0,NULL,'billing','pylka60591@yandex.ru',NULL,NULL,NULL,NULL,NULL,NULL,NULL,NULL,NULL,NULL,NULL,NULL,NULL,NULL,0,0,NULL,NULL,0.0000,0.0000,0.0000,0.0000,0.0000,0.0000,0.0000,0.0000,0.0000,NULL,NULL,0.0000,0.0000,0.0000,0.0000,NULL,'N;',NULL,NULL,NULL,0.0000,NULL,0.0000,0.0000,0.0000,NULL,NULL,NULL,NULL,NULL,NULL,NULL,NULL,NULL,NULL),(467,220,'2019-01-01 23:08:15','0000-00-00 00:00:00',114,0,NULL,'shipping','pylka60591@yandex.ru',NULL,NULL,NULL,NULL,NULL,NULL,NULL,NULL,NULL,NULL,NULL,NULL,NULL,NULL,1,0,NULL,NULL,0.0000,0.0000,0.0000,0.0000,0.0000,0.0000,0.0000,0.0000,0.0000,NULL,NULL,0.0000,0.0000,0.0000,0.0000,NULL,'N;',NULL,NULL,NULL,0.0000,NULL,0.0000,0.0000,0.0000,NULL,NULL,NULL,NULL,NULL,NULL,NULL,NULL,NULL,NULL),(468,221,'2019-01-02 02:05:35','0000-00-00 00:00:00',115,0,NULL,'billing','prisyazhnyuk.20@mail.ru',NULL,NULL,NULL,NULL,NULL,NULL,NULL,NULL,NULL,NULL,NULL,NULL,NULL,NULL,0,0,NULL,NULL,0.0000,0.0000,0.0000,0.0000,0.0000,0.0000,0.0000,0.0000,0.0000,NULL,NULL,0.0000,0.0000,0.0000,0.0000,NULL,'N;',NULL,NULL,NULL,0.0000,NULL,0.0000,0.0000,0.0000,NULL,NULL,NULL,NULL,NULL,NULL,NULL,NULL,NULL,NULL),(469,221,'2019-01-02 02:05:35','0000-00-00 00:00:00',115,0,NULL,'shipping','prisyazhnyuk.20@mail.ru',NULL,NULL,NULL,NULL,NULL,NULL,NULL,NULL,NULL,NULL,NULL,NULL,NULL,NULL,1,0,NULL,NULL,0.0000,0.0000,0.0000,0.0000,0.0000,0.0000,0.0000,0.0000,0.0000,NULL,NULL,0.0000,0.0000,0.0000,0.0000,NULL,'N;',NULL,NULL,NULL,0.0000,NULL,0.0000,0.0000,0.0000,NULL,NULL,NULL,NULL,NULL,NULL,NULL,NULL,NULL,NULL),(470,222,'2019-01-02 05:57:29','0000-00-00 00:00:00',116,0,NULL,'billing','igor72_alkor@mail.ru',NULL,NULL,NULL,NULL,NULL,NULL,NULL,NULL,NULL,NULL,NULL,NULL,NULL,NULL,0,0,NULL,NULL,0.0000,0.0000,0.0000,0.0000,0.0000,0.0000,0.0000,0.0000,0.0000,NULL,NULL,0.0000,0.0000,0.0000,0.0000,NULL,'N;',NULL,NULL,NULL,0.0000,NULL,0.0000,0.0000,0.0000,NULL,NULL,NULL,NULL,NULL,NULL,NULL,NULL,NULL,NULL),(471,222,'2019-01-02 05:57:29','0000-00-00 00:00:00',116,0,NULL,'shipping','igor72_alkor@mail.ru',NULL,NULL,NULL,NULL,NULL,NULL,NULL,NULL,NULL,NULL,NULL,NULL,NULL,NULL,1,0,NULL,NULL,0.0000,0.0000,0.0000,0.0000,0.0000,0.0000,0.0000,0.0000,0.0000,NULL,NULL,0.0000,0.0000,0.0000,0.0000,NULL,'N;',NULL,NULL,NULL,0.0000,NULL,0.0000,0.0000,0.0000,NULL,NULL,NULL,NULL,NULL,NULL,NULL,NULL,NULL,NULL),(472,223,'2019-01-02 10:25:42','0000-00-00 00:00:00',117,0,NULL,'billing','baUmann27@yandex.ru',NULL,NULL,NULL,NULL,NULL,NULL,NULL,NULL,NULL,NULL,NULL,NULL,NULL,NULL,0,0,NULL,NULL,0.0000,0.0000,0.0000,0.0000,0.0000,0.0000,0.0000,0.0000,0.0000,NULL,NULL,0.0000,0.0000,0.0000,0.0000,NULL,'N;',NULL,NULL,NULL,0.0000,NULL,0.0000,0.0000,0.0000,NULL,NULL,NULL,NULL,NULL,NULL,NULL,NULL,NULL,NULL),(473,223,'2019-01-02 10:25:42','0000-00-00 00:00:00',117,0,NULL,'shipping','baUmann27@yandex.ru',NULL,NULL,NULL,NULL,NULL,NULL,NULL,NULL,NULL,NULL,NULL,NULL,NULL,NULL,1,0,NULL,NULL,0.0000,0.0000,0.0000,0.0000,0.0000,0.0000,0.0000,0.0000,0.0000,NULL,NULL,0.0000,0.0000,0.0000,0.0000,NULL,'N;',NULL,NULL,NULL,0.0000,NULL,0.0000,0.0000,0.0000,NULL,NULL,NULL,NULL,NULL,NULL,NULL,NULL,NULL,NULL),(474,224,'2019-01-02 13:04:48','0000-00-00 00:00:00',118,0,NULL,'billing','nic.12009@yandex.ru',NULL,NULL,NULL,NULL,NULL,NULL,NULL,NULL,NULL,NULL,NULL,NULL,NULL,NULL,0,0,NULL,NULL,0.0000,0.0000,0.0000,0.0000,0.0000,0.0000,0.0000,0.0000,0.0000,NULL,NULL,0.0000,0.0000,0.0000,0.0000,NULL,'N;',NULL,NULL,NULL,0.0000,NULL,0.0000,0.0000,0.0000,NULL,NULL,NULL,NULL,NULL,NULL,NULL,NULL,NULL,NULL),(475,224,'2019-01-02 13:04:48','0000-00-00 00:00:00',118,0,NULL,'shipping','nic.12009@yandex.ru',NULL,NULL,NULL,NULL,NULL,NULL,NULL,NULL,NULL,NULL,NULL,NULL,NULL,NULL,1,0,NULL,NULL,0.0000,0.0000,0.0000,0.0000,0.0000,0.0000,0.0000,0.0000,0.0000,NULL,NULL,0.0000,0.0000,0.0000,0.0000,NULL,'N;',NULL,NULL,NULL,0.0000,NULL,0.0000,0.0000,0.0000,NULL,NULL,NULL,NULL,NULL,NULL,NULL,NULL,NULL,NULL),(476,225,'2019-01-02 13:07:52','0000-00-00 00:00:00',119,0,NULL,'billing','stone_soul@list.ru',NULL,NULL,NULL,NULL,NULL,NULL,NULL,NULL,NULL,NULL,NULL,NULL,NULL,NULL,0,0,NULL,NULL,0.0000,0.0000,0.0000,0.0000,0.0000,0.0000,0.0000,0.0000,0.0000,NULL,NULL,0.0000,0.0000,0.0000,0.0000,NULL,'N;',NULL,NULL,NULL,0.0000,NULL,0.0000,0.0000,0.0000,NULL,NULL,NULL,NULL,NULL,NULL,NULL,NULL,NULL,NULL),(477,225,'2019-01-02 13:07:52','0000-00-00 00:00:00',119,0,NULL,'shipping','stone_soul@list.ru',NULL,NULL,NULL,NULL,NULL,NULL,NULL,NULL,NULL,NULL,NULL,NULL,NULL,NULL,1,0,NULL,NULL,0.0000,0.0000,0.0000,0.0000,0.0000,0.0000,0.0000,0.0000,0.0000,NULL,NULL,0.0000,0.0000,0.0000,0.0000,NULL,'N;',NULL,NULL,NULL,0.0000,NULL,0.0000,0.0000,0.0000,NULL,NULL,NULL,NULL,NULL,NULL,NULL,NULL,NULL,NULL),(478,226,'2019-01-02 13:29:36','0000-00-00 00:00:00',120,0,NULL,'billing','irinazhestkova@mail.ru',NULL,NULL,NULL,NULL,NULL,NULL,NULL,NULL,NULL,NULL,NULL,NULL,NULL,NULL,0,0,NULL,NULL,0.0000,0.0000,0.0000,0.0000,0.0000,0.0000,0.0000,0.0000,0.0000,NULL,NULL,0.0000,0.0000,0.0000,0.0000,NULL,'N;',NULL,NULL,NULL,0.0000,NULL,0.0000,0.0000,0.0000,NULL,NULL,NULL,NULL,NULL,NULL,NULL,NULL,NULL,NULL),(479,226,'2019-01-02 13:29:36','0000-00-00 00:00:00',120,0,NULL,'shipping','irinazhestkova@mail.ru',NULL,NULL,NULL,NULL,NULL,NULL,NULL,NULL,NULL,NULL,NULL,NULL,NULL,NULL,1,0,NULL,NULL,0.0000,0.0000,0.0000,0.0000,0.0000,0.0000,0.0000,0.0000,0.0000,NULL,NULL,0.0000,0.0000,0.0000,0.0000,NULL,'N;',NULL,NULL,NULL,0.0000,NULL,0.0000,0.0000,0.0000,NULL,NULL,NULL,NULL,NULL,NULL,NULL,NULL,NULL,NULL),(480,227,'2019-01-02 14:32:18','0000-00-00 00:00:00',121,0,NULL,'billing','mary7606@mail.ru',NULL,NULL,NULL,NULL,NULL,NULL,NULL,NULL,NULL,NULL,NULL,NULL,NULL,NULL,0,0,NULL,NULL,0.0000,0.0000,0.0000,0.0000,0.0000,0.0000,0.0000,0.0000,0.0000,NULL,NULL,0.0000,0.0000,0.0000,0.0000,NULL,'N;',NULL,NULL,NULL,0.0000,NULL,0.0000,0.0000,0.0000,NULL,NULL,NULL,NULL,NULL,NULL,NULL,NULL,NULL,NULL),(481,227,'2019-01-02 14:32:18','0000-00-00 00:00:00',121,0,NULL,'shipping','mary7606@mail.ru',NULL,NULL,NULL,NULL,NULL,NULL,NULL,NULL,NULL,NULL,NULL,NULL,NULL,NULL,1,0,NULL,NULL,0.0000,0.0000,0.0000,0.0000,0.0000,0.0000,0.0000,0.0000,0.0000,NULL,NULL,0.0000,0.0000,0.0000,0.0000,NULL,'N;',NULL,NULL,NULL,0.0000,NULL,0.0000,0.0000,0.0000,NULL,NULL,NULL,NULL,NULL,NULL,NULL,NULL,NULL,NULL),(482,228,'2019-01-02 14:32:41','0000-00-00 00:00:00',122,0,NULL,'billing','axtemisraylyan@mail.ru',NULL,NULL,NULL,NULL,NULL,NULL,NULL,NULL,NULL,NULL,NULL,NULL,NULL,NULL,0,0,NULL,NULL,0.0000,0.0000,0.0000,0.0000,0.0000,0.0000,0.0000,0.0000,0.0000,NULL,NULL,0.0000,0.0000,0.0000,0.0000,NULL,'N;',NULL,NULL,NULL,0.0000,NULL,0.0000,0.0000,0.0000,NULL,NULL,NULL,NULL,NULL,NULL,NULL,NULL,NULL,NULL),(483,228,'2019-01-02 14:32:41','0000-00-00 00:00:00',122,0,NULL,'shipping','axtemisraylyan@mail.ru',NULL,NULL,NULL,NULL,NULL,NULL,NULL,NULL,NULL,NULL,NULL,NULL,NULL,NULL,1,0,NULL,NULL,0.0000,0.0000,0.0000,0.0000,0.0000,0.0000,0.0000,0.0000,0.0000,NULL,NULL,0.0000,0.0000,0.0000,0.0000,NULL,'N;',NULL,NULL,NULL,0.0000,NULL,0.0000,0.0000,0.0000,NULL,NULL,NULL,NULL,NULL,NULL,NULL,NULL,NULL,NULL),(484,229,'2019-01-03 00:02:37','0000-00-00 00:00:00',123,0,NULL,'billing','lena7110@mail.ru',NULL,NULL,NULL,NULL,NULL,NULL,NULL,NULL,NULL,NULL,NULL,NULL,NULL,NULL,0,0,NULL,NULL,0.0000,0.0000,0.0000,0.0000,0.0000,0.0000,0.0000,0.0000,0.0000,NULL,NULL,0.0000,0.0000,0.0000,0.0000,NULL,'N;',NULL,NULL,NULL,0.0000,NULL,0.0000,0.0000,0.0000,NULL,NULL,NULL,NULL,NULL,NULL,NULL,NULL,NULL,NULL),(485,229,'2019-01-03 00:02:37','0000-00-00 00:00:00',123,0,NULL,'shipping','lena7110@mail.ru',NULL,NULL,NULL,NULL,NULL,NULL,NULL,NULL,NULL,NULL,NULL,NULL,NULL,NULL,1,0,NULL,NULL,0.0000,0.0000,0.0000,0.0000,0.0000,0.0000,0.0000,0.0000,0.0000,NULL,NULL,0.0000,0.0000,0.0000,0.0000,NULL,'N;',NULL,NULL,NULL,0.0000,NULL,0.0000,0.0000,0.0000,NULL,NULL,NULL,NULL,NULL,NULL,NULL,NULL,NULL,NULL),(486,230,'2019-01-03 00:51:21','0000-00-00 00:00:00',124,0,NULL,'billing','mirzodavron@mail.ru',NULL,NULL,NULL,NULL,NULL,NULL,NULL,NULL,NULL,NULL,NULL,NULL,NULL,NULL,0,0,NULL,NULL,0.0000,0.0000,0.0000,0.0000,0.0000,0.0000,0.0000,0.0000,0.0000,NULL,NULL,0.0000,0.0000,0.0000,0.0000,NULL,'N;',NULL,NULL,NULL,0.0000,NULL,0.0000,0.0000,0.0000,NULL,NULL,NULL,NULL,NULL,NULL,NULL,NULL,NULL,NULL),(487,230,'2019-01-03 00:51:21','0000-00-00 00:00:00',124,0,NULL,'shipping','mirzodavron@mail.ru',NULL,NULL,NULL,NULL,NULL,NULL,NULL,NULL,NULL,NULL,NULL,NULL,NULL,NULL,1,0,NULL,NULL,0.0000,0.0000,0.0000,0.0000,0.0000,0.0000,0.0000,0.0000,0.0000,NULL,NULL,0.0000,0.0000,0.0000,0.0000,NULL,'N;',NULL,NULL,NULL,0.0000,NULL,0.0000,0.0000,0.0000,NULL,NULL,NULL,NULL,NULL,NULL,NULL,NULL,NULL,NULL),(488,231,'2019-01-03 06:01:10','0000-00-00 00:00:00',125,0,NULL,'billing','ilgizkg.03@mail.ru',NULL,NULL,NULL,NULL,NULL,NULL,NULL,NULL,NULL,NULL,NULL,NULL,NULL,NULL,0,0,NULL,NULL,0.0000,0.0000,0.0000,0.0000,0.0000,0.0000,0.0000,0.0000,0.0000,NULL,NULL,0.0000,0.0000,0.0000,0.0000,NULL,'N;',NULL,NULL,NULL,0.0000,NULL,0.0000,0.0000,0.0000,NULL,NULL,NULL,NULL,NULL,NULL,NULL,NULL,NULL,NULL),(489,231,'2019-01-03 06:01:10','0000-00-00 00:00:00',125,0,NULL,'shipping','ilgizkg.03@mail.ru',NULL,NULL,NULL,NULL,NULL,NULL,NULL,NULL,NULL,NULL,NULL,NULL,NULL,NULL,1,0,NULL,NULL,0.0000,0.0000,0.0000,0.0000,0.0000,0.0000,0.0000,0.0000,0.0000,NULL,NULL,0.0000,0.0000,0.0000,0.0000,NULL,'N;',NULL,NULL,NULL,0.0000,NULL,0.0000,0.0000,0.0000,NULL,NULL,NULL,NULL,NULL,NULL,NULL,NULL,NULL,NULL),(490,232,'2019-01-03 06:59:23','0000-00-00 00:00:00',126,0,NULL,'billing','oksanka.salmina.86@mail.ru',NULL,NULL,NULL,NULL,NULL,NULL,NULL,NULL,NULL,NULL,NULL,NULL,NULL,NULL,0,0,NULL,NULL,0.0000,0.0000,0.0000,0.0000,0.0000,0.0000,0.0000,0.0000,0.0000,NULL,NULL,0.0000,0.0000,0.0000,0.0000,NULL,'N;',NULL,NULL,NULL,0.0000,NULL,0.0000,0.0000,0.0000,NULL,NULL,NULL,NULL,NULL,NULL,NULL,NULL,NULL,NULL),(491,232,'2019-01-03 06:59:23','0000-00-00 00:00:00',126,0,NULL,'shipping','oksanka.salmina.86@mail.ru',NULL,NULL,NULL,NULL,NULL,NULL,NULL,NULL,NULL,NULL,NULL,NULL,NULL,NULL,1,0,NULL,NULL,0.0000,0.0000,0.0000,0.0000,0.0000,0.0000,0.0000,0.0000,0.0000,NULL,NULL,0.0000,0.0000,0.0000,0.0000,NULL,'N;',NULL,NULL,NULL,0.0000,NULL,0.0000,0.0000,0.0000,NULL,NULL,NULL,NULL,NULL,NULL,NULL,NULL,NULL,NULL),(492,233,'2019-01-03 07:38:33','0000-00-00 00:00:00',127,0,NULL,'billing','mansurtohirv1985@gmail.com',NULL,NULL,NULL,NULL,NULL,NULL,NULL,NULL,NULL,NULL,NULL,NULL,NULL,NULL,0,0,NULL,NULL,0.0000,0.0000,0.0000,0.0000,0.0000,0.0000,0.0000,0.0000,0.0000,NULL,NULL,0.0000,0.0000,0.0000,0.0000,NULL,'N;',NULL,NULL,NULL,0.0000,NULL,0.0000,0.0000,0.0000,NULL,NULL,NULL,NULL,NULL,NULL,NULL,NULL,NULL,NULL),(493,233,'2019-01-03 07:38:33','0000-00-00 00:00:00',127,0,NULL,'shipping','mansurtohirv1985@gmail.com',NULL,NULL,NULL,NULL,NULL,NULL,NULL,NULL,NULL,NULL,NULL,NULL,NULL,NULL,1,0,NULL,NULL,0.0000,0.0000,0.0000,0.0000,0.0000,0.0000,0.0000,0.0000,0.0000,NULL,NULL,0.0000,0.0000,0.0000,0.0000,NULL,'N;',NULL,NULL,NULL,0.0000,NULL,0.0000,0.0000,0.0000,NULL,NULL,NULL,NULL,NULL,NULL,NULL,NULL,NULL,NULL),(494,234,'2019-01-03 07:45:50','0000-00-00 00:00:00',128,0,NULL,'billing','duraw@yandex.ru',NULL,NULL,NULL,NULL,NULL,NULL,NULL,NULL,NULL,NULL,NULL,NULL,NULL,NULL,0,0,NULL,NULL,0.0000,0.0000,0.0000,0.0000,0.0000,0.0000,0.0000,0.0000,0.0000,NULL,NULL,0.0000,0.0000,0.0000,0.0000,NULL,'N;',NULL,NULL,NULL,0.0000,NULL,0.0000,0.0000,0.0000,NULL,NULL,NULL,NULL,NULL,NULL,NULL,NULL,NULL,NULL),(495,234,'2019-01-03 07:45:50','0000-00-00 00:00:00',128,0,NULL,'shipping','duraw@yandex.ru',NULL,NULL,NULL,NULL,NULL,NULL,NULL,NULL,NULL,NULL,NULL,NULL,NULL,NULL,1,0,NULL,NULL,0.0000,0.0000,0.0000,0.0000,0.0000,0.0000,0.0000,0.0000,0.0000,NULL,NULL,0.0000,0.0000,0.0000,0.0000,NULL,'N;',NULL,NULL,NULL,0.0000,NULL,0.0000,0.0000,0.0000,NULL,NULL,NULL,NULL,NULL,NULL,NULL,NULL,NULL,NULL),(496,235,'2019-01-03 09:12:01','0000-00-00 00:00:00',129,0,NULL,'billing','nikkoal@yandex.ru',NULL,NULL,NULL,NULL,NULL,NULL,NULL,NULL,NULL,NULL,NULL,NULL,NULL,NULL,0,0,NULL,NULL,0.0000,0.0000,0.0000,0.0000,0.0000,0.0000,0.0000,0.0000,0.0000,NULL,NULL,0.0000,0.0000,0.0000,0.0000,NULL,'N;',NULL,NULL,NULL,0.0000,NULL,0.0000,0.0000,0.0000,NULL,NULL,NULL,NULL,NULL,NULL,NULL,NULL,NULL,NULL),(497,235,'2019-01-03 09:12:01','0000-00-00 00:00:00',129,0,NULL,'shipping','nikkoal@yandex.ru',NULL,NULL,NULL,NULL,NULL,NULL,NULL,NULL,NULL,NULL,NULL,NULL,NULL,NULL,1,0,NULL,NULL,0.0000,0.0000,0.0000,0.0000,0.0000,0.0000,0.0000,0.0000,0.0000,NULL,NULL,0.0000,0.0000,0.0000,0.0000,NULL,'N;',NULL,NULL,NULL,0.0000,NULL,0.0000,0.0000,0.0000,NULL,NULL,NULL,NULL,NULL,NULL,NULL,NULL,NULL,NULL),(498,236,'2019-01-03 11:43:04','0000-00-00 00:00:00',130,0,NULL,'billing','lena.kudimova2012@yandex.ru',NULL,NULL,NULL,NULL,NULL,NULL,NULL,NULL,NULL,NULL,NULL,NULL,NULL,NULL,0,0,NULL,NULL,0.0000,0.0000,0.0000,0.0000,0.0000,0.0000,0.0000,0.0000,0.0000,NULL,NULL,0.0000,0.0000,0.0000,0.0000,NULL,'N;',NULL,NULL,NULL,0.0000,NULL,0.0000,0.0000,0.0000,NULL,NULL,NULL,NULL,NULL,NULL,NULL,NULL,NULL,NULL),(499,236,'2019-01-03 11:43:04','0000-00-00 00:00:00',130,0,NULL,'shipping','lena.kudimova2012@yandex.ru',NULL,NULL,NULL,NULL,NULL,NULL,NULL,NULL,NULL,NULL,NULL,NULL,NULL,NULL,1,0,NULL,NULL,0.0000,0.0000,0.0000,0.0000,0.0000,0.0000,0.0000,0.0000,0.0000,NULL,NULL,0.0000,0.0000,0.0000,0.0000,NULL,'N;',NULL,NULL,NULL,0.0000,NULL,0.0000,0.0000,0.0000,NULL,NULL,NULL,NULL,NULL,NULL,NULL,NULL,NULL,NULL),(500,237,'2019-01-03 11:59:48','0000-00-00 00:00:00',131,0,NULL,'billing','kalugapotap@mail.ru',NULL,NULL,NULL,NULL,NULL,NULL,NULL,NULL,NULL,NULL,NULL,NULL,NULL,NULL,0,0,NULL,NULL,0.0000,0.0000,0.0000,0.0000,0.0000,0.0000,0.0000,0.0000,0.0000,NULL,NULL,0.0000,0.0000,0.0000,0.0000,NULL,'N;',NULL,NULL,NULL,0.0000,NULL,0.0000,0.0000,0.0000,NULL,NULL,NULL,NULL,NULL,NULL,NULL,NULL,NULL,NULL),(501,237,'2019-01-03 11:59:48','0000-00-00 00:00:00',131,0,NULL,'shipping','kalugapotap@mail.ru',NULL,NULL,NULL,NULL,NULL,NULL,NULL,NULL,NULL,NULL,NULL,NULL,NULL,NULL,1,0,NULL,NULL,0.0000,0.0000,0.0000,0.0000,0.0000,0.0000,0.0000,0.0000,0.0000,NULL,NULL,0.0000,0.0000,0.0000,0.0000,NULL,'N;',NULL,NULL,NULL,0.0000,NULL,0.0000,0.0000,0.0000,NULL,NULL,NULL,NULL,NULL,NULL,NULL,NULL,NULL,NULL),(502,238,'2019-01-03 12:27:46','0000-00-00 00:00:00',132,0,NULL,'billing','prince_of_kalenin@mail.ru',NULL,NULL,NULL,NULL,NULL,NULL,NULL,NULL,NULL,NULL,NULL,NULL,NULL,NULL,0,0,NULL,NULL,0.0000,0.0000,0.0000,0.0000,0.0000,0.0000,0.0000,0.0000,0.0000,NULL,NULL,0.0000,0.0000,0.0000,0.0000,NULL,'N;',NULL,NULL,NULL,0.0000,NULL,0.0000,0.0000,0.0000,NULL,NULL,NULL,NULL,NULL,NULL,NULL,NULL,NULL,NULL),(503,238,'2019-01-03 12:27:46','0000-00-00 00:00:00',132,0,NULL,'shipping','prince_of_kalenin@mail.ru',NULL,NULL,NULL,NULL,NULL,NULL,NULL,NULL,NULL,NULL,NULL,NULL,NULL,NULL,1,0,NULL,NULL,0.0000,0.0000,0.0000,0.0000,0.0000,0.0000,0.0000,0.0000,0.0000,NULL,NULL,0.0000,0.0000,0.0000,0.0000,NULL,'N;',NULL,NULL,NULL,0.0000,NULL,0.0000,0.0000,0.0000,NULL,NULL,NULL,NULL,NULL,NULL,NULL,NULL,NULL,NULL),(504,239,'2019-01-03 12:35:04','0000-00-00 00:00:00',133,0,NULL,'billing','www.stas-moto90@mail.ru',NULL,NULL,NULL,NULL,NULL,NULL,NULL,NULL,NULL,NULL,NULL,NULL,NULL,NULL,0,0,NULL,NULL,0.0000,0.0000,0.0000,0.0000,0.0000,0.0000,0.0000,0.0000,0.0000,NULL,NULL,0.0000,0.0000,0.0000,0.0000,NULL,'N;',NULL,NULL,NULL,0.0000,NULL,0.0000,0.0000,0.0000,NULL,NULL,NULL,NULL,NULL,NULL,NULL,NULL,NULL,NULL),(505,239,'2019-01-03 12:35:04','0000-00-00 00:00:00',133,0,NULL,'shipping','www.stas-moto90@mail.ru',NULL,NULL,NULL,NULL,NULL,NULL,NULL,NULL,NULL,NULL,NULL,NULL,NULL,NULL,1,0,NULL,NULL,0.0000,0.0000,0.0000,0.0000,0.0000,0.0000,0.0000,0.0000,0.0000,NULL,NULL,0.0000,0.0000,0.0000,0.0000,NULL,'N;',NULL,NULL,NULL,0.0000,NULL,0.0000,0.0000,0.0000,NULL,NULL,NULL,NULL,NULL,NULL,NULL,NULL,NULL,NULL),(506,240,'2019-01-03 13:10:16','0000-00-00 00:00:00',134,0,NULL,'billing','toha_0595@mail.ru',NULL,NULL,NULL,NULL,NULL,NULL,NULL,NULL,NULL,NULL,NULL,NULL,NULL,NULL,0,0,NULL,NULL,0.0000,0.0000,0.0000,0.0000,0.0000,0.0000,0.0000,0.0000,0.0000,NULL,NULL,0.0000,0.0000,0.0000,0.0000,NULL,'N;',NULL,NULL,NULL,0.0000,NULL,0.0000,0.0000,0.0000,NULL,NULL,NULL,NULL,NULL,NULL,NULL,NULL,NULL,NULL),(507,240,'2019-01-03 13:10:16','0000-00-00 00:00:00',134,0,NULL,'shipping','toha_0595@mail.ru',NULL,NULL,NULL,NULL,NULL,NULL,NULL,NULL,NULL,NULL,NULL,NULL,NULL,NULL,1,0,NULL,NULL,0.0000,0.0000,0.0000,0.0000,0.0000,0.0000,0.0000,0.0000,0.0000,NULL,NULL,0.0000,0.0000,0.0000,0.0000,NULL,'N;',NULL,NULL,NULL,0.0000,NULL,0.0000,0.0000,0.0000,NULL,NULL,NULL,NULL,NULL,NULL,NULL,NULL,NULL,NULL),(508,241,'2019-01-03 13:12:44','0000-00-00 00:00:00',135,0,NULL,'billing','marsianka1@mail.ru',NULL,NULL,NULL,NULL,NULL,NULL,NULL,NULL,NULL,NULL,NULL,NULL,NULL,NULL,0,0,NULL,NULL,0.0000,0.0000,0.0000,0.0000,0.0000,0.0000,0.0000,0.0000,0.0000,NULL,NULL,0.0000,0.0000,0.0000,0.0000,NULL,'N;',NULL,NULL,NULL,0.0000,NULL,0.0000,0.0000,0.0000,NULL,NULL,NULL,NULL,NULL,NULL,NULL,NULL,NULL,NULL),(509,241,'2019-01-03 13:12:44','0000-00-00 00:00:00',135,0,NULL,'shipping','marsianka1@mail.ru',NULL,NULL,NULL,NULL,NULL,NULL,NULL,NULL,NULL,NULL,NULL,NULL,NULL,NULL,1,0,NULL,NULL,0.0000,0.0000,0.0000,0.0000,0.0000,0.0000,0.0000,0.0000,0.0000,NULL,NULL,0.0000,0.0000,0.0000,0.0000,NULL,'N;',NULL,NULL,NULL,0.0000,NULL,0.0000,0.0000,0.0000,NULL,NULL,NULL,NULL,NULL,NULL,NULL,NULL,NULL,NULL),(510,242,'2019-01-03 14:40:48','0000-00-00 00:00:00',136,0,NULL,'billing','bs_86@list.ru',NULL,NULL,NULL,NULL,NULL,NULL,NULL,NULL,NULL,NULL,NULL,NULL,NULL,NULL,0,0,NULL,NULL,0.0000,0.0000,0.0000,0.0000,0.0000,0.0000,0.0000,0.0000,0.0000,NULL,NULL,0.0000,0.0000,0.0000,0.0000,NULL,'N;',NULL,NULL,NULL,0.0000,NULL,0.0000,0.0000,0.0000,NULL,NULL,NULL,NULL,NULL,NULL,NULL,NULL,NULL,NULL),(511,242,'2019-01-03 14:40:48','0000-00-00 00:00:00',136,0,NULL,'shipping','bs_86@list.ru',NULL,NULL,NULL,NULL,NULL,NULL,NULL,NULL,NULL,NULL,NULL,NULL,NULL,NULL,1,0,NULL,NULL,0.0000,0.0000,0.0000,0.0000,0.0000,0.0000,0.0000,0.0000,0.0000,NULL,NULL,0.0000,0.0000,0.0000,0.0000,NULL,'N;',NULL,NULL,NULL,0.0000,NULL,0.0000,0.0000,0.0000,NULL,NULL,NULL,NULL,NULL,NULL,NULL,NULL,NULL,NULL),(512,243,'2019-01-04 01:39:44','0000-00-00 00:00:00',137,0,NULL,'billing','podsolnuxi@mail.ru',NULL,NULL,NULL,NULL,NULL,NULL,NULL,NULL,NULL,NULL,NULL,NULL,NULL,NULL,0,0,NULL,NULL,0.0000,0.0000,0.0000,0.0000,0.0000,0.0000,0.0000,0.0000,0.0000,NULL,NULL,0.0000,0.0000,0.0000,0.0000,NULL,'N;',NULL,NULL,NULL,0.0000,NULL,0.0000,0.0000,0.0000,NULL,NULL,NULL,NULL,NULL,NULL,NULL,NULL,NULL,NULL),(513,243,'2019-01-04 01:39:44','0000-00-00 00:00:00',137,0,NULL,'shipping','podsolnuxi@mail.ru',NULL,NULL,NULL,NULL,NULL,NULL,NULL,NULL,NULL,NULL,NULL,NULL,NULL,NULL,1,0,NULL,NULL,0.0000,0.0000,0.0000,0.0000,0.0000,0.0000,0.0000,0.0000,0.0000,NULL,NULL,0.0000,0.0000,0.0000,0.0000,NULL,'N;',NULL,NULL,NULL,0.0000,NULL,0.0000,0.0000,0.0000,NULL,NULL,NULL,NULL,NULL,NULL,NULL,NULL,NULL,NULL),(514,244,'2019-01-04 07:19:50','0000-00-00 00:00:00',138,0,NULL,'billing','serzhanova_a@bk.ru',NULL,NULL,NULL,NULL,NULL,NULL,NULL,NULL,NULL,NULL,NULL,NULL,NULL,NULL,0,0,NULL,NULL,0.0000,0.0000,0.0000,0.0000,0.0000,0.0000,0.0000,0.0000,0.0000,NULL,NULL,0.0000,0.0000,0.0000,0.0000,NULL,'N;',NULL,NULL,NULL,0.0000,NULL,0.0000,0.0000,0.0000,NULL,NULL,NULL,NULL,NULL,NULL,NULL,NULL,NULL,NULL),(515,244,'2019-01-04 07:19:50','0000-00-00 00:00:00',138,0,NULL,'shipping','serzhanova_a@bk.ru',NULL,NULL,NULL,NULL,NULL,NULL,NULL,NULL,NULL,NULL,NULL,NULL,NULL,NULL,1,0,NULL,NULL,0.0000,0.0000,0.0000,0.0000,0.0000,0.0000,0.0000,0.0000,0.0000,NULL,NULL,0.0000,0.0000,0.0000,0.0000,NULL,'N;',NULL,NULL,NULL,0.0000,NULL,0.0000,0.0000,0.0000,NULL,NULL,NULL,NULL,NULL,NULL,NULL,NULL,NULL,NULL),(516,245,'2019-01-05 21:58:53','0000-00-00 00:00:00',NULL,0,NULL,'shipping',NULL,NULL,NULL,NULL,NULL,NULL,NULL,NULL,NULL,NULL,0,NULL,NULL,NULL,NULL,1,1,NULL,NULL,0.0000,0.0000,0.0000,0.0000,0.0000,0.0000,0.0000,0.0000,0.0000,NULL,NULL,0.0000,0.0000,0.0000,0.0000,NULL,'N;',NULL,NULL,NULL,0.0000,NULL,0.0000,0.0000,0.0000,NULL,NULL,NULL,NULL,NULL,NULL,NULL,NULL,NULL,NULL),(517,245,'2019-01-05 21:58:53','0000-00-00 00:00:00',NULL,0,NULL,'billing',NULL,NULL,NULL,NULL,NULL,NULL,NULL,NULL,NULL,NULL,NULL,NULL,NULL,NULL,NULL,0,0,NULL,NULL,0.0000,0.0000,0.0000,0.0000,0.0000,0.0000,0.0000,0.0000,0.0000,NULL,NULL,0.0000,0.0000,0.0000,0.0000,NULL,'N;',NULL,NULL,NULL,0.0000,NULL,0.0000,0.0000,0.0000,NULL,NULL,NULL,NULL,NULL,NULL,NULL,NULL,NULL,NULL),(523,248,'2019-01-19 08:53:56','0000-00-00 00:00:00',141,0,NULL,'billing','andreykr.asilov29@gmail.com',NULL,NULL,NULL,NULL,NULL,NULL,NULL,NULL,NULL,NULL,NULL,NULL,NULL,NULL,0,0,NULL,NULL,0.0000,0.0000,0.0000,0.0000,0.0000,0.0000,0.0000,0.0000,0.0000,NULL,NULL,0.0000,0.0000,0.0000,0.0000,NULL,'N;',NULL,NULL,NULL,0.0000,NULL,0.0000,0.0000,0.0000,NULL,NULL,NULL,NULL,NULL,NULL,NULL,NULL,NULL,NULL),(524,248,'2019-01-19 08:53:56','0000-00-00 00:00:00',141,0,NULL,'shipping','andreykr.asilov29@gmail.com',NULL,NULL,NULL,NULL,NULL,NULL,NULL,NULL,NULL,NULL,NULL,NULL,NULL,NULL,1,0,NULL,NULL,0.0000,0.0000,0.0000,0.0000,0.0000,0.0000,0.0000,0.0000,0.0000,NULL,NULL,0.0000,0.0000,0.0000,0.0000,NULL,'N;',NULL,NULL,NULL,0.0000,NULL,0.0000,0.0000,0.0000,NULL,NULL,NULL,NULL,NULL,NULL,NULL,NULL,NULL,NULL),(525,249,'2019-01-30 20:56:40','0000-00-00 00:00:00',142,0,NULL,'billing','andreykra.silov29@gmail.com',NULL,NULL,NULL,NULL,NULL,NULL,NULL,NULL,NULL,NULL,NULL,NULL,NULL,NULL,0,0,NULL,NULL,0.0000,0.0000,0.0000,0.0000,0.0000,0.0000,0.0000,0.0000,0.0000,NULL,NULL,0.0000,0.0000,0.0000,0.0000,NULL,'N;',NULL,NULL,NULL,0.0000,NULL,0.0000,0.0000,0.0000,NULL,NULL,NULL,NULL,NULL,NULL,NULL,NULL,NULL,NULL),(526,249,'2019-01-30 20:56:40','0000-00-00 00:00:00',142,0,NULL,'shipping','andreykra.silov29@gmail.com',NULL,NULL,NULL,NULL,NULL,NULL,NULL,NULL,NULL,NULL,NULL,NULL,NULL,NULL,1,0,NULL,NULL,0.0000,0.0000,0.0000,0.0000,0.0000,0.0000,0.0000,0.0000,0.0000,NULL,NULL,0.0000,0.0000,0.0000,0.0000,NULL,'N;',NULL,NULL,NULL,0.0000,NULL,0.0000,0.0000,0.0000,NULL,NULL,NULL,NULL,NULL,NULL,NULL,NULL,NULL,NULL),(527,250,'2019-01-31 19:14:07','0000-00-00 00:00:00',143,0,NULL,'billing','olgas8585@mail.ru',NULL,NULL,NULL,NULL,NULL,NULL,NULL,NULL,NULL,NULL,NULL,NULL,NULL,NULL,0,0,NULL,NULL,0.0000,0.0000,0.0000,0.0000,0.0000,0.0000,0.0000,0.0000,0.0000,NULL,NULL,0.0000,0.0000,0.0000,0.0000,NULL,'N;',NULL,NULL,NULL,0.0000,NULL,0.0000,0.0000,0.0000,NULL,NULL,NULL,NULL,NULL,NULL,NULL,NULL,NULL,NULL),(528,250,'2019-01-31 19:14:07','0000-00-00 00:00:00',143,0,NULL,'shipping','olgas8585@mail.ru',NULL,NULL,NULL,NULL,NULL,NULL,NULL,NULL,NULL,NULL,NULL,NULL,NULL,NULL,1,0,NULL,NULL,0.0000,0.0000,0.0000,0.0000,0.0000,0.0000,0.0000,0.0000,0.0000,NULL,NULL,0.0000,0.0000,0.0000,0.0000,NULL,'N;',NULL,NULL,NULL,0.0000,NULL,0.0000,0.0000,0.0000,NULL,NULL,NULL,NULL,NULL,NULL,NULL,NULL,NULL,NULL),(529,251,'2019-01-31 21:51:19','0000-00-00 00:00:00',144,0,NULL,'billing','ermolaewa1953@mail.ru',NULL,NULL,NULL,NULL,NULL,NULL,NULL,NULL,NULL,NULL,NULL,NULL,NULL,NULL,0,0,NULL,NULL,0.0000,0.0000,0.0000,0.0000,0.0000,0.0000,0.0000,0.0000,0.0000,NULL,NULL,0.0000,0.0000,0.0000,0.0000,NULL,'N;',NULL,NULL,NULL,0.0000,NULL,0.0000,0.0000,0.0000,NULL,NULL,NULL,NULL,NULL,NULL,NULL,NULL,NULL,NULL),(530,251,'2019-01-31 21:51:19','0000-00-00 00:00:00',144,0,NULL,'shipping','ermolaewa1953@mail.ru',NULL,NULL,NULL,NULL,NULL,NULL,NULL,NULL,NULL,NULL,NULL,NULL,NULL,NULL,1,0,NULL,NULL,0.0000,0.0000,0.0000,0.0000,0.0000,0.0000,0.0000,0.0000,0.0000,NULL,NULL,0.0000,0.0000,0.0000,0.0000,NULL,'N;',NULL,NULL,NULL,0.0000,NULL,0.0000,0.0000,0.0000,NULL,NULL,NULL,NULL,NULL,NULL,NULL,NULL,NULL,NULL),(531,252,'2019-01-31 22:08:59','0000-00-00 00:00:00',145,0,NULL,'billing','intervalya_ne@list.ru',NULL,NULL,NULL,NULL,NULL,NULL,NULL,NULL,NULL,NULL,NULL,NULL,NULL,NULL,0,0,NULL,NULL,0.0000,0.0000,0.0000,0.0000,0.0000,0.0000,0.0000,0.0000,0.0000,NULL,NULL,0.0000,0.0000,0.0000,0.0000,NULL,'N;',NULL,NULL,NULL,0.0000,NULL,0.0000,0.0000,0.0000,NULL,NULL,NULL,NULL,NULL,NULL,NULL,NULL,NULL,NULL),(532,252,'2019-01-31 22:08:59','0000-00-00 00:00:00',145,0,NULL,'shipping','intervalya_ne@list.ru',NULL,NULL,NULL,NULL,NULL,NULL,NULL,NULL,NULL,NULL,NULL,NULL,NULL,NULL,1,0,NULL,NULL,0.0000,0.0000,0.0000,0.0000,0.0000,0.0000,0.0000,0.0000,0.0000,NULL,NULL,0.0000,0.0000,0.0000,0.0000,NULL,'N;',NULL,NULL,NULL,0.0000,NULL,0.0000,0.0000,0.0000,NULL,NULL,NULL,NULL,NULL,NULL,NULL,NULL,NULL,NULL),(533,253,'2019-01-31 22:33:02','0000-00-00 00:00:00',146,0,NULL,'billing','elnura1953@mail.ru',NULL,NULL,NULL,NULL,NULL,NULL,NULL,NULL,NULL,NULL,NULL,NULL,NULL,NULL,0,0,NULL,NULL,0.0000,0.0000,0.0000,0.0000,0.0000,0.0000,0.0000,0.0000,0.0000,NULL,NULL,0.0000,0.0000,0.0000,0.0000,NULL,'N;',NULL,NULL,NULL,0.0000,NULL,0.0000,0.0000,0.0000,NULL,NULL,NULL,NULL,NULL,NULL,NULL,NULL,NULL,NULL),(534,253,'2019-01-31 22:33:02','0000-00-00 00:00:00',146,0,NULL,'shipping','elnura1953@mail.ru',NULL,NULL,NULL,NULL,NULL,NULL,NULL,NULL,NULL,NULL,NULL,NULL,NULL,NULL,1,0,NULL,NULL,0.0000,0.0000,0.0000,0.0000,0.0000,0.0000,0.0000,0.0000,0.0000,NULL,NULL,0.0000,0.0000,0.0000,0.0000,NULL,'N;',NULL,NULL,NULL,0.0000,NULL,0.0000,0.0000,0.0000,NULL,NULL,NULL,NULL,NULL,NULL,NULL,NULL,NULL,NULL),(535,254,'2019-01-31 23:11:37','0000-00-00 00:00:00',147,0,NULL,'billing','kolik378@mail.ru',NULL,NULL,NULL,NULL,NULL,NULL,NULL,NULL,NULL,NULL,NULL,NULL,NULL,NULL,0,0,NULL,NULL,0.0000,0.0000,0.0000,0.0000,0.0000,0.0000,0.0000,0.0000,0.0000,NULL,NULL,0.0000,0.0000,0.0000,0.0000,NULL,'N;',NULL,NULL,NULL,0.0000,NULL,0.0000,0.0000,0.0000,NULL,NULL,NULL,NULL,NULL,NULL,NULL,NULL,NULL,NULL),(536,254,'2019-01-31 23:11:37','0000-00-00 00:00:00',147,0,NULL,'shipping','kolik378@mail.ru',NULL,NULL,NULL,NULL,NULL,NULL,NULL,NULL,NULL,NULL,NULL,NULL,NULL,NULL,1,0,NULL,NULL,0.0000,0.0000,0.0000,0.0000,0.0000,0.0000,0.0000,0.0000,0.0000,NULL,NULL,0.0000,0.0000,0.0000,0.0000,NULL,'N;',NULL,NULL,NULL,0.0000,NULL,0.0000,0.0000,0.0000,NULL,NULL,NULL,NULL,NULL,NULL,NULL,NULL,NULL,NULL),(537,255,'2019-02-01 03:29:57','0000-00-00 00:00:00',148,0,NULL,'billing','leonid.kolotukhin@mail.ru',NULL,NULL,NULL,NULL,NULL,NULL,NULL,NULL,NULL,NULL,NULL,NULL,NULL,NULL,0,0,NULL,NULL,0.0000,0.0000,0.0000,0.0000,0.0000,0.0000,0.0000,0.0000,0.0000,NULL,NULL,0.0000,0.0000,0.0000,0.0000,NULL,'N;',NULL,NULL,NULL,0.0000,NULL,0.0000,0.0000,0.0000,NULL,NULL,NULL,NULL,NULL,NULL,NULL,NULL,NULL,NULL),(538,255,'2019-02-01 03:29:57','0000-00-00 00:00:00',148,0,NULL,'shipping','leonid.kolotukhin@mail.ru',NULL,NULL,NULL,NULL,NULL,NULL,NULL,NULL,NULL,NULL,NULL,NULL,NULL,NULL,1,0,NULL,NULL,0.0000,0.0000,0.0000,0.0000,0.0000,0.0000,0.0000,0.0000,0.0000,NULL,NULL,0.0000,0.0000,0.0000,0.0000,NULL,'N;',NULL,NULL,NULL,0.0000,NULL,0.0000,0.0000,0.0000,NULL,NULL,NULL,NULL,NULL,NULL,NULL,NULL,NULL,NULL),(539,256,'2019-02-01 06:33:40','0000-00-00 00:00:00',149,0,NULL,'billing','elena1398@bk.ru',NULL,NULL,NULL,NULL,NULL,NULL,NULL,NULL,NULL,NULL,NULL,NULL,NULL,NULL,0,0,NULL,NULL,0.0000,0.0000,0.0000,0.0000,0.0000,0.0000,0.0000,0.0000,0.0000,NULL,NULL,0.0000,0.0000,0.0000,0.0000,NULL,'N;',NULL,NULL,NULL,0.0000,NULL,0.0000,0.0000,0.0000,NULL,NULL,NULL,NULL,NULL,NULL,NULL,NULL,NULL,NULL),(540,256,'2019-02-01 06:33:40','0000-00-00 00:00:00',149,0,NULL,'shipping','elena1398@bk.ru',NULL,NULL,NULL,NULL,NULL,NULL,NULL,NULL,NULL,NULL,NULL,NULL,NULL,NULL,1,0,NULL,NULL,0.0000,0.0000,0.0000,0.0000,0.0000,0.0000,0.0000,0.0000,0.0000,NULL,NULL,0.0000,0.0000,0.0000,0.0000,NULL,'N;',NULL,NULL,NULL,0.0000,NULL,0.0000,0.0000,0.0000,NULL,NULL,NULL,NULL,NULL,NULL,NULL,NULL,NULL,NULL),(541,257,'2019-02-01 07:10:19','0000-00-00 00:00:00',150,0,NULL,'billing','almityaEva@yandex.ru',NULL,NULL,NULL,NULL,NULL,NULL,NULL,NULL,NULL,NULL,NULL,NULL,NULL,NULL,0,0,NULL,NULL,0.0000,0.0000,0.0000,0.0000,0.0000,0.0000,0.0000,0.0000,0.0000,NULL,NULL,0.0000,0.0000,0.0000,0.0000,NULL,'N;',NULL,NULL,NULL,0.0000,NULL,0.0000,0.0000,0.0000,NULL,NULL,NULL,NULL,NULL,NULL,NULL,NULL,NULL,NULL),(542,257,'2019-02-01 07:10:19','0000-00-00 00:00:00',150,0,NULL,'shipping','almityaEva@yandex.ru',NULL,NULL,NULL,NULL,NULL,NULL,NULL,NULL,NULL,NULL,NULL,NULL,NULL,NULL,1,0,NULL,NULL,0.0000,0.0000,0.0000,0.0000,0.0000,0.0000,0.0000,0.0000,0.0000,NULL,NULL,0.0000,0.0000,0.0000,0.0000,NULL,'N;',NULL,NULL,NULL,0.0000,NULL,0.0000,0.0000,0.0000,NULL,NULL,NULL,NULL,NULL,NULL,NULL,NULL,NULL,NULL),(543,258,'2019-02-01 11:56:51','0000-00-00 00:00:00',151,0,NULL,'billing','ao.444@yandex.ru',NULL,NULL,NULL,NULL,NULL,NULL,NULL,NULL,NULL,NULL,NULL,NULL,NULL,NULL,0,0,NULL,NULL,0.0000,0.0000,0.0000,0.0000,0.0000,0.0000,0.0000,0.0000,0.0000,NULL,NULL,0.0000,0.0000,0.0000,0.0000,NULL,'N;',NULL,NULL,NULL,0.0000,NULL,0.0000,0.0000,0.0000,NULL,NULL,NULL,NULL,NULL,NULL,NULL,NULL,NULL,NULL),(544,258,'2019-02-01 11:56:51','0000-00-00 00:00:00',151,0,NULL,'shipping','ao.444@yandex.ru',NULL,NULL,NULL,NULL,NULL,NULL,NULL,NULL,NULL,NULL,NULL,NULL,NULL,NULL,1,0,NULL,NULL,0.0000,0.0000,0.0000,0.0000,0.0000,0.0000,0.0000,0.0000,0.0000,NULL,NULL,0.0000,0.0000,0.0000,0.0000,NULL,'N;',NULL,NULL,NULL,0.0000,NULL,0.0000,0.0000,0.0000,NULL,NULL,NULL,NULL,NULL,NULL,NULL,NULL,NULL,NULL),(545,259,'2019-02-01 14:34:02','0000-00-00 00:00:00',152,0,NULL,'billing','mamblw@yandex.ru',NULL,NULL,NULL,NULL,NULL,NULL,NULL,NULL,NULL,NULL,NULL,NULL,NULL,NULL,0,0,NULL,NULL,0.0000,0.0000,0.0000,0.0000,0.0000,0.0000,0.0000,0.0000,0.0000,NULL,NULL,0.0000,0.0000,0.0000,0.0000,NULL,'N;',NULL,NULL,NULL,0.0000,NULL,0.0000,0.0000,0.0000,NULL,NULL,NULL,NULL,NULL,NULL,NULL,NULL,NULL,NULL),(546,259,'2019-02-01 14:34:02','0000-00-00 00:00:00',152,0,NULL,'shipping','mamblw@yandex.ru',NULL,NULL,NULL,NULL,NULL,NULL,NULL,NULL,NULL,NULL,NULL,NULL,NULL,NULL,1,0,NULL,NULL,0.0000,0.0000,0.0000,0.0000,0.0000,0.0000,0.0000,0.0000,0.0000,NULL,NULL,0.0000,0.0000,0.0000,0.0000,NULL,'N;',NULL,NULL,NULL,0.0000,NULL,0.0000,0.0000,0.0000,NULL,NULL,NULL,NULL,NULL,NULL,NULL,NULL,NULL,NULL),(547,260,'2019-02-01 15:10:11','0000-00-00 00:00:00',153,0,NULL,'billing','funt1308@mail.ru',NULL,NULL,NULL,NULL,NULL,NULL,NULL,NULL,NULL,NULL,NULL,NULL,NULL,NULL,0,0,NULL,NULL,0.0000,0.0000,0.0000,0.0000,0.0000,0.0000,0.0000,0.0000,0.0000,NULL,NULL,0.0000,0.0000,0.0000,0.0000,NULL,'N;',NULL,NULL,NULL,0.0000,NULL,0.0000,0.0000,0.0000,NULL,NULL,NULL,NULL,NULL,NULL,NULL,NULL,NULL,NULL),(548,260,'2019-02-01 15:10:11','0000-00-00 00:00:00',153,0,NULL,'shipping','funt1308@mail.ru',NULL,NULL,NULL,NULL,NULL,NULL,NULL,NULL,NULL,NULL,NULL,NULL,NULL,NULL,1,0,NULL,NULL,0.0000,0.0000,0.0000,0.0000,0.0000,0.0000,0.0000,0.0000,0.0000,NULL,NULL,0.0000,0.0000,0.0000,0.0000,NULL,'N;',NULL,NULL,NULL,0.0000,NULL,0.0000,0.0000,0.0000,NULL,NULL,NULL,NULL,NULL,NULL,NULL,NULL,NULL,NULL),(549,261,'2019-02-01 23:41:46','0000-00-00 00:00:00',154,0,NULL,'billing','leha-2000-2@mail.ru',NULL,NULL,NULL,NULL,NULL,NULL,NULL,NULL,NULL,NULL,NULL,NULL,NULL,NULL,0,0,NULL,NULL,0.0000,0.0000,0.0000,0.0000,0.0000,0.0000,0.0000,0.0000,0.0000,NULL,NULL,0.0000,0.0000,0.0000,0.0000,NULL,'N;',NULL,NULL,NULL,0.0000,NULL,0.0000,0.0000,0.0000,NULL,NULL,NULL,NULL,NULL,NULL,NULL,NULL,NULL,NULL),(550,261,'2019-02-01 23:41:46','0000-00-00 00:00:00',154,0,NULL,'shipping','leha-2000-2@mail.ru',NULL,NULL,NULL,NULL,NULL,NULL,NULL,NULL,NULL,NULL,NULL,NULL,NULL,NULL,1,0,NULL,NULL,0.0000,0.0000,0.0000,0.0000,0.0000,0.0000,0.0000,0.0000,0.0000,NULL,NULL,0.0000,0.0000,0.0000,0.0000,NULL,'N;',NULL,NULL,NULL,0.0000,NULL,0.0000,0.0000,0.0000,NULL,NULL,NULL,NULL,NULL,NULL,NULL,NULL,NULL,NULL),(551,262,'2019-02-02 00:54:04','0000-00-00 00:00:00',155,0,NULL,'billing','jerry_men@mail.ru',NULL,NULL,NULL,NULL,NULL,NULL,NULL,NULL,NULL,NULL,NULL,NULL,NULL,NULL,0,0,NULL,NULL,0.0000,0.0000,0.0000,0.0000,0.0000,0.0000,0.0000,0.0000,0.0000,NULL,NULL,0.0000,0.0000,0.0000,0.0000,NULL,'N;',NULL,NULL,NULL,0.0000,NULL,0.0000,0.0000,0.0000,NULL,NULL,NULL,NULL,NULL,NULL,NULL,NULL,NULL,NULL),(552,262,'2019-02-02 00:54:04','0000-00-00 00:00:00',155,0,NULL,'shipping','jerry_men@mail.ru',NULL,NULL,NULL,NULL,NULL,NULL,NULL,NULL,NULL,NULL,NULL,NULL,NULL,NULL,1,0,NULL,NULL,0.0000,0.0000,0.0000,0.0000,0.0000,0.0000,0.0000,0.0000,0.0000,NULL,NULL,0.0000,0.0000,0.0000,0.0000,NULL,'N;',NULL,NULL,NULL,0.0000,NULL,0.0000,0.0000,0.0000,NULL,NULL,NULL,NULL,NULL,NULL,NULL,NULL,NULL,NULL),(553,263,'2019-02-02 01:04:02','0000-00-00 00:00:00',156,0,NULL,'billing','buh.izhora@mail.ru',NULL,NULL,NULL,NULL,NULL,NULL,NULL,NULL,NULL,NULL,NULL,NULL,NULL,NULL,0,0,NULL,NULL,0.0000,0.0000,0.0000,0.0000,0.0000,0.0000,0.0000,0.0000,0.0000,NULL,NULL,0.0000,0.0000,0.0000,0.0000,NULL,'N;',NULL,NULL,NULL,0.0000,NULL,0.0000,0.0000,0.0000,NULL,NULL,NULL,NULL,NULL,NULL,NULL,NULL,NULL,NULL),(554,263,'2019-02-02 01:04:02','0000-00-00 00:00:00',156,0,NULL,'shipping','buh.izhora@mail.ru',NULL,NULL,NULL,NULL,NULL,NULL,NULL,NULL,NULL,NULL,NULL,NULL,NULL,NULL,1,0,NULL,NULL,0.0000,0.0000,0.0000,0.0000,0.0000,0.0000,0.0000,0.0000,0.0000,NULL,NULL,0.0000,0.0000,0.0000,0.0000,NULL,'N;',NULL,NULL,NULL,0.0000,NULL,0.0000,0.0000,0.0000,NULL,NULL,NULL,NULL,NULL,NULL,NULL,NULL,NULL,NULL),(555,264,'2019-02-02 01:46:25','0000-00-00 00:00:00',157,0,NULL,'billing','blot89@bk.ru',NULL,NULL,NULL,NULL,NULL,NULL,NULL,NULL,NULL,NULL,NULL,NULL,NULL,NULL,0,0,NULL,NULL,0.0000,0.0000,0.0000,0.0000,0.0000,0.0000,0.0000,0.0000,0.0000,NULL,NULL,0.0000,0.0000,0.0000,0.0000,NULL,'N;',NULL,NULL,NULL,0.0000,NULL,0.0000,0.0000,0.0000,NULL,NULL,NULL,NULL,NULL,NULL,NULL,NULL,NULL,NULL),(556,264,'2019-02-02 01:46:25','0000-00-00 00:00:00',157,0,NULL,'shipping','blot89@bk.ru',NULL,NULL,NULL,NULL,NULL,NULL,NULL,NULL,NULL,NULL,NULL,NULL,NULL,NULL,1,0,NULL,NULL,0.0000,0.0000,0.0000,0.0000,0.0000,0.0000,0.0000,0.0000,0.0000,NULL,NULL,0.0000,0.0000,0.0000,0.0000,NULL,'N;',NULL,NULL,NULL,0.0000,NULL,0.0000,0.0000,0.0000,NULL,NULL,NULL,NULL,NULL,NULL,NULL,NULL,NULL,NULL),(557,265,'2019-02-02 03:45:07','0000-00-00 00:00:00',158,0,NULL,'billing','p.belskiy@mail.ru',NULL,NULL,NULL,NULL,NULL,NULL,NULL,NULL,NULL,NULL,NULL,NULL,NULL,NULL,0,0,NULL,NULL,0.0000,0.0000,0.0000,0.0000,0.0000,0.0000,0.0000,0.0000,0.0000,NULL,NULL,0.0000,0.0000,0.0000,0.0000,NULL,'N;',NULL,NULL,NULL,0.0000,NULL,0.0000,0.0000,0.0000,NULL,NULL,NULL,NULL,NULL,NULL,NULL,NULL,NULL,NULL),(558,265,'2019-02-02 03:45:07','0000-00-00 00:00:00',158,0,NULL,'shipping','p.belskiy@mail.ru',NULL,NULL,NULL,NULL,NULL,NULL,NULL,NULL,NULL,NULL,NULL,NULL,NULL,NULL,1,0,NULL,NULL,0.0000,0.0000,0.0000,0.0000,0.0000,0.0000,0.0000,0.0000,0.0000,NULL,NULL,0.0000,0.0000,0.0000,0.0000,NULL,'N;',NULL,NULL,NULL,0.0000,NULL,0.0000,0.0000,0.0000,NULL,NULL,NULL,NULL,NULL,NULL,NULL,NULL,NULL,NULL),(559,266,'2019-02-02 04:28:55','0000-00-00 00:00:00',159,0,NULL,'billing','anastasija.filobok98@mail.ru',NULL,NULL,NULL,NULL,NULL,NULL,NULL,NULL,NULL,NULL,NULL,NULL,NULL,NULL,0,0,NULL,NULL,0.0000,0.0000,0.0000,0.0000,0.0000,0.0000,0.0000,0.0000,0.0000,NULL,NULL,0.0000,0.0000,0.0000,0.0000,NULL,'N;',NULL,NULL,NULL,0.0000,NULL,0.0000,0.0000,0.0000,NULL,NULL,NULL,NULL,NULL,NULL,NULL,NULL,NULL,NULL),(560,266,'2019-02-02 04:28:55','0000-00-00 00:00:00',159,0,NULL,'shipping','anastasija.filobok98@mail.ru',NULL,NULL,NULL,NULL,NULL,NULL,NULL,NULL,NULL,NULL,NULL,NULL,NULL,NULL,1,0,NULL,NULL,0.0000,0.0000,0.0000,0.0000,0.0000,0.0000,0.0000,0.0000,0.0000,NULL,NULL,0.0000,0.0000,0.0000,0.0000,NULL,'N;',NULL,NULL,NULL,0.0000,NULL,0.0000,0.0000,0.0000,NULL,NULL,NULL,NULL,NULL,NULL,NULL,NULL,NULL,NULL),(561,267,'2019-02-02 05:40:43','0000-00-00 00:00:00',160,0,NULL,'billing','lbsbmsu@mail.ru',NULL,NULL,NULL,NULL,NULL,NULL,NULL,NULL,NULL,NULL,NULL,NULL,NULL,NULL,0,0,NULL,NULL,0.0000,0.0000,0.0000,0.0000,0.0000,0.0000,0.0000,0.0000,0.0000,NULL,NULL,0.0000,0.0000,0.0000,0.0000,NULL,'N;',NULL,NULL,NULL,0.0000,NULL,0.0000,0.0000,0.0000,NULL,NULL,NULL,NULL,NULL,NULL,NULL,NULL,NULL,NULL),(562,267,'2019-02-02 05:40:43','0000-00-00 00:00:00',160,0,NULL,'shipping','lbsbmsu@mail.ru',NULL,NULL,NULL,NULL,NULL,NULL,NULL,NULL,NULL,NULL,NULL,NULL,NULL,NULL,1,0,NULL,NULL,0.0000,0.0000,0.0000,0.0000,0.0000,0.0000,0.0000,0.0000,0.0000,NULL,NULL,0.0000,0.0000,0.0000,0.0000,NULL,'N;',NULL,NULL,NULL,0.0000,NULL,0.0000,0.0000,0.0000,NULL,NULL,NULL,NULL,NULL,NULL,NULL,NULL,NULL,NULL),(563,268,'2019-02-02 06:57:18','0000-00-00 00:00:00',161,0,NULL,'billing','rozavetrov_nk@mail.ru',NULL,NULL,NULL,NULL,NULL,NULL,NULL,NULL,NULL,NULL,NULL,NULL,NULL,NULL,0,0,NULL,NULL,0.0000,0.0000,0.0000,0.0000,0.0000,0.0000,0.0000,0.0000,0.0000,NULL,NULL,0.0000,0.0000,0.0000,0.0000,NULL,'N;',NULL,NULL,NULL,0.0000,NULL,0.0000,0.0000,0.0000,NULL,NULL,NULL,NULL,NULL,NULL,NULL,NULL,NULL,NULL),(564,268,'2019-02-02 06:57:18','0000-00-00 00:00:00',161,0,NULL,'shipping','rozavetrov_nk@mail.ru',NULL,NULL,NULL,NULL,NULL,NULL,NULL,NULL,NULL,NULL,NULL,NULL,NULL,NULL,1,0,NULL,NULL,0.0000,0.0000,0.0000,0.0000,0.0000,0.0000,0.0000,0.0000,0.0000,NULL,NULL,0.0000,0.0000,0.0000,0.0000,NULL,'N;',NULL,NULL,NULL,0.0000,NULL,0.0000,0.0000,0.0000,NULL,NULL,NULL,NULL,NULL,NULL,NULL,NULL,NULL,NULL),(565,269,'2019-02-02 07:24:04','0000-00-00 00:00:00',162,0,NULL,'billing','nik.mk@mail.ru',NULL,NULL,NULL,NULL,NULL,NULL,NULL,NULL,NULL,NULL,NULL,NULL,NULL,NULL,0,0,NULL,NULL,0.0000,0.0000,0.0000,0.0000,0.0000,0.0000,0.0000,0.0000,0.0000,NULL,NULL,0.0000,0.0000,0.0000,0.0000,NULL,'N;',NULL,NULL,NULL,0.0000,NULL,0.0000,0.0000,0.0000,NULL,NULL,NULL,NULL,NULL,NULL,NULL,NULL,NULL,NULL),(566,269,'2019-02-02 07:24:04','0000-00-00 00:00:00',162,0,NULL,'shipping','nik.mk@mail.ru',NULL,NULL,NULL,NULL,NULL,NULL,NULL,NULL,NULL,NULL,NULL,NULL,NULL,NULL,1,0,NULL,NULL,0.0000,0.0000,0.0000,0.0000,0.0000,0.0000,0.0000,0.0000,0.0000,NULL,NULL,0.0000,0.0000,0.0000,0.0000,NULL,'N;',NULL,NULL,NULL,0.0000,NULL,0.0000,0.0000,0.0000,NULL,NULL,NULL,NULL,NULL,NULL,NULL,NULL,NULL,NULL),(567,270,'2019-02-02 08:02:58','0000-00-00 00:00:00',163,0,NULL,'billing','petrushkov-k@mail.ru',NULL,NULL,NULL,NULL,NULL,NULL,NULL,NULL,NULL,NULL,NULL,NULL,NULL,NULL,0,0,NULL,NULL,0.0000,0.0000,0.0000,0.0000,0.0000,0.0000,0.0000,0.0000,0.0000,NULL,NULL,0.0000,0.0000,0.0000,0.0000,NULL,'N;',NULL,NULL,NULL,0.0000,NULL,0.0000,0.0000,0.0000,NULL,NULL,NULL,NULL,NULL,NULL,NULL,NULL,NULL,NULL),(568,270,'2019-02-02 08:02:58','0000-00-00 00:00:00',163,0,NULL,'shipping','petrushkov-k@mail.ru',NULL,NULL,NULL,NULL,NULL,NULL,NULL,NULL,NULL,NULL,NULL,NULL,NULL,NULL,1,0,NULL,NULL,0.0000,0.0000,0.0000,0.0000,0.0000,0.0000,0.0000,0.0000,0.0000,NULL,NULL,0.0000,0.0000,0.0000,0.0000,NULL,'N;',NULL,NULL,NULL,0.0000,NULL,0.0000,0.0000,0.0000,NULL,NULL,NULL,NULL,NULL,NULL,NULL,NULL,NULL,NULL),(569,271,'2019-02-02 08:19:02','0000-00-00 00:00:00',164,0,NULL,'billing','nodarikote@mail.ru',NULL,NULL,NULL,NULL,NULL,NULL,NULL,NULL,NULL,NULL,NULL,NULL,NULL,NULL,0,0,NULL,NULL,0.0000,0.0000,0.0000,0.0000,0.0000,0.0000,0.0000,0.0000,0.0000,NULL,NULL,0.0000,0.0000,0.0000,0.0000,NULL,'N;',NULL,NULL,NULL,0.0000,NULL,0.0000,0.0000,0.0000,NULL,NULL,NULL,NULL,NULL,NULL,NULL,NULL,NULL,NULL),(570,271,'2019-02-02 08:19:02','0000-00-00 00:00:00',164,0,NULL,'shipping','nodarikote@mail.ru',NULL,NULL,NULL,NULL,NULL,NULL,NULL,NULL,NULL,NULL,NULL,NULL,NULL,NULL,1,0,NULL,NULL,0.0000,0.0000,0.0000,0.0000,0.0000,0.0000,0.0000,0.0000,0.0000,NULL,NULL,0.0000,0.0000,0.0000,0.0000,NULL,'N;',NULL,NULL,NULL,0.0000,NULL,0.0000,0.0000,0.0000,NULL,NULL,NULL,NULL,NULL,NULL,NULL,NULL,NULL,NULL),(571,272,'2019-02-02 09:46:40','0000-00-00 00:00:00',165,0,NULL,'billing','ludamuminova@mail.ru',NULL,NULL,NULL,NULL,NULL,NULL,NULL,NULL,NULL,NULL,NULL,NULL,NULL,NULL,0,0,NULL,NULL,0.0000,0.0000,0.0000,0.0000,0.0000,0.0000,0.0000,0.0000,0.0000,NULL,NULL,0.0000,0.0000,0.0000,0.0000,NULL,'N;',NULL,NULL,NULL,0.0000,NULL,0.0000,0.0000,0.0000,NULL,NULL,NULL,NULL,NULL,NULL,NULL,NULL,NULL,NULL),(572,272,'2019-02-02 09:46:40','0000-00-00 00:00:00',165,0,NULL,'shipping','ludamuminova@mail.ru',NULL,NULL,NULL,NULL,NULL,NULL,NULL,NULL,NULL,NULL,NULL,NULL,NULL,NULL,1,0,NULL,NULL,0.0000,0.0000,0.0000,0.0000,0.0000,0.0000,0.0000,0.0000,0.0000,NULL,NULL,0.0000,0.0000,0.0000,0.0000,NULL,'N;',NULL,NULL,NULL,0.0000,NULL,0.0000,0.0000,0.0000,NULL,NULL,NULL,NULL,NULL,NULL,NULL,NULL,NULL,NULL),(573,273,'2019-02-02 09:52:57','0000-00-00 00:00:00',166,0,NULL,'billing','anya.anna.eremina@mail.ru',NULL,NULL,NULL,NULL,NULL,NULL,NULL,NULL,NULL,NULL,NULL,NULL,NULL,NULL,0,0,NULL,NULL,0.0000,0.0000,0.0000,0.0000,0.0000,0.0000,0.0000,0.0000,0.0000,NULL,NULL,0.0000,0.0000,0.0000,0.0000,NULL,'N;',NULL,NULL,NULL,0.0000,NULL,0.0000,0.0000,0.0000,NULL,NULL,NULL,NULL,NULL,NULL,NULL,NULL,NULL,NULL),(574,273,'2019-02-02 09:52:57','0000-00-00 00:00:00',166,0,NULL,'shipping','anya.anna.eremina@mail.ru',NULL,NULL,NULL,NULL,NULL,NULL,NULL,NULL,NULL,NULL,NULL,NULL,NULL,NULL,1,0,NULL,NULL,0.0000,0.0000,0.0000,0.0000,0.0000,0.0000,0.0000,0.0000,0.0000,NULL,NULL,0.0000,0.0000,0.0000,0.0000,NULL,'N;',NULL,NULL,NULL,0.0000,NULL,0.0000,0.0000,0.0000,NULL,NULL,NULL,NULL,NULL,NULL,NULL,NULL,NULL,NULL),(575,274,'2019-02-02 11:21:46','0000-00-00 00:00:00',167,0,NULL,'billing','aza_kalybekov@mail.ru',NULL,NULL,NULL,NULL,NULL,NULL,NULL,NULL,NULL,NULL,NULL,NULL,NULL,NULL,0,0,NULL,NULL,0.0000,0.0000,0.0000,0.0000,0.0000,0.0000,0.0000,0.0000,0.0000,NULL,NULL,0.0000,0.0000,0.0000,0.0000,NULL,'N;',NULL,NULL,NULL,0.0000,NULL,0.0000,0.0000,0.0000,NULL,NULL,NULL,NULL,NULL,NULL,NULL,NULL,NULL,NULL),(576,274,'2019-02-02 11:21:46','0000-00-00 00:00:00',167,0,NULL,'shipping','aza_kalybekov@mail.ru',NULL,NULL,NULL,NULL,NULL,NULL,NULL,NULL,NULL,NULL,NULL,NULL,NULL,NULL,1,0,NULL,NULL,0.0000,0.0000,0.0000,0.0000,0.0000,0.0000,0.0000,0.0000,0.0000,NULL,NULL,0.0000,0.0000,0.0000,0.0000,NULL,'N;',NULL,NULL,NULL,0.0000,NULL,0.0000,0.0000,0.0000,NULL,NULL,NULL,NULL,NULL,NULL,NULL,NULL,NULL,NULL),(577,275,'2019-02-02 11:30:45','0000-00-00 00:00:00',168,0,NULL,'billing','kate300389@yandex.ru',NULL,NULL,NULL,NULL,NULL,NULL,NULL,NULL,NULL,NULL,NULL,NULL,NULL,NULL,0,0,NULL,NULL,0.0000,0.0000,0.0000,0.0000,0.0000,0.0000,0.0000,0.0000,0.0000,NULL,NULL,0.0000,0.0000,0.0000,0.0000,NULL,'N;',NULL,NULL,NULL,0.0000,NULL,0.0000,0.0000,0.0000,NULL,NULL,NULL,NULL,NULL,NULL,NULL,NULL,NULL,NULL),(578,275,'2019-02-02 11:30:45','0000-00-00 00:00:00',168,0,NULL,'shipping','kate300389@yandex.ru',NULL,NULL,NULL,NULL,NULL,NULL,NULL,NULL,NULL,NULL,NULL,NULL,NULL,NULL,1,0,NULL,NULL,0.0000,0.0000,0.0000,0.0000,0.0000,0.0000,0.0000,0.0000,0.0000,NULL,NULL,0.0000,0.0000,0.0000,0.0000,NULL,'N;',NULL,NULL,NULL,0.0000,NULL,0.0000,0.0000,0.0000,NULL,NULL,NULL,NULL,NULL,NULL,NULL,NULL,NULL,NULL),(579,276,'2019-02-02 11:56:57','0000-00-00 00:00:00',169,0,NULL,'billing','dvinarus29@gmail.com',NULL,NULL,NULL,NULL,NULL,NULL,NULL,NULL,NULL,NULL,NULL,NULL,NULL,NULL,0,0,NULL,NULL,0.0000,0.0000,0.0000,0.0000,0.0000,0.0000,0.0000,0.0000,0.0000,NULL,NULL,0.0000,0.0000,0.0000,0.0000,NULL,'N;',NULL,NULL,NULL,0.0000,NULL,0.0000,0.0000,0.0000,NULL,NULL,NULL,NULL,NULL,NULL,NULL,NULL,NULL,NULL),(580,276,'2019-02-02 11:56:57','0000-00-00 00:00:00',169,0,NULL,'shipping','dvinarus29@gmail.com',NULL,NULL,NULL,NULL,NULL,NULL,NULL,NULL,NULL,NULL,NULL,NULL,NULL,NULL,1,0,NULL,NULL,0.0000,0.0000,0.0000,0.0000,0.0000,0.0000,0.0000,0.0000,0.0000,NULL,NULL,0.0000,0.0000,0.0000,0.0000,NULL,'N;',NULL,NULL,NULL,0.0000,NULL,0.0000,0.0000,0.0000,NULL,NULL,NULL,NULL,NULL,NULL,NULL,NULL,NULL,NULL),(581,277,'2019-02-02 13:15:56','0000-00-00 00:00:00',170,0,NULL,'billing','sergeiharisanov205@email.com',NULL,NULL,NULL,NULL,NULL,NULL,NULL,NULL,NULL,NULL,NULL,NULL,NULL,NULL,0,0,NULL,NULL,0.0000,0.0000,0.0000,0.0000,0.0000,0.0000,0.0000,0.0000,0.0000,NULL,NULL,0.0000,0.0000,0.0000,0.0000,NULL,'N;',NULL,NULL,NULL,0.0000,NULL,0.0000,0.0000,0.0000,NULL,NULL,NULL,NULL,NULL,NULL,NULL,NULL,NULL,NULL),(582,277,'2019-02-02 13:15:56','0000-00-00 00:00:00',170,0,NULL,'shipping','sergeiharisanov205@email.com',NULL,NULL,NULL,NULL,NULL,NULL,NULL,NULL,NULL,NULL,NULL,NULL,NULL,NULL,1,0,NULL,NULL,0.0000,0.0000,0.0000,0.0000,0.0000,0.0000,0.0000,0.0000,0.0000,NULL,NULL,0.0000,0.0000,0.0000,0.0000,NULL,'N;',NULL,NULL,NULL,0.0000,NULL,0.0000,0.0000,0.0000,NULL,NULL,NULL,NULL,NULL,NULL,NULL,NULL,NULL,NULL),(583,278,'2019-02-02 15:02:07','0000-00-00 00:00:00',171,0,NULL,'billing','boris.bagzhanov@gmail.com',NULL,NULL,NULL,NULL,NULL,NULL,NULL,NULL,NULL,NULL,NULL,NULL,NULL,NULL,0,0,NULL,NULL,0.0000,0.0000,0.0000,0.0000,0.0000,0.0000,0.0000,0.0000,0.0000,NULL,NULL,0.0000,0.0000,0.0000,0.0000,NULL,'N;',NULL,NULL,NULL,0.0000,NULL,0.0000,0.0000,0.0000,NULL,NULL,NULL,NULL,NULL,NULL,NULL,NULL,NULL,NULL),(584,278,'2019-02-02 15:02:07','0000-00-00 00:00:00',171,0,NULL,'shipping','boris.bagzhanov@gmail.com',NULL,NULL,NULL,NULL,NULL,NULL,NULL,NULL,NULL,NULL,NULL,NULL,NULL,NULL,1,0,NULL,NULL,0.0000,0.0000,0.0000,0.0000,0.0000,0.0000,0.0000,0.0000,0.0000,NULL,NULL,0.0000,0.0000,0.0000,0.0000,NULL,'N;',NULL,NULL,NULL,0.0000,NULL,0.0000,0.0000,0.0000,NULL,NULL,NULL,NULL,NULL,NULL,NULL,NULL,NULL,NULL),(585,279,'2019-02-02 15:22:25','0000-00-00 00:00:00',172,0,NULL,'billing','hodotovaolga2@gmail.com',NULL,NULL,NULL,NULL,NULL,NULL,NULL,NULL,NULL,NULL,NULL,NULL,NULL,NULL,0,0,NULL,NULL,0.0000,0.0000,0.0000,0.0000,0.0000,0.0000,0.0000,0.0000,0.0000,NULL,NULL,0.0000,0.0000,0.0000,0.0000,NULL,'N;',NULL,NULL,NULL,0.0000,NULL,0.0000,0.0000,0.0000,NULL,NULL,NULL,NULL,NULL,NULL,NULL,NULL,NULL,NULL),(586,279,'2019-02-02 15:22:25','0000-00-00 00:00:00',172,0,NULL,'shipping','hodotovaolga2@gmail.com',NULL,NULL,NULL,NULL,NULL,NULL,NULL,NULL,NULL,NULL,NULL,NULL,NULL,NULL,1,0,NULL,NULL,0.0000,0.0000,0.0000,0.0000,0.0000,0.0000,0.0000,0.0000,0.0000,NULL,NULL,0.0000,0.0000,0.0000,0.0000,NULL,'N;',NULL,NULL,NULL,0.0000,NULL,0.0000,0.0000,0.0000,NULL,NULL,NULL,NULL,NULL,NULL,NULL,NULL,NULL,NULL),(587,280,'2019-02-02 18:24:42','0000-00-00 00:00:00',173,0,NULL,'billing','qyben251020021415@gmail.com',NULL,NULL,NULL,NULL,NULL,NULL,NULL,NULL,NULL,NULL,NULL,NULL,NULL,NULL,0,0,NULL,NULL,0.0000,0.0000,0.0000,0.0000,0.0000,0.0000,0.0000,0.0000,0.0000,NULL,NULL,0.0000,0.0000,0.0000,0.0000,NULL,'N;',NULL,NULL,NULL,0.0000,NULL,0.0000,0.0000,0.0000,NULL,NULL,NULL,NULL,NULL,NULL,NULL,NULL,NULL,NULL),(588,280,'2019-02-02 18:24:42','0000-00-00 00:00:00',173,0,NULL,'shipping','qyben251020021415@gmail.com',NULL,NULL,NULL,NULL,NULL,NULL,NULL,NULL,NULL,NULL,NULL,NULL,NULL,NULL,1,0,NULL,NULL,0.0000,0.0000,0.0000,0.0000,0.0000,0.0000,0.0000,0.0000,0.0000,NULL,NULL,0.0000,0.0000,0.0000,0.0000,NULL,'N;',NULL,NULL,NULL,0.0000,NULL,0.0000,0.0000,0.0000,NULL,NULL,NULL,NULL,NULL,NULL,NULL,NULL,NULL,NULL),(589,281,'2019-02-02 18:30:26','0000-00-00 00:00:00',174,0,NULL,'billing','techniqueturbo2015@mail.ru',NULL,NULL,NULL,NULL,NULL,NULL,NULL,NULL,NULL,NULL,NULL,NULL,NULL,NULL,0,0,NULL,NULL,0.0000,0.0000,0.0000,0.0000,0.0000,0.0000,0.0000,0.0000,0.0000,NULL,NULL,0.0000,0.0000,0.0000,0.0000,NULL,'N;',NULL,NULL,NULL,0.0000,NULL,0.0000,0.0000,0.0000,NULL,NULL,NULL,NULL,NULL,NULL,NULL,NULL,NULL,NULL),(590,281,'2019-02-02 18:30:26','0000-00-00 00:00:00',174,0,NULL,'shipping','techniqueturbo2015@mail.ru',NULL,NULL,NULL,NULL,NULL,NULL,NULL,NULL,NULL,NULL,NULL,NULL,NULL,NULL,1,0,NULL,NULL,0.0000,0.0000,0.0000,0.0000,0.0000,0.0000,0.0000,0.0000,0.0000,NULL,NULL,0.0000,0.0000,0.0000,0.0000,NULL,'N;',NULL,NULL,NULL,0.0000,NULL,0.0000,0.0000,0.0000,NULL,NULL,NULL,NULL,NULL,NULL,NULL,NULL,NULL,NULL),(591,282,'2019-02-02 18:53:10','0000-00-00 00:00:00',175,0,NULL,'billing','gordeeva84@mail.ru',NULL,NULL,NULL,NULL,NULL,NULL,NULL,NULL,NULL,NULL,NULL,NULL,NULL,NULL,0,0,NULL,NULL,0.0000,0.0000,0.0000,0.0000,0.0000,0.0000,0.0000,0.0000,0.0000,NULL,NULL,0.0000,0.0000,0.0000,0.0000,NULL,'N;',NULL,NULL,NULL,0.0000,NULL,0.0000,0.0000,0.0000,NULL,NULL,NULL,NULL,NULL,NULL,NULL,NULL,NULL,NULL),(592,282,'2019-02-02 18:53:10','0000-00-00 00:00:00',175,0,NULL,'shipping','gordeeva84@mail.ru',NULL,NULL,NULL,NULL,NULL,NULL,NULL,NULL,NULL,NULL,NULL,NULL,NULL,NULL,1,0,NULL,NULL,0.0000,0.0000,0.0000,0.0000,0.0000,0.0000,0.0000,0.0000,0.0000,NULL,NULL,0.0000,0.0000,0.0000,0.0000,NULL,'N;',NULL,NULL,NULL,0.0000,NULL,0.0000,0.0000,0.0000,NULL,NULL,NULL,NULL,NULL,NULL,NULL,NULL,NULL,NULL),(593,283,'2019-02-03 13:08:03','0000-00-00 00:00:00',176,0,NULL,'billing','masterfrodo.68@mail.ru',NULL,NULL,NULL,NULL,NULL,NULL,NULL,NULL,NULL,NULL,NULL,NULL,NULL,NULL,0,0,NULL,NULL,0.0000,0.0000,0.0000,0.0000,0.0000,0.0000,0.0000,0.0000,0.0000,NULL,NULL,0.0000,0.0000,0.0000,0.0000,NULL,'N;',NULL,NULL,NULL,0.0000,NULL,0.0000,0.0000,0.0000,NULL,NULL,NULL,NULL,NULL,NULL,NULL,NULL,NULL,NULL),(594,283,'2019-02-03 13:08:03','0000-00-00 00:00:00',176,0,NULL,'shipping','masterfrodo.68@mail.ru',NULL,NULL,NULL,NULL,NULL,NULL,NULL,NULL,NULL,NULL,NULL,NULL,NULL,NULL,1,0,NULL,NULL,0.0000,0.0000,0.0000,0.0000,0.0000,0.0000,0.0000,0.0000,0.0000,NULL,NULL,0.0000,0.0000,0.0000,0.0000,NULL,'N;',NULL,NULL,NULL,0.0000,NULL,0.0000,0.0000,0.0000,NULL,NULL,NULL,NULL,NULL,NULL,NULL,NULL,NULL,NULL),(595,284,'2019-02-03 14:14:30','0000-00-00 00:00:00',177,0,NULL,'billing','marisha250008@mail.ru',NULL,NULL,NULL,NULL,NULL,NULL,NULL,NULL,NULL,NULL,NULL,NULL,NULL,NULL,0,0,NULL,NULL,0.0000,0.0000,0.0000,0.0000,0.0000,0.0000,0.0000,0.0000,0.0000,NULL,NULL,0.0000,0.0000,0.0000,0.0000,NULL,'N;',NULL,NULL,NULL,0.0000,NULL,0.0000,0.0000,0.0000,NULL,NULL,NULL,NULL,NULL,NULL,NULL,NULL,NULL,NULL),(596,284,'2019-02-03 14:14:30','0000-00-00 00:00:00',177,0,NULL,'shipping','marisha250008@mail.ru',NULL,NULL,NULL,NULL,NULL,NULL,NULL,NULL,NULL,NULL,NULL,NULL,NULL,NULL,1,0,NULL,NULL,0.0000,0.0000,0.0000,0.0000,0.0000,0.0000,0.0000,0.0000,0.0000,NULL,NULL,0.0000,0.0000,0.0000,0.0000,NULL,'N;',NULL,NULL,NULL,0.0000,NULL,0.0000,0.0000,0.0000,NULL,NULL,NULL,NULL,NULL,NULL,NULL,NULL,NULL,NULL),(597,285,'2019-02-03 14:36:23','0000-00-00 00:00:00',178,0,NULL,'billing','95_city.kz@mail.ru',NULL,NULL,NULL,NULL,NULL,NULL,NULL,NULL,NULL,NULL,NULL,NULL,NULL,NULL,0,0,NULL,NULL,0.0000,0.0000,0.0000,0.0000,0.0000,0.0000,0.0000,0.0000,0.0000,NULL,NULL,0.0000,0.0000,0.0000,0.0000,NULL,'N;',NULL,NULL,NULL,0.0000,NULL,0.0000,0.0000,0.0000,NULL,NULL,NULL,NULL,NULL,NULL,NULL,NULL,NULL,NULL),(598,285,'2019-02-03 14:36:23','0000-00-00 00:00:00',178,0,NULL,'shipping','95_city.kz@mail.ru',NULL,NULL,NULL,NULL,NULL,NULL,NULL,NULL,NULL,NULL,NULL,NULL,NULL,NULL,1,0,NULL,NULL,0.0000,0.0000,0.0000,0.0000,0.0000,0.0000,0.0000,0.0000,0.0000,NULL,NULL,0.0000,0.0000,0.0000,0.0000,NULL,'N;',NULL,NULL,NULL,0.0000,NULL,0.0000,0.0000,0.0000,NULL,NULL,NULL,NULL,NULL,NULL,NULL,NULL,NULL,NULL),(599,286,'2019-02-03 16:04:52','0000-00-00 00:00:00',179,0,NULL,'billing','lilij.dr2012@mail.ru',NULL,NULL,NULL,NULL,NULL,NULL,NULL,NULL,NULL,NULL,NULL,NULL,NULL,NULL,0,0,NULL,NULL,0.0000,0.0000,0.0000,0.0000,0.0000,0.0000,0.0000,0.0000,0.0000,NULL,NULL,0.0000,0.0000,0.0000,0.0000,NULL,'N;',NULL,NULL,NULL,0.0000,NULL,0.0000,0.0000,0.0000,NULL,NULL,NULL,NULL,NULL,NULL,NULL,NULL,NULL,NULL),(600,286,'2019-02-03 16:04:52','0000-00-00 00:00:00',179,0,NULL,'shipping','lilij.dr2012@mail.ru',NULL,NULL,NULL,NULL,NULL,NULL,NULL,NULL,NULL,NULL,NULL,NULL,NULL,NULL,1,0,NULL,NULL,0.0000,0.0000,0.0000,0.0000,0.0000,0.0000,0.0000,0.0000,0.0000,NULL,NULL,0.0000,0.0000,0.0000,0.0000,NULL,'N;',NULL,NULL,NULL,0.0000,NULL,0.0000,0.0000,0.0000,NULL,NULL,NULL,NULL,NULL,NULL,NULL,NULL,NULL,NULL),(601,287,'2019-02-03 16:51:44','0000-00-00 00:00:00',180,0,NULL,'billing','javokhir6234@gmail.com',NULL,NULL,NULL,NULL,NULL,NULL,NULL,NULL,NULL,NULL,NULL,NULL,NULL,NULL,0,0,NULL,NULL,0.0000,0.0000,0.0000,0.0000,0.0000,0.0000,0.0000,0.0000,0.0000,NULL,NULL,0.0000,0.0000,0.0000,0.0000,NULL,'N;',NULL,NULL,NULL,0.0000,NULL,0.0000,0.0000,0.0000,NULL,NULL,NULL,NULL,NULL,NULL,NULL,NULL,NULL,NULL),(602,287,'2019-02-03 16:51:44','0000-00-00 00:00:00',180,0,NULL,'shipping','javokhir6234@gmail.com',NULL,NULL,NULL,NULL,NULL,NULL,NULL,NULL,NULL,NULL,NULL,NULL,NULL,NULL,1,0,NULL,NULL,0.0000,0.0000,0.0000,0.0000,0.0000,0.0000,0.0000,0.0000,0.0000,NULL,NULL,0.0000,0.0000,0.0000,0.0000,NULL,'N;',NULL,NULL,NULL,0.0000,NULL,0.0000,0.0000,0.0000,NULL,NULL,NULL,NULL,NULL,NULL,NULL,NULL,NULL,NULL),(603,288,'2019-02-05 16:37:04','0000-00-00 00:00:00',181,0,NULL,'billing','tosha.safonov@mail.ru',NULL,NULL,NULL,NULL,NULL,NULL,NULL,NULL,NULL,NULL,NULL,NULL,NULL,NULL,0,0,NULL,NULL,0.0000,0.0000,0.0000,0.0000,0.0000,0.0000,0.0000,0.0000,0.0000,NULL,NULL,0.0000,0.0000,0.0000,0.0000,NULL,'N;',NULL,NULL,NULL,0.0000,NULL,0.0000,0.0000,0.0000,NULL,NULL,NULL,NULL,NULL,NULL,NULL,NULL,NULL,NULL),(604,288,'2019-02-05 16:37:04','0000-00-00 00:00:00',181,0,NULL,'shipping','tosha.safonov@mail.ru',NULL,NULL,NULL,NULL,NULL,NULL,NULL,NULL,NULL,NULL,NULL,NULL,NULL,NULL,1,0,NULL,NULL,0.0000,0.0000,0.0000,0.0000,0.0000,0.0000,0.0000,0.0000,0.0000,NULL,NULL,0.0000,0.0000,0.0000,0.0000,NULL,'N;',NULL,NULL,NULL,0.0000,NULL,0.0000,0.0000,0.0000,NULL,NULL,NULL,NULL,NULL,NULL,NULL,NULL,NULL,NULL),(605,289,'2019-02-05 21:33:11','0000-00-00 00:00:00',182,0,NULL,'billing','iris8088@mail.ru',NULL,NULL,NULL,NULL,NULL,NULL,NULL,NULL,NULL,NULL,NULL,NULL,NULL,NULL,0,0,NULL,NULL,0.0000,0.0000,0.0000,0.0000,0.0000,0.0000,0.0000,0.0000,0.0000,NULL,NULL,0.0000,0.0000,0.0000,0.0000,NULL,'N;',NULL,NULL,NULL,0.0000,NULL,0.0000,0.0000,0.0000,NULL,NULL,NULL,NULL,NULL,NULL,NULL,NULL,NULL,NULL),(606,289,'2019-02-05 21:33:11','0000-00-00 00:00:00',182,0,NULL,'shipping','iris8088@mail.ru',NULL,NULL,NULL,NULL,NULL,NULL,NULL,NULL,NULL,NULL,NULL,NULL,NULL,NULL,1,0,NULL,NULL,0.0000,0.0000,0.0000,0.0000,0.0000,0.0000,0.0000,0.0000,0.0000,NULL,NULL,0.0000,0.0000,0.0000,0.0000,NULL,'N;',NULL,NULL,NULL,0.0000,NULL,0.0000,0.0000,0.0000,NULL,NULL,NULL,NULL,NULL,NULL,NULL,NULL,NULL,NULL),(607,290,'2019-02-05 23:23:17','0000-00-00 00:00:00',183,0,NULL,'billing','19-04-1981@mail.ru',NULL,NULL,NULL,NULL,NULL,NULL,NULL,NULL,NULL,NULL,NULL,NULL,NULL,NULL,0,0,NULL,NULL,0.0000,0.0000,0.0000,0.0000,0.0000,0.0000,0.0000,0.0000,0.0000,NULL,NULL,0.0000,0.0000,0.0000,0.0000,NULL,'N;',NULL,NULL,NULL,0.0000,NULL,0.0000,0.0000,0.0000,NULL,NULL,NULL,NULL,NULL,NULL,NULL,NULL,NULL,NULL),(608,290,'2019-02-05 23:23:17','0000-00-00 00:00:00',183,0,NULL,'shipping','19-04-1981@mail.ru',NULL,NULL,NULL,NULL,NULL,NULL,NULL,NULL,NULL,NULL,NULL,NULL,NULL,NULL,1,0,NULL,NULL,0.0000,0.0000,0.0000,0.0000,0.0000,0.0000,0.0000,0.0000,0.0000,NULL,NULL,0.0000,0.0000,0.0000,0.0000,NULL,'N;',NULL,NULL,NULL,0.0000,NULL,0.0000,0.0000,0.0000,NULL,NULL,NULL,NULL,NULL,NULL,NULL,NULL,NULL,NULL),(609,291,'2019-02-05 23:31:26','0000-00-00 00:00:00',184,0,NULL,'billing','liza.yurkina@mail.ru',NULL,NULL,NULL,NULL,NULL,NULL,NULL,NULL,NULL,NULL,NULL,NULL,NULL,NULL,0,0,NULL,NULL,0.0000,0.0000,0.0000,0.0000,0.0000,0.0000,0.0000,0.0000,0.0000,NULL,NULL,0.0000,0.0000,0.0000,0.0000,NULL,'N;',NULL,NULL,NULL,0.0000,NULL,0.0000,0.0000,0.0000,NULL,NULL,NULL,NULL,NULL,NULL,NULL,NULL,NULL,NULL),(610,291,'2019-02-05 23:31:26','0000-00-00 00:00:00',184,0,NULL,'shipping','liza.yurkina@mail.ru',NULL,NULL,NULL,NULL,NULL,NULL,NULL,NULL,NULL,NULL,NULL,NULL,NULL,NULL,1,0,NULL,NULL,0.0000,0.0000,0.0000,0.0000,0.0000,0.0000,0.0000,0.0000,0.0000,NULL,NULL,0.0000,0.0000,0.0000,0.0000,NULL,'N;',NULL,NULL,NULL,0.0000,NULL,0.0000,0.0000,0.0000,NULL,NULL,NULL,NULL,NULL,NULL,NULL,NULL,NULL,NULL),(611,292,'2019-02-05 23:37:43','0000-00-00 00:00:00',185,0,NULL,'billing','salavat.k.m@mail.ru',NULL,NULL,NULL,NULL,NULL,NULL,NULL,NULL,NULL,NULL,NULL,NULL,NULL,NULL,0,0,NULL,NULL,0.0000,0.0000,0.0000,0.0000,0.0000,0.0000,0.0000,0.0000,0.0000,NULL,NULL,0.0000,0.0000,0.0000,0.0000,NULL,'N;',NULL,NULL,NULL,0.0000,NULL,0.0000,0.0000,0.0000,NULL,NULL,NULL,NULL,NULL,NULL,NULL,NULL,NULL,NULL),(612,292,'2019-02-05 23:37:43','0000-00-00 00:00:00',185,0,NULL,'shipping','salavat.k.m@mail.ru',NULL,NULL,NULL,NULL,NULL,NULL,NULL,NULL,NULL,NULL,NULL,NULL,NULL,NULL,1,0,NULL,NULL,0.0000,0.0000,0.0000,0.0000,0.0000,0.0000,0.0000,0.0000,0.0000,NULL,NULL,0.0000,0.0000,0.0000,0.0000,NULL,'N;',NULL,NULL,NULL,0.0000,NULL,0.0000,0.0000,0.0000,NULL,NULL,NULL,NULL,NULL,NULL,NULL,NULL,NULL,NULL),(613,293,'2019-02-06 00:16:06','0000-00-00 00:00:00',186,0,NULL,'billing','alenka_ganga@mail.ru',NULL,NULL,NULL,NULL,NULL,NULL,NULL,NULL,NULL,NULL,NULL,NULL,NULL,NULL,0,0,NULL,NULL,0.0000,0.0000,0.0000,0.0000,0.0000,0.0000,0.0000,0.0000,0.0000,NULL,NULL,0.0000,0.0000,0.0000,0.0000,NULL,'N;',NULL,NULL,NULL,0.0000,NULL,0.0000,0.0000,0.0000,NULL,NULL,NULL,NULL,NULL,NULL,NULL,NULL,NULL,NULL),(614,293,'2019-02-06 00:16:06','0000-00-00 00:00:00',186,0,NULL,'shipping','alenka_ganga@mail.ru',NULL,NULL,NULL,NULL,NULL,NULL,NULL,NULL,NULL,NULL,NULL,NULL,NULL,NULL,1,0,NULL,NULL,0.0000,0.0000,0.0000,0.0000,0.0000,0.0000,0.0000,0.0000,0.0000,NULL,NULL,0.0000,0.0000,0.0000,0.0000,NULL,'N;',NULL,NULL,NULL,0.0000,NULL,0.0000,0.0000,0.0000,NULL,NULL,NULL,NULL,NULL,NULL,NULL,NULL,NULL,NULL),(615,294,'2019-02-06 01:02:59','0000-00-00 00:00:00',187,0,NULL,'billing','glseregal@mail.ru',NULL,NULL,NULL,NULL,NULL,NULL,NULL,NULL,NULL,NULL,NULL,NULL,NULL,NULL,0,0,NULL,NULL,0.0000,0.0000,0.0000,0.0000,0.0000,0.0000,0.0000,0.0000,0.0000,NULL,NULL,0.0000,0.0000,0.0000,0.0000,NULL,'N;',NULL,NULL,NULL,0.0000,NULL,0.0000,0.0000,0.0000,NULL,NULL,NULL,NULL,NULL,NULL,NULL,NULL,NULL,NULL),(616,294,'2019-02-06 01:02:59','0000-00-00 00:00:00',187,0,NULL,'shipping','glseregal@mail.ru',NULL,NULL,NULL,NULL,NULL,NULL,NULL,NULL,NULL,NULL,NULL,NULL,NULL,NULL,1,0,NULL,NULL,0.0000,0.0000,0.0000,0.0000,0.0000,0.0000,0.0000,0.0000,0.0000,NULL,NULL,0.0000,0.0000,0.0000,0.0000,NULL,'N;',NULL,NULL,NULL,0.0000,NULL,0.0000,0.0000,0.0000,NULL,NULL,NULL,NULL,NULL,NULL,NULL,NULL,NULL,NULL),(617,295,'2019-02-06 05:39:24','0000-00-00 00:00:00',188,0,NULL,'billing','badulai2310@mail.ru',NULL,NULL,NULL,NULL,NULL,NULL,NULL,NULL,NULL,NULL,NULL,NULL,NULL,NULL,0,0,NULL,NULL,0.0000,0.0000,0.0000,0.0000,0.0000,0.0000,0.0000,0.0000,0.0000,NULL,NULL,0.0000,0.0000,0.0000,0.0000,NULL,'N;',NULL,NULL,NULL,0.0000,NULL,0.0000,0.0000,0.0000,NULL,NULL,NULL,NULL,NULL,NULL,NULL,NULL,NULL,NULL),(618,295,'2019-02-06 05:39:24','0000-00-00 00:00:00',188,0,NULL,'shipping','badulai2310@mail.ru',NULL,NULL,NULL,NULL,NULL,NULL,NULL,NULL,NULL,NULL,NULL,NULL,NULL,NULL,1,0,NULL,NULL,0.0000,0.0000,0.0000,0.0000,0.0000,0.0000,0.0000,0.0000,0.0000,NULL,NULL,0.0000,0.0000,0.0000,0.0000,NULL,'N;',NULL,NULL,NULL,0.0000,NULL,0.0000,0.0000,0.0000,NULL,NULL,NULL,NULL,NULL,NULL,NULL,NULL,NULL,NULL),(619,296,'2019-02-06 05:54:17','0000-00-00 00:00:00',189,0,NULL,'billing','aristamb@mail.ru',NULL,NULL,NULL,NULL,NULL,NULL,NULL,NULL,NULL,NULL,NULL,NULL,NULL,NULL,0,0,NULL,NULL,0.0000,0.0000,0.0000,0.0000,0.0000,0.0000,0.0000,0.0000,0.0000,NULL,NULL,0.0000,0.0000,0.0000,0.0000,NULL,'N;',NULL,NULL,NULL,0.0000,NULL,0.0000,0.0000,0.0000,NULL,NULL,NULL,NULL,NULL,NULL,NULL,NULL,NULL,NULL),(620,296,'2019-02-06 05:54:17','0000-00-00 00:00:00',189,0,NULL,'shipping','aristamb@mail.ru',NULL,NULL,NULL,NULL,NULL,NULL,NULL,NULL,NULL,NULL,NULL,NULL,NULL,NULL,1,0,NULL,NULL,0.0000,0.0000,0.0000,0.0000,0.0000,0.0000,0.0000,0.0000,0.0000,NULL,NULL,0.0000,0.0000,0.0000,0.0000,NULL,'N;',NULL,NULL,NULL,0.0000,NULL,0.0000,0.0000,0.0000,NULL,NULL,NULL,NULL,NULL,NULL,NULL,NULL,NULL,NULL),(621,297,'2019-02-06 10:10:24','0000-00-00 00:00:00',190,0,NULL,'billing','prokofieva.swetlana@mail.ru',NULL,NULL,NULL,NULL,NULL,NULL,NULL,NULL,NULL,NULL,NULL,NULL,NULL,NULL,0,0,NULL,NULL,0.0000,0.0000,0.0000,0.0000,0.0000,0.0000,0.0000,0.0000,0.0000,NULL,NULL,0.0000,0.0000,0.0000,0.0000,NULL,'N;',NULL,NULL,NULL,0.0000,NULL,0.0000,0.0000,0.0000,NULL,NULL,NULL,NULL,NULL,NULL,NULL,NULL,NULL,NULL),(622,297,'2019-02-06 10:10:24','0000-00-00 00:00:00',190,0,NULL,'shipping','prokofieva.swetlana@mail.ru',NULL,NULL,NULL,NULL,NULL,NULL,NULL,NULL,NULL,NULL,NULL,NULL,NULL,NULL,1,0,NULL,NULL,0.0000,0.0000,0.0000,0.0000,0.0000,0.0000,0.0000,0.0000,0.0000,NULL,NULL,0.0000,0.0000,0.0000,0.0000,NULL,'N;',NULL,NULL,NULL,0.0000,NULL,0.0000,0.0000,0.0000,NULL,NULL,NULL,NULL,NULL,NULL,NULL,NULL,NULL,NULL),(623,298,'2019-02-06 17:13:12','0000-00-00 00:00:00',191,0,NULL,'billing','lyubov.gasanowa@yandex.ru',NULL,NULL,NULL,NULL,NULL,NULL,NULL,NULL,NULL,NULL,NULL,NULL,NULL,NULL,0,0,NULL,NULL,0.0000,0.0000,0.0000,0.0000,0.0000,0.0000,0.0000,0.0000,0.0000,NULL,NULL,0.0000,0.0000,0.0000,0.0000,NULL,'N;',NULL,NULL,NULL,0.0000,NULL,0.0000,0.0000,0.0000,NULL,NULL,NULL,NULL,NULL,NULL,NULL,NULL,NULL,NULL),(624,298,'2019-02-06 17:13:12','0000-00-00 00:00:00',191,0,NULL,'shipping','lyubov.gasanowa@yandex.ru',NULL,NULL,NULL,NULL,NULL,NULL,NULL,NULL,NULL,NULL,NULL,NULL,NULL,NULL,1,0,NULL,NULL,0.0000,0.0000,0.0000,0.0000,0.0000,0.0000,0.0000,0.0000,0.0000,NULL,NULL,0.0000,0.0000,0.0000,0.0000,NULL,'N;',NULL,NULL,NULL,0.0000,NULL,0.0000,0.0000,0.0000,NULL,NULL,NULL,NULL,NULL,NULL,NULL,NULL,NULL,NULL),(625,299,'2019-02-06 18:36:05','0000-00-00 00:00:00',192,0,NULL,'billing','aizhamal11@gmail.com',NULL,NULL,NULL,NULL,NULL,NULL,NULL,NULL,NULL,NULL,NULL,NULL,NULL,NULL,0,0,NULL,NULL,0.0000,0.0000,0.0000,0.0000,0.0000,0.0000,0.0000,0.0000,0.0000,NULL,NULL,0.0000,0.0000,0.0000,0.0000,NULL,'N;',NULL,NULL,NULL,0.0000,NULL,0.0000,0.0000,0.0000,NULL,NULL,NULL,NULL,NULL,NULL,NULL,NULL,NULL,NULL),(626,299,'2019-02-06 18:36:05','0000-00-00 00:00:00',192,0,NULL,'shipping','aizhamal11@gmail.com',NULL,NULL,NULL,NULL,NULL,NULL,NULL,NULL,NULL,NULL,NULL,NULL,NULL,NULL,1,0,NULL,NULL,0.0000,0.0000,0.0000,0.0000,0.0000,0.0000,0.0000,0.0000,0.0000,NULL,NULL,0.0000,0.0000,0.0000,0.0000,NULL,'N;',NULL,NULL,NULL,0.0000,NULL,0.0000,0.0000,0.0000,NULL,NULL,NULL,NULL,NULL,NULL,NULL,NULL,NULL,NULL),(627,300,'2019-02-06 19:57:27','0000-00-00 00:00:00',193,0,NULL,'billing','allo.763.26.10@gmail.com',NULL,NULL,NULL,NULL,NULL,NULL,NULL,NULL,NULL,NULL,NULL,NULL,NULL,NULL,0,0,NULL,NULL,0.0000,0.0000,0.0000,0.0000,0.0000,0.0000,0.0000,0.0000,0.0000,NULL,NULL,0.0000,0.0000,0.0000,0.0000,NULL,'N;',NULL,NULL,NULL,0.0000,NULL,0.0000,0.0000,0.0000,NULL,NULL,NULL,NULL,NULL,NULL,NULL,NULL,NULL,NULL),(628,300,'2019-02-06 19:57:27','0000-00-00 00:00:00',193,0,NULL,'shipping','allo.763.26.10@gmail.com',NULL,NULL,NULL,NULL,NULL,NULL,NULL,NULL,NULL,NULL,NULL,NULL,NULL,NULL,1,0,NULL,NULL,0.0000,0.0000,0.0000,0.0000,0.0000,0.0000,0.0000,0.0000,0.0000,NULL,NULL,0.0000,0.0000,0.0000,0.0000,NULL,'N;',NULL,NULL,NULL,0.0000,NULL,0.0000,0.0000,0.0000,NULL,NULL,NULL,NULL,NULL,NULL,NULL,NULL,NULL,NULL),(629,301,'2019-02-06 23:46:07','0000-00-00 00:00:00',194,0,NULL,'billing','vovka610@bk.ru',NULL,NULL,NULL,NULL,NULL,NULL,NULL,NULL,NULL,NULL,NULL,NULL,NULL,NULL,0,0,NULL,NULL,0.0000,0.0000,0.0000,0.0000,0.0000,0.0000,0.0000,0.0000,0.0000,NULL,NULL,0.0000,0.0000,0.0000,0.0000,NULL,'N;',NULL,NULL,NULL,0.0000,NULL,0.0000,0.0000,0.0000,NULL,NULL,NULL,NULL,NULL,NULL,NULL,NULL,NULL,NULL),(630,301,'2019-02-06 23:46:07','0000-00-00 00:00:00',194,0,NULL,'shipping','vovka610@bk.ru',NULL,NULL,NULL,NULL,NULL,NULL,NULL,NULL,NULL,NULL,NULL,NULL,NULL,NULL,1,0,NULL,NULL,0.0000,0.0000,0.0000,0.0000,0.0000,0.0000,0.0000,0.0000,0.0000,NULL,NULL,0.0000,0.0000,0.0000,0.0000,NULL,'N;',NULL,NULL,NULL,0.0000,NULL,0.0000,0.0000,0.0000,NULL,NULL,NULL,NULL,NULL,NULL,NULL,NULL,NULL,NULL),(631,302,'2019-02-07 01:06:42','0000-00-00 00:00:00',195,0,NULL,'billing','svetaohlopkova7@gmail.com',NULL,NULL,NULL,NULL,NULL,NULL,NULL,NULL,NULL,NULL,NULL,NULL,NULL,NULL,0,0,NULL,NULL,0.0000,0.0000,0.0000,0.0000,0.0000,0.0000,0.0000,0.0000,0.0000,NULL,NULL,0.0000,0.0000,0.0000,0.0000,NULL,'N;',NULL,NULL,NULL,0.0000,NULL,0.0000,0.0000,0.0000,NULL,NULL,NULL,NULL,NULL,NULL,NULL,NULL,NULL,NULL),(632,302,'2019-02-07 01:06:42','0000-00-00 00:00:00',195,0,NULL,'shipping','svetaohlopkova7@gmail.com',NULL,NULL,NULL,NULL,NULL,NULL,NULL,NULL,NULL,NULL,NULL,NULL,NULL,NULL,1,0,NULL,NULL,0.0000,0.0000,0.0000,0.0000,0.0000,0.0000,0.0000,0.0000,0.0000,NULL,NULL,0.0000,0.0000,0.0000,0.0000,NULL,'N;',NULL,NULL,NULL,0.0000,NULL,0.0000,0.0000,0.0000,NULL,NULL,NULL,NULL,NULL,NULL,NULL,NULL,NULL,NULL),(633,303,'2019-02-08 21:29:19','0000-00-00 00:00:00',196,0,NULL,'billing','denkrasilnikoff@mail.ru',NULL,NULL,NULL,NULL,NULL,NULL,NULL,NULL,NULL,NULL,NULL,NULL,NULL,NULL,0,0,NULL,NULL,0.0000,0.0000,0.0000,0.0000,0.0000,0.0000,0.0000,0.0000,0.0000,NULL,NULL,0.0000,0.0000,0.0000,0.0000,NULL,'N;',NULL,NULL,NULL,0.0000,NULL,0.0000,0.0000,0.0000,NULL,NULL,NULL,NULL,NULL,NULL,NULL,NULL,NULL,NULL),(634,303,'2019-02-08 21:29:19','0000-00-00 00:00:00',196,0,NULL,'shipping','denkrasilnikoff@mail.ru',NULL,NULL,NULL,NULL,NULL,NULL,NULL,NULL,NULL,NULL,NULL,NULL,NULL,NULL,1,0,NULL,NULL,0.0000,0.0000,0.0000,0.0000,0.0000,0.0000,0.0000,0.0000,0.0000,NULL,NULL,0.0000,0.0000,0.0000,0.0000,NULL,'N;',NULL,NULL,NULL,0.0000,NULL,0.0000,0.0000,0.0000,NULL,NULL,NULL,NULL,NULL,NULL,NULL,NULL,NULL,NULL),(635,304,'2019-02-08 23:21:14','0000-00-00 00:00:00',197,0,NULL,'billing','robertihsanov@mail.ru',NULL,NULL,NULL,NULL,NULL,NULL,NULL,NULL,NULL,NULL,NULL,NULL,NULL,NULL,0,0,NULL,NULL,0.0000,0.0000,0.0000,0.0000,0.0000,0.0000,0.0000,0.0000,0.0000,NULL,NULL,0.0000,0.0000,0.0000,0.0000,NULL,'N;',NULL,NULL,NULL,0.0000,NULL,0.0000,0.0000,0.0000,NULL,NULL,NULL,NULL,NULL,NULL,NULL,NULL,NULL,NULL),(636,304,'2019-02-08 23:21:14','0000-00-00 00:00:00',197,0,NULL,'shipping','robertihsanov@mail.ru',NULL,NULL,NULL,NULL,NULL,NULL,NULL,NULL,NULL,NULL,NULL,NULL,NULL,NULL,1,0,NULL,NULL,0.0000,0.0000,0.0000,0.0000,0.0000,0.0000,0.0000,0.0000,0.0000,NULL,NULL,0.0000,0.0000,0.0000,0.0000,NULL,'N;',NULL,NULL,NULL,0.0000,NULL,0.0000,0.0000,0.0000,NULL,NULL,NULL,NULL,NULL,NULL,NULL,NULL,NULL,NULL),(637,305,'2019-02-09 00:44:33','0000-00-00 00:00:00',198,0,NULL,'billing','9648140@mail.ru',NULL,NULL,NULL,NULL,NULL,NULL,NULL,NULL,NULL,NULL,NULL,NULL,NULL,NULL,0,0,NULL,NULL,0.0000,0.0000,0.0000,0.0000,0.0000,0.0000,0.0000,0.0000,0.0000,NULL,NULL,0.0000,0.0000,0.0000,0.0000,NULL,'N;',NULL,NULL,NULL,0.0000,NULL,0.0000,0.0000,0.0000,NULL,NULL,NULL,NULL,NULL,NULL,NULL,NULL,NULL,NULL),(638,305,'2019-02-09 00:44:33','0000-00-00 00:00:00',198,0,NULL,'shipping','9648140@mail.ru',NULL,NULL,NULL,NULL,NULL,NULL,NULL,NULL,NULL,NULL,NULL,NULL,NULL,NULL,1,0,NULL,NULL,0.0000,0.0000,0.0000,0.0000,0.0000,0.0000,0.0000,0.0000,0.0000,NULL,NULL,0.0000,0.0000,0.0000,0.0000,NULL,'N;',NULL,NULL,NULL,0.0000,NULL,0.0000,0.0000,0.0000,NULL,NULL,NULL,NULL,NULL,NULL,NULL,NULL,NULL,NULL),(639,306,'2019-02-09 03:03:32','0000-00-00 00:00:00',199,0,NULL,'billing','veronika_klyuchk@mail.ru',NULL,NULL,NULL,NULL,NULL,NULL,NULL,NULL,NULL,NULL,NULL,NULL,NULL,NULL,0,0,NULL,NULL,0.0000,0.0000,0.0000,0.0000,0.0000,0.0000,0.0000,0.0000,0.0000,NULL,NULL,0.0000,0.0000,0.0000,0.0000,NULL,'N;',NULL,NULL,NULL,0.0000,NULL,0.0000,0.0000,0.0000,NULL,NULL,NULL,NULL,NULL,NULL,NULL,NULL,NULL,NULL),(640,306,'2019-02-09 03:03:32','0000-00-00 00:00:00',199,0,NULL,'shipping','veronika_klyuchk@mail.ru',NULL,NULL,NULL,NULL,NULL,NULL,NULL,NULL,NULL,NULL,NULL,NULL,NULL,NULL,1,0,NULL,NULL,0.0000,0.0000,0.0000,0.0000,0.0000,0.0000,0.0000,0.0000,0.0000,NULL,NULL,0.0000,0.0000,0.0000,0.0000,NULL,'N;',NULL,NULL,NULL,0.0000,NULL,0.0000,0.0000,0.0000,NULL,NULL,NULL,NULL,NULL,NULL,NULL,NULL,NULL,NULL),(641,307,'2019-02-09 03:06:39','0000-00-00 00:00:00',200,0,NULL,'billing','ruslantatyana@mail.ru',NULL,NULL,NULL,NULL,NULL,NULL,NULL,NULL,NULL,NULL,NULL,NULL,NULL,NULL,0,0,NULL,NULL,0.0000,0.0000,0.0000,0.0000,0.0000,0.0000,0.0000,0.0000,0.0000,NULL,NULL,0.0000,0.0000,0.0000,0.0000,NULL,'N;',NULL,NULL,NULL,0.0000,NULL,0.0000,0.0000,0.0000,NULL,NULL,NULL,NULL,NULL,NULL,NULL,NULL,NULL,NULL),(642,307,'2019-02-09 03:06:39','0000-00-00 00:00:00',200,0,NULL,'shipping','ruslantatyana@mail.ru',NULL,NULL,NULL,NULL,NULL,NULL,NULL,NULL,NULL,NULL,NULL,NULL,NULL,NULL,1,0,NULL,NULL,0.0000,0.0000,0.0000,0.0000,0.0000,0.0000,0.0000,0.0000,0.0000,NULL,NULL,0.0000,0.0000,0.0000,0.0000,NULL,'N;',NULL,NULL,NULL,0.0000,NULL,0.0000,0.0000,0.0000,NULL,NULL,NULL,NULL,NULL,NULL,NULL,NULL,NULL,NULL),(643,308,'2019-02-09 04:17:06','0000-00-00 00:00:00',201,0,NULL,'billing','viktormordovskoi@mail.ru',NULL,NULL,NULL,NULL,NULL,NULL,NULL,NULL,NULL,NULL,NULL,NULL,NULL,NULL,0,0,NULL,NULL,0.0000,0.0000,0.0000,0.0000,0.0000,0.0000,0.0000,0.0000,0.0000,NULL,NULL,0.0000,0.0000,0.0000,0.0000,NULL,'N;',NULL,NULL,NULL,0.0000,NULL,0.0000,0.0000,0.0000,NULL,NULL,NULL,NULL,NULL,NULL,NULL,NULL,NULL,NULL),(644,308,'2019-02-09 04:17:06','0000-00-00 00:00:00',201,0,NULL,'shipping','viktormordovskoi@mail.ru',NULL,NULL,NULL,NULL,NULL,NULL,NULL,NULL,NULL,NULL,NULL,NULL,NULL,NULL,1,0,NULL,NULL,0.0000,0.0000,0.0000,0.0000,0.0000,0.0000,0.0000,0.0000,0.0000,NULL,NULL,0.0000,0.0000,0.0000,0.0000,NULL,'N;',NULL,NULL,NULL,0.0000,NULL,0.0000,0.0000,0.0000,NULL,NULL,NULL,NULL,NULL,NULL,NULL,NULL,NULL,NULL),(645,309,'2019-02-09 06:35:04','0000-00-00 00:00:00',202,0,NULL,'billing','snastya291999@mail.ru',NULL,NULL,NULL,NULL,NULL,NULL,NULL,NULL,NULL,NULL,NULL,NULL,NULL,NULL,0,0,NULL,NULL,0.0000,0.0000,0.0000,0.0000,0.0000,0.0000,0.0000,0.0000,0.0000,NULL,NULL,0.0000,0.0000,0.0000,0.0000,NULL,'N;',NULL,NULL,NULL,0.0000,NULL,0.0000,0.0000,0.0000,NULL,NULL,NULL,NULL,NULL,NULL,NULL,NULL,NULL,NULL),(646,309,'2019-02-09 06:35:04','0000-00-00 00:00:00',202,0,NULL,'shipping','snastya291999@mail.ru',NULL,NULL,NULL,NULL,NULL,NULL,NULL,NULL,NULL,NULL,NULL,NULL,NULL,NULL,1,0,NULL,NULL,0.0000,0.0000,0.0000,0.0000,0.0000,0.0000,0.0000,0.0000,0.0000,NULL,NULL,0.0000,0.0000,0.0000,0.0000,NULL,'N;',NULL,NULL,NULL,0.0000,NULL,0.0000,0.0000,0.0000,NULL,NULL,NULL,NULL,NULL,NULL,NULL,NULL,NULL,NULL),(647,310,'2019-02-09 06:41:29','0000-00-00 00:00:00',203,0,NULL,'billing','ekoprom-perm@mail.ru',NULL,NULL,NULL,NULL,NULL,NULL,NULL,NULL,NULL,NULL,NULL,NULL,NULL,NULL,0,0,NULL,NULL,0.0000,0.0000,0.0000,0.0000,0.0000,0.0000,0.0000,0.0000,0.0000,NULL,NULL,0.0000,0.0000,0.0000,0.0000,NULL,'N;',NULL,NULL,NULL,0.0000,NULL,0.0000,0.0000,0.0000,NULL,NULL,NULL,NULL,NULL,NULL,NULL,NULL,NULL,NULL),(648,310,'2019-02-09 06:41:29','0000-00-00 00:00:00',203,0,NULL,'shipping','ekoprom-perm@mail.ru',NULL,NULL,NULL,NULL,NULL,NULL,NULL,NULL,NULL,NULL,NULL,NULL,NULL,NULL,1,0,NULL,NULL,0.0000,0.0000,0.0000,0.0000,0.0000,0.0000,0.0000,0.0000,0.0000,NULL,NULL,0.0000,0.0000,0.0000,0.0000,NULL,'N;',NULL,NULL,NULL,0.0000,NULL,0.0000,0.0000,0.0000,NULL,NULL,NULL,NULL,NULL,NULL,NULL,NULL,NULL,NULL),(649,311,'2019-02-09 06:42:29','0000-00-00 00:00:00',204,0,NULL,'billing','norosvet@mail.ru',NULL,NULL,NULL,NULL,NULL,NULL,NULL,NULL,NULL,NULL,NULL,NULL,NULL,NULL,0,0,NULL,NULL,0.0000,0.0000,0.0000,0.0000,0.0000,0.0000,0.0000,0.0000,0.0000,NULL,NULL,0.0000,0.0000,0.0000,0.0000,NULL,'N;',NULL,NULL,NULL,0.0000,NULL,0.0000,0.0000,0.0000,NULL,NULL,NULL,NULL,NULL,NULL,NULL,NULL,NULL,NULL),(650,311,'2019-02-09 06:42:29','0000-00-00 00:00:00',204,0,NULL,'shipping','norosvet@mail.ru',NULL,NULL,NULL,NULL,NULL,NULL,NULL,NULL,NULL,NULL,NULL,NULL,NULL,NULL,1,0,NULL,NULL,0.0000,0.0000,0.0000,0.0000,0.0000,0.0000,0.0000,0.0000,0.0000,NULL,NULL,0.0000,0.0000,0.0000,0.0000,NULL,'N;',NULL,NULL,NULL,0.0000,NULL,0.0000,0.0000,0.0000,NULL,NULL,NULL,NULL,NULL,NULL,NULL,NULL,NULL,NULL),(651,312,'2019-02-09 07:10:09','0000-00-00 00:00:00',205,0,NULL,'billing','denisenko-76@mail.ru',NULL,NULL,NULL,NULL,NULL,NULL,NULL,NULL,NULL,NULL,NULL,NULL,NULL,NULL,0,0,NULL,NULL,0.0000,0.0000,0.0000,0.0000,0.0000,0.0000,0.0000,0.0000,0.0000,NULL,NULL,0.0000,0.0000,0.0000,0.0000,NULL,'N;',NULL,NULL,NULL,0.0000,NULL,0.0000,0.0000,0.0000,NULL,NULL,NULL,NULL,NULL,NULL,NULL,NULL,NULL,NULL),(652,312,'2019-02-09 07:10:09','0000-00-00 00:00:00',205,0,NULL,'shipping','denisenko-76@mail.ru',NULL,NULL,NULL,NULL,NULL,NULL,NULL,NULL,NULL,NULL,NULL,NULL,NULL,NULL,1,0,NULL,NULL,0.0000,0.0000,0.0000,0.0000,0.0000,0.0000,0.0000,0.0000,0.0000,NULL,NULL,0.0000,0.0000,0.0000,0.0000,NULL,'N;',NULL,NULL,NULL,0.0000,NULL,0.0000,0.0000,0.0000,NULL,NULL,NULL,NULL,NULL,NULL,NULL,NULL,NULL,NULL),(653,313,'2019-02-09 07:26:18','0000-00-00 00:00:00',206,0,NULL,'billing','alex_liverpool93@mail.ru',NULL,NULL,NULL,NULL,NULL,NULL,NULL,NULL,NULL,NULL,NULL,NULL,NULL,NULL,0,0,NULL,NULL,0.0000,0.0000,0.0000,0.0000,0.0000,0.0000,0.0000,0.0000,0.0000,NULL,NULL,0.0000,0.0000,0.0000,0.0000,NULL,'N;',NULL,NULL,NULL,0.0000,NULL,0.0000,0.0000,0.0000,NULL,NULL,NULL,NULL,NULL,NULL,NULL,NULL,NULL,NULL),(654,313,'2019-02-09 07:26:18','0000-00-00 00:00:00',206,0,NULL,'shipping','alex_liverpool93@mail.ru',NULL,NULL,NULL,NULL,NULL,NULL,NULL,NULL,NULL,NULL,NULL,NULL,NULL,NULL,1,0,NULL,NULL,0.0000,0.0000,0.0000,0.0000,0.0000,0.0000,0.0000,0.0000,0.0000,NULL,NULL,0.0000,0.0000,0.0000,0.0000,NULL,'N;',NULL,NULL,NULL,0.0000,NULL,0.0000,0.0000,0.0000,NULL,NULL,NULL,NULL,NULL,NULL,NULL,NULL,NULL,NULL),(655,314,'2019-02-09 07:32:26','0000-00-00 00:00:00',207,0,NULL,'billing','hamidullin.1968@mail.ru',NULL,NULL,NULL,NULL,NULL,NULL,NULL,NULL,NULL,NULL,NULL,NULL,NULL,NULL,0,0,NULL,NULL,0.0000,0.0000,0.0000,0.0000,0.0000,0.0000,0.0000,0.0000,0.0000,NULL,NULL,0.0000,0.0000,0.0000,0.0000,NULL,'N;',NULL,NULL,NULL,0.0000,NULL,0.0000,0.0000,0.0000,NULL,NULL,NULL,NULL,NULL,NULL,NULL,NULL,NULL,NULL),(656,314,'2019-02-09 07:32:26','0000-00-00 00:00:00',207,0,NULL,'shipping','hamidullin.1968@mail.ru',NULL,NULL,NULL,NULL,NULL,NULL,NULL,NULL,NULL,NULL,NULL,NULL,NULL,NULL,1,0,NULL,NULL,0.0000,0.0000,0.0000,0.0000,0.0000,0.0000,0.0000,0.0000,0.0000,NULL,NULL,0.0000,0.0000,0.0000,0.0000,NULL,'N;',NULL,NULL,NULL,0.0000,NULL,0.0000,0.0000,0.0000,NULL,NULL,NULL,NULL,NULL,NULL,NULL,NULL,NULL,NULL),(657,315,'2019-02-09 07:57:39','0000-00-00 00:00:00',208,0,NULL,'billing','timofeev.anatoliy.timofeev.1997@inbox.ru',NULL,NULL,NULL,NULL,NULL,NULL,NULL,NULL,NULL,NULL,NULL,NULL,NULL,NULL,0,0,NULL,NULL,0.0000,0.0000,0.0000,0.0000,0.0000,0.0000,0.0000,0.0000,0.0000,NULL,NULL,0.0000,0.0000,0.0000,0.0000,NULL,'N;',NULL,NULL,NULL,0.0000,NULL,0.0000,0.0000,0.0000,NULL,NULL,NULL,NULL,NULL,NULL,NULL,NULL,NULL,NULL),(658,315,'2019-02-09 07:57:39','0000-00-00 00:00:00',208,0,NULL,'shipping','timofeev.anatoliy.timofeev.1997@inbox.ru',NULL,NULL,NULL,NULL,NULL,NULL,NULL,NULL,NULL,NULL,NULL,NULL,NULL,NULL,1,0,NULL,NULL,0.0000,0.0000,0.0000,0.0000,0.0000,0.0000,0.0000,0.0000,0.0000,NULL,NULL,0.0000,0.0000,0.0000,0.0000,NULL,'N;',NULL,NULL,NULL,0.0000,NULL,0.0000,0.0000,0.0000,NULL,NULL,NULL,NULL,NULL,NULL,NULL,NULL,NULL,NULL),(659,316,'2019-02-09 08:03:14','0000-00-00 00:00:00',209,0,NULL,'billing','dmitriy6768@mail.ru',NULL,NULL,NULL,NULL,NULL,NULL,NULL,NULL,NULL,NULL,NULL,NULL,NULL,NULL,0,0,NULL,NULL,0.0000,0.0000,0.0000,0.0000,0.0000,0.0000,0.0000,0.0000,0.0000,NULL,NULL,0.0000,0.0000,0.0000,0.0000,NULL,'N;',NULL,NULL,NULL,0.0000,NULL,0.0000,0.0000,0.0000,NULL,NULL,NULL,NULL,NULL,NULL,NULL,NULL,NULL,NULL),(660,316,'2019-02-09 08:03:14','0000-00-00 00:00:00',209,0,NULL,'shipping','dmitriy6768@mail.ru',NULL,NULL,NULL,NULL,NULL,NULL,NULL,NULL,NULL,NULL,NULL,NULL,NULL,NULL,1,0,NULL,NULL,0.0000,0.0000,0.0000,0.0000,0.0000,0.0000,0.0000,0.0000,0.0000,NULL,NULL,0.0000,0.0000,0.0000,0.0000,NULL,'N;',NULL,NULL,NULL,0.0000,NULL,0.0000,0.0000,0.0000,NULL,NULL,NULL,NULL,NULL,NULL,NULL,NULL,NULL,NULL),(661,317,'2019-02-09 08:18:48','0000-00-00 00:00:00',210,0,NULL,'billing','han.guk@mail.ru',NULL,NULL,NULL,NULL,NULL,NULL,NULL,NULL,NULL,NULL,NULL,NULL,NULL,NULL,0,0,NULL,NULL,0.0000,0.0000,0.0000,0.0000,0.0000,0.0000,0.0000,0.0000,0.0000,NULL,NULL,0.0000,0.0000,0.0000,0.0000,NULL,'N;',NULL,NULL,NULL,0.0000,NULL,0.0000,0.0000,0.0000,NULL,NULL,NULL,NULL,NULL,NULL,NULL,NULL,NULL,NULL),(662,317,'2019-02-09 08:18:48','0000-00-00 00:00:00',210,0,NULL,'shipping','han.guk@mail.ru',NULL,NULL,NULL,NULL,NULL,NULL,NULL,NULL,NULL,NULL,NULL,NULL,NULL,NULL,1,0,NULL,NULL,0.0000,0.0000,0.0000,0.0000,0.0000,0.0000,0.0000,0.0000,0.0000,NULL,NULL,0.0000,0.0000,0.0000,0.0000,NULL,'N;',NULL,NULL,NULL,0.0000,NULL,0.0000,0.0000,0.0000,NULL,NULL,NULL,NULL,NULL,NULL,NULL,NULL,NULL,NULL),(663,318,'2019-02-09 08:48:49','0000-00-00 00:00:00',211,0,NULL,'billing','aug15015@mail.ru',NULL,NULL,NULL,NULL,NULL,NULL,NULL,NULL,NULL,NULL,NULL,NULL,NULL,NULL,0,0,NULL,NULL,0.0000,0.0000,0.0000,0.0000,0.0000,0.0000,0.0000,0.0000,0.0000,NULL,NULL,0.0000,0.0000,0.0000,0.0000,NULL,'N;',NULL,NULL,NULL,0.0000,NULL,0.0000,0.0000,0.0000,NULL,NULL,NULL,NULL,NULL,NULL,NULL,NULL,NULL,NULL),(664,318,'2019-02-09 08:48:49','0000-00-00 00:00:00',211,0,NULL,'shipping','aug15015@mail.ru',NULL,NULL,NULL,NULL,NULL,NULL,NULL,NULL,NULL,NULL,NULL,NULL,NULL,NULL,1,0,NULL,NULL,0.0000,0.0000,0.0000,0.0000,0.0000,0.0000,0.0000,0.0000,0.0000,NULL,NULL,0.0000,0.0000,0.0000,0.0000,NULL,'N;',NULL,NULL,NULL,0.0000,NULL,0.0000,0.0000,0.0000,NULL,NULL,NULL,NULL,NULL,NULL,NULL,NULL,NULL,NULL),(665,319,'2019-02-09 08:51:56','0000-00-00 00:00:00',212,0,NULL,'billing','alex_vadiim@mail.ru',NULL,NULL,NULL,NULL,NULL,NULL,NULL,NULL,NULL,NULL,NULL,NULL,NULL,NULL,0,0,NULL,NULL,0.0000,0.0000,0.0000,0.0000,0.0000,0.0000,0.0000,0.0000,0.0000,NULL,NULL,0.0000,0.0000,0.0000,0.0000,NULL,'N;',NULL,NULL,NULL,0.0000,NULL,0.0000,0.0000,0.0000,NULL,NULL,NULL,NULL,NULL,NULL,NULL,NULL,NULL,NULL),(666,319,'2019-02-09 08:51:56','0000-00-00 00:00:00',212,0,NULL,'shipping','alex_vadiim@mail.ru',NULL,NULL,NULL,NULL,NULL,NULL,NULL,NULL,NULL,NULL,NULL,NULL,NULL,NULL,1,0,NULL,NULL,0.0000,0.0000,0.0000,0.0000,0.0000,0.0000,0.0000,0.0000,0.0000,NULL,NULL,0.0000,0.0000,0.0000,0.0000,NULL,'N;',NULL,NULL,NULL,0.0000,NULL,0.0000,0.0000,0.0000,NULL,NULL,NULL,NULL,NULL,NULL,NULL,NULL,NULL,NULL),(667,320,'2019-02-09 09:11:54','0000-00-00 00:00:00',213,0,NULL,'billing','lisa.samusevich@mail.ru',NULL,NULL,NULL,NULL,NULL,NULL,NULL,NULL,NULL,NULL,NULL,NULL,NULL,NULL,0,0,NULL,NULL,0.0000,0.0000,0.0000,0.0000,0.0000,0.0000,0.0000,0.0000,0.0000,NULL,NULL,0.0000,0.0000,0.0000,0.0000,NULL,'N;',NULL,NULL,NULL,0.0000,NULL,0.0000,0.0000,0.0000,NULL,NULL,NULL,NULL,NULL,NULL,NULL,NULL,NULL,NULL),(668,320,'2019-02-09 09:11:54','0000-00-00 00:00:00',213,0,NULL,'shipping','lisa.samusevich@mail.ru',NULL,NULL,NULL,NULL,NULL,NULL,NULL,NULL,NULL,NULL,NULL,NULL,NULL,NULL,1,0,NULL,NULL,0.0000,0.0000,0.0000,0.0000,0.0000,0.0000,0.0000,0.0000,0.0000,NULL,NULL,0.0000,0.0000,0.0000,0.0000,NULL,'N;',NULL,NULL,NULL,0.0000,NULL,0.0000,0.0000,0.0000,NULL,NULL,NULL,NULL,NULL,NULL,NULL,NULL,NULL,NULL),(669,321,'2019-02-09 09:26:04','0000-00-00 00:00:00',214,0,NULL,'billing','ivanovaela81@mail.ru',NULL,NULL,NULL,NULL,NULL,NULL,NULL,NULL,NULL,NULL,NULL,NULL,NULL,NULL,0,0,NULL,NULL,0.0000,0.0000,0.0000,0.0000,0.0000,0.0000,0.0000,0.0000,0.0000,NULL,NULL,0.0000,0.0000,0.0000,0.0000,NULL,'N;',NULL,NULL,NULL,0.0000,NULL,0.0000,0.0000,0.0000,NULL,NULL,NULL,NULL,NULL,NULL,NULL,NULL,NULL,NULL),(670,321,'2019-02-09 09:26:04','0000-00-00 00:00:00',214,0,NULL,'shipping','ivanovaela81@mail.ru',NULL,NULL,NULL,NULL,NULL,NULL,NULL,NULL,NULL,NULL,NULL,NULL,NULL,NULL,1,0,NULL,NULL,0.0000,0.0000,0.0000,0.0000,0.0000,0.0000,0.0000,0.0000,0.0000,NULL,NULL,0.0000,0.0000,0.0000,0.0000,NULL,'N;',NULL,NULL,NULL,0.0000,NULL,0.0000,0.0000,0.0000,NULL,NULL,NULL,NULL,NULL,NULL,NULL,NULL,NULL,NULL),(671,322,'2019-02-09 10:40:24','0000-00-00 00:00:00',215,0,NULL,'billing','sasha11angel@mail.ru',NULL,NULL,NULL,NULL,NULL,NULL,NULL,NULL,NULL,NULL,NULL,NULL,NULL,NULL,0,0,NULL,NULL,0.0000,0.0000,0.0000,0.0000,0.0000,0.0000,0.0000,0.0000,0.0000,NULL,NULL,0.0000,0.0000,0.0000,0.0000,NULL,'N;',NULL,NULL,NULL,0.0000,NULL,0.0000,0.0000,0.0000,NULL,NULL,NULL,NULL,NULL,NULL,NULL,NULL,NULL,NULL),(672,322,'2019-02-09 10:40:24','0000-00-00 00:00:00',215,0,NULL,'shipping','sasha11angel@mail.ru',NULL,NULL,NULL,NULL,NULL,NULL,NULL,NULL,NULL,NULL,NULL,NULL,NULL,NULL,1,0,NULL,NULL,0.0000,0.0000,0.0000,0.0000,0.0000,0.0000,0.0000,0.0000,0.0000,NULL,NULL,0.0000,0.0000,0.0000,0.0000,NULL,'N;',NULL,NULL,NULL,0.0000,NULL,0.0000,0.0000,0.0000,NULL,NULL,NULL,NULL,NULL,NULL,NULL,NULL,NULL,NULL),(673,323,'2019-02-09 10:53:13','0000-00-00 00:00:00',216,0,NULL,'billing','salikh_45@mail.ru',NULL,NULL,NULL,NULL,NULL,NULL,NULL,NULL,NULL,NULL,NULL,NULL,NULL,NULL,0,0,NULL,NULL,0.0000,0.0000,0.0000,0.0000,0.0000,0.0000,0.0000,0.0000,0.0000,NULL,NULL,0.0000,0.0000,0.0000,0.0000,NULL,'N;',NULL,NULL,NULL,0.0000,NULL,0.0000,0.0000,0.0000,NULL,NULL,NULL,NULL,NULL,NULL,NULL,NULL,NULL,NULL),(674,323,'2019-02-09 10:53:13','0000-00-00 00:00:00',216,0,NULL,'shipping','salikh_45@mail.ru',NULL,NULL,NULL,NULL,NULL,NULL,NULL,NULL,NULL,NULL,NULL,NULL,NULL,NULL,1,0,NULL,NULL,0.0000,0.0000,0.0000,0.0000,0.0000,0.0000,0.0000,0.0000,0.0000,NULL,NULL,0.0000,0.0000,0.0000,0.0000,NULL,'N;',NULL,NULL,NULL,0.0000,NULL,0.0000,0.0000,0.0000,NULL,NULL,NULL,NULL,NULL,NULL,NULL,NULL,NULL,NULL),(675,324,'2019-02-09 14:11:36','0000-00-00 00:00:00',217,0,NULL,'billing','rary__guest@bk.ru',NULL,NULL,NULL,NULL,NULL,NULL,NULL,NULL,NULL,NULL,NULL,NULL,NULL,NULL,0,0,NULL,NULL,0.0000,0.0000,0.0000,0.0000,0.0000,0.0000,0.0000,0.0000,0.0000,NULL,NULL,0.0000,0.0000,0.0000,0.0000,NULL,'N;',NULL,NULL,NULL,0.0000,NULL,0.0000,0.0000,0.0000,NULL,NULL,NULL,NULL,NULL,NULL,NULL,NULL,NULL,NULL),(676,324,'2019-02-09 14:11:36','0000-00-00 00:00:00',217,0,NULL,'shipping','rary__guest@bk.ru',NULL,NULL,NULL,NULL,NULL,NULL,NULL,NULL,NULL,NULL,NULL,NULL,NULL,NULL,1,0,NULL,NULL,0.0000,0.0000,0.0000,0.0000,0.0000,0.0000,0.0000,0.0000,0.0000,NULL,NULL,0.0000,0.0000,0.0000,0.0000,NULL,'N;',NULL,NULL,NULL,0.0000,NULL,0.0000,0.0000,0.0000,NULL,NULL,NULL,NULL,NULL,NULL,NULL,NULL,NULL,NULL),(677,325,'2019-02-09 14:12:41','0000-00-00 00:00:00',218,0,NULL,'billing','shyshmul@mail.ru',NULL,NULL,NULL,NULL,NULL,NULL,NULL,NULL,NULL,NULL,NULL,NULL,NULL,NULL,0,0,NULL,NULL,0.0000,0.0000,0.0000,0.0000,0.0000,0.0000,0.0000,0.0000,0.0000,NULL,NULL,0.0000,0.0000,0.0000,0.0000,NULL,'N;',NULL,NULL,NULL,0.0000,NULL,0.0000,0.0000,0.0000,NULL,NULL,NULL,NULL,NULL,NULL,NULL,NULL,NULL,NULL),(678,325,'2019-02-09 14:12:41','0000-00-00 00:00:00',218,0,NULL,'shipping','shyshmul@mail.ru',NULL,NULL,NULL,NULL,NULL,NULL,NULL,NULL,NULL,NULL,NULL,NULL,NULL,NULL,1,0,NULL,NULL,0.0000,0.0000,0.0000,0.0000,0.0000,0.0000,0.0000,0.0000,0.0000,NULL,NULL,0.0000,0.0000,0.0000,0.0000,NULL,'N;',NULL,NULL,NULL,0.0000,NULL,0.0000,0.0000,0.0000,NULL,NULL,NULL,NULL,NULL,NULL,NULL,NULL,NULL,NULL),(679,326,'2019-02-09 14:57:32','0000-00-00 00:00:00',219,0,NULL,'billing','sablist@mail.ru',NULL,NULL,NULL,NULL,NULL,NULL,NULL,NULL,NULL,NULL,NULL,NULL,NULL,NULL,0,0,NULL,NULL,0.0000,0.0000,0.0000,0.0000,0.0000,0.0000,0.0000,0.0000,0.0000,NULL,NULL,0.0000,0.0000,0.0000,0.0000,NULL,'N;',NULL,NULL,NULL,0.0000,NULL,0.0000,0.0000,0.0000,NULL,NULL,NULL,NULL,NULL,NULL,NULL,NULL,NULL,NULL),(680,326,'2019-02-09 14:57:32','0000-00-00 00:00:00',219,0,NULL,'shipping','sablist@mail.ru',NULL,NULL,NULL,NULL,NULL,NULL,NULL,NULL,NULL,NULL,NULL,NULL,NULL,NULL,1,0,NULL,NULL,0.0000,0.0000,0.0000,0.0000,0.0000,0.0000,0.0000,0.0000,0.0000,NULL,NULL,0.0000,0.0000,0.0000,0.0000,NULL,'N;',NULL,NULL,NULL,0.0000,NULL,0.0000,0.0000,0.0000,NULL,NULL,NULL,NULL,NULL,NULL,NULL,NULL,NULL,NULL),(681,327,'2019-02-09 15:00:22','0000-00-00 00:00:00',220,0,NULL,'billing','aleksandrabronnikova@mail.ru',NULL,NULL,NULL,NULL,NULL,NULL,NULL,NULL,NULL,NULL,NULL,NULL,NULL,NULL,0,0,NULL,NULL,0.0000,0.0000,0.0000,0.0000,0.0000,0.0000,0.0000,0.0000,0.0000,NULL,NULL,0.0000,0.0000,0.0000,0.0000,NULL,'N;',NULL,NULL,NULL,0.0000,NULL,0.0000,0.0000,0.0000,NULL,NULL,NULL,NULL,NULL,NULL,NULL,NULL,NULL,NULL),(682,327,'2019-02-09 15:00:22','0000-00-00 00:00:00',220,0,NULL,'shipping','aleksandrabronnikova@mail.ru',NULL,NULL,NULL,NULL,NULL,NULL,NULL,NULL,NULL,NULL,NULL,NULL,NULL,NULL,1,0,NULL,NULL,0.0000,0.0000,0.0000,0.0000,0.0000,0.0000,0.0000,0.0000,0.0000,NULL,NULL,0.0000,0.0000,0.0000,0.0000,NULL,'N;',NULL,NULL,NULL,0.0000,NULL,0.0000,0.0000,0.0000,NULL,NULL,NULL,NULL,NULL,NULL,NULL,NULL,NULL,NULL),(683,328,'2019-02-09 15:06:45','0000-00-00 00:00:00',221,0,NULL,'billing','white_swan_95@mail.ru',NULL,NULL,NULL,NULL,NULL,NULL,NULL,NULL,NULL,NULL,NULL,NULL,NULL,NULL,0,0,NULL,NULL,0.0000,0.0000,0.0000,0.0000,0.0000,0.0000,0.0000,0.0000,0.0000,NULL,NULL,0.0000,0.0000,0.0000,0.0000,NULL,'N;',NULL,NULL,NULL,0.0000,NULL,0.0000,0.0000,0.0000,NULL,NULL,NULL,NULL,NULL,NULL,NULL,NULL,NULL,NULL),(684,328,'2019-02-09 15:06:45','0000-00-00 00:00:00',221,0,NULL,'shipping','white_swan_95@mail.ru',NULL,NULL,NULL,NULL,NULL,NULL,NULL,NULL,NULL,NULL,NULL,NULL,NULL,NULL,1,0,NULL,NULL,0.0000,0.0000,0.0000,0.0000,0.0000,0.0000,0.0000,0.0000,0.0000,NULL,NULL,0.0000,0.0000,0.0000,0.0000,NULL,'N;',NULL,NULL,NULL,0.0000,NULL,0.0000,0.0000,0.0000,NULL,NULL,NULL,NULL,NULL,NULL,NULL,NULL,NULL,NULL),(685,329,'2019-02-09 16:11:29','0000-00-00 00:00:00',222,0,NULL,'billing','vadim_kormilicyn@mail.ru',NULL,NULL,NULL,NULL,NULL,NULL,NULL,NULL,NULL,NULL,NULL,NULL,NULL,NULL,0,0,NULL,NULL,0.0000,0.0000,0.0000,0.0000,0.0000,0.0000,0.0000,0.0000,0.0000,NULL,NULL,0.0000,0.0000,0.0000,0.0000,NULL,'N;',NULL,NULL,NULL,0.0000,NULL,0.0000,0.0000,0.0000,NULL,NULL,NULL,NULL,NULL,NULL,NULL,NULL,NULL,NULL),(686,329,'2019-02-09 16:11:29','0000-00-00 00:00:00',222,0,NULL,'shipping','vadim_kormilicyn@mail.ru',NULL,NULL,NULL,NULL,NULL,NULL,NULL,NULL,NULL,NULL,NULL,NULL,NULL,NULL,1,0,NULL,NULL,0.0000,0.0000,0.0000,0.0000,0.0000,0.0000,0.0000,0.0000,0.0000,NULL,NULL,0.0000,0.0000,0.0000,0.0000,NULL,'N;',NULL,NULL,NULL,0.0000,NULL,0.0000,0.0000,0.0000,NULL,NULL,NULL,NULL,NULL,NULL,NULL,NULL,NULL,NULL),(687,330,'2019-02-09 16:21:59','0000-00-00 00:00:00',223,0,NULL,'billing','steno4ka2008@mail.ru',NULL,NULL,NULL,NULL,NULL,NULL,NULL,NULL,NULL,NULL,NULL,NULL,NULL,NULL,0,0,NULL,NULL,0.0000,0.0000,0.0000,0.0000,0.0000,0.0000,0.0000,0.0000,0.0000,NULL,NULL,0.0000,0.0000,0.0000,0.0000,NULL,'N;',NULL,NULL,NULL,0.0000,NULL,0.0000,0.0000,0.0000,NULL,NULL,NULL,NULL,NULL,NULL,NULL,NULL,NULL,NULL),(688,330,'2019-02-09 16:21:59','0000-00-00 00:00:00',223,0,NULL,'shipping','steno4ka2008@mail.ru',NULL,NULL,NULL,NULL,NULL,NULL,NULL,NULL,NULL,NULL,NULL,NULL,NULL,NULL,1,0,NULL,NULL,0.0000,0.0000,0.0000,0.0000,0.0000,0.0000,0.0000,0.0000,0.0000,NULL,NULL,0.0000,0.0000,0.0000,0.0000,NULL,'N;',NULL,NULL,NULL,0.0000,NULL,0.0000,0.0000,0.0000,NULL,NULL,NULL,NULL,NULL,NULL,NULL,NULL,NULL,NULL),(689,331,'2019-02-09 16:25:45','0000-00-00 00:00:00',224,0,NULL,'billing','cotopes2@mail.ru',NULL,NULL,NULL,NULL,NULL,NULL,NULL,NULL,NULL,NULL,NULL,NULL,NULL,NULL,0,0,NULL,NULL,0.0000,0.0000,0.0000,0.0000,0.0000,0.0000,0.0000,0.0000,0.0000,NULL,NULL,0.0000,0.0000,0.0000,0.0000,NULL,'N;',NULL,NULL,NULL,0.0000,NULL,0.0000,0.0000,0.0000,NULL,NULL,NULL,NULL,NULL,NULL,NULL,NULL,NULL,NULL),(690,331,'2019-02-09 16:25:45','0000-00-00 00:00:00',224,0,NULL,'shipping','cotopes2@mail.ru',NULL,NULL,NULL,NULL,NULL,NULL,NULL,NULL,NULL,NULL,NULL,NULL,NULL,NULL,1,0,NULL,NULL,0.0000,0.0000,0.0000,0.0000,0.0000,0.0000,0.0000,0.0000,0.0000,NULL,NULL,0.0000,0.0000,0.0000,0.0000,NULL,'N;',NULL,NULL,NULL,0.0000,NULL,0.0000,0.0000,0.0000,NULL,NULL,NULL,NULL,NULL,NULL,NULL,NULL,NULL,NULL),(691,332,'2019-02-11 01:55:11','0000-00-00 00:00:00',225,0,NULL,'billing','ava2275@mail.ru',NULL,NULL,NULL,NULL,NULL,NULL,NULL,NULL,NULL,NULL,NULL,NULL,NULL,NULL,0,0,NULL,NULL,0.0000,0.0000,0.0000,0.0000,0.0000,0.0000,0.0000,0.0000,0.0000,NULL,NULL,0.0000,0.0000,0.0000,0.0000,NULL,'N;',NULL,NULL,NULL,0.0000,NULL,0.0000,0.0000,0.0000,NULL,NULL,NULL,NULL,NULL,NULL,NULL,NULL,NULL,NULL),(692,332,'2019-02-11 01:55:11','0000-00-00 00:00:00',225,0,NULL,'shipping','ava2275@mail.ru',NULL,NULL,NULL,NULL,NULL,NULL,NULL,NULL,NULL,NULL,NULL,NULL,NULL,NULL,1,0,NULL,NULL,0.0000,0.0000,0.0000,0.0000,0.0000,0.0000,0.0000,0.0000,0.0000,NULL,NULL,0.0000,0.0000,0.0000,0.0000,NULL,'N;',NULL,NULL,NULL,0.0000,NULL,0.0000,0.0000,0.0000,NULL,NULL,NULL,NULL,NULL,NULL,NULL,NULL,NULL,NULL),(693,333,'2019-02-11 04:16:57','0000-00-00 00:00:00',226,0,NULL,'billing','gulshat_1988@mail.ru',NULL,NULL,NULL,NULL,NULL,NULL,NULL,NULL,NULL,NULL,NULL,NULL,NULL,NULL,0,0,NULL,NULL,0.0000,0.0000,0.0000,0.0000,0.0000,0.0000,0.0000,0.0000,0.0000,NULL,NULL,0.0000,0.0000,0.0000,0.0000,NULL,'N;',NULL,NULL,NULL,0.0000,NULL,0.0000,0.0000,0.0000,NULL,NULL,NULL,NULL,NULL,NULL,NULL,NULL,NULL,NULL),(694,333,'2019-02-11 04:16:57','0000-00-00 00:00:00',226,0,NULL,'shipping','gulshat_1988@mail.ru',NULL,NULL,NULL,NULL,NULL,NULL,NULL,NULL,NULL,NULL,NULL,NULL,NULL,NULL,1,0,NULL,NULL,0.0000,0.0000,0.0000,0.0000,0.0000,0.0000,0.0000,0.0000,0.0000,NULL,NULL,0.0000,0.0000,0.0000,0.0000,NULL,'N;',NULL,NULL,NULL,0.0000,NULL,0.0000,0.0000,0.0000,NULL,NULL,NULL,NULL,NULL,NULL,NULL,NULL,NULL,NULL),(695,334,'2019-02-11 05:50:35','0000-00-00 00:00:00',227,0,NULL,'billing','glagoleva.bel@mail.ru',NULL,NULL,NULL,NULL,NULL,NULL,NULL,NULL,NULL,NULL,NULL,NULL,NULL,NULL,0,0,NULL,NULL,0.0000,0.0000,0.0000,0.0000,0.0000,0.0000,0.0000,0.0000,0.0000,NULL,NULL,0.0000,0.0000,0.0000,0.0000,NULL,'N;',NULL,NULL,NULL,0.0000,NULL,0.0000,0.0000,0.0000,NULL,NULL,NULL,NULL,NULL,NULL,NULL,NULL,NULL,NULL),(696,334,'2019-02-11 05:50:35','0000-00-00 00:00:00',227,0,NULL,'shipping','glagoleva.bel@mail.ru',NULL,NULL,NULL,NULL,NULL,NULL,NULL,NULL,NULL,NULL,NULL,NULL,NULL,NULL,1,0,NULL,NULL,0.0000,0.0000,0.0000,0.0000,0.0000,0.0000,0.0000,0.0000,0.0000,NULL,NULL,0.0000,0.0000,0.0000,0.0000,NULL,'N;',NULL,NULL,NULL,0.0000,NULL,0.0000,0.0000,0.0000,NULL,NULL,NULL,NULL,NULL,NULL,NULL,NULL,NULL,NULL),(697,335,'2019-02-11 06:06:42','0000-00-00 00:00:00',228,0,NULL,'billing','annalobashova@bk.ru',NULL,NULL,NULL,NULL,NULL,NULL,NULL,NULL,NULL,NULL,NULL,NULL,NULL,NULL,0,0,NULL,NULL,0.0000,0.0000,0.0000,0.0000,0.0000,0.0000,0.0000,0.0000,0.0000,NULL,NULL,0.0000,0.0000,0.0000,0.0000,NULL,'N;',NULL,NULL,NULL,0.0000,NULL,0.0000,0.0000,0.0000,NULL,NULL,NULL,NULL,NULL,NULL,NULL,NULL,NULL,NULL),(698,335,'2019-02-11 06:06:42','0000-00-00 00:00:00',228,0,NULL,'shipping','annalobashova@bk.ru',NULL,NULL,NULL,NULL,NULL,NULL,NULL,NULL,NULL,NULL,NULL,NULL,NULL,NULL,1,0,NULL,NULL,0.0000,0.0000,0.0000,0.0000,0.0000,0.0000,0.0000,0.0000,0.0000,NULL,NULL,0.0000,0.0000,0.0000,0.0000,NULL,'N;',NULL,NULL,NULL,0.0000,NULL,0.0000,0.0000,0.0000,NULL,NULL,NULL,NULL,NULL,NULL,NULL,NULL,NULL,NULL),(699,336,'2019-02-11 07:32:54','0000-00-00 00:00:00',229,0,NULL,'billing','altynbek2011kz@mail.ru',NULL,NULL,NULL,NULL,NULL,NULL,NULL,NULL,NULL,NULL,NULL,NULL,NULL,NULL,0,0,NULL,NULL,0.0000,0.0000,0.0000,0.0000,0.0000,0.0000,0.0000,0.0000,0.0000,NULL,NULL,0.0000,0.0000,0.0000,0.0000,NULL,'N;',NULL,NULL,NULL,0.0000,NULL,0.0000,0.0000,0.0000,NULL,NULL,NULL,NULL,NULL,NULL,NULL,NULL,NULL,NULL),(700,336,'2019-02-11 07:32:54','0000-00-00 00:00:00',229,0,NULL,'shipping','altynbek2011kz@mail.ru',NULL,NULL,NULL,NULL,NULL,NULL,NULL,NULL,NULL,NULL,NULL,NULL,NULL,NULL,1,0,NULL,NULL,0.0000,0.0000,0.0000,0.0000,0.0000,0.0000,0.0000,0.0000,0.0000,NULL,NULL,0.0000,0.0000,0.0000,0.0000,NULL,'N;',NULL,NULL,NULL,0.0000,NULL,0.0000,0.0000,0.0000,NULL,NULL,NULL,NULL,NULL,NULL,NULL,NULL,NULL,NULL),(701,337,'2019-02-11 07:45:58','0000-00-00 00:00:00',230,0,NULL,'billing','solnzemira@mail.ru',NULL,NULL,NULL,NULL,NULL,NULL,NULL,NULL,NULL,NULL,NULL,NULL,NULL,NULL,0,0,NULL,NULL,0.0000,0.0000,0.0000,0.0000,0.0000,0.0000,0.0000,0.0000,0.0000,NULL,NULL,0.0000,0.0000,0.0000,0.0000,NULL,'N;',NULL,NULL,NULL,0.0000,NULL,0.0000,0.0000,0.0000,NULL,NULL,NULL,NULL,NULL,NULL,NULL,NULL,NULL,NULL),(702,337,'2019-02-11 07:45:58','0000-00-00 00:00:00',230,0,NULL,'shipping','solnzemira@mail.ru',NULL,NULL,NULL,NULL,NULL,NULL,NULL,NULL,NULL,NULL,NULL,NULL,NULL,NULL,1,0,NULL,NULL,0.0000,0.0000,0.0000,0.0000,0.0000,0.0000,0.0000,0.0000,0.0000,NULL,NULL,0.0000,0.0000,0.0000,0.0000,NULL,'N;',NULL,NULL,NULL,0.0000,NULL,0.0000,0.0000,0.0000,NULL,NULL,NULL,NULL,NULL,NULL,NULL,NULL,NULL,NULL),(703,338,'2019-02-21 03:25:20','0000-00-00 00:00:00',NULL,0,NULL,'shipping',NULL,NULL,NULL,NULL,NULL,NULL,NULL,NULL,NULL,NULL,0,NULL,NULL,NULL,NULL,1,1,NULL,NULL,0.0000,0.0000,0.0000,0.0000,0.0000,0.0000,0.0000,0.0000,0.0000,NULL,NULL,0.0000,0.0000,0.0000,0.0000,NULL,'N;',NULL,NULL,NULL,0.0000,NULL,0.0000,0.0000,0.0000,NULL,NULL,NULL,NULL,NULL,NULL,NULL,NULL,NULL,NULL),(704,338,'2019-02-21 03:25:20','0000-00-00 00:00:00',NULL,0,NULL,'billing',NULL,NULL,NULL,NULL,NULL,NULL,NULL,NULL,NULL,NULL,NULL,NULL,NULL,NULL,NULL,0,0,NULL,NULL,0.0000,0.0000,0.0000,0.0000,0.0000,0.0000,0.0000,0.0000,0.0000,NULL,NULL,0.0000,0.0000,0.0000,0.0000,NULL,'N;',NULL,NULL,NULL,0.0000,NULL,0.0000,0.0000,0.0000,NULL,NULL,NULL,NULL,NULL,NULL,NULL,NULL,NULL,NULL),(705,339,'2019-03-01 02:25:34','0000-00-00 00:00:00',231,0,NULL,'billing','aya-jan5@mail.ru',NULL,NULL,NULL,NULL,NULL,NULL,NULL,NULL,NULL,NULL,NULL,NULL,NULL,NULL,0,0,NULL,NULL,0.0000,0.0000,0.0000,0.0000,0.0000,0.0000,0.0000,0.0000,0.0000,NULL,NULL,0.0000,0.0000,0.0000,0.0000,NULL,'N;',NULL,NULL,NULL,0.0000,NULL,0.0000,0.0000,0.0000,NULL,NULL,NULL,NULL,NULL,NULL,NULL,NULL,NULL,NULL),(706,339,'2019-03-01 02:25:34','0000-00-00 00:00:00',231,0,NULL,'shipping','aya-jan5@mail.ru',NULL,NULL,NULL,NULL,NULL,NULL,NULL,NULL,NULL,NULL,NULL,NULL,NULL,NULL,1,0,NULL,NULL,0.0000,0.0000,0.0000,0.0000,0.0000,0.0000,0.0000,0.0000,0.0000,NULL,NULL,0.0000,0.0000,0.0000,0.0000,NULL,'N;',NULL,NULL,NULL,0.0000,NULL,0.0000,0.0000,0.0000,NULL,NULL,NULL,NULL,NULL,NULL,NULL,NULL,NULL,NULL),(707,340,'2019-03-01 02:41:56','0000-00-00 00:00:00',232,0,NULL,'billing','tatyana.bochkova@inbox.ru',NULL,NULL,NULL,NULL,NULL,NULL,NULL,NULL,NULL,NULL,NULL,NULL,NULL,NULL,0,0,NULL,NULL,0.0000,0.0000,0.0000,0.0000,0.0000,0.0000,0.0000,0.0000,0.0000,NULL,NULL,0.0000,0.0000,0.0000,0.0000,NULL,'N;',NULL,NULL,NULL,0.0000,NULL,0.0000,0.0000,0.0000,NULL,NULL,NULL,NULL,NULL,NULL,NULL,NULL,NULL,NULL),(708,340,'2019-03-01 02:41:56','0000-00-00 00:00:00',232,0,NULL,'shipping','tatyana.bochkova@inbox.ru',NULL,NULL,NULL,NULL,NULL,NULL,NULL,NULL,NULL,NULL,NULL,NULL,NULL,NULL,1,0,NULL,NULL,0.0000,0.0000,0.0000,0.0000,0.0000,0.0000,0.0000,0.0000,0.0000,NULL,NULL,0.0000,0.0000,0.0000,0.0000,NULL,'N;',NULL,NULL,NULL,0.0000,NULL,0.0000,0.0000,0.0000,NULL,NULL,NULL,NULL,NULL,NULL,NULL,NULL,NULL,NULL),(709,341,'2019-03-01 03:16:02','0000-00-00 00:00:00',233,0,NULL,'billing','mishamulyalin@mail.ru',NULL,NULL,NULL,NULL,NULL,NULL,NULL,NULL,NULL,NULL,NULL,NULL,NULL,NULL,0,0,NULL,NULL,0.0000,0.0000,0.0000,0.0000,0.0000,0.0000,0.0000,0.0000,0.0000,NULL,NULL,0.0000,0.0000,0.0000,0.0000,NULL,'N;',NULL,NULL,NULL,0.0000,NULL,0.0000,0.0000,0.0000,NULL,NULL,NULL,NULL,NULL,NULL,NULL,NULL,NULL,NULL),(710,341,'2019-03-01 03:16:02','0000-00-00 00:00:00',233,0,NULL,'shipping','mishamulyalin@mail.ru',NULL,NULL,NULL,NULL,NULL,NULL,NULL,NULL,NULL,NULL,NULL,NULL,NULL,NULL,1,0,NULL,NULL,0.0000,0.0000,0.0000,0.0000,0.0000,0.0000,0.0000,0.0000,0.0000,NULL,NULL,0.0000,0.0000,0.0000,0.0000,NULL,'N;',NULL,NULL,NULL,0.0000,NULL,0.0000,0.0000,0.0000,NULL,NULL,NULL,NULL,NULL,NULL,NULL,NULL,NULL,NULL),(711,342,'2019-03-01 03:16:26','0000-00-00 00:00:00',234,0,NULL,'billing','anver.shah@mail.ru',NULL,NULL,NULL,NULL,NULL,NULL,NULL,NULL,NULL,NULL,NULL,NULL,NULL,NULL,0,0,NULL,NULL,0.0000,0.0000,0.0000,0.0000,0.0000,0.0000,0.0000,0.0000,0.0000,NULL,NULL,0.0000,0.0000,0.0000,0.0000,NULL,'N;',NULL,NULL,NULL,0.0000,NULL,0.0000,0.0000,0.0000,NULL,NULL,NULL,NULL,NULL,NULL,NULL,NULL,NULL,NULL),(712,342,'2019-03-01 03:16:26','0000-00-00 00:00:00',234,0,NULL,'shipping','anver.shah@mail.ru',NULL,NULL,NULL,NULL,NULL,NULL,NULL,NULL,NULL,NULL,NULL,NULL,NULL,NULL,1,0,NULL,NULL,0.0000,0.0000,0.0000,0.0000,0.0000,0.0000,0.0000,0.0000,0.0000,NULL,NULL,0.0000,0.0000,0.0000,0.0000,NULL,'N;',NULL,NULL,NULL,0.0000,NULL,0.0000,0.0000,0.0000,NULL,NULL,NULL,NULL,NULL,NULL,NULL,NULL,NULL,NULL),(713,343,'2019-03-01 04:15:33','0000-00-00 00:00:00',235,0,NULL,'billing','artemkorabelnikov1999@mail.ru',NULL,NULL,NULL,NULL,NULL,NULL,NULL,NULL,NULL,NULL,NULL,NULL,NULL,NULL,0,0,NULL,NULL,0.0000,0.0000,0.0000,0.0000,0.0000,0.0000,0.0000,0.0000,0.0000,NULL,NULL,0.0000,0.0000,0.0000,0.0000,NULL,'N;',NULL,NULL,NULL,0.0000,NULL,0.0000,0.0000,0.0000,NULL,NULL,NULL,NULL,NULL,NULL,NULL,NULL,NULL,NULL),(714,343,'2019-03-01 04:15:33','0000-00-00 00:00:00',235,0,NULL,'shipping','artemkorabelnikov1999@mail.ru',NULL,NULL,NULL,NULL,NULL,NULL,NULL,NULL,NULL,NULL,NULL,NULL,NULL,NULL,1,0,NULL,NULL,0.0000,0.0000,0.0000,0.0000,0.0000,0.0000,0.0000,0.0000,0.0000,NULL,NULL,0.0000,0.0000,0.0000,0.0000,NULL,'N;',NULL,NULL,NULL,0.0000,NULL,0.0000,0.0000,0.0000,NULL,NULL,NULL,NULL,NULL,NULL,NULL,NULL,NULL,NULL),(715,344,'2019-03-01 12:20:30','0000-00-00 00:00:00',236,0,NULL,'billing','olga-1997-2010@mail.ru',NULL,NULL,NULL,NULL,NULL,NULL,NULL,NULL,NULL,NULL,NULL,NULL,NULL,NULL,0,0,NULL,NULL,0.0000,0.0000,0.0000,0.0000,0.0000,0.0000,0.0000,0.0000,0.0000,NULL,NULL,0.0000,0.0000,0.0000,0.0000,NULL,'N;',NULL,NULL,NULL,0.0000,NULL,0.0000,0.0000,0.0000,NULL,NULL,NULL,NULL,NULL,NULL,NULL,NULL,NULL,NULL),(716,344,'2019-03-01 12:20:30','0000-00-00 00:00:00',236,0,NULL,'shipping','olga-1997-2010@mail.ru',NULL,NULL,NULL,NULL,NULL,NULL,NULL,NULL,NULL,NULL,NULL,NULL,NULL,NULL,1,0,NULL,NULL,0.0000,0.0000,0.0000,0.0000,0.0000,0.0000,0.0000,0.0000,0.0000,NULL,NULL,0.0000,0.0000,0.0000,0.0000,NULL,'N;',NULL,NULL,NULL,0.0000,NULL,0.0000,0.0000,0.0000,NULL,NULL,NULL,NULL,NULL,NULL,NULL,NULL,NULL,NULL),(717,345,'2019-03-01 17:09:32','0000-00-00 00:00:00',237,0,NULL,'billing','og-oreshina@mail.ru',NULL,NULL,NULL,NULL,NULL,NULL,NULL,NULL,NULL,NULL,NULL,NULL,NULL,NULL,0,0,NULL,NULL,0.0000,0.0000,0.0000,0.0000,0.0000,0.0000,0.0000,0.0000,0.0000,NULL,NULL,0.0000,0.0000,0.0000,0.0000,NULL,'N;',NULL,NULL,NULL,0.0000,NULL,0.0000,0.0000,0.0000,NULL,NULL,NULL,NULL,NULL,NULL,NULL,NULL,NULL,NULL),(718,345,'2019-03-01 17:09:32','0000-00-00 00:00:00',237,0,NULL,'shipping','og-oreshina@mail.ru',NULL,NULL,NULL,NULL,NULL,NULL,NULL,NULL,NULL,NULL,NULL,NULL,NULL,NULL,1,0,NULL,NULL,0.0000,0.0000,0.0000,0.0000,0.0000,0.0000,0.0000,0.0000,0.0000,NULL,NULL,0.0000,0.0000,0.0000,0.0000,NULL,'N;',NULL,NULL,NULL,0.0000,NULL,0.0000,0.0000,0.0000,NULL,NULL,NULL,NULL,NULL,NULL,NULL,NULL,NULL,NULL),(719,346,'2019-03-01 18:01:29','0000-00-00 00:00:00',238,0,NULL,'billing','1201den@mail.ru',NULL,NULL,NULL,NULL,NULL,NULL,NULL,NULL,NULL,NULL,NULL,NULL,NULL,NULL,0,0,NULL,NULL,0.0000,0.0000,0.0000,0.0000,0.0000,0.0000,0.0000,0.0000,0.0000,NULL,NULL,0.0000,0.0000,0.0000,0.0000,NULL,'N;',NULL,NULL,NULL,0.0000,NULL,0.0000,0.0000,0.0000,NULL,NULL,NULL,NULL,NULL,NULL,NULL,NULL,NULL,NULL),(720,346,'2019-03-01 18:01:29','0000-00-00 00:00:00',238,0,NULL,'shipping','1201den@mail.ru',NULL,NULL,NULL,NULL,NULL,NULL,NULL,NULL,NULL,NULL,NULL,NULL,NULL,NULL,1,0,NULL,NULL,0.0000,0.0000,0.0000,0.0000,0.0000,0.0000,0.0000,0.0000,0.0000,NULL,NULL,0.0000,0.0000,0.0000,0.0000,NULL,'N;',NULL,NULL,NULL,0.0000,NULL,0.0000,0.0000,0.0000,NULL,NULL,NULL,NULL,NULL,NULL,NULL,NULL,NULL,NULL),(721,347,'2019-03-01 18:38:11','0000-00-00 00:00:00',239,0,NULL,'billing','pa_r_don@mail.ru',NULL,NULL,NULL,NULL,NULL,NULL,NULL,NULL,NULL,NULL,NULL,NULL,NULL,NULL,0,0,NULL,NULL,0.0000,0.0000,0.0000,0.0000,0.0000,0.0000,0.0000,0.0000,0.0000,NULL,NULL,0.0000,0.0000,0.0000,0.0000,NULL,'N;',NULL,NULL,NULL,0.0000,NULL,0.0000,0.0000,0.0000,NULL,NULL,NULL,NULL,NULL,NULL,NULL,NULL,NULL,NULL),(722,347,'2019-03-01 18:38:11','0000-00-00 00:00:00',239,0,NULL,'shipping','pa_r_don@mail.ru',NULL,NULL,NULL,NULL,NULL,NULL,NULL,NULL,NULL,NULL,NULL,NULL,NULL,NULL,1,0,NULL,NULL,0.0000,0.0000,0.0000,0.0000,0.0000,0.0000,0.0000,0.0000,0.0000,NULL,NULL,0.0000,0.0000,0.0000,0.0000,NULL,'N;',NULL,NULL,NULL,0.0000,NULL,0.0000,0.0000,0.0000,NULL,NULL,NULL,NULL,NULL,NULL,NULL,NULL,NULL,NULL),(723,348,'2019-03-03 15:51:31','0000-00-00 00:00:00',240,0,NULL,'billing','olenintret@gmail.com',NULL,NULL,NULL,NULL,NULL,NULL,NULL,NULL,NULL,NULL,NULL,NULL,NULL,NULL,0,0,NULL,NULL,0.0000,0.0000,0.0000,0.0000,0.0000,0.0000,0.0000,0.0000,0.0000,NULL,NULL,0.0000,0.0000,0.0000,0.0000,NULL,'N;',NULL,NULL,NULL,0.0000,NULL,0.0000,0.0000,0.0000,NULL,NULL,NULL,NULL,NULL,NULL,NULL,NULL,NULL,NULL),(724,348,'2019-03-03 15:51:31','0000-00-00 00:00:00',240,0,NULL,'shipping','olenintret@gmail.com',NULL,NULL,NULL,NULL,NULL,NULL,NULL,NULL,NULL,NULL,NULL,NULL,NULL,NULL,1,0,NULL,NULL,0.0000,0.0000,0.0000,0.0000,0.0000,0.0000,0.0000,0.0000,0.0000,NULL,NULL,0.0000,0.0000,0.0000,0.0000,NULL,'N;',NULL,NULL,NULL,0.0000,NULL,0.0000,0.0000,0.0000,NULL,NULL,NULL,NULL,NULL,NULL,NULL,NULL,NULL,NULL),(725,349,'2019-03-07 06:16:38','0000-00-00 00:00:00',241,0,NULL,'billing','rodrigjp@videotron.ca',NULL,NULL,NULL,NULL,NULL,NULL,NULL,NULL,NULL,NULL,NULL,NULL,NULL,NULL,0,0,NULL,NULL,0.0000,0.0000,0.0000,0.0000,0.0000,0.0000,0.0000,0.0000,0.0000,NULL,NULL,0.0000,0.0000,0.0000,0.0000,NULL,'N;',NULL,NULL,NULL,0.0000,NULL,0.0000,0.0000,0.0000,NULL,NULL,NULL,NULL,NULL,NULL,NULL,NULL,NULL,NULL),(726,349,'2019-03-07 06:16:38','0000-00-00 00:00:00',241,0,NULL,'shipping','rodrigjp@videotron.ca',NULL,NULL,NULL,NULL,NULL,NULL,NULL,NULL,NULL,NULL,NULL,NULL,NULL,NULL,1,0,NULL,NULL,0.0000,0.0000,0.0000,0.0000,0.0000,0.0000,0.0000,0.0000,0.0000,NULL,NULL,0.0000,0.0000,0.0000,0.0000,NULL,'N;',NULL,NULL,NULL,0.0000,NULL,0.0000,0.0000,0.0000,NULL,NULL,NULL,NULL,NULL,NULL,NULL,NULL,NULL,NULL),(727,350,'2019-03-07 17:05:35','0000-00-00 00:00:00',242,0,NULL,'billing','truth2ak@afo.net',NULL,NULL,NULL,NULL,NULL,NULL,NULL,NULL,NULL,NULL,NULL,NULL,NULL,NULL,0,0,NULL,NULL,0.0000,0.0000,0.0000,0.0000,0.0000,0.0000,0.0000,0.0000,0.0000,NULL,NULL,0.0000,0.0000,0.0000,0.0000,NULL,'N;',NULL,NULL,NULL,0.0000,NULL,0.0000,0.0000,0.0000,NULL,NULL,NULL,NULL,NULL,NULL,NULL,NULL,NULL,NULL),(728,350,'2019-03-07 17:05:35','0000-00-00 00:00:00',242,0,NULL,'shipping','truth2ak@afo.net',NULL,NULL,NULL,NULL,NULL,NULL,NULL,NULL,NULL,NULL,NULL,NULL,NULL,NULL,1,0,NULL,NULL,0.0000,0.0000,0.0000,0.0000,0.0000,0.0000,0.0000,0.0000,0.0000,NULL,NULL,0.0000,0.0000,0.0000,0.0000,NULL,'N;',NULL,NULL,NULL,0.0000,NULL,0.0000,0.0000,0.0000,NULL,NULL,NULL,NULL,NULL,NULL,NULL,NULL,NULL,NULL),(729,351,'2019-03-08 09:07:00','0000-00-00 00:00:00',243,0,NULL,'billing','lbaruschke@yahoo.de',NULL,NULL,NULL,NULL,NULL,NULL,NULL,NULL,NULL,NULL,NULL,NULL,NULL,NULL,0,0,NULL,NULL,0.0000,0.0000,0.0000,0.0000,0.0000,0.0000,0.0000,0.0000,0.0000,NULL,NULL,0.0000,0.0000,0.0000,0.0000,NULL,'N;',NULL,NULL,NULL,0.0000,NULL,0.0000,0.0000,0.0000,NULL,NULL,NULL,NULL,NULL,NULL,NULL,NULL,NULL,NULL),(730,351,'2019-03-08 09:07:00','0000-00-00 00:00:00',243,0,NULL,'shipping','lbaruschke@yahoo.de',NULL,NULL,NULL,NULL,NULL,NULL,NULL,NULL,NULL,NULL,NULL,NULL,NULL,NULL,1,0,NULL,NULL,0.0000,0.0000,0.0000,0.0000,0.0000,0.0000,0.0000,0.0000,0.0000,NULL,NULL,0.0000,0.0000,0.0000,0.0000,NULL,'N;',NULL,NULL,NULL,0.0000,NULL,0.0000,0.0000,0.0000,NULL,NULL,NULL,NULL,NULL,NULL,NULL,NULL,NULL,NULL),(731,352,'2019-03-09 19:57:08','0000-00-00 00:00:00',244,0,NULL,'billing','stevenyen@gmail.com',NULL,NULL,NULL,NULL,NULL,NULL,NULL,NULL,NULL,NULL,NULL,NULL,NULL,NULL,0,0,NULL,NULL,0.0000,0.0000,0.0000,0.0000,0.0000,0.0000,0.0000,0.0000,0.0000,NULL,NULL,0.0000,0.0000,0.0000,0.0000,NULL,'N;',NULL,NULL,NULL,0.0000,NULL,0.0000,0.0000,0.0000,NULL,NULL,NULL,NULL,NULL,NULL,NULL,NULL,NULL,NULL),(732,352,'2019-03-09 19:57:08','0000-00-00 00:00:00',244,0,NULL,'shipping','stevenyen@gmail.com',NULL,NULL,NULL,NULL,NULL,NULL,NULL,NULL,NULL,NULL,NULL,NULL,NULL,NULL,1,0,NULL,NULL,0.0000,0.0000,0.0000,0.0000,0.0000,0.0000,0.0000,0.0000,0.0000,NULL,NULL,0.0000,0.0000,0.0000,0.0000,NULL,'N;',NULL,NULL,NULL,0.0000,NULL,0.0000,0.0000,0.0000,NULL,NULL,NULL,NULL,NULL,NULL,NULL,NULL,NULL,NULL),(733,353,'2019-03-10 00:51:16','0000-00-00 00:00:00',245,0,NULL,'billing','talk2melea@aol.com',NULL,NULL,NULL,NULL,NULL,NULL,NULL,NULL,NULL,NULL,NULL,NULL,NULL,NULL,0,0,NULL,NULL,0.0000,0.0000,0.0000,0.0000,0.0000,0.0000,0.0000,0.0000,0.0000,NULL,NULL,0.0000,0.0000,0.0000,0.0000,NULL,'N;',NULL,NULL,NULL,0.0000,NULL,0.0000,0.0000,0.0000,NULL,NULL,NULL,NULL,NULL,NULL,NULL,NULL,NULL,NULL),(734,353,'2019-03-10 00:51:16','0000-00-00 00:00:00',245,0,NULL,'shipping','talk2melea@aol.com',NULL,NULL,NULL,NULL,NULL,NULL,NULL,NULL,NULL,NULL,NULL,NULL,NULL,NULL,1,0,NULL,NULL,0.0000,0.0000,0.0000,0.0000,0.0000,0.0000,0.0000,0.0000,0.0000,NULL,NULL,0.0000,0.0000,0.0000,0.0000,NULL,'N;',NULL,NULL,NULL,0.0000,NULL,0.0000,0.0000,0.0000,NULL,NULL,NULL,NULL,NULL,NULL,NULL,NULL,NULL,NULL),(735,354,'2019-03-10 09:35:23','0000-00-00 00:00:00',246,0,NULL,'billing','bortzaaron@gmail.com',NULL,NULL,NULL,NULL,NULL,NULL,NULL,NULL,NULL,NULL,NULL,NULL,NULL,NULL,0,0,NULL,NULL,0.0000,0.0000,0.0000,0.0000,0.0000,0.0000,0.0000,0.0000,0.0000,NULL,NULL,0.0000,0.0000,0.0000,0.0000,NULL,'N;',NULL,NULL,NULL,0.0000,NULL,0.0000,0.0000,0.0000,NULL,NULL,NULL,NULL,NULL,NULL,NULL,NULL,NULL,NULL),(736,354,'2019-03-10 09:35:23','0000-00-00 00:00:00',246,0,NULL,'shipping','bortzaaron@gmail.com',NULL,NULL,NULL,NULL,NULL,NULL,NULL,NULL,NULL,NULL,NULL,NULL,NULL,NULL,1,0,NULL,NULL,0.0000,0.0000,0.0000,0.0000,0.0000,0.0000,0.0000,0.0000,0.0000,NULL,NULL,0.0000,0.0000,0.0000,0.0000,NULL,'N;',NULL,NULL,NULL,0.0000,NULL,0.0000,0.0000,0.0000,NULL,NULL,NULL,NULL,NULL,NULL,NULL,NULL,NULL,NULL),(737,355,'2019-03-16 20:44:25','0000-00-00 00:00:00',247,0,NULL,'billing','svshestova@gmail.com',NULL,NULL,NULL,NULL,NULL,NULL,NULL,NULL,NULL,NULL,NULL,NULL,NULL,NULL,0,0,NULL,NULL,0.0000,0.0000,0.0000,0.0000,0.0000,0.0000,0.0000,0.0000,0.0000,NULL,NULL,0.0000,0.0000,0.0000,0.0000,NULL,'N;',NULL,NULL,NULL,0.0000,NULL,0.0000,0.0000,0.0000,NULL,NULL,NULL,NULL,NULL,NULL,NULL,NULL,NULL,NULL),(738,355,'2019-03-16 20:44:25','0000-00-00 00:00:00',247,0,NULL,'shipping','svshestova@gmail.com',NULL,NULL,NULL,NULL,NULL,NULL,NULL,NULL,NULL,NULL,NULL,NULL,NULL,NULL,1,0,NULL,NULL,0.0000,0.0000,0.0000,0.0000,0.0000,0.0000,0.0000,0.0000,0.0000,NULL,NULL,0.0000,0.0000,0.0000,0.0000,NULL,'N;',NULL,NULL,NULL,0.0000,NULL,0.0000,0.0000,0.0000,NULL,NULL,NULL,NULL,NULL,NULL,NULL,NULL,NULL,NULL),(739,356,'2019-03-17 10:53:02','0000-00-00 00:00:00',248,0,NULL,'billing','riramonco@gmail.com',NULL,NULL,NULL,NULL,NULL,NULL,NULL,NULL,NULL,NULL,NULL,NULL,NULL,NULL,0,0,NULL,NULL,0.0000,0.0000,0.0000,0.0000,0.0000,0.0000,0.0000,0.0000,0.0000,NULL,NULL,0.0000,0.0000,0.0000,0.0000,NULL,'N;',NULL,NULL,NULL,0.0000,NULL,0.0000,0.0000,0.0000,NULL,NULL,NULL,NULL,NULL,NULL,NULL,NULL,NULL,NULL),(740,356,'2019-03-17 10:53:02','0000-00-00 00:00:00',248,0,NULL,'shipping','riramonco@gmail.com',NULL,NULL,NULL,NULL,NULL,NULL,NULL,NULL,NULL,NULL,NULL,NULL,NULL,NULL,1,0,NULL,NULL,0.0000,0.0000,0.0000,0.0000,0.0000,0.0000,0.0000,0.0000,0.0000,NULL,NULL,0.0000,0.0000,0.0000,0.0000,NULL,'N;',NULL,NULL,NULL,0.0000,NULL,0.0000,0.0000,0.0000,NULL,NULL,NULL,NULL,NULL,NULL,NULL,NULL,NULL,NULL),(741,357,'2019-03-18 10:07:03','0000-00-00 00:00:00',249,0,NULL,'billing','vaj.nary@gmail.com',NULL,NULL,NULL,NULL,NULL,NULL,NULL,NULL,NULL,NULL,NULL,NULL,NULL,NULL,0,0,NULL,NULL,0.0000,0.0000,0.0000,0.0000,0.0000,0.0000,0.0000,0.0000,0.0000,NULL,NULL,0.0000,0.0000,0.0000,0.0000,NULL,'N;',NULL,NULL,NULL,0.0000,NULL,0.0000,0.0000,0.0000,NULL,NULL,NULL,NULL,NULL,NULL,NULL,NULL,NULL,NULL),(742,357,'2019-03-18 10:07:03','0000-00-00 00:00:00',249,0,NULL,'shipping','vaj.nary@gmail.com',NULL,NULL,NULL,NULL,NULL,NULL,NULL,NULL,NULL,NULL,NULL,NULL,NULL,NULL,1,0,NULL,NULL,0.0000,0.0000,0.0000,0.0000,0.0000,0.0000,0.0000,0.0000,0.0000,NULL,NULL,0.0000,0.0000,0.0000,0.0000,NULL,'N;',NULL,NULL,NULL,0.0000,NULL,0.0000,0.0000,0.0000,NULL,NULL,NULL,NULL,NULL,NULL,NULL,NULL,NULL,NULL),(743,358,'2019-03-18 15:40:51','0000-00-00 00:00:00',250,0,NULL,'billing','tgrace031@gmail.com',NULL,NULL,NULL,NULL,NULL,NULL,NULL,NULL,NULL,NULL,NULL,NULL,NULL,NULL,0,0,NULL,NULL,0.0000,0.0000,0.0000,0.0000,0.0000,0.0000,0.0000,0.0000,0.0000,NULL,NULL,0.0000,0.0000,0.0000,0.0000,NULL,'N;',NULL,NULL,NULL,0.0000,NULL,0.0000,0.0000,0.0000,NULL,NULL,NULL,NULL,NULL,NULL,NULL,NULL,NULL,NULL),(744,358,'2019-03-18 15:40:51','0000-00-00 00:00:00',250,0,NULL,'shipping','tgrace031@gmail.com',NULL,NULL,NULL,NULL,NULL,NULL,NULL,NULL,NULL,NULL,NULL,NULL,NULL,NULL,1,0,NULL,NULL,0.0000,0.0000,0.0000,0.0000,0.0000,0.0000,0.0000,0.0000,0.0000,NULL,NULL,0.0000,0.0000,0.0000,0.0000,NULL,'N;',NULL,NULL,NULL,0.0000,NULL,0.0000,0.0000,0.0000,NULL,NULL,NULL,NULL,NULL,NULL,NULL,NULL,NULL,NULL),(745,359,'2019-03-19 08:38:00','0000-00-00 00:00:00',251,0,NULL,'billing','luker0351@yahoo.com',NULL,NULL,NULL,NULL,NULL,NULL,NULL,NULL,NULL,NULL,NULL,NULL,NULL,NULL,0,0,NULL,NULL,0.0000,0.0000,0.0000,0.0000,0.0000,0.0000,0.0000,0.0000,0.0000,NULL,NULL,0.0000,0.0000,0.0000,0.0000,NULL,'N;',NULL,NULL,NULL,0.0000,NULL,0.0000,0.0000,0.0000,NULL,NULL,NULL,NULL,NULL,NULL,NULL,NULL,NULL,NULL),(746,359,'2019-03-19 08:38:00','0000-00-00 00:00:00',251,0,NULL,'shipping','luker0351@yahoo.com',NULL,NULL,NULL,NULL,NULL,NULL,NULL,NULL,NULL,NULL,NULL,NULL,NULL,NULL,1,0,NULL,NULL,0.0000,0.0000,0.0000,0.0000,0.0000,0.0000,0.0000,0.0000,0.0000,NULL,NULL,0.0000,0.0000,0.0000,0.0000,NULL,'N;',NULL,NULL,NULL,0.0000,NULL,0.0000,0.0000,0.0000,NULL,NULL,NULL,NULL,NULL,NULL,NULL,NULL,NULL,NULL),(747,360,'2019-03-19 14:33:59','0000-00-00 00:00:00',252,0,NULL,'billing','vhasbani@msn.com',NULL,NULL,NULL,NULL,NULL,NULL,NULL,NULL,NULL,NULL,NULL,NULL,NULL,NULL,0,0,NULL,NULL,0.0000,0.0000,0.0000,0.0000,0.0000,0.0000,0.0000,0.0000,0.0000,NULL,NULL,0.0000,0.0000,0.0000,0.0000,NULL,'N;',NULL,NULL,NULL,0.0000,NULL,0.0000,0.0000,0.0000,NULL,NULL,NULL,NULL,NULL,NULL,NULL,NULL,NULL,NULL),(748,360,'2019-03-19 14:33:59','0000-00-00 00:00:00',252,0,NULL,'shipping','vhasbani@msn.com',NULL,NULL,NULL,NULL,NULL,NULL,NULL,NULL,NULL,NULL,NULL,NULL,NULL,NULL,1,0,NULL,NULL,0.0000,0.0000,0.0000,0.0000,0.0000,0.0000,0.0000,0.0000,0.0000,NULL,NULL,0.0000,0.0000,0.0000,0.0000,NULL,'N;',NULL,NULL,NULL,0.0000,NULL,0.0000,0.0000,0.0000,NULL,NULL,NULL,NULL,NULL,NULL,NULL,NULL,NULL,NULL),(749,361,'2019-03-19 15:57:17','0000-00-00 00:00:00',253,0,NULL,'billing','ara@karkazian.com',NULL,NULL,NULL,NULL,NULL,NULL,NULL,NULL,NULL,NULL,NULL,NULL,NULL,NULL,0,0,NULL,NULL,0.0000,0.0000,0.0000,0.0000,0.0000,0.0000,0.0000,0.0000,0.0000,NULL,NULL,0.0000,0.0000,0.0000,0.0000,NULL,'N;',NULL,NULL,NULL,0.0000,NULL,0.0000,0.0000,0.0000,NULL,NULL,NULL,NULL,NULL,NULL,NULL,NULL,NULL,NULL),(750,361,'2019-03-19 15:57:17','0000-00-00 00:00:00',253,0,NULL,'shipping','ara@karkazian.com',NULL,NULL,NULL,NULL,NULL,NULL,NULL,NULL,NULL,NULL,NULL,NULL,NULL,NULL,1,0,NULL,NULL,0.0000,0.0000,0.0000,0.0000,0.0000,0.0000,0.0000,0.0000,0.0000,NULL,NULL,0.0000,0.0000,0.0000,0.0000,NULL,'N;',NULL,NULL,NULL,0.0000,NULL,0.0000,0.0000,0.0000,NULL,NULL,NULL,NULL,NULL,NULL,NULL,NULL,NULL,NULL),(751,362,'2019-03-19 15:58:18','0000-00-00 00:00:00',254,0,NULL,'billing','apennington@charlestoncounty.org',NULL,NULL,NULL,NULL,NULL,NULL,NULL,NULL,NULL,NULL,NULL,NULL,NULL,NULL,0,0,NULL,NULL,0.0000,0.0000,0.0000,0.0000,0.0000,0.0000,0.0000,0.0000,0.0000,NULL,NULL,0.0000,0.0000,0.0000,0.0000,NULL,'N;',NULL,NULL,NULL,0.0000,NULL,0.0000,0.0000,0.0000,NULL,NULL,NULL,NULL,NULL,NULL,NULL,NULL,NULL,NULL),(752,362,'2019-03-19 15:58:18','0000-00-00 00:00:00',254,0,NULL,'shipping','apennington@charlestoncounty.org',NULL,NULL,NULL,NULL,NULL,NULL,NULL,NULL,NULL,NULL,NULL,NULL,NULL,NULL,1,0,NULL,NULL,0.0000,0.0000,0.0000,0.0000,0.0000,0.0000,0.0000,0.0000,0.0000,NULL,NULL,0.0000,0.0000,0.0000,0.0000,NULL,'N;',NULL,NULL,NULL,0.0000,NULL,0.0000,0.0000,0.0000,NULL,NULL,NULL,NULL,NULL,NULL,NULL,NULL,NULL,NULL),(753,363,'2019-03-19 18:40:18','0000-00-00 00:00:00',255,0,NULL,'billing','marcia.k.wilbur@gmail.com',NULL,NULL,NULL,NULL,NULL,NULL,NULL,NULL,NULL,NULL,NULL,NULL,NULL,NULL,0,0,NULL,NULL,0.0000,0.0000,0.0000,0.0000,0.0000,0.0000,0.0000,0.0000,0.0000,NULL,NULL,0.0000,0.0000,0.0000,0.0000,NULL,'N;',NULL,NULL,NULL,0.0000,NULL,0.0000,0.0000,0.0000,NULL,NULL,NULL,NULL,NULL,NULL,NULL,NULL,NULL,NULL),(754,363,'2019-03-19 18:40:18','0000-00-00 00:00:00',255,0,NULL,'shipping','marcia.k.wilbur@gmail.com',NULL,NULL,NULL,NULL,NULL,NULL,NULL,NULL,NULL,NULL,NULL,NULL,NULL,NULL,1,0,NULL,NULL,0.0000,0.0000,0.0000,0.0000,0.0000,0.0000,0.0000,0.0000,0.0000,NULL,NULL,0.0000,0.0000,0.0000,0.0000,NULL,'N;',NULL,NULL,NULL,0.0000,NULL,0.0000,0.0000,0.0000,NULL,NULL,NULL,NULL,NULL,NULL,NULL,NULL,NULL,NULL),(755,364,'2019-03-20 01:04:25','0000-00-00 00:00:00',256,0,NULL,'billing','andyahn@choileecpas.com',NULL,NULL,NULL,NULL,NULL,NULL,NULL,NULL,NULL,NULL,NULL,NULL,NULL,NULL,0,0,NULL,NULL,0.0000,0.0000,0.0000,0.0000,0.0000,0.0000,0.0000,0.0000,0.0000,NULL,NULL,0.0000,0.0000,0.0000,0.0000,NULL,'N;',NULL,NULL,NULL,0.0000,NULL,0.0000,0.0000,0.0000,NULL,NULL,NULL,NULL,NULL,NULL,NULL,NULL,NULL,NULL),(756,364,'2019-03-20 01:04:25','0000-00-00 00:00:00',256,0,NULL,'shipping','andyahn@choileecpas.com',NULL,NULL,NULL,NULL,NULL,NULL,NULL,NULL,NULL,NULL,NULL,NULL,NULL,NULL,1,0,NULL,NULL,0.0000,0.0000,0.0000,0.0000,0.0000,0.0000,0.0000,0.0000,0.0000,NULL,NULL,0.0000,0.0000,0.0000,0.0000,NULL,'N;',NULL,NULL,NULL,0.0000,NULL,0.0000,0.0000,0.0000,NULL,NULL,NULL,NULL,NULL,NULL,NULL,NULL,NULL,NULL),(757,365,'2019-03-20 01:09:54','0000-00-00 00:00:00',257,0,NULL,'billing','mjones@bucklerinc.com',NULL,NULL,NULL,NULL,NULL,NULL,NULL,NULL,NULL,NULL,NULL,NULL,NULL,NULL,0,0,NULL,NULL,0.0000,0.0000,0.0000,0.0000,0.0000,0.0000,0.0000,0.0000,0.0000,NULL,NULL,0.0000,0.0000,0.0000,0.0000,NULL,'N;',NULL,NULL,NULL,0.0000,NULL,0.0000,0.0000,0.0000,NULL,NULL,NULL,NULL,NULL,NULL,NULL,NULL,NULL,NULL),(758,365,'2019-03-20 01:09:54','0000-00-00 00:00:00',257,0,NULL,'shipping','mjones@bucklerinc.com',NULL,NULL,NULL,NULL,NULL,NULL,NULL,NULL,NULL,NULL,NULL,NULL,NULL,NULL,1,0,NULL,NULL,0.0000,0.0000,0.0000,0.0000,0.0000,0.0000,0.0000,0.0000,0.0000,NULL,NULL,0.0000,0.0000,0.0000,0.0000,NULL,'N;',NULL,NULL,NULL,0.0000,NULL,0.0000,0.0000,0.0000,NULL,NULL,NULL,NULL,NULL,NULL,NULL,NULL,NULL,NULL),(759,366,'2019-03-20 08:31:15','0000-00-00 00:00:00',258,0,NULL,'billing','farschadfarzan@hotmail.com',NULL,NULL,NULL,NULL,NULL,NULL,NULL,NULL,NULL,NULL,NULL,NULL,NULL,NULL,0,0,NULL,NULL,0.0000,0.0000,0.0000,0.0000,0.0000,0.0000,0.0000,0.0000,0.0000,NULL,NULL,0.0000,0.0000,0.0000,0.0000,NULL,'N;',NULL,NULL,NULL,0.0000,NULL,0.0000,0.0000,0.0000,NULL,NULL,NULL,NULL,NULL,NULL,NULL,NULL,NULL,NULL),(760,366,'2019-03-20 08:31:15','0000-00-00 00:00:00',258,0,NULL,'shipping','farschadfarzan@hotmail.com',NULL,NULL,NULL,NULL,NULL,NULL,NULL,NULL,NULL,NULL,NULL,NULL,NULL,NULL,1,0,NULL,NULL,0.0000,0.0000,0.0000,0.0000,0.0000,0.0000,0.0000,0.0000,0.0000,NULL,NULL,0.0000,0.0000,0.0000,0.0000,NULL,'N;',NULL,NULL,NULL,0.0000,NULL,0.0000,0.0000,0.0000,NULL,NULL,NULL,NULL,NULL,NULL,NULL,NULL,NULL,NULL),(761,367,'2019-03-21 05:34:14','0000-00-00 00:00:00',NULL,0,NULL,'shipping',NULL,NULL,NULL,NULL,NULL,NULL,NULL,NULL,NULL,NULL,0,NULL,NULL,NULL,NULL,1,1,NULL,NULL,0.0000,0.0000,0.0000,0.0000,0.0000,0.0000,0.0000,0.0000,0.0000,NULL,NULL,0.0000,0.0000,0.0000,0.0000,NULL,'N;',NULL,NULL,NULL,0.0000,NULL,0.0000,0.0000,0.0000,NULL,NULL,NULL,NULL,NULL,NULL,NULL,NULL,NULL,NULL),(762,367,'2019-03-21 05:34:14','0000-00-00 00:00:00',NULL,0,NULL,'billing',NULL,NULL,NULL,NULL,NULL,NULL,NULL,NULL,NULL,NULL,NULL,NULL,NULL,NULL,NULL,0,0,NULL,NULL,0.0000,0.0000,0.0000,0.0000,0.0000,0.0000,0.0000,0.0000,0.0000,NULL,NULL,0.0000,0.0000,0.0000,0.0000,NULL,'N;',NULL,NULL,NULL,0.0000,NULL,0.0000,0.0000,0.0000,NULL,NULL,NULL,NULL,NULL,NULL,NULL,NULL,NULL,NULL),(763,368,'2019-03-21 17:39:43','0000-00-00 00:00:00',259,0,NULL,'billing','gmoretti65@outlook.com',NULL,NULL,NULL,NULL,NULL,NULL,NULL,NULL,NULL,NULL,NULL,NULL,NULL,NULL,0,0,NULL,NULL,0.0000,0.0000,0.0000,0.0000,0.0000,0.0000,0.0000,0.0000,0.0000,NULL,NULL,0.0000,0.0000,0.0000,0.0000,NULL,'N;',NULL,NULL,NULL,0.0000,NULL,0.0000,0.0000,0.0000,NULL,NULL,NULL,NULL,NULL,NULL,NULL,NULL,NULL,NULL),(764,368,'2019-03-21 17:39:43','0000-00-00 00:00:00',259,0,NULL,'shipping','gmoretti65@outlook.com',NULL,NULL,NULL,NULL,NULL,NULL,NULL,NULL,NULL,NULL,NULL,NULL,NULL,NULL,1,0,NULL,NULL,0.0000,0.0000,0.0000,0.0000,0.0000,0.0000,0.0000,0.0000,0.0000,NULL,NULL,0.0000,0.0000,0.0000,0.0000,NULL,'N;',NULL,NULL,NULL,0.0000,NULL,0.0000,0.0000,0.0000,NULL,NULL,NULL,NULL,NULL,NULL,NULL,NULL,NULL,NULL),(765,369,'2019-03-22 07:49:11','0000-00-00 00:00:00',260,0,NULL,'billing','brett@thelevygroupinc.com',NULL,NULL,NULL,NULL,NULL,NULL,NULL,NULL,NULL,NULL,NULL,NULL,NULL,NULL,0,0,NULL,NULL,0.0000,0.0000,0.0000,0.0000,0.0000,0.0000,0.0000,0.0000,0.0000,NULL,NULL,0.0000,0.0000,0.0000,0.0000,NULL,'N;',NULL,NULL,NULL,0.0000,NULL,0.0000,0.0000,0.0000,NULL,NULL,NULL,NULL,NULL,NULL,NULL,NULL,NULL,NULL),(766,369,'2019-03-22 07:49:11','0000-00-00 00:00:00',260,0,NULL,'shipping','brett@thelevygroupinc.com',NULL,NULL,NULL,NULL,NULL,NULL,NULL,NULL,NULL,NULL,NULL,NULL,NULL,NULL,1,0,NULL,NULL,0.0000,0.0000,0.0000,0.0000,0.0000,0.0000,0.0000,0.0000,0.0000,NULL,NULL,0.0000,0.0000,0.0000,0.0000,NULL,'N;',NULL,NULL,NULL,0.0000,NULL,0.0000,0.0000,0.0000,NULL,NULL,NULL,NULL,NULL,NULL,NULL,NULL,NULL,NULL),(767,370,'2019-03-23 00:49:19','0000-00-00 00:00:00',261,0,NULL,'billing','careofj@yahoo.com',NULL,NULL,NULL,NULL,NULL,NULL,NULL,NULL,NULL,NULL,NULL,NULL,NULL,NULL,0,0,NULL,NULL,0.0000,0.0000,0.0000,0.0000,0.0000,0.0000,0.0000,0.0000,0.0000,NULL,NULL,0.0000,0.0000,0.0000,0.0000,NULL,'N;',NULL,NULL,NULL,0.0000,NULL,0.0000,0.0000,0.0000,NULL,NULL,NULL,NULL,NULL,NULL,NULL,NULL,NULL,NULL),(768,370,'2019-03-23 00:49:19','0000-00-00 00:00:00',261,0,NULL,'shipping','careofj@yahoo.com',NULL,NULL,NULL,NULL,NULL,NULL,NULL,NULL,NULL,NULL,NULL,NULL,NULL,NULL,1,0,NULL,NULL,0.0000,0.0000,0.0000,0.0000,0.0000,0.0000,0.0000,0.0000,0.0000,NULL,NULL,0.0000,0.0000,0.0000,0.0000,NULL,'N;',NULL,NULL,NULL,0.0000,NULL,0.0000,0.0000,0.0000,NULL,NULL,NULL,NULL,NULL,NULL,NULL,NULL,NULL,NULL),(769,371,'2019-03-23 17:29:20','0000-00-00 00:00:00',262,0,NULL,'billing','roaveracta@yahoo.com',NULL,NULL,NULL,NULL,NULL,NULL,NULL,NULL,NULL,NULL,NULL,NULL,NULL,NULL,0,0,NULL,NULL,0.0000,0.0000,0.0000,0.0000,0.0000,0.0000,0.0000,0.0000,0.0000,NULL,NULL,0.0000,0.0000,0.0000,0.0000,NULL,'N;',NULL,NULL,NULL,0.0000,NULL,0.0000,0.0000,0.0000,NULL,NULL,NULL,NULL,NULL,NULL,NULL,NULL,NULL,NULL),(770,371,'2019-03-23 17:29:20','0000-00-00 00:00:00',262,0,NULL,'shipping','roaveracta@yahoo.com',NULL,NULL,NULL,NULL,NULL,NULL,NULL,NULL,NULL,NULL,NULL,NULL,NULL,NULL,1,0,NULL,NULL,0.0000,0.0000,0.0000,0.0000,0.0000,0.0000,0.0000,0.0000,0.0000,NULL,NULL,0.0000,0.0000,0.0000,0.0000,NULL,'N;',NULL,NULL,NULL,0.0000,NULL,0.0000,0.0000,0.0000,NULL,NULL,NULL,NULL,NULL,NULL,NULL,NULL,NULL,NULL),(771,372,'2019-03-25 13:35:29','0000-00-00 00:00:00',263,0,NULL,'billing','pgh888@aol.com',NULL,NULL,NULL,NULL,NULL,NULL,NULL,NULL,NULL,NULL,NULL,NULL,NULL,NULL,0,0,NULL,NULL,0.0000,0.0000,0.0000,0.0000,0.0000,0.0000,0.0000,0.0000,0.0000,NULL,NULL,0.0000,0.0000,0.0000,0.0000,NULL,'N;',NULL,NULL,NULL,0.0000,NULL,0.0000,0.0000,0.0000,NULL,NULL,NULL,NULL,NULL,NULL,NULL,NULL,NULL,NULL),(772,372,'2019-03-25 13:35:29','0000-00-00 00:00:00',263,0,NULL,'shipping','pgh888@aol.com',NULL,NULL,NULL,NULL,NULL,NULL,NULL,NULL,NULL,NULL,NULL,NULL,NULL,NULL,1,0,NULL,NULL,0.0000,0.0000,0.0000,0.0000,0.0000,0.0000,0.0000,0.0000,0.0000,NULL,NULL,0.0000,0.0000,0.0000,0.0000,NULL,'N;',NULL,NULL,NULL,0.0000,NULL,0.0000,0.0000,0.0000,NULL,NULL,NULL,NULL,NULL,NULL,NULL,NULL,NULL,NULL),(773,373,'2019-03-25 13:56:13','0000-00-00 00:00:00',264,0,NULL,'billing','nayem89@ymail.com',NULL,NULL,NULL,NULL,NULL,NULL,NULL,NULL,NULL,NULL,NULL,NULL,NULL,NULL,0,0,NULL,NULL,0.0000,0.0000,0.0000,0.0000,0.0000,0.0000,0.0000,0.0000,0.0000,NULL,NULL,0.0000,0.0000,0.0000,0.0000,NULL,'N;',NULL,NULL,NULL,0.0000,NULL,0.0000,0.0000,0.0000,NULL,NULL,NULL,NULL,NULL,NULL,NULL,NULL,NULL,NULL),(774,373,'2019-03-25 13:56:13','0000-00-00 00:00:00',264,0,NULL,'shipping','nayem89@ymail.com',NULL,NULL,NULL,NULL,NULL,NULL,NULL,NULL,NULL,NULL,NULL,NULL,NULL,NULL,1,0,NULL,NULL,0.0000,0.0000,0.0000,0.0000,0.0000,0.0000,0.0000,0.0000,0.0000,NULL,NULL,0.0000,0.0000,0.0000,0.0000,NULL,'N;',NULL,NULL,NULL,0.0000,NULL,0.0000,0.0000,0.0000,NULL,NULL,NULL,NULL,NULL,NULL,NULL,NULL,NULL,NULL),(775,374,'2019-03-25 17:23:28','0000-00-00 00:00:00',265,0,NULL,'billing','ian_macgregor@lobsterplace.com',NULL,NULL,NULL,NULL,NULL,NULL,NULL,NULL,NULL,NULL,NULL,NULL,NULL,NULL,0,0,NULL,NULL,0.0000,0.0000,0.0000,0.0000,0.0000,0.0000,0.0000,0.0000,0.0000,NULL,NULL,0.0000,0.0000,0.0000,0.0000,NULL,'N;',NULL,NULL,NULL,0.0000,NULL,0.0000,0.0000,0.0000,NULL,NULL,NULL,NULL,NULL,NULL,NULL,NULL,NULL,NULL),(776,374,'2019-03-25 17:23:28','0000-00-00 00:00:00',265,0,NULL,'shipping','ian_macgregor@lobsterplace.com',NULL,NULL,NULL,NULL,NULL,NULL,NULL,NULL,NULL,NULL,NULL,NULL,NULL,NULL,1,0,NULL,NULL,0.0000,0.0000,0.0000,0.0000,0.0000,0.0000,0.0000,0.0000,0.0000,NULL,NULL,0.0000,0.0000,0.0000,0.0000,NULL,'N;',NULL,NULL,NULL,0.0000,NULL,0.0000,0.0000,0.0000,NULL,NULL,NULL,NULL,NULL,NULL,NULL,NULL,NULL,NULL),(777,375,'2019-03-26 20:43:10','0000-00-00 00:00:00',266,0,NULL,'billing','bcs20902@gmail.com',NULL,NULL,NULL,NULL,NULL,NULL,NULL,NULL,NULL,NULL,NULL,NULL,NULL,NULL,0,0,NULL,NULL,0.0000,0.0000,0.0000,0.0000,0.0000,0.0000,0.0000,0.0000,0.0000,NULL,NULL,0.0000,0.0000,0.0000,0.0000,NULL,'N;',NULL,NULL,NULL,0.0000,NULL,0.0000,0.0000,0.0000,NULL,NULL,NULL,NULL,NULL,NULL,NULL,NULL,NULL,NULL),(778,375,'2019-03-26 20:43:10','0000-00-00 00:00:00',266,0,NULL,'shipping','bcs20902@gmail.com',NULL,NULL,NULL,NULL,NULL,NULL,NULL,NULL,NULL,NULL,NULL,NULL,NULL,NULL,1,0,NULL,NULL,0.0000,0.0000,0.0000,0.0000,0.0000,0.0000,0.0000,0.0000,0.0000,NULL,NULL,0.0000,0.0000,0.0000,0.0000,NULL,'N;',NULL,NULL,NULL,0.0000,NULL,0.0000,0.0000,0.0000,NULL,NULL,NULL,NULL,NULL,NULL,NULL,NULL,NULL,NULL),(779,376,'2019-03-26 21:00:33','0000-00-00 00:00:00',267,0,NULL,'billing','mjayhaithcock@gmail.com',NULL,NULL,NULL,NULL,NULL,NULL,NULL,NULL,NULL,NULL,NULL,NULL,NULL,NULL,0,0,NULL,NULL,0.0000,0.0000,0.0000,0.0000,0.0000,0.0000,0.0000,0.0000,0.0000,NULL,NULL,0.0000,0.0000,0.0000,0.0000,NULL,'N;',NULL,NULL,NULL,0.0000,NULL,0.0000,0.0000,0.0000,NULL,NULL,NULL,NULL,NULL,NULL,NULL,NULL,NULL,NULL),(780,376,'2019-03-26 21:00:33','0000-00-00 00:00:00',267,0,NULL,'shipping','mjayhaithcock@gmail.com',NULL,NULL,NULL,NULL,NULL,NULL,NULL,NULL,NULL,NULL,NULL,NULL,NULL,NULL,1,0,NULL,NULL,0.0000,0.0000,0.0000,0.0000,0.0000,0.0000,0.0000,0.0000,0.0000,NULL,NULL,0.0000,0.0000,0.0000,0.0000,NULL,'N;',NULL,NULL,NULL,0.0000,NULL,0.0000,0.0000,0.0000,NULL,NULL,NULL,NULL,NULL,NULL,NULL,NULL,NULL,NULL),(781,377,'2019-03-27 02:02:12','0000-00-00 00:00:00',268,0,NULL,'billing','nick@nclgroup.com.au',NULL,NULL,NULL,NULL,NULL,NULL,NULL,NULL,NULL,NULL,NULL,NULL,NULL,NULL,0,0,NULL,NULL,0.0000,0.0000,0.0000,0.0000,0.0000,0.0000,0.0000,0.0000,0.0000,NULL,NULL,0.0000,0.0000,0.0000,0.0000,NULL,'N;',NULL,NULL,NULL,0.0000,NULL,0.0000,0.0000,0.0000,NULL,NULL,NULL,NULL,NULL,NULL,NULL,NULL,NULL,NULL),(782,377,'2019-03-27 02:02:12','0000-00-00 00:00:00',268,0,NULL,'shipping','nick@nclgroup.com.au',NULL,NULL,NULL,NULL,NULL,NULL,NULL,NULL,NULL,NULL,NULL,NULL,NULL,NULL,1,0,NULL,NULL,0.0000,0.0000,0.0000,0.0000,0.0000,0.0000,0.0000,0.0000,0.0000,NULL,NULL,0.0000,0.0000,0.0000,0.0000,NULL,'N;',NULL,NULL,NULL,0.0000,NULL,0.0000,0.0000,0.0000,NULL,NULL,NULL,NULL,NULL,NULL,NULL,NULL,NULL,NULL),(783,378,'2019-03-27 02:17:21','0000-00-00 00:00:00',269,0,NULL,'billing','lmuza@bellsouth.net',NULL,NULL,NULL,NULL,NULL,NULL,NULL,NULL,NULL,NULL,NULL,NULL,NULL,NULL,0,0,NULL,NULL,0.0000,0.0000,0.0000,0.0000,0.0000,0.0000,0.0000,0.0000,0.0000,NULL,NULL,0.0000,0.0000,0.0000,0.0000,NULL,'N;',NULL,NULL,NULL,0.0000,NULL,0.0000,0.0000,0.0000,NULL,NULL,NULL,NULL,NULL,NULL,NULL,NULL,NULL,NULL),(784,378,'2019-03-27 02:17:21','0000-00-00 00:00:00',269,0,NULL,'shipping','lmuza@bellsouth.net',NULL,NULL,NULL,NULL,NULL,NULL,NULL,NULL,NULL,NULL,NULL,NULL,NULL,NULL,1,0,NULL,NULL,0.0000,0.0000,0.0000,0.0000,0.0000,0.0000,0.0000,0.0000,0.0000,NULL,NULL,0.0000,0.0000,0.0000,0.0000,NULL,'N;',NULL,NULL,NULL,0.0000,NULL,0.0000,0.0000,0.0000,NULL,NULL,NULL,NULL,NULL,NULL,NULL,NULL,NULL,NULL),(785,379,'2019-03-27 09:28:02','0000-00-00 00:00:00',270,0,NULL,'billing','stevegagel60@gmail.com',NULL,NULL,NULL,NULL,NULL,NULL,NULL,NULL,NULL,NULL,NULL,NULL,NULL,NULL,0,0,NULL,NULL,0.0000,0.0000,0.0000,0.0000,0.0000,0.0000,0.0000,0.0000,0.0000,NULL,NULL,0.0000,0.0000,0.0000,0.0000,NULL,'N;',NULL,NULL,NULL,0.0000,NULL,0.0000,0.0000,0.0000,NULL,NULL,NULL,NULL,NULL,NULL,NULL,NULL,NULL,NULL),(786,379,'2019-03-27 09:28:02','0000-00-00 00:00:00',270,0,NULL,'shipping','stevegagel60@gmail.com',NULL,NULL,NULL,NULL,NULL,NULL,NULL,NULL,NULL,NULL,NULL,NULL,NULL,NULL,1,0,NULL,NULL,0.0000,0.0000,0.0000,0.0000,0.0000,0.0000,0.0000,0.0000,0.0000,NULL,NULL,0.0000,0.0000,0.0000,0.0000,NULL,'N;',NULL,NULL,NULL,0.0000,NULL,0.0000,0.0000,0.0000,NULL,NULL,NULL,NULL,NULL,NULL,NULL,NULL,NULL,NULL),(787,380,'2019-03-31 08:33:01','0000-00-00 00:00:00',271,0,NULL,'billing','excohilbe@mail.com',NULL,NULL,NULL,NULL,NULL,NULL,NULL,NULL,NULL,NULL,NULL,NULL,NULL,NULL,0,0,NULL,NULL,0.0000,0.0000,0.0000,0.0000,0.0000,0.0000,0.0000,0.0000,0.0000,NULL,NULL,0.0000,0.0000,0.0000,0.0000,NULL,'N;',NULL,NULL,NULL,0.0000,NULL,0.0000,0.0000,0.0000,NULL,NULL,NULL,NULL,NULL,NULL,NULL,NULL,NULL,NULL),(788,380,'2019-03-31 08:33:01','0000-00-00 00:00:00',271,0,NULL,'shipping','excohilbe@mail.com',NULL,NULL,NULL,NULL,NULL,NULL,NULL,NULL,NULL,NULL,NULL,NULL,NULL,NULL,1,0,NULL,NULL,0.0000,0.0000,0.0000,0.0000,0.0000,0.0000,0.0000,0.0000,0.0000,NULL,NULL,0.0000,0.0000,0.0000,0.0000,NULL,'N;',NULL,NULL,NULL,0.0000,NULL,0.0000,0.0000,0.0000,NULL,NULL,NULL,NULL,NULL,NULL,NULL,NULL,NULL,NULL),(789,381,'2019-04-01 22:42:15','0000-00-00 00:00:00',272,0,NULL,'billing','xiomara.martinezcastillo@gmail.com',NULL,NULL,NULL,NULL,NULL,NULL,NULL,NULL,NULL,NULL,NULL,NULL,NULL,NULL,0,0,NULL,NULL,0.0000,0.0000,0.0000,0.0000,0.0000,0.0000,0.0000,0.0000,0.0000,NULL,NULL,0.0000,0.0000,0.0000,0.0000,NULL,'N;',NULL,NULL,NULL,0.0000,NULL,0.0000,0.0000,0.0000,NULL,NULL,NULL,NULL,NULL,NULL,NULL,NULL,NULL,NULL),(790,381,'2019-04-01 22:42:15','0000-00-00 00:00:00',272,0,NULL,'shipping','xiomara.martinezcastillo@gmail.com',NULL,NULL,NULL,NULL,NULL,NULL,NULL,NULL,NULL,NULL,NULL,NULL,NULL,NULL,1,0,NULL,NULL,0.0000,0.0000,0.0000,0.0000,0.0000,0.0000,0.0000,0.0000,0.0000,NULL,NULL,0.0000,0.0000,0.0000,0.0000,NULL,'N;',NULL,NULL,NULL,0.0000,NULL,0.0000,0.0000,0.0000,NULL,NULL,NULL,NULL,NULL,NULL,NULL,NULL,NULL,NULL),(791,382,'2019-04-02 00:29:20','0000-00-00 00:00:00',273,0,NULL,'billing','nelliott16@hotmail.com',NULL,NULL,NULL,NULL,NULL,NULL,NULL,NULL,NULL,NULL,NULL,NULL,NULL,NULL,0,0,NULL,NULL,0.0000,0.0000,0.0000,0.0000,0.0000,0.0000,0.0000,0.0000,0.0000,NULL,NULL,0.0000,0.0000,0.0000,0.0000,NULL,'N;',NULL,NULL,NULL,0.0000,NULL,0.0000,0.0000,0.0000,NULL,NULL,NULL,NULL,NULL,NULL,NULL,NULL,NULL,NULL),(792,382,'2019-04-02 00:29:20','0000-00-00 00:00:00',273,0,NULL,'shipping','nelliott16@hotmail.com',NULL,NULL,NULL,NULL,NULL,NULL,NULL,NULL,NULL,NULL,NULL,NULL,NULL,NULL,1,0,NULL,NULL,0.0000,0.0000,0.0000,0.0000,0.0000,0.0000,0.0000,0.0000,0.0000,NULL,NULL,0.0000,0.0000,0.0000,0.0000,NULL,'N;',NULL,NULL,NULL,0.0000,NULL,0.0000,0.0000,0.0000,NULL,NULL,NULL,NULL,NULL,NULL,NULL,NULL,NULL,NULL),(793,383,'2019-04-02 15:07:58','0000-00-00 00:00:00',274,0,NULL,'billing','director@vdsina.ru',NULL,NULL,NULL,NULL,NULL,NULL,NULL,NULL,NULL,NULL,NULL,NULL,NULL,NULL,0,0,NULL,NULL,0.0000,0.0000,0.0000,0.0000,0.0000,0.0000,0.0000,0.0000,0.0000,NULL,NULL,0.0000,0.0000,0.0000,0.0000,NULL,'N;',NULL,NULL,NULL,0.0000,NULL,0.0000,0.0000,0.0000,NULL,NULL,NULL,NULL,NULL,NULL,NULL,NULL,NULL,NULL),(794,383,'2019-04-02 15:07:58','0000-00-00 00:00:00',274,0,NULL,'shipping','director@vdsina.ru',NULL,NULL,NULL,NULL,NULL,NULL,NULL,NULL,NULL,NULL,NULL,NULL,NULL,NULL,1,0,NULL,NULL,0.0000,0.0000,0.0000,0.0000,0.0000,0.0000,0.0000,0.0000,0.0000,NULL,NULL,0.0000,0.0000,0.0000,0.0000,NULL,'N;',NULL,NULL,NULL,0.0000,NULL,0.0000,0.0000,0.0000,NULL,NULL,NULL,NULL,NULL,NULL,NULL,NULL,NULL,NULL),(795,384,'2019-04-04 01:30:12','0000-00-00 00:00:00',275,0,NULL,'billing','mbw1026@hotmail.com',NULL,NULL,NULL,NULL,NULL,NULL,NULL,NULL,NULL,NULL,NULL,NULL,NULL,NULL,0,0,NULL,NULL,0.0000,0.0000,0.0000,0.0000,0.0000,0.0000,0.0000,0.0000,0.0000,NULL,NULL,0.0000,0.0000,0.0000,0.0000,NULL,'N;',NULL,NULL,NULL,0.0000,NULL,0.0000,0.0000,0.0000,NULL,NULL,NULL,NULL,NULL,NULL,NULL,NULL,NULL,NULL),(796,384,'2019-04-04 01:30:12','0000-00-00 00:00:00',275,0,NULL,'shipping','mbw1026@hotmail.com',NULL,NULL,NULL,NULL,NULL,NULL,NULL,NULL,NULL,NULL,NULL,NULL,NULL,NULL,1,0,NULL,NULL,0.0000,0.0000,0.0000,0.0000,0.0000,0.0000,0.0000,0.0000,0.0000,NULL,NULL,0.0000,0.0000,0.0000,0.0000,NULL,'N;',NULL,NULL,NULL,0.0000,NULL,0.0000,0.0000,0.0000,NULL,NULL,NULL,NULL,NULL,NULL,NULL,NULL,NULL,NULL),(797,385,'2019-04-04 09:24:23','0000-00-00 00:00:00',276,0,NULL,'billing','aetruckingco@gmail.com',NULL,NULL,NULL,NULL,NULL,NULL,NULL,NULL,NULL,NULL,NULL,NULL,NULL,NULL,0,0,NULL,NULL,0.0000,0.0000,0.0000,0.0000,0.0000,0.0000,0.0000,0.0000,0.0000,NULL,NULL,0.0000,0.0000,0.0000,0.0000,NULL,'N;',NULL,NULL,NULL,0.0000,NULL,0.0000,0.0000,0.0000,NULL,NULL,NULL,NULL,NULL,NULL,NULL,NULL,NULL,NULL),(798,385,'2019-04-04 09:24:23','0000-00-00 00:00:00',276,0,NULL,'shipping','aetruckingco@gmail.com',NULL,NULL,NULL,NULL,NULL,NULL,NULL,NULL,NULL,NULL,NULL,NULL,NULL,NULL,1,0,NULL,NULL,0.0000,0.0000,0.0000,0.0000,0.0000,0.0000,0.0000,0.0000,0.0000,NULL,NULL,0.0000,0.0000,0.0000,0.0000,NULL,'N;',NULL,NULL,NULL,0.0000,NULL,0.0000,0.0000,0.0000,NULL,NULL,NULL,NULL,NULL,NULL,NULL,NULL,NULL,NULL),(799,386,'2019-04-04 14:40:19','0000-00-00 00:00:00',277,0,NULL,'billing','ssvail@aol.com',NULL,NULL,NULL,NULL,NULL,NULL,NULL,NULL,NULL,NULL,NULL,NULL,NULL,NULL,0,0,NULL,NULL,0.0000,0.0000,0.0000,0.0000,0.0000,0.0000,0.0000,0.0000,0.0000,NULL,NULL,0.0000,0.0000,0.0000,0.0000,NULL,'N;',NULL,NULL,NULL,0.0000,NULL,0.0000,0.0000,0.0000,NULL,NULL,NULL,NULL,NULL,NULL,NULL,NULL,NULL,NULL),(800,386,'2019-04-04 14:40:19','0000-00-00 00:00:00',277,0,NULL,'shipping','ssvail@aol.com',NULL,NULL,NULL,NULL,NULL,NULL,NULL,NULL,NULL,NULL,NULL,NULL,NULL,NULL,1,0,NULL,NULL,0.0000,0.0000,0.0000,0.0000,0.0000,0.0000,0.0000,0.0000,0.0000,NULL,NULL,0.0000,0.0000,0.0000,0.0000,NULL,'N;',NULL,NULL,NULL,0.0000,NULL,0.0000,0.0000,0.0000,NULL,NULL,NULL,NULL,NULL,NULL,NULL,NULL,NULL,NULL),(801,387,'2019-04-06 00:53:52','0000-00-00 00:00:00',278,0,NULL,'billing','kelly-anntoppel@gmx.de',NULL,NULL,NULL,NULL,NULL,NULL,NULL,NULL,NULL,NULL,NULL,NULL,NULL,NULL,0,0,NULL,NULL,0.0000,0.0000,0.0000,0.0000,0.0000,0.0000,0.0000,0.0000,0.0000,NULL,NULL,0.0000,0.0000,0.0000,0.0000,NULL,'N;',NULL,NULL,NULL,0.0000,NULL,0.0000,0.0000,0.0000,NULL,NULL,NULL,NULL,NULL,NULL,NULL,NULL,NULL,NULL),(802,387,'2019-04-06 00:53:52','0000-00-00 00:00:00',278,0,NULL,'shipping','kelly-anntoppel@gmx.de',NULL,NULL,NULL,NULL,NULL,NULL,NULL,NULL,NULL,NULL,NULL,NULL,NULL,NULL,1,0,NULL,NULL,0.0000,0.0000,0.0000,0.0000,0.0000,0.0000,0.0000,0.0000,0.0000,NULL,NULL,0.0000,0.0000,0.0000,0.0000,NULL,'N;',NULL,NULL,NULL,0.0000,NULL,0.0000,0.0000,0.0000,NULL,NULL,NULL,NULL,NULL,NULL,NULL,NULL,NULL,NULL),(803,388,'2019-04-06 10:12:11','0000-00-00 00:00:00',279,0,NULL,'billing','imports_it@yahoo.com.au',NULL,NULL,NULL,NULL,NULL,NULL,NULL,NULL,NULL,NULL,NULL,NULL,NULL,NULL,0,0,NULL,NULL,0.0000,0.0000,0.0000,0.0000,0.0000,0.0000,0.0000,0.0000,0.0000,NULL,NULL,0.0000,0.0000,0.0000,0.0000,NULL,'N;',NULL,NULL,NULL,0.0000,NULL,0.0000,0.0000,0.0000,NULL,NULL,NULL,NULL,NULL,NULL,NULL,NULL,NULL,NULL),(804,388,'2019-04-06 10:12:11','0000-00-00 00:00:00',279,0,NULL,'shipping','imports_it@yahoo.com.au',NULL,NULL,NULL,NULL,NULL,NULL,NULL,NULL,NULL,NULL,NULL,NULL,NULL,NULL,1,0,NULL,NULL,0.0000,0.0000,0.0000,0.0000,0.0000,0.0000,0.0000,0.0000,0.0000,NULL,NULL,0.0000,0.0000,0.0000,0.0000,NULL,'N;',NULL,NULL,NULL,0.0000,NULL,0.0000,0.0000,0.0000,NULL,NULL,NULL,NULL,NULL,NULL,NULL,NULL,NULL,NULL),(805,389,'2019-04-06 11:10:01','0000-00-00 00:00:00',280,0,NULL,'billing','cpliss@gmail.com',NULL,NULL,NULL,NULL,NULL,NULL,NULL,NULL,NULL,NULL,NULL,NULL,NULL,NULL,0,0,NULL,NULL,0.0000,0.0000,0.0000,0.0000,0.0000,0.0000,0.0000,0.0000,0.0000,NULL,NULL,0.0000,0.0000,0.0000,0.0000,NULL,'N;',NULL,NULL,NULL,0.0000,NULL,0.0000,0.0000,0.0000,NULL,NULL,NULL,NULL,NULL,NULL,NULL,NULL,NULL,NULL),(806,389,'2019-04-06 11:10:01','0000-00-00 00:00:00',280,0,NULL,'shipping','cpliss@gmail.com',NULL,NULL,NULL,NULL,NULL,NULL,NULL,NULL,NULL,NULL,NULL,NULL,NULL,NULL,1,0,NULL,NULL,0.0000,0.0000,0.0000,0.0000,0.0000,0.0000,0.0000,0.0000,0.0000,NULL,NULL,0.0000,0.0000,0.0000,0.0000,NULL,'N;',NULL,NULL,NULL,0.0000,NULL,0.0000,0.0000,0.0000,NULL,NULL,NULL,NULL,NULL,NULL,NULL,NULL,NULL,NULL),(807,390,'2019-04-07 00:28:57','0000-00-00 00:00:00',281,0,NULL,'billing','brianlundquist@hubcityradio.com',NULL,NULL,NULL,NULL,NULL,NULL,NULL,NULL,NULL,NULL,NULL,NULL,NULL,NULL,0,0,NULL,NULL,0.0000,0.0000,0.0000,0.0000,0.0000,0.0000,0.0000,0.0000,0.0000,NULL,NULL,0.0000,0.0000,0.0000,0.0000,NULL,'N;',NULL,NULL,NULL,0.0000,NULL,0.0000,0.0000,0.0000,NULL,NULL,NULL,NULL,NULL,NULL,NULL,NULL,NULL,NULL),(808,390,'2019-04-07 00:28:57','0000-00-00 00:00:00',281,0,NULL,'shipping','brianlundquist@hubcityradio.com',NULL,NULL,NULL,NULL,NULL,NULL,NULL,NULL,NULL,NULL,NULL,NULL,NULL,NULL,1,0,NULL,NULL,0.0000,0.0000,0.0000,0.0000,0.0000,0.0000,0.0000,0.0000,0.0000,NULL,NULL,0.0000,0.0000,0.0000,0.0000,NULL,'N;',NULL,NULL,NULL,0.0000,NULL,0.0000,0.0000,0.0000,NULL,NULL,NULL,NULL,NULL,NULL,NULL,NULL,NULL,NULL),(809,391,'2019-04-08 18:27:17','0000-00-00 00:00:00',282,0,NULL,'billing','trip@tx3.net',NULL,NULL,NULL,NULL,NULL,NULL,NULL,NULL,NULL,NULL,NULL,NULL,NULL,NULL,0,0,NULL,NULL,0.0000,0.0000,0.0000,0.0000,0.0000,0.0000,0.0000,0.0000,0.0000,NULL,NULL,0.0000,0.0000,0.0000,0.0000,NULL,'N;',NULL,NULL,NULL,0.0000,NULL,0.0000,0.0000,0.0000,NULL,NULL,NULL,NULL,NULL,NULL,NULL,NULL,NULL,NULL),(810,391,'2019-04-08 18:27:17','0000-00-00 00:00:00',282,0,NULL,'shipping','trip@tx3.net',NULL,NULL,NULL,NULL,NULL,NULL,NULL,NULL,NULL,NULL,NULL,NULL,NULL,NULL,1,0,NULL,NULL,0.0000,0.0000,0.0000,0.0000,0.0000,0.0000,0.0000,0.0000,0.0000,NULL,NULL,0.0000,0.0000,0.0000,0.0000,NULL,'N;',NULL,NULL,NULL,0.0000,NULL,0.0000,0.0000,0.0000,NULL,NULL,NULL,NULL,NULL,NULL,NULL,NULL,NULL,NULL),(811,392,'2019-04-08 20:52:17','0000-00-00 00:00:00',283,0,NULL,'billing','nursesrawk@gmail.com',NULL,NULL,NULL,NULL,NULL,NULL,NULL,NULL,NULL,NULL,NULL,NULL,NULL,NULL,0,0,NULL,NULL,0.0000,0.0000,0.0000,0.0000,0.0000,0.0000,0.0000,0.0000,0.0000,NULL,NULL,0.0000,0.0000,0.0000,0.0000,NULL,'N;',NULL,NULL,NULL,0.0000,NULL,0.0000,0.0000,0.0000,NULL,NULL,NULL,NULL,NULL,NULL,NULL,NULL,NULL,NULL),(812,392,'2019-04-08 20:52:17','0000-00-00 00:00:00',283,0,NULL,'shipping','nursesrawk@gmail.com',NULL,NULL,NULL,NULL,NULL,NULL,NULL,NULL,NULL,NULL,NULL,NULL,NULL,NULL,1,0,NULL,NULL,0.0000,0.0000,0.0000,0.0000,0.0000,0.0000,0.0000,0.0000,0.0000,NULL,NULL,0.0000,0.0000,0.0000,0.0000,NULL,'N;',NULL,NULL,NULL,0.0000,NULL,0.0000,0.0000,0.0000,NULL,NULL,NULL,NULL,NULL,NULL,NULL,NULL,NULL,NULL),(813,393,'2019-04-13 08:30:22','0000-00-00 00:00:00',284,0,NULL,'billing','taylerfitz@yahoo.com',NULL,NULL,NULL,NULL,NULL,NULL,NULL,NULL,NULL,NULL,NULL,NULL,NULL,NULL,0,0,NULL,NULL,0.0000,0.0000,0.0000,0.0000,0.0000,0.0000,0.0000,0.0000,0.0000,NULL,NULL,0.0000,0.0000,0.0000,0.0000,NULL,'N;',NULL,NULL,NULL,0.0000,NULL,0.0000,0.0000,0.0000,NULL,NULL,NULL,NULL,NULL,NULL,NULL,NULL,NULL,NULL),(814,393,'2019-04-13 08:30:22','0000-00-00 00:00:00',284,0,NULL,'shipping','taylerfitz@yahoo.com',NULL,NULL,NULL,NULL,NULL,NULL,NULL,NULL,NULL,NULL,NULL,NULL,NULL,NULL,1,0,NULL,NULL,0.0000,0.0000,0.0000,0.0000,0.0000,0.0000,0.0000,0.0000,0.0000,NULL,NULL,0.0000,0.0000,0.0000,0.0000,NULL,'N;',NULL,NULL,NULL,0.0000,NULL,0.0000,0.0000,0.0000,NULL,NULL,NULL,NULL,NULL,NULL,NULL,NULL,NULL,NULL),(815,394,'2019-04-13 11:10:18','0000-00-00 00:00:00',285,0,NULL,'billing','sharon@humes-berg.com',NULL,NULL,NULL,NULL,NULL,NULL,NULL,NULL,NULL,NULL,NULL,NULL,NULL,NULL,0,0,NULL,NULL,0.0000,0.0000,0.0000,0.0000,0.0000,0.0000,0.0000,0.0000,0.0000,NULL,NULL,0.0000,0.0000,0.0000,0.0000,NULL,'N;',NULL,NULL,NULL,0.0000,NULL,0.0000,0.0000,0.0000,NULL,NULL,NULL,NULL,NULL,NULL,NULL,NULL,NULL,NULL),(816,394,'2019-04-13 11:10:18','0000-00-00 00:00:00',285,0,NULL,'shipping','sharon@humes-berg.com',NULL,NULL,NULL,NULL,NULL,NULL,NULL,NULL,NULL,NULL,NULL,NULL,NULL,NULL,1,0,NULL,NULL,0.0000,0.0000,0.0000,0.0000,0.0000,0.0000,0.0000,0.0000,0.0000,NULL,NULL,0.0000,0.0000,0.0000,0.0000,NULL,'N;',NULL,NULL,NULL,0.0000,NULL,0.0000,0.0000,0.0000,NULL,NULL,NULL,NULL,NULL,NULL,NULL,NULL,NULL,NULL),(817,395,'2019-04-13 12:01:00','0000-00-00 00:00:00',286,0,NULL,'billing','joerubey6@gmail.com',NULL,NULL,NULL,NULL,NULL,NULL,NULL,NULL,NULL,NULL,NULL,NULL,NULL,NULL,0,0,NULL,NULL,0.0000,0.0000,0.0000,0.0000,0.0000,0.0000,0.0000,0.0000,0.0000,NULL,NULL,0.0000,0.0000,0.0000,0.0000,NULL,'N;',NULL,NULL,NULL,0.0000,NULL,0.0000,0.0000,0.0000,NULL,NULL,NULL,NULL,NULL,NULL,NULL,NULL,NULL,NULL),(818,395,'2019-04-13 12:01:00','0000-00-00 00:00:00',286,0,NULL,'shipping','joerubey6@gmail.com',NULL,NULL,NULL,NULL,NULL,NULL,NULL,NULL,NULL,NULL,NULL,NULL,NULL,NULL,1,0,NULL,NULL,0.0000,0.0000,0.0000,0.0000,0.0000,0.0000,0.0000,0.0000,0.0000,NULL,NULL,0.0000,0.0000,0.0000,0.0000,NULL,'N;',NULL,NULL,NULL,0.0000,NULL,0.0000,0.0000,0.0000,NULL,NULL,NULL,NULL,NULL,NULL,NULL,NULL,NULL,NULL),(819,396,'2019-04-13 19:20:56','0000-00-00 00:00:00',287,0,NULL,'billing','sales@arcrite.com',NULL,NULL,NULL,NULL,NULL,NULL,NULL,NULL,NULL,NULL,NULL,NULL,NULL,NULL,0,0,NULL,NULL,0.0000,0.0000,0.0000,0.0000,0.0000,0.0000,0.0000,0.0000,0.0000,NULL,NULL,0.0000,0.0000,0.0000,0.0000,NULL,'N;',NULL,NULL,NULL,0.0000,NULL,0.0000,0.0000,0.0000,NULL,NULL,NULL,NULL,NULL,NULL,NULL,NULL,NULL,NULL),(820,396,'2019-04-13 19:20:56','0000-00-00 00:00:00',287,0,NULL,'shipping','sales@arcrite.com',NULL,NULL,NULL,NULL,NULL,NULL,NULL,NULL,NULL,NULL,NULL,NULL,NULL,NULL,1,0,NULL,NULL,0.0000,0.0000,0.0000,0.0000,0.0000,0.0000,0.0000,0.0000,0.0000,NULL,NULL,0.0000,0.0000,0.0000,0.0000,NULL,'N;',NULL,NULL,NULL,0.0000,NULL,0.0000,0.0000,0.0000,NULL,NULL,NULL,NULL,NULL,NULL,NULL,NULL,NULL,NULL),(821,397,'2019-04-13 19:42:57','0000-00-00 00:00:00',288,0,NULL,'billing','sheldonkrause4@gmail.com',NULL,NULL,NULL,NULL,NULL,NULL,NULL,NULL,NULL,NULL,NULL,NULL,NULL,NULL,0,0,NULL,NULL,0.0000,0.0000,0.0000,0.0000,0.0000,0.0000,0.0000,0.0000,0.0000,NULL,NULL,0.0000,0.0000,0.0000,0.0000,NULL,'N;',NULL,NULL,NULL,0.0000,NULL,0.0000,0.0000,0.0000,NULL,NULL,NULL,NULL,NULL,NULL,NULL,NULL,NULL,NULL),(822,397,'2019-04-13 19:42:57','0000-00-00 00:00:00',288,0,NULL,'shipping','sheldonkrause4@gmail.com',NULL,NULL,NULL,NULL,NULL,NULL,NULL,NULL,NULL,NULL,NULL,NULL,NULL,NULL,1,0,NULL,NULL,0.0000,0.0000,0.0000,0.0000,0.0000,0.0000,0.0000,0.0000,0.0000,NULL,NULL,0.0000,0.0000,0.0000,0.0000,NULL,'N;',NULL,NULL,NULL,0.0000,NULL,0.0000,0.0000,0.0000,NULL,NULL,NULL,NULL,NULL,NULL,NULL,NULL,NULL,NULL),(823,398,'2019-04-14 09:15:39','0000-00-00 00:00:00',289,0,NULL,'billing','nickmistry08@gmail.com',NULL,NULL,NULL,NULL,NULL,NULL,NULL,NULL,NULL,NULL,NULL,NULL,NULL,NULL,0,0,NULL,NULL,0.0000,0.0000,0.0000,0.0000,0.0000,0.0000,0.0000,0.0000,0.0000,NULL,NULL,0.0000,0.0000,0.0000,0.0000,NULL,'N;',NULL,NULL,NULL,0.0000,NULL,0.0000,0.0000,0.0000,NULL,NULL,NULL,NULL,NULL,NULL,NULL,NULL,NULL,NULL),(824,398,'2019-04-14 09:15:39','0000-00-00 00:00:00',289,0,NULL,'shipping','nickmistry08@gmail.com',NULL,NULL,NULL,NULL,NULL,NULL,NULL,NULL,NULL,NULL,NULL,NULL,NULL,NULL,1,0,NULL,NULL,0.0000,0.0000,0.0000,0.0000,0.0000,0.0000,0.0000,0.0000,0.0000,NULL,NULL,0.0000,0.0000,0.0000,0.0000,NULL,'N;',NULL,NULL,NULL,0.0000,NULL,0.0000,0.0000,0.0000,NULL,NULL,NULL,NULL,NULL,NULL,NULL,NULL,NULL,NULL),(825,399,'2019-04-14 14:13:34','0000-00-00 00:00:00',290,0,NULL,'billing','kid1golf@gmail.com',NULL,NULL,NULL,NULL,NULL,NULL,NULL,NULL,NULL,NULL,NULL,NULL,NULL,NULL,0,0,NULL,NULL,0.0000,0.0000,0.0000,0.0000,0.0000,0.0000,0.0000,0.0000,0.0000,NULL,NULL,0.0000,0.0000,0.0000,0.0000,NULL,'N;',NULL,NULL,NULL,0.0000,NULL,0.0000,0.0000,0.0000,NULL,NULL,NULL,NULL,NULL,NULL,NULL,NULL,NULL,NULL),(826,399,'2019-04-14 14:13:34','0000-00-00 00:00:00',290,0,NULL,'shipping','kid1golf@gmail.com',NULL,NULL,NULL,NULL,NULL,NULL,NULL,NULL,NULL,NULL,NULL,NULL,NULL,NULL,1,0,NULL,NULL,0.0000,0.0000,0.0000,0.0000,0.0000,0.0000,0.0000,0.0000,0.0000,NULL,NULL,0.0000,0.0000,0.0000,0.0000,NULL,'N;',NULL,NULL,NULL,0.0000,NULL,0.0000,0.0000,0.0000,NULL,NULL,NULL,NULL,NULL,NULL,NULL,NULL,NULL,NULL),(827,400,'2019-04-14 22:34:44','0000-00-00 00:00:00',291,0,NULL,'billing','aaronsorense@gmail.com',NULL,NULL,NULL,NULL,NULL,NULL,NULL,NULL,NULL,NULL,NULL,NULL,NULL,NULL,0,0,NULL,NULL,0.0000,0.0000,0.0000,0.0000,0.0000,0.0000,0.0000,0.0000,0.0000,NULL,NULL,0.0000,0.0000,0.0000,0.0000,NULL,'N;',NULL,NULL,NULL,0.0000,NULL,0.0000,0.0000,0.0000,NULL,NULL,NULL,NULL,NULL,NULL,NULL,NULL,NULL,NULL),(828,400,'2019-04-14 22:34:44','0000-00-00 00:00:00',291,0,NULL,'shipping','aaronsorense@gmail.com',NULL,NULL,NULL,NULL,NULL,NULL,NULL,NULL,NULL,NULL,NULL,NULL,NULL,NULL,1,0,NULL,NULL,0.0000,0.0000,0.0000,0.0000,0.0000,0.0000,0.0000,0.0000,0.0000,NULL,NULL,0.0000,0.0000,0.0000,0.0000,NULL,'N;',NULL,NULL,NULL,0.0000,NULL,0.0000,0.0000,0.0000,NULL,NULL,NULL,NULL,NULL,NULL,NULL,NULL,NULL,NULL),(829,401,'2019-04-15 14:54:41','0000-00-00 00:00:00',292,0,NULL,'billing','mpomichowska@indicon.com',NULL,NULL,NULL,NULL,NULL,NULL,NULL,NULL,NULL,NULL,NULL,NULL,NULL,NULL,0,0,NULL,NULL,0.0000,0.0000,0.0000,0.0000,0.0000,0.0000,0.0000,0.0000,0.0000,NULL,NULL,0.0000,0.0000,0.0000,0.0000,NULL,'N;',NULL,NULL,NULL,0.0000,NULL,0.0000,0.0000,0.0000,NULL,NULL,NULL,NULL,NULL,NULL,NULL,NULL,NULL,NULL),(830,401,'2019-04-15 14:54:41','0000-00-00 00:00:00',292,0,NULL,'shipping','mpomichowska@indicon.com',NULL,NULL,NULL,NULL,NULL,NULL,NULL,NULL,NULL,NULL,NULL,NULL,NULL,NULL,1,0,NULL,NULL,0.0000,0.0000,0.0000,0.0000,0.0000,0.0000,0.0000,0.0000,0.0000,NULL,NULL,0.0000,0.0000,0.0000,0.0000,NULL,'N;',NULL,NULL,NULL,0.0000,NULL,0.0000,0.0000,0.0000,NULL,NULL,NULL,NULL,NULL,NULL,NULL,NULL,NULL,NULL),(831,402,'2019-04-16 00:28:01','0000-00-00 00:00:00',293,0,NULL,'billing','ycisneros@oxy.edu',NULL,NULL,NULL,NULL,NULL,NULL,NULL,NULL,NULL,NULL,NULL,NULL,NULL,NULL,0,0,NULL,NULL,0.0000,0.0000,0.0000,0.0000,0.0000,0.0000,0.0000,0.0000,0.0000,NULL,NULL,0.0000,0.0000,0.0000,0.0000,NULL,'N;',NULL,NULL,NULL,0.0000,NULL,0.0000,0.0000,0.0000,NULL,NULL,NULL,NULL,NULL,NULL,NULL,NULL,NULL,NULL),(832,402,'2019-04-16 00:28:01','0000-00-00 00:00:00',293,0,NULL,'shipping','ycisneros@oxy.edu',NULL,NULL,NULL,NULL,NULL,NULL,NULL,NULL,NULL,NULL,NULL,NULL,NULL,NULL,1,0,NULL,NULL,0.0000,0.0000,0.0000,0.0000,0.0000,0.0000,0.0000,0.0000,0.0000,NULL,NULL,0.0000,0.0000,0.0000,0.0000,NULL,'N;',NULL,NULL,NULL,0.0000,NULL,0.0000,0.0000,0.0000,NULL,NULL,NULL,NULL,NULL,NULL,NULL,NULL,NULL,NULL),(833,403,'2019-04-16 15:33:27','0000-00-00 00:00:00',294,0,NULL,'billing','archuletaem@gmail.com',NULL,NULL,NULL,NULL,NULL,NULL,NULL,NULL,NULL,NULL,NULL,NULL,NULL,NULL,0,0,NULL,NULL,0.0000,0.0000,0.0000,0.0000,0.0000,0.0000,0.0000,0.0000,0.0000,NULL,NULL,0.0000,0.0000,0.0000,0.0000,NULL,'N;',NULL,NULL,NULL,0.0000,NULL,0.0000,0.0000,0.0000,NULL,NULL,NULL,NULL,NULL,NULL,NULL,NULL,NULL,NULL),(834,403,'2019-04-16 15:33:27','0000-00-00 00:00:00',294,0,NULL,'shipping','archuletaem@gmail.com',NULL,NULL,NULL,NULL,NULL,NULL,NULL,NULL,NULL,NULL,NULL,NULL,NULL,NULL,1,0,NULL,NULL,0.0000,0.0000,0.0000,0.0000,0.0000,0.0000,0.0000,0.0000,0.0000,NULL,NULL,0.0000,0.0000,0.0000,0.0000,NULL,'N;',NULL,NULL,NULL,0.0000,NULL,0.0000,0.0000,0.0000,NULL,NULL,NULL,NULL,NULL,NULL,NULL,NULL,NULL,NULL),(835,404,'2019-04-17 14:16:43','0000-00-00 00:00:00',NULL,0,NULL,'shipping',NULL,NULL,NULL,NULL,NULL,NULL,NULL,NULL,NULL,NULL,0,NULL,NULL,NULL,NULL,1,1,NULL,NULL,0.0000,0.0000,0.0000,0.0000,0.0000,0.0000,0.0000,0.0000,0.0000,NULL,NULL,0.0000,0.0000,0.0000,0.0000,NULL,'N;',NULL,NULL,NULL,0.0000,NULL,0.0000,0.0000,0.0000,NULL,NULL,NULL,NULL,NULL,NULL,NULL,NULL,NULL,NULL),(836,404,'2019-04-17 14:16:43','0000-00-00 00:00:00',NULL,0,NULL,'billing',NULL,NULL,NULL,NULL,NULL,NULL,NULL,NULL,NULL,NULL,NULL,NULL,NULL,NULL,NULL,0,0,NULL,NULL,0.0000,0.0000,0.0000,0.0000,0.0000,0.0000,0.0000,0.0000,0.0000,NULL,NULL,0.0000,0.0000,0.0000,0.0000,NULL,'N;',NULL,NULL,NULL,0.0000,NULL,0.0000,0.0000,0.0000,NULL,NULL,NULL,NULL,NULL,NULL,NULL,NULL,NULL,NULL),(837,405,'2019-04-17 20:52:37','0000-00-00 00:00:00',295,0,NULL,'billing','lrodgers75@charter.net',NULL,NULL,NULL,NULL,NULL,NULL,NULL,NULL,NULL,NULL,NULL,NULL,NULL,NULL,0,0,NULL,NULL,0.0000,0.0000,0.0000,0.0000,0.0000,0.0000,0.0000,0.0000,0.0000,NULL,NULL,0.0000,0.0000,0.0000,0.0000,NULL,'N;',NULL,NULL,NULL,0.0000,NULL,0.0000,0.0000,0.0000,NULL,NULL,NULL,NULL,NULL,NULL,NULL,NULL,NULL,NULL),(838,405,'2019-04-17 20:52:37','0000-00-00 00:00:00',295,0,NULL,'shipping','lrodgers75@charter.net',NULL,NULL,NULL,NULL,NULL,NULL,NULL,NULL,NULL,NULL,NULL,NULL,NULL,NULL,1,0,NULL,NULL,0.0000,0.0000,0.0000,0.0000,0.0000,0.0000,0.0000,0.0000,0.0000,NULL,NULL,0.0000,0.0000,0.0000,0.0000,NULL,'N;',NULL,NULL,NULL,0.0000,NULL,0.0000,0.0000,0.0000,NULL,NULL,NULL,NULL,NULL,NULL,NULL,NULL,NULL,NULL),(839,406,'2019-04-18 06:36:58','0000-00-00 00:00:00',296,0,NULL,'billing','bill@vdsina.ru',NULL,NULL,NULL,NULL,NULL,NULL,NULL,NULL,NULL,NULL,NULL,NULL,NULL,NULL,0,0,NULL,NULL,0.0000,0.0000,0.0000,0.0000,0.0000,0.0000,0.0000,0.0000,0.0000,NULL,NULL,0.0000,0.0000,0.0000,0.0000,NULL,'N;',NULL,NULL,NULL,0.0000,NULL,0.0000,0.0000,0.0000,NULL,NULL,NULL,NULL,NULL,NULL,NULL,NULL,NULL,NULL),(840,406,'2019-04-18 06:36:58','0000-00-00 00:00:00',296,0,NULL,'shipping','bill@vdsina.ru',NULL,NULL,NULL,NULL,NULL,NULL,NULL,NULL,NULL,NULL,NULL,NULL,NULL,NULL,1,0,NULL,NULL,0.0000,0.0000,0.0000,0.0000,0.0000,0.0000,0.0000,0.0000,0.0000,NULL,NULL,0.0000,0.0000,0.0000,0.0000,NULL,'N;',NULL,NULL,NULL,0.0000,NULL,0.0000,0.0000,0.0000,NULL,NULL,NULL,NULL,NULL,NULL,NULL,NULL,NULL,NULL),(841,407,'2019-04-18 12:49:39','0000-00-00 00:00:00',297,0,NULL,'billing','huffmankd@gmail.com',NULL,NULL,NULL,NULL,NULL,NULL,NULL,NULL,NULL,NULL,NULL,NULL,NULL,NULL,0,0,NULL,NULL,0.0000,0.0000,0.0000,0.0000,0.0000,0.0000,0.0000,0.0000,0.0000,NULL,NULL,0.0000,0.0000,0.0000,0.0000,NULL,'N;',NULL,NULL,NULL,0.0000,NULL,0.0000,0.0000,0.0000,NULL,NULL,NULL,NULL,NULL,NULL,NULL,NULL,NULL,NULL),(842,407,'2019-04-18 12:49:39','0000-00-00 00:00:00',297,0,NULL,'shipping','huffmankd@gmail.com',NULL,NULL,NULL,NULL,NULL,NULL,NULL,NULL,NULL,NULL,NULL,NULL,NULL,NULL,1,0,NULL,NULL,0.0000,0.0000,0.0000,0.0000,0.0000,0.0000,0.0000,0.0000,0.0000,NULL,NULL,0.0000,0.0000,0.0000,0.0000,NULL,'N;',NULL,NULL,NULL,0.0000,NULL,0.0000,0.0000,0.0000,NULL,NULL,NULL,NULL,NULL,NULL,NULL,NULL,NULL,NULL),(843,408,'2019-04-19 01:47:45','0000-00-00 00:00:00',298,0,NULL,'billing','coachbyram@gmail.com',NULL,NULL,NULL,NULL,NULL,NULL,NULL,NULL,NULL,NULL,NULL,NULL,NULL,NULL,0,0,NULL,NULL,0.0000,0.0000,0.0000,0.0000,0.0000,0.0000,0.0000,0.0000,0.0000,NULL,NULL,0.0000,0.0000,0.0000,0.0000,NULL,'N;',NULL,NULL,NULL,0.0000,NULL,0.0000,0.0000,0.0000,NULL,NULL,NULL,NULL,NULL,NULL,NULL,NULL,NULL,NULL),(844,408,'2019-04-19 01:47:45','0000-00-00 00:00:00',298,0,NULL,'shipping','coachbyram@gmail.com',NULL,NULL,NULL,NULL,NULL,NULL,NULL,NULL,NULL,NULL,NULL,NULL,NULL,NULL,1,0,NULL,NULL,0.0000,0.0000,0.0000,0.0000,0.0000,0.0000,0.0000,0.0000,0.0000,NULL,NULL,0.0000,0.0000,0.0000,0.0000,NULL,'N;',NULL,NULL,NULL,0.0000,NULL,0.0000,0.0000,0.0000,NULL,NULL,NULL,NULL,NULL,NULL,NULL,NULL,NULL,NULL),(845,409,'2019-04-19 15:40:41','0000-00-00 00:00:00',299,0,NULL,'billing','tah5682@gmail.com',NULL,NULL,NULL,NULL,NULL,NULL,NULL,NULL,NULL,NULL,NULL,NULL,NULL,NULL,0,0,NULL,NULL,0.0000,0.0000,0.0000,0.0000,0.0000,0.0000,0.0000,0.0000,0.0000,NULL,NULL,0.0000,0.0000,0.0000,0.0000,NULL,'N;',NULL,NULL,NULL,0.0000,NULL,0.0000,0.0000,0.0000,NULL,NULL,NULL,NULL,NULL,NULL,NULL,NULL,NULL,NULL),(846,409,'2019-04-19 15:40:41','0000-00-00 00:00:00',299,0,NULL,'shipping','tah5682@gmail.com',NULL,NULL,NULL,NULL,NULL,NULL,NULL,NULL,NULL,NULL,NULL,NULL,NULL,NULL,1,0,NULL,NULL,0.0000,0.0000,0.0000,0.0000,0.0000,0.0000,0.0000,0.0000,0.0000,NULL,NULL,0.0000,0.0000,0.0000,0.0000,NULL,'N;',NULL,NULL,NULL,0.0000,NULL,0.0000,0.0000,0.0000,NULL,NULL,NULL,NULL,NULL,NULL,NULL,NULL,NULL,NULL),(847,410,'2019-04-20 04:18:19','0000-00-00 00:00:00',300,0,NULL,'billing','discoallison@gmail.com',NULL,NULL,NULL,NULL,NULL,NULL,NULL,NULL,NULL,NULL,NULL,NULL,NULL,NULL,0,0,NULL,NULL,0.0000,0.0000,0.0000,0.0000,0.0000,0.0000,0.0000,0.0000,0.0000,NULL,NULL,0.0000,0.0000,0.0000,0.0000,NULL,'N;',NULL,NULL,NULL,0.0000,NULL,0.0000,0.0000,0.0000,NULL,NULL,NULL,NULL,NULL,NULL,NULL,NULL,NULL,NULL),(848,410,'2019-04-20 04:18:19','0000-00-00 00:00:00',300,0,NULL,'shipping','discoallison@gmail.com',NULL,NULL,NULL,NULL,NULL,NULL,NULL,NULL,NULL,NULL,NULL,NULL,NULL,NULL,1,0,NULL,NULL,0.0000,0.0000,0.0000,0.0000,0.0000,0.0000,0.0000,0.0000,0.0000,NULL,NULL,0.0000,0.0000,0.0000,0.0000,NULL,'N;',NULL,NULL,NULL,0.0000,NULL,0.0000,0.0000,0.0000,NULL,NULL,NULL,NULL,NULL,NULL,NULL,NULL,NULL,NULL),(849,411,'2019-04-21 01:06:36','0000-00-00 00:00:00',301,0,NULL,'billing','steven.broker@objecto.com',NULL,NULL,NULL,NULL,NULL,NULL,NULL,NULL,NULL,NULL,NULL,NULL,NULL,NULL,0,0,NULL,NULL,0.0000,0.0000,0.0000,0.0000,0.0000,0.0000,0.0000,0.0000,0.0000,NULL,NULL,0.0000,0.0000,0.0000,0.0000,NULL,'N;',NULL,NULL,NULL,0.0000,NULL,0.0000,0.0000,0.0000,NULL,NULL,NULL,NULL,NULL,NULL,NULL,NULL,NULL,NULL),(850,411,'2019-04-21 01:06:36','0000-00-00 00:00:00',301,0,NULL,'shipping','steven.broker@objecto.com',NULL,NULL,NULL,NULL,NULL,NULL,NULL,NULL,NULL,NULL,NULL,NULL,NULL,NULL,1,0,NULL,NULL,0.0000,0.0000,0.0000,0.0000,0.0000,0.0000,0.0000,0.0000,0.0000,NULL,NULL,0.0000,0.0000,0.0000,0.0000,NULL,'N;',NULL,NULL,NULL,0.0000,NULL,0.0000,0.0000,0.0000,NULL,NULL,NULL,NULL,NULL,NULL,NULL,NULL,NULL,NULL),(851,412,'2019-04-21 04:41:45','0000-00-00 00:00:00',302,0,NULL,'billing','jnoid@earthlink.net',NULL,NULL,NULL,NULL,NULL,NULL,NULL,NULL,NULL,NULL,NULL,NULL,NULL,NULL,0,0,NULL,NULL,0.0000,0.0000,0.0000,0.0000,0.0000,0.0000,0.0000,0.0000,0.0000,NULL,NULL,0.0000,0.0000,0.0000,0.0000,NULL,'N;',NULL,NULL,NULL,0.0000,NULL,0.0000,0.0000,0.0000,NULL,NULL,NULL,NULL,NULL,NULL,NULL,NULL,NULL,NULL),(852,412,'2019-04-21 04:41:45','0000-00-00 00:00:00',302,0,NULL,'shipping','jnoid@earthlink.net',NULL,NULL,NULL,NULL,NULL,NULL,NULL,NULL,NULL,NULL,NULL,NULL,NULL,NULL,1,0,NULL,NULL,0.0000,0.0000,0.0000,0.0000,0.0000,0.0000,0.0000,0.0000,0.0000,NULL,NULL,0.0000,0.0000,0.0000,0.0000,NULL,'N;',NULL,NULL,NULL,0.0000,NULL,0.0000,0.0000,0.0000,NULL,NULL,NULL,NULL,NULL,NULL,NULL,NULL,NULL,NULL),(853,413,'2019-04-21 07:15:38','0000-00-00 00:00:00',303,0,NULL,'billing','yrogers@lewistonltd.com',NULL,NULL,NULL,NULL,NULL,NULL,NULL,NULL,NULL,NULL,NULL,NULL,NULL,NULL,0,0,NULL,NULL,0.0000,0.0000,0.0000,0.0000,0.0000,0.0000,0.0000,0.0000,0.0000,NULL,NULL,0.0000,0.0000,0.0000,0.0000,NULL,'N;',NULL,NULL,NULL,0.0000,NULL,0.0000,0.0000,0.0000,NULL,NULL,NULL,NULL,NULL,NULL,NULL,NULL,NULL,NULL),(854,413,'2019-04-21 07:15:38','0000-00-00 00:00:00',303,0,NULL,'shipping','yrogers@lewistonltd.com',NULL,NULL,NULL,NULL,NULL,NULL,NULL,NULL,NULL,NULL,NULL,NULL,NULL,NULL,1,0,NULL,NULL,0.0000,0.0000,0.0000,0.0000,0.0000,0.0000,0.0000,0.0000,0.0000,NULL,NULL,0.0000,0.0000,0.0000,0.0000,NULL,'N;',NULL,NULL,NULL,0.0000,NULL,0.0000,0.0000,0.0000,NULL,NULL,NULL,NULL,NULL,NULL,NULL,NULL,NULL,NULL),(855,414,'2019-04-22 08:37:33','0000-00-00 00:00:00',304,0,NULL,'billing','gsparrish@outlook.com',NULL,NULL,NULL,NULL,NULL,NULL,NULL,NULL,NULL,NULL,NULL,NULL,NULL,NULL,0,0,NULL,NULL,0.0000,0.0000,0.0000,0.0000,0.0000,0.0000,0.0000,0.0000,0.0000,NULL,NULL,0.0000,0.0000,0.0000,0.0000,NULL,'N;',NULL,NULL,NULL,0.0000,NULL,0.0000,0.0000,0.0000,NULL,NULL,NULL,NULL,NULL,NULL,NULL,NULL,NULL,NULL),(856,414,'2019-04-22 08:37:33','0000-00-00 00:00:00',304,0,NULL,'shipping','gsparrish@outlook.com',NULL,NULL,NULL,NULL,NULL,NULL,NULL,NULL,NULL,NULL,NULL,NULL,NULL,NULL,1,0,NULL,NULL,0.0000,0.0000,0.0000,0.0000,0.0000,0.0000,0.0000,0.0000,0.0000,NULL,NULL,0.0000,0.0000,0.0000,0.0000,NULL,'N;',NULL,NULL,NULL,0.0000,NULL,0.0000,0.0000,0.0000,NULL,NULL,NULL,NULL,NULL,NULL,NULL,NULL,NULL,NULL),(857,415,'2019-04-24 06:07:57','0000-00-00 00:00:00',305,0,NULL,'billing','drmaldonado@d33design.com',NULL,NULL,NULL,NULL,NULL,NULL,NULL,NULL,NULL,NULL,NULL,NULL,NULL,NULL,0,0,NULL,NULL,0.0000,0.0000,0.0000,0.0000,0.0000,0.0000,0.0000,0.0000,0.0000,NULL,NULL,0.0000,0.0000,0.0000,0.0000,NULL,'N;',NULL,NULL,NULL,0.0000,NULL,0.0000,0.0000,0.0000,NULL,NULL,NULL,NULL,NULL,NULL,NULL,NULL,NULL,NULL),(858,415,'2019-04-24 06:07:57','0000-00-00 00:00:00',305,0,NULL,'shipping','drmaldonado@d33design.com',NULL,NULL,NULL,NULL,NULL,NULL,NULL,NULL,NULL,NULL,NULL,NULL,NULL,NULL,1,0,NULL,NULL,0.0000,0.0000,0.0000,0.0000,0.0000,0.0000,0.0000,0.0000,0.0000,NULL,NULL,0.0000,0.0000,0.0000,0.0000,NULL,'N;',NULL,NULL,NULL,0.0000,NULL,0.0000,0.0000,0.0000,NULL,NULL,NULL,NULL,NULL,NULL,NULL,NULL,NULL,NULL),(859,416,'2019-04-25 19:54:35','0000-00-00 00:00:00',306,0,NULL,'billing','injunvik@hotmail.com',NULL,NULL,NULL,NULL,NULL,NULL,NULL,NULL,NULL,NULL,NULL,NULL,NULL,NULL,0,0,NULL,NULL,0.0000,0.0000,0.0000,0.0000,0.0000,0.0000,0.0000,0.0000,0.0000,NULL,NULL,0.0000,0.0000,0.0000,0.0000,NULL,'N;',NULL,NULL,NULL,0.0000,NULL,0.0000,0.0000,0.0000,NULL,NULL,NULL,NULL,NULL,NULL,NULL,NULL,NULL,NULL),(860,416,'2019-04-25 19:54:35','0000-00-00 00:00:00',306,0,NULL,'shipping','injunvik@hotmail.com',NULL,NULL,NULL,NULL,NULL,NULL,NULL,NULL,NULL,NULL,NULL,NULL,NULL,NULL,1,0,NULL,NULL,0.0000,0.0000,0.0000,0.0000,0.0000,0.0000,0.0000,0.0000,0.0000,NULL,NULL,0.0000,0.0000,0.0000,0.0000,NULL,'N;',NULL,NULL,NULL,0.0000,NULL,0.0000,0.0000,0.0000,NULL,NULL,NULL,NULL,NULL,NULL,NULL,NULL,NULL,NULL),(861,417,'2019-04-26 23:07:26','0000-00-00 00:00:00',307,0,NULL,'billing','christopher.g.stearns@gmail.com',NULL,NULL,NULL,NULL,NULL,NULL,NULL,NULL,NULL,NULL,NULL,NULL,NULL,NULL,0,0,NULL,NULL,0.0000,0.0000,0.0000,0.0000,0.0000,0.0000,0.0000,0.0000,0.0000,NULL,NULL,0.0000,0.0000,0.0000,0.0000,NULL,'N;',NULL,NULL,NULL,0.0000,NULL,0.0000,0.0000,0.0000,NULL,NULL,NULL,NULL,NULL,NULL,NULL,NULL,NULL,NULL),(862,417,'2019-04-26 23:07:26','0000-00-00 00:00:00',307,0,NULL,'shipping','christopher.g.stearns@gmail.com',NULL,NULL,NULL,NULL,NULL,NULL,NULL,NULL,NULL,NULL,NULL,NULL,NULL,NULL,1,0,NULL,NULL,0.0000,0.0000,0.0000,0.0000,0.0000,0.0000,0.0000,0.0000,0.0000,NULL,NULL,0.0000,0.0000,0.0000,0.0000,NULL,'N;',NULL,NULL,NULL,0.0000,NULL,0.0000,0.0000,0.0000,NULL,NULL,NULL,NULL,NULL,NULL,NULL,NULL,NULL,NULL),(863,418,'2019-04-28 09:21:47','0000-00-00 00:00:00',308,0,NULL,'billing','cvlimbeek@hotmail.com',NULL,NULL,NULL,NULL,NULL,NULL,NULL,NULL,NULL,NULL,NULL,NULL,NULL,NULL,0,0,NULL,NULL,0.0000,0.0000,0.0000,0.0000,0.0000,0.0000,0.0000,0.0000,0.0000,NULL,NULL,0.0000,0.0000,0.0000,0.0000,NULL,'N;',NULL,NULL,NULL,0.0000,NULL,0.0000,0.0000,0.0000,NULL,NULL,NULL,NULL,NULL,NULL,NULL,NULL,NULL,NULL),(864,418,'2019-04-28 09:21:47','0000-00-00 00:00:00',308,0,NULL,'shipping','cvlimbeek@hotmail.com',NULL,NULL,NULL,NULL,NULL,NULL,NULL,NULL,NULL,NULL,NULL,NULL,NULL,NULL,1,0,NULL,NULL,0.0000,0.0000,0.0000,0.0000,0.0000,0.0000,0.0000,0.0000,0.0000,NULL,NULL,0.0000,0.0000,0.0000,0.0000,NULL,'N;',NULL,NULL,NULL,0.0000,NULL,0.0000,0.0000,0.0000,NULL,NULL,NULL,NULL,NULL,NULL,NULL,NULL,NULL,NULL),(865,419,'2019-05-01 21:17:51','0000-00-00 00:00:00',309,0,NULL,'billing','support@vdsina.ru',NULL,NULL,NULL,NULL,NULL,NULL,NULL,NULL,NULL,NULL,NULL,NULL,NULL,NULL,0,0,NULL,NULL,0.0000,0.0000,0.0000,0.0000,0.0000,0.0000,0.0000,0.0000,0.0000,NULL,NULL,0.0000,0.0000,0.0000,0.0000,NULL,'N;',NULL,NULL,NULL,0.0000,NULL,0.0000,0.0000,0.0000,NULL,NULL,NULL,NULL,NULL,NULL,NULL,NULL,NULL,NULL),(866,419,'2019-05-01 21:17:51','0000-00-00 00:00:00',309,0,NULL,'shipping','support@vdsina.ru',NULL,NULL,NULL,NULL,NULL,NULL,NULL,NULL,NULL,NULL,NULL,NULL,NULL,NULL,1,0,NULL,NULL,0.0000,0.0000,0.0000,0.0000,0.0000,0.0000,0.0000,0.0000,0.0000,NULL,NULL,0.0000,0.0000,0.0000,0.0000,NULL,'N;',NULL,NULL,NULL,0.0000,NULL,0.0000,0.0000,0.0000,NULL,NULL,NULL,NULL,NULL,NULL,NULL,NULL,NULL,NULL),(867,420,'2019-05-05 10:38:30','0000-00-00 00:00:00',310,0,NULL,'billing','okaziv3@mail.ru',NULL,NULL,NULL,NULL,NULL,NULL,NULL,NULL,NULL,NULL,NULL,NULL,NULL,NULL,0,0,NULL,NULL,0.0000,0.0000,0.0000,0.0000,0.0000,0.0000,0.0000,0.0000,0.0000,NULL,NULL,0.0000,0.0000,0.0000,0.0000,NULL,'N;',NULL,NULL,NULL,0.0000,NULL,0.0000,0.0000,0.0000,NULL,NULL,NULL,NULL,NULL,NULL,NULL,NULL,NULL,NULL),(868,420,'2019-05-05 10:38:30','0000-00-00 00:00:00',310,0,NULL,'shipping','okaziv3@mail.ru',NULL,NULL,NULL,NULL,NULL,NULL,NULL,NULL,NULL,NULL,NULL,NULL,NULL,NULL,1,0,NULL,NULL,0.0000,0.0000,0.0000,0.0000,0.0000,0.0000,0.0000,0.0000,0.0000,NULL,NULL,0.0000,0.0000,0.0000,0.0000,NULL,'N;',NULL,NULL,NULL,0.0000,NULL,0.0000,0.0000,0.0000,NULL,NULL,NULL,NULL,NULL,NULL,NULL,NULL,NULL,NULL),(869,421,'2019-05-09 12:00:59','0000-00-00 00:00:00',311,0,NULL,'billing','mogulty@hotmail.com',NULL,NULL,NULL,NULL,NULL,NULL,NULL,NULL,NULL,NULL,NULL,NULL,NULL,NULL,0,0,NULL,NULL,0.0000,0.0000,0.0000,0.0000,0.0000,0.0000,0.0000,0.0000,0.0000,NULL,NULL,0.0000,0.0000,0.0000,0.0000,NULL,'N;',NULL,NULL,NULL,0.0000,NULL,0.0000,0.0000,0.0000,NULL,NULL,NULL,NULL,NULL,NULL,NULL,NULL,NULL,NULL),(870,421,'2019-05-09 12:00:59','0000-00-00 00:00:00',311,0,NULL,'shipping','mogulty@hotmail.com',NULL,NULL,NULL,NULL,NULL,NULL,NULL,NULL,NULL,NULL,NULL,NULL,NULL,NULL,1,0,NULL,NULL,0.0000,0.0000,0.0000,0.0000,0.0000,0.0000,0.0000,0.0000,0.0000,NULL,NULL,0.0000,0.0000,0.0000,0.0000,NULL,'N;',NULL,NULL,NULL,0.0000,NULL,0.0000,0.0000,0.0000,NULL,NULL,NULL,NULL,NULL,NULL,NULL,NULL,NULL,NULL),(871,422,'2019-05-24 07:24:22','0000-00-00 00:00:00',NULL,0,NULL,'shipping',NULL,NULL,NULL,NULL,NULL,NULL,NULL,NULL,NULL,NULL,0,NULL,NULL,NULL,NULL,1,1,NULL,NULL,0.0000,0.0000,0.0000,0.0000,0.0000,0.0000,0.0000,0.0000,0.0000,NULL,NULL,0.0000,0.0000,0.0000,0.0000,NULL,'N;',NULL,NULL,NULL,0.0000,NULL,0.0000,0.0000,0.0000,NULL,NULL,NULL,NULL,NULL,NULL,NULL,NULL,NULL,NULL),(872,422,'2019-05-24 07:24:22','0000-00-00 00:00:00',NULL,0,NULL,'billing',NULL,NULL,NULL,NULL,NULL,NULL,NULL,NULL,NULL,NULL,NULL,NULL,NULL,NULL,NULL,0,0,NULL,NULL,0.0000,0.0000,0.0000,0.0000,0.0000,0.0000,0.0000,0.0000,0.0000,NULL,NULL,0.0000,0.0000,0.0000,0.0000,NULL,'N;',NULL,NULL,NULL,0.0000,NULL,0.0000,0.0000,0.0000,NULL,NULL,NULL,NULL,NULL,NULL,NULL,NULL,NULL,NULL),(873,423,'2019-06-11 18:05:09','0000-00-00 00:00:00',NULL,0,NULL,'shipping',NULL,NULL,NULL,NULL,NULL,NULL,NULL,NULL,NULL,NULL,0,NULL,NULL,NULL,NULL,1,1,NULL,NULL,0.0000,0.0000,0.0000,0.0000,0.0000,0.0000,0.0000,0.0000,0.0000,NULL,NULL,0.0000,0.0000,0.0000,0.0000,NULL,'N;',NULL,NULL,NULL,0.0000,NULL,0.0000,0.0000,0.0000,NULL,NULL,NULL,NULL,NULL,NULL,NULL,NULL,NULL,NULL),(874,423,'2019-06-11 18:05:09','0000-00-00 00:00:00',NULL,0,NULL,'billing',NULL,NULL,NULL,NULL,NULL,NULL,NULL,NULL,NULL,NULL,NULL,NULL,NULL,NULL,NULL,0,0,NULL,NULL,0.0000,0.0000,0.0000,0.0000,0.0000,0.0000,0.0000,0.0000,0.0000,NULL,NULL,0.0000,0.0000,0.0000,0.0000,NULL,'N;',NULL,NULL,NULL,0.0000,NULL,0.0000,0.0000,0.0000,NULL,NULL,NULL,NULL,NULL,NULL,NULL,NULL,NULL,NULL),(875,424,'2019-06-15 18:55:05','0000-00-00 00:00:00',312,0,NULL,'billing','johannareinamorillo@gmail.com',NULL,NULL,NULL,NULL,NULL,NULL,NULL,NULL,NULL,NULL,NULL,NULL,NULL,NULL,0,0,NULL,NULL,0.0000,0.0000,0.0000,0.0000,0.0000,0.0000,0.0000,0.0000,0.0000,NULL,NULL,0.0000,0.0000,0.0000,0.0000,NULL,'N;',NULL,NULL,NULL,0.0000,NULL,0.0000,0.0000,0.0000,NULL,NULL,NULL,NULL,NULL,NULL,NULL,NULL,NULL,NULL),(876,424,'2019-06-15 18:55:05','0000-00-00 00:00:00',312,0,NULL,'shipping','johannareinamorillo@gmail.com',NULL,NULL,NULL,NULL,NULL,NULL,NULL,NULL,NULL,NULL,NULL,NULL,NULL,NULL,1,0,NULL,NULL,0.0000,0.0000,0.0000,0.0000,0.0000,0.0000,0.0000,0.0000,0.0000,NULL,NULL,0.0000,0.0000,0.0000,0.0000,NULL,'N;',NULL,NULL,NULL,0.0000,NULL,0.0000,0.0000,0.0000,NULL,NULL,NULL,NULL,NULL,NULL,NULL,NULL,NULL,NULL),(877,425,'2019-06-18 16:22:27','0000-00-00 00:00:00',313,0,NULL,'billing','lamina_888@mail.ru',NULL,NULL,NULL,NULL,NULL,NULL,NULL,NULL,NULL,NULL,NULL,NULL,NULL,NULL,0,0,NULL,NULL,0.0000,0.0000,0.0000,0.0000,0.0000,0.0000,0.0000,0.0000,0.0000,NULL,NULL,0.0000,0.0000,0.0000,0.0000,NULL,'N;',NULL,NULL,NULL,0.0000,NULL,0.0000,0.0000,0.0000,NULL,NULL,NULL,NULL,NULL,NULL,NULL,NULL,NULL,NULL),(878,425,'2019-06-18 16:22:27','0000-00-00 00:00:00',313,0,NULL,'shipping','lamina_888@mail.ru',NULL,NULL,NULL,NULL,NULL,NULL,NULL,NULL,NULL,NULL,NULL,NULL,NULL,NULL,1,0,NULL,NULL,0.0000,0.0000,0.0000,0.0000,0.0000,0.0000,0.0000,0.0000,0.0000,NULL,NULL,0.0000,0.0000,0.0000,0.0000,NULL,'N;',NULL,NULL,NULL,0.0000,NULL,0.0000,0.0000,0.0000,NULL,NULL,NULL,NULL,NULL,NULL,NULL,NULL,NULL,NULL),(879,426,'2019-06-22 01:46:40','0000-00-00 00:00:00',314,0,NULL,'billing','ginar_111@mail.ru',NULL,NULL,NULL,NULL,NULL,NULL,NULL,NULL,NULL,NULL,NULL,NULL,NULL,NULL,0,0,NULL,NULL,0.0000,0.0000,0.0000,0.0000,0.0000,0.0000,0.0000,0.0000,0.0000,NULL,NULL,0.0000,0.0000,0.0000,0.0000,NULL,'N;',NULL,NULL,NULL,0.0000,NULL,0.0000,0.0000,0.0000,NULL,NULL,NULL,NULL,NULL,NULL,NULL,NULL,NULL,NULL),(880,426,'2019-06-22 01:46:40','0000-00-00 00:00:00',314,0,NULL,'shipping','ginar_111@mail.ru',NULL,NULL,NULL,NULL,NULL,NULL,NULL,NULL,NULL,NULL,NULL,NULL,NULL,NULL,1,0,NULL,NULL,0.0000,0.0000,0.0000,0.0000,0.0000,0.0000,0.0000,0.0000,0.0000,NULL,NULL,0.0000,0.0000,0.0000,0.0000,NULL,'N;',NULL,NULL,NULL,0.0000,NULL,0.0000,0.0000,0.0000,NULL,NULL,NULL,NULL,NULL,NULL,NULL,NULL,NULL,NULL),(881,427,'2019-07-04 16:54:57','0000-00-00 00:00:00',NULL,0,NULL,'shipping',NULL,NULL,NULL,NULL,NULL,NULL,NULL,NULL,NULL,NULL,0,NULL,NULL,NULL,NULL,1,1,NULL,NULL,0.0000,0.0000,0.0000,0.0000,0.0000,0.0000,0.0000,0.0000,0.0000,NULL,NULL,0.0000,0.0000,0.0000,0.0000,NULL,'N;',NULL,NULL,NULL,0.0000,NULL,0.0000,0.0000,0.0000,NULL,NULL,NULL,NULL,NULL,NULL,NULL,NULL,NULL,NULL),(882,427,'2019-07-04 16:54:57','0000-00-00 00:00:00',NULL,0,NULL,'billing',NULL,NULL,NULL,NULL,NULL,NULL,NULL,NULL,NULL,NULL,NULL,NULL,NULL,NULL,NULL,0,0,NULL,NULL,0.0000,0.0000,0.0000,0.0000,0.0000,0.0000,0.0000,0.0000,0.0000,NULL,NULL,0.0000,0.0000,0.0000,0.0000,NULL,'N;',NULL,NULL,NULL,0.0000,NULL,0.0000,0.0000,0.0000,NULL,NULL,NULL,NULL,NULL,NULL,NULL,NULL,NULL,NULL),(883,428,'2019-07-09 00:06:46','0000-00-00 00:00:00',315,0,NULL,'billing','ginar_33@mail.ru',NULL,NULL,NULL,NULL,NULL,NULL,NULL,NULL,NULL,NULL,NULL,NULL,NULL,NULL,0,0,NULL,NULL,0.0000,0.0000,0.0000,0.0000,0.0000,0.0000,0.0000,0.0000,0.0000,NULL,NULL,0.0000,0.0000,0.0000,0.0000,NULL,'N;',NULL,NULL,NULL,0.0000,NULL,0.0000,0.0000,0.0000,NULL,NULL,NULL,NULL,NULL,NULL,NULL,NULL,NULL,NULL),(884,428,'2019-07-09 00:06:46','0000-00-00 00:00:00',315,0,NULL,'shipping','ginar_33@mail.ru',NULL,NULL,NULL,NULL,NULL,NULL,NULL,NULL,NULL,NULL,NULL,NULL,NULL,NULL,1,0,NULL,NULL,0.0000,0.0000,0.0000,0.0000,0.0000,0.0000,0.0000,0.0000,0.0000,NULL,NULL,0.0000,0.0000,0.0000,0.0000,NULL,'N;',NULL,NULL,NULL,0.0000,NULL,0.0000,0.0000,0.0000,NULL,NULL,NULL,NULL,NULL,NULL,NULL,NULL,NULL,NULL),(885,429,'2019-08-11 07:20:27','0000-00-00 00:00:00',NULL,0,NULL,'shipping',NULL,NULL,NULL,NULL,NULL,NULL,NULL,NULL,NULL,NULL,0,NULL,NULL,NULL,NULL,1,1,NULL,NULL,0.0000,0.0000,0.0000,0.0000,0.0000,0.0000,0.0000,0.0000,0.0000,NULL,NULL,0.0000,0.0000,0.0000,0.0000,NULL,'N;',NULL,NULL,NULL,0.0000,NULL,0.0000,0.0000,0.0000,NULL,NULL,NULL,NULL,NULL,NULL,NULL,NULL,NULL,NULL),(886,429,'2019-08-11 07:20:27','0000-00-00 00:00:00',NULL,0,NULL,'billing',NULL,NULL,NULL,NULL,NULL,NULL,NULL,NULL,NULL,NULL,NULL,NULL,NULL,NULL,NULL,0,0,NULL,NULL,0.0000,0.0000,0.0000,0.0000,0.0000,0.0000,0.0000,0.0000,0.0000,NULL,NULL,0.0000,0.0000,0.0000,0.0000,NULL,'N;',NULL,NULL,NULL,0.0000,NULL,0.0000,0.0000,0.0000,NULL,NULL,NULL,NULL,NULL,NULL,NULL,NULL,NULL,NULL),(887,430,'2019-08-21 22:04:26','0000-00-00 00:00:00',316,0,NULL,'billing','hansenkendra703@gmail.com',NULL,NULL,NULL,NULL,NULL,NULL,NULL,NULL,NULL,NULL,NULL,NULL,NULL,NULL,0,0,NULL,NULL,0.0000,0.0000,0.0000,0.0000,0.0000,0.0000,0.0000,0.0000,0.0000,NULL,NULL,0.0000,0.0000,0.0000,0.0000,NULL,'N;',NULL,NULL,NULL,0.0000,NULL,0.0000,0.0000,0.0000,NULL,NULL,NULL,NULL,NULL,NULL,NULL,NULL,NULL,NULL),(888,430,'2019-08-21 22:04:26','0000-00-00 00:00:00',316,0,NULL,'shipping','hansenkendra703@gmail.com',NULL,NULL,NULL,NULL,NULL,NULL,NULL,NULL,NULL,NULL,NULL,NULL,NULL,NULL,1,0,NULL,NULL,0.0000,0.0000,0.0000,0.0000,0.0000,0.0000,0.0000,0.0000,0.0000,NULL,NULL,0.0000,0.0000,0.0000,0.0000,NULL,'N;',NULL,NULL,NULL,0.0000,NULL,0.0000,0.0000,0.0000,NULL,NULL,NULL,NULL,NULL,NULL,NULL,NULL,NULL,NULL),(889,431,'2019-08-23 13:01:35','0000-00-00 00:00:00',317,0,NULL,'billing','konzumr@gmail.com',NULL,NULL,NULL,NULL,NULL,NULL,NULL,NULL,NULL,NULL,NULL,NULL,NULL,NULL,0,0,NULL,NULL,0.0000,0.0000,0.0000,0.0000,0.0000,0.0000,0.0000,0.0000,0.0000,NULL,NULL,0.0000,0.0000,0.0000,0.0000,NULL,'N;',NULL,NULL,NULL,0.0000,NULL,0.0000,0.0000,0.0000,NULL,NULL,NULL,NULL,NULL,NULL,NULL,NULL,NULL,NULL),(890,431,'2019-08-23 13:01:35','0000-00-00 00:00:00',317,0,NULL,'shipping','konzumr@gmail.com',NULL,NULL,NULL,NULL,NULL,NULL,NULL,NULL,NULL,NULL,NULL,NULL,NULL,NULL,1,0,NULL,NULL,0.0000,0.0000,0.0000,0.0000,0.0000,0.0000,0.0000,0.0000,0.0000,NULL,NULL,0.0000,0.0000,0.0000,0.0000,NULL,'N;',NULL,NULL,NULL,0.0000,NULL,0.0000,0.0000,0.0000,NULL,NULL,NULL,NULL,NULL,NULL,NULL,NULL,NULL,NULL),(891,432,'2019-08-23 13:55:50','0000-00-00 00:00:00',318,0,NULL,'billing','kearyapsley@yahoo.com',NULL,NULL,NULL,NULL,NULL,NULL,NULL,NULL,NULL,NULL,NULL,NULL,NULL,NULL,0,0,NULL,NULL,0.0000,0.0000,0.0000,0.0000,0.0000,0.0000,0.0000,0.0000,0.0000,NULL,NULL,0.0000,0.0000,0.0000,0.0000,NULL,'N;',NULL,NULL,NULL,0.0000,NULL,0.0000,0.0000,0.0000,NULL,NULL,NULL,NULL,NULL,NULL,NULL,NULL,NULL,NULL),(892,432,'2019-08-23 13:55:50','0000-00-00 00:00:00',318,0,NULL,'shipping','kearyapsley@yahoo.com',NULL,NULL,NULL,NULL,NULL,NULL,NULL,NULL,NULL,NULL,NULL,NULL,NULL,NULL,1,0,NULL,NULL,0.0000,0.0000,0.0000,0.0000,0.0000,0.0000,0.0000,0.0000,0.0000,NULL,NULL,0.0000,0.0000,0.0000,0.0000,NULL,'N;',NULL,NULL,NULL,0.0000,NULL,0.0000,0.0000,0.0000,NULL,NULL,NULL,NULL,NULL,NULL,NULL,NULL,NULL,NULL),(893,433,'2019-08-23 19:43:09','0000-00-00 00:00:00',319,0,NULL,'billing','alonda.mccutcheon@tnlottery.com',NULL,NULL,NULL,NULL,NULL,NULL,NULL,NULL,NULL,NULL,NULL,NULL,NULL,NULL,0,0,NULL,NULL,0.0000,0.0000,0.0000,0.0000,0.0000,0.0000,0.0000,0.0000,0.0000,NULL,NULL,0.0000,0.0000,0.0000,0.0000,NULL,'N;',NULL,NULL,NULL,0.0000,NULL,0.0000,0.0000,0.0000,NULL,NULL,NULL,NULL,NULL,NULL,NULL,NULL,NULL,NULL),(894,433,'2019-08-23 19:43:09','0000-00-00 00:00:00',319,0,NULL,'shipping','alonda.mccutcheon@tnlottery.com',NULL,NULL,NULL,NULL,NULL,NULL,NULL,NULL,NULL,NULL,NULL,NULL,NULL,NULL,1,0,NULL,NULL,0.0000,0.0000,0.0000,0.0000,0.0000,0.0000,0.0000,0.0000,0.0000,NULL,NULL,0.0000,0.0000,0.0000,0.0000,NULL,'N;',NULL,NULL,NULL,0.0000,NULL,0.0000,0.0000,0.0000,NULL,NULL,NULL,NULL,NULL,NULL,NULL,NULL,NULL,NULL),(895,434,'2019-08-24 00:58:15','0000-00-00 00:00:00',320,0,NULL,'billing','mike.tolifson@westmor-ind.com',NULL,NULL,NULL,NULL,NULL,NULL,NULL,NULL,NULL,NULL,NULL,NULL,NULL,NULL,0,0,NULL,NULL,0.0000,0.0000,0.0000,0.0000,0.0000,0.0000,0.0000,0.0000,0.0000,NULL,NULL,0.0000,0.0000,0.0000,0.0000,NULL,'N;',NULL,NULL,NULL,0.0000,NULL,0.0000,0.0000,0.0000,NULL,NULL,NULL,NULL,NULL,NULL,NULL,NULL,NULL,NULL),(896,434,'2019-08-24 00:58:15','0000-00-00 00:00:00',320,0,NULL,'shipping','mike.tolifson@westmor-ind.com',NULL,NULL,NULL,NULL,NULL,NULL,NULL,NULL,NULL,NULL,NULL,NULL,NULL,NULL,1,0,NULL,NULL,0.0000,0.0000,0.0000,0.0000,0.0000,0.0000,0.0000,0.0000,0.0000,NULL,NULL,0.0000,0.0000,0.0000,0.0000,NULL,'N;',NULL,NULL,NULL,0.0000,NULL,0.0000,0.0000,0.0000,NULL,NULL,NULL,NULL,NULL,NULL,NULL,NULL,NULL,NULL),(897,435,'2019-08-24 01:01:28','0000-00-00 00:00:00',321,0,NULL,'billing','erhard.gow@yahoo.com',NULL,NULL,NULL,NULL,NULL,NULL,NULL,NULL,NULL,NULL,NULL,NULL,NULL,NULL,0,0,NULL,NULL,0.0000,0.0000,0.0000,0.0000,0.0000,0.0000,0.0000,0.0000,0.0000,NULL,NULL,0.0000,0.0000,0.0000,0.0000,NULL,'N;',NULL,NULL,NULL,0.0000,NULL,0.0000,0.0000,0.0000,NULL,NULL,NULL,NULL,NULL,NULL,NULL,NULL,NULL,NULL),(898,435,'2019-08-24 01:01:28','0000-00-00 00:00:00',321,0,NULL,'shipping','erhard.gow@yahoo.com',NULL,NULL,NULL,NULL,NULL,NULL,NULL,NULL,NULL,NULL,NULL,NULL,NULL,NULL,1,0,NULL,NULL,0.0000,0.0000,0.0000,0.0000,0.0000,0.0000,0.0000,0.0000,0.0000,NULL,NULL,0.0000,0.0000,0.0000,0.0000,NULL,'N;',NULL,NULL,NULL,0.0000,NULL,0.0000,0.0000,0.0000,NULL,NULL,NULL,NULL,NULL,NULL,NULL,NULL,NULL,NULL),(899,436,'2019-08-24 07:08:36','0000-00-00 00:00:00',322,0,NULL,'billing','jennyhullander@hullcoexteriors.com',NULL,NULL,NULL,NULL,NULL,NULL,NULL,NULL,NULL,NULL,NULL,NULL,NULL,NULL,0,0,NULL,NULL,0.0000,0.0000,0.0000,0.0000,0.0000,0.0000,0.0000,0.0000,0.0000,NULL,NULL,0.0000,0.0000,0.0000,0.0000,NULL,'N;',NULL,NULL,NULL,0.0000,NULL,0.0000,0.0000,0.0000,NULL,NULL,NULL,NULL,NULL,NULL,NULL,NULL,NULL,NULL),(900,436,'2019-08-24 07:08:36','0000-00-00 00:00:00',322,0,NULL,'shipping','jennyhullander@hullcoexteriors.com',NULL,NULL,NULL,NULL,NULL,NULL,NULL,NULL,NULL,NULL,NULL,NULL,NULL,NULL,1,0,NULL,NULL,0.0000,0.0000,0.0000,0.0000,0.0000,0.0000,0.0000,0.0000,0.0000,NULL,NULL,0.0000,0.0000,0.0000,0.0000,NULL,'N;',NULL,NULL,NULL,0.0000,NULL,0.0000,0.0000,0.0000,NULL,NULL,NULL,NULL,NULL,NULL,NULL,NULL,NULL,NULL),(901,437,'2019-08-24 11:07:36','0000-00-00 00:00:00',323,0,NULL,'billing','bronyswagger23@hotmail.com',NULL,NULL,NULL,NULL,NULL,NULL,NULL,NULL,NULL,NULL,NULL,NULL,NULL,NULL,0,0,NULL,NULL,0.0000,0.0000,0.0000,0.0000,0.0000,0.0000,0.0000,0.0000,0.0000,NULL,NULL,0.0000,0.0000,0.0000,0.0000,NULL,'N;',NULL,NULL,NULL,0.0000,NULL,0.0000,0.0000,0.0000,NULL,NULL,NULL,NULL,NULL,NULL,NULL,NULL,NULL,NULL),(902,437,'2019-08-24 11:07:36','0000-00-00 00:00:00',323,0,NULL,'shipping','bronyswagger23@hotmail.com',NULL,NULL,NULL,NULL,NULL,NULL,NULL,NULL,NULL,NULL,NULL,NULL,NULL,NULL,1,0,NULL,NULL,0.0000,0.0000,0.0000,0.0000,0.0000,0.0000,0.0000,0.0000,0.0000,NULL,NULL,0.0000,0.0000,0.0000,0.0000,NULL,'N;',NULL,NULL,NULL,0.0000,NULL,0.0000,0.0000,0.0000,NULL,NULL,NULL,NULL,NULL,NULL,NULL,NULL,NULL,NULL),(903,438,'2019-08-24 14:21:26','0000-00-00 00:00:00',324,0,NULL,'billing','patonfernando353@yahoo.com',NULL,NULL,NULL,NULL,NULL,NULL,NULL,NULL,NULL,NULL,NULL,NULL,NULL,NULL,0,0,NULL,NULL,0.0000,0.0000,0.0000,0.0000,0.0000,0.0000,0.0000,0.0000,0.0000,NULL,NULL,0.0000,0.0000,0.0000,0.0000,NULL,'N;',NULL,NULL,NULL,0.0000,NULL,0.0000,0.0000,0.0000,NULL,NULL,NULL,NULL,NULL,NULL,NULL,NULL,NULL,NULL),(904,438,'2019-08-24 14:21:26','0000-00-00 00:00:00',324,0,NULL,'shipping','patonfernando353@yahoo.com',NULL,NULL,NULL,NULL,NULL,NULL,NULL,NULL,NULL,NULL,NULL,NULL,NULL,NULL,1,0,NULL,NULL,0.0000,0.0000,0.0000,0.0000,0.0000,0.0000,0.0000,0.0000,0.0000,NULL,NULL,0.0000,0.0000,0.0000,0.0000,NULL,'N;',NULL,NULL,NULL,0.0000,NULL,0.0000,0.0000,0.0000,NULL,NULL,NULL,NULL,NULL,NULL,NULL,NULL,NULL,NULL),(905,439,'2019-08-25 03:41:23','0000-00-00 00:00:00',325,0,NULL,'billing','sharamgerick@yahoo.com',NULL,NULL,NULL,NULL,NULL,NULL,NULL,NULL,NULL,NULL,NULL,NULL,NULL,NULL,0,0,NULL,NULL,0.0000,0.0000,0.0000,0.0000,0.0000,0.0000,0.0000,0.0000,0.0000,NULL,NULL,0.0000,0.0000,0.0000,0.0000,NULL,'N;',NULL,NULL,NULL,0.0000,NULL,0.0000,0.0000,0.0000,NULL,NULL,NULL,NULL,NULL,NULL,NULL,NULL,NULL,NULL),(906,439,'2019-08-25 03:41:23','0000-00-00 00:00:00',325,0,NULL,'shipping','sharamgerick@yahoo.com',NULL,NULL,NULL,NULL,NULL,NULL,NULL,NULL,NULL,NULL,NULL,NULL,NULL,NULL,1,0,NULL,NULL,0.0000,0.0000,0.0000,0.0000,0.0000,0.0000,0.0000,0.0000,0.0000,NULL,NULL,0.0000,0.0000,0.0000,0.0000,NULL,'N;',NULL,NULL,NULL,0.0000,NULL,0.0000,0.0000,0.0000,NULL,NULL,NULL,NULL,NULL,NULL,NULL,NULL,NULL,NULL),(907,440,'2019-08-25 03:44:24','0000-00-00 00:00:00',326,0,NULL,'billing','benhamgrady@yahoo.com',NULL,NULL,NULL,NULL,NULL,NULL,NULL,NULL,NULL,NULL,NULL,NULL,NULL,NULL,0,0,NULL,NULL,0.0000,0.0000,0.0000,0.0000,0.0000,0.0000,0.0000,0.0000,0.0000,NULL,NULL,0.0000,0.0000,0.0000,0.0000,NULL,'N;',NULL,NULL,NULL,0.0000,NULL,0.0000,0.0000,0.0000,NULL,NULL,NULL,NULL,NULL,NULL,NULL,NULL,NULL,NULL),(908,440,'2019-08-25 03:44:24','0000-00-00 00:00:00',326,0,NULL,'shipping','benhamgrady@yahoo.com',NULL,NULL,NULL,NULL,NULL,NULL,NULL,NULL,NULL,NULL,NULL,NULL,NULL,NULL,1,0,NULL,NULL,0.0000,0.0000,0.0000,0.0000,0.0000,0.0000,0.0000,0.0000,0.0000,NULL,NULL,0.0000,0.0000,0.0000,0.0000,NULL,'N;',NULL,NULL,NULL,0.0000,NULL,0.0000,0.0000,0.0000,NULL,NULL,NULL,NULL,NULL,NULL,NULL,NULL,NULL,NULL),(909,441,'2019-08-25 13:43:36','0000-00-00 00:00:00',327,0,NULL,'billing','jesseebellgrove@yahoo.com',NULL,NULL,NULL,NULL,NULL,NULL,NULL,NULL,NULL,NULL,NULL,NULL,NULL,NULL,0,0,NULL,NULL,0.0000,0.0000,0.0000,0.0000,0.0000,0.0000,0.0000,0.0000,0.0000,NULL,NULL,0.0000,0.0000,0.0000,0.0000,NULL,'N;',NULL,NULL,NULL,0.0000,NULL,0.0000,0.0000,0.0000,NULL,NULL,NULL,NULL,NULL,NULL,NULL,NULL,NULL,NULL),(910,441,'2019-08-25 13:43:36','0000-00-00 00:00:00',327,0,NULL,'shipping','jesseebellgrove@yahoo.com',NULL,NULL,NULL,NULL,NULL,NULL,NULL,NULL,NULL,NULL,NULL,NULL,NULL,NULL,1,0,NULL,NULL,0.0000,0.0000,0.0000,0.0000,0.0000,0.0000,0.0000,0.0000,0.0000,NULL,NULL,0.0000,0.0000,0.0000,0.0000,NULL,'N;',NULL,NULL,NULL,0.0000,NULL,0.0000,0.0000,0.0000,NULL,NULL,NULL,NULL,NULL,NULL,NULL,NULL,NULL,NULL),(911,442,'2019-08-25 17:49:08','0000-00-00 00:00:00',328,0,NULL,'billing','tere@yaizaimpresiones.com',NULL,NULL,NULL,NULL,NULL,NULL,NULL,NULL,NULL,NULL,NULL,NULL,NULL,NULL,0,0,NULL,NULL,0.0000,0.0000,0.0000,0.0000,0.0000,0.0000,0.0000,0.0000,0.0000,NULL,NULL,0.0000,0.0000,0.0000,0.0000,NULL,'N;',NULL,NULL,NULL,0.0000,NULL,0.0000,0.0000,0.0000,NULL,NULL,NULL,NULL,NULL,NULL,NULL,NULL,NULL,NULL),(912,442,'2019-08-25 17:49:08','0000-00-00 00:00:00',328,0,NULL,'shipping','tere@yaizaimpresiones.com',NULL,NULL,NULL,NULL,NULL,NULL,NULL,NULL,NULL,NULL,NULL,NULL,NULL,NULL,1,0,NULL,NULL,0.0000,0.0000,0.0000,0.0000,0.0000,0.0000,0.0000,0.0000,0.0000,NULL,NULL,0.0000,0.0000,0.0000,0.0000,NULL,'N;',NULL,NULL,NULL,0.0000,NULL,0.0000,0.0000,0.0000,NULL,NULL,NULL,NULL,NULL,NULL,NULL,NULL,NULL,NULL),(913,443,'2019-08-26 02:04:42','0000-00-00 00:00:00',329,0,NULL,'billing','johanprockter@yahoo.com',NULL,NULL,NULL,NULL,NULL,NULL,NULL,NULL,NULL,NULL,NULL,NULL,NULL,NULL,0,0,NULL,NULL,0.0000,0.0000,0.0000,0.0000,0.0000,0.0000,0.0000,0.0000,0.0000,NULL,NULL,0.0000,0.0000,0.0000,0.0000,NULL,'N;',NULL,NULL,NULL,0.0000,NULL,0.0000,0.0000,0.0000,NULL,NULL,NULL,NULL,NULL,NULL,NULL,NULL,NULL,NULL),(914,443,'2019-08-26 02:04:42','0000-00-00 00:00:00',329,0,NULL,'shipping','johanprockter@yahoo.com',NULL,NULL,NULL,NULL,NULL,NULL,NULL,NULL,NULL,NULL,NULL,NULL,NULL,NULL,1,0,NULL,NULL,0.0000,0.0000,0.0000,0.0000,0.0000,0.0000,0.0000,0.0000,0.0000,NULL,NULL,0.0000,0.0000,0.0000,0.0000,NULL,'N;',NULL,NULL,NULL,0.0000,NULL,0.0000,0.0000,0.0000,NULL,NULL,NULL,NULL,NULL,NULL,NULL,NULL,NULL,NULL),(915,444,'2019-08-26 07:57:05','0000-00-00 00:00:00',330,0,NULL,'billing','ruddalleyn@yahoo.com',NULL,NULL,NULL,NULL,NULL,NULL,NULL,NULL,NULL,NULL,NULL,NULL,NULL,NULL,0,0,NULL,NULL,0.0000,0.0000,0.0000,0.0000,0.0000,0.0000,0.0000,0.0000,0.0000,NULL,NULL,0.0000,0.0000,0.0000,0.0000,NULL,'N;',NULL,NULL,NULL,0.0000,NULL,0.0000,0.0000,0.0000,NULL,NULL,NULL,NULL,NULL,NULL,NULL,NULL,NULL,NULL),(916,444,'2019-08-26 07:57:05','0000-00-00 00:00:00',330,0,NULL,'shipping','ruddalleyn@yahoo.com',NULL,NULL,NULL,NULL,NULL,NULL,NULL,NULL,NULL,NULL,NULL,NULL,NULL,NULL,1,0,NULL,NULL,0.0000,0.0000,0.0000,0.0000,0.0000,0.0000,0.0000,0.0000,0.0000,NULL,NULL,0.0000,0.0000,0.0000,0.0000,NULL,'N;',NULL,NULL,NULL,0.0000,NULL,0.0000,0.0000,0.0000,NULL,NULL,NULL,NULL,NULL,NULL,NULL,NULL,NULL,NULL),(917,445,'2019-08-26 13:37:07','0000-00-00 00:00:00',331,0,NULL,'billing','conch84@embarqmail.com',NULL,NULL,NULL,NULL,NULL,NULL,NULL,NULL,NULL,NULL,NULL,NULL,NULL,NULL,0,0,NULL,NULL,0.0000,0.0000,0.0000,0.0000,0.0000,0.0000,0.0000,0.0000,0.0000,NULL,NULL,0.0000,0.0000,0.0000,0.0000,NULL,'N;',NULL,NULL,NULL,0.0000,NULL,0.0000,0.0000,0.0000,NULL,NULL,NULL,NULL,NULL,NULL,NULL,NULL,NULL,NULL),(918,445,'2019-08-26 13:37:07','0000-00-00 00:00:00',331,0,NULL,'shipping','conch84@embarqmail.com',NULL,NULL,NULL,NULL,NULL,NULL,NULL,NULL,NULL,NULL,NULL,NULL,NULL,NULL,1,0,NULL,NULL,0.0000,0.0000,0.0000,0.0000,0.0000,0.0000,0.0000,0.0000,0.0000,NULL,NULL,0.0000,0.0000,0.0000,0.0000,NULL,'N;',NULL,NULL,NULL,0.0000,NULL,0.0000,0.0000,0.0000,NULL,NULL,NULL,NULL,NULL,NULL,NULL,NULL,NULL,NULL),(919,446,'2019-08-26 15:55:54','0000-00-00 00:00:00',332,0,NULL,'billing','yoann.ronnet@gmail.com',NULL,NULL,NULL,NULL,NULL,NULL,NULL,NULL,NULL,NULL,NULL,NULL,NULL,NULL,0,0,NULL,NULL,0.0000,0.0000,0.0000,0.0000,0.0000,0.0000,0.0000,0.0000,0.0000,NULL,NULL,0.0000,0.0000,0.0000,0.0000,NULL,'N;',NULL,NULL,NULL,0.0000,NULL,0.0000,0.0000,0.0000,NULL,NULL,NULL,NULL,NULL,NULL,NULL,NULL,NULL,NULL),(920,446,'2019-08-26 15:55:54','0000-00-00 00:00:00',332,0,NULL,'shipping','yoann.ronnet@gmail.com',NULL,NULL,NULL,NULL,NULL,NULL,NULL,NULL,NULL,NULL,NULL,NULL,NULL,NULL,1,0,NULL,NULL,0.0000,0.0000,0.0000,0.0000,0.0000,0.0000,0.0000,0.0000,0.0000,NULL,NULL,0.0000,0.0000,0.0000,0.0000,NULL,'N;',NULL,NULL,NULL,0.0000,NULL,0.0000,0.0000,0.0000,NULL,NULL,NULL,NULL,NULL,NULL,NULL,NULL,NULL,NULL),(921,447,'2019-08-26 17:43:54','0000-00-00 00:00:00',333,0,NULL,'billing','thatguywithmanyproblems@gmail.com',NULL,NULL,NULL,NULL,NULL,NULL,NULL,NULL,NULL,NULL,NULL,NULL,NULL,NULL,0,0,NULL,NULL,0.0000,0.0000,0.0000,0.0000,0.0000,0.0000,0.0000,0.0000,0.0000,NULL,NULL,0.0000,0.0000,0.0000,0.0000,NULL,'N;',NULL,NULL,NULL,0.0000,NULL,0.0000,0.0000,0.0000,NULL,NULL,NULL,NULL,NULL,NULL,NULL,NULL,NULL,NULL),(922,447,'2019-08-26 17:43:54','0000-00-00 00:00:00',333,0,NULL,'shipping','thatguywithmanyproblems@gmail.com',NULL,NULL,NULL,NULL,NULL,NULL,NULL,NULL,NULL,NULL,NULL,NULL,NULL,NULL,1,0,NULL,NULL,0.0000,0.0000,0.0000,0.0000,0.0000,0.0000,0.0000,0.0000,0.0000,NULL,NULL,0.0000,0.0000,0.0000,0.0000,NULL,'N;',NULL,NULL,NULL,0.0000,NULL,0.0000,0.0000,0.0000,NULL,NULL,NULL,NULL,NULL,NULL,NULL,NULL,NULL,NULL),(923,448,'2019-08-26 20:49:23','0000-00-00 00:00:00',334,0,NULL,'billing','kimscaife@yahoo.com',NULL,NULL,NULL,NULL,NULL,NULL,NULL,NULL,NULL,NULL,NULL,NULL,NULL,NULL,0,0,NULL,NULL,0.0000,0.0000,0.0000,0.0000,0.0000,0.0000,0.0000,0.0000,0.0000,NULL,NULL,0.0000,0.0000,0.0000,0.0000,NULL,'N;',NULL,NULL,NULL,0.0000,NULL,0.0000,0.0000,0.0000,NULL,NULL,NULL,NULL,NULL,NULL,NULL,NULL,NULL,NULL),(924,448,'2019-08-26 20:49:23','0000-00-00 00:00:00',334,0,NULL,'shipping','kimscaife@yahoo.com',NULL,NULL,NULL,NULL,NULL,NULL,NULL,NULL,NULL,NULL,NULL,NULL,NULL,NULL,1,0,NULL,NULL,0.0000,0.0000,0.0000,0.0000,0.0000,0.0000,0.0000,0.0000,0.0000,NULL,NULL,0.0000,0.0000,0.0000,0.0000,NULL,'N;',NULL,NULL,NULL,0.0000,NULL,0.0000,0.0000,0.0000,NULL,NULL,NULL,NULL,NULL,NULL,NULL,NULL,NULL,NULL),(925,449,'2019-08-26 21:03:33','0000-00-00 00:00:00',335,0,NULL,'billing','khall@costco.com',NULL,NULL,NULL,NULL,NULL,NULL,NULL,NULL,NULL,NULL,NULL,NULL,NULL,NULL,0,0,NULL,NULL,0.0000,0.0000,0.0000,0.0000,0.0000,0.0000,0.0000,0.0000,0.0000,NULL,NULL,0.0000,0.0000,0.0000,0.0000,NULL,'N;',NULL,NULL,NULL,0.0000,NULL,0.0000,0.0000,0.0000,NULL,NULL,NULL,NULL,NULL,NULL,NULL,NULL,NULL,NULL),(926,449,'2019-08-26 21:03:33','0000-00-00 00:00:00',335,0,NULL,'shipping','khall@costco.com',NULL,NULL,NULL,NULL,NULL,NULL,NULL,NULL,NULL,NULL,NULL,NULL,NULL,NULL,1,0,NULL,NULL,0.0000,0.0000,0.0000,0.0000,0.0000,0.0000,0.0000,0.0000,0.0000,NULL,NULL,0.0000,0.0000,0.0000,0.0000,NULL,'N;',NULL,NULL,NULL,0.0000,NULL,0.0000,0.0000,0.0000,NULL,NULL,NULL,NULL,NULL,NULL,NULL,NULL,NULL,NULL),(927,450,'2019-08-26 21:22:38','0000-00-00 00:00:00',336,0,NULL,'billing','yeudyfernandez18@hotmail.com',NULL,NULL,NULL,NULL,NULL,NULL,NULL,NULL,NULL,NULL,NULL,NULL,NULL,NULL,0,0,NULL,NULL,0.0000,0.0000,0.0000,0.0000,0.0000,0.0000,0.0000,0.0000,0.0000,NULL,NULL,0.0000,0.0000,0.0000,0.0000,NULL,'N;',NULL,NULL,NULL,0.0000,NULL,0.0000,0.0000,0.0000,NULL,NULL,NULL,NULL,NULL,NULL,NULL,NULL,NULL,NULL),(928,450,'2019-08-26 21:22:38','0000-00-00 00:00:00',336,0,NULL,'shipping','yeudyfernandez18@hotmail.com',NULL,NULL,NULL,NULL,NULL,NULL,NULL,NULL,NULL,NULL,NULL,NULL,NULL,NULL,1,0,NULL,NULL,0.0000,0.0000,0.0000,0.0000,0.0000,0.0000,0.0000,0.0000,0.0000,NULL,NULL,0.0000,0.0000,0.0000,0.0000,NULL,'N;',NULL,NULL,NULL,0.0000,NULL,0.0000,0.0000,0.0000,NULL,NULL,NULL,NULL,NULL,NULL,NULL,NULL,NULL,NULL),(929,451,'2019-08-27 02:15:11','0000-00-00 00:00:00',337,0,NULL,'billing','erica.mendoza@ucf.edu',NULL,NULL,NULL,NULL,NULL,NULL,NULL,NULL,NULL,NULL,NULL,NULL,NULL,NULL,0,0,NULL,NULL,0.0000,0.0000,0.0000,0.0000,0.0000,0.0000,0.0000,0.0000,0.0000,NULL,NULL,0.0000,0.0000,0.0000,0.0000,NULL,'N;',NULL,NULL,NULL,0.0000,NULL,0.0000,0.0000,0.0000,NULL,NULL,NULL,NULL,NULL,NULL,NULL,NULL,NULL,NULL),(930,451,'2019-08-27 02:15:11','0000-00-00 00:00:00',337,0,NULL,'shipping','erica.mendoza@ucf.edu',NULL,NULL,NULL,NULL,NULL,NULL,NULL,NULL,NULL,NULL,NULL,NULL,NULL,NULL,1,0,NULL,NULL,0.0000,0.0000,0.0000,0.0000,0.0000,0.0000,0.0000,0.0000,0.0000,NULL,NULL,0.0000,0.0000,0.0000,0.0000,NULL,'N;',NULL,NULL,NULL,0.0000,NULL,0.0000,0.0000,0.0000,NULL,NULL,NULL,NULL,NULL,NULL,NULL,NULL,NULL,NULL),(931,452,'2019-08-27 04:42:18','0000-00-00 00:00:00',338,0,NULL,'billing','christoforo.marnie@yahoo.com',NULL,NULL,NULL,NULL,NULL,NULL,NULL,NULL,NULL,NULL,NULL,NULL,NULL,NULL,0,0,NULL,NULL,0.0000,0.0000,0.0000,0.0000,0.0000,0.0000,0.0000,0.0000,0.0000,NULL,NULL,0.0000,0.0000,0.0000,0.0000,NULL,'N;',NULL,NULL,NULL,0.0000,NULL,0.0000,0.0000,0.0000,NULL,NULL,NULL,NULL,NULL,NULL,NULL,NULL,NULL,NULL),(932,452,'2019-08-27 04:42:18','0000-00-00 00:00:00',338,0,NULL,'shipping','christoforo.marnie@yahoo.com',NULL,NULL,NULL,NULL,NULL,NULL,NULL,NULL,NULL,NULL,NULL,NULL,NULL,NULL,1,0,NULL,NULL,0.0000,0.0000,0.0000,0.0000,0.0000,0.0000,0.0000,0.0000,0.0000,NULL,NULL,0.0000,0.0000,0.0000,0.0000,NULL,'N;',NULL,NULL,NULL,0.0000,NULL,0.0000,0.0000,0.0000,NULL,NULL,NULL,NULL,NULL,NULL,NULL,NULL,NULL,NULL),(933,453,'2019-08-27 07:11:05','0000-00-00 00:00:00',339,0,NULL,'billing','perrinpatrizio@yahoo.com',NULL,NULL,NULL,NULL,NULL,NULL,NULL,NULL,NULL,NULL,NULL,NULL,NULL,NULL,0,0,NULL,NULL,0.0000,0.0000,0.0000,0.0000,0.0000,0.0000,0.0000,0.0000,0.0000,NULL,NULL,0.0000,0.0000,0.0000,0.0000,NULL,'N;',NULL,NULL,NULL,0.0000,NULL,0.0000,0.0000,0.0000,NULL,NULL,NULL,NULL,NULL,NULL,NULL,NULL,NULL,NULL),(934,453,'2019-08-27 07:11:05','0000-00-00 00:00:00',339,0,NULL,'shipping','perrinpatrizio@yahoo.com',NULL,NULL,NULL,NULL,NULL,NULL,NULL,NULL,NULL,NULL,NULL,NULL,NULL,NULL,1,0,NULL,NULL,0.0000,0.0000,0.0000,0.0000,0.0000,0.0000,0.0000,0.0000,0.0000,NULL,NULL,0.0000,0.0000,0.0000,0.0000,NULL,'N;',NULL,NULL,NULL,0.0000,NULL,0.0000,0.0000,0.0000,NULL,NULL,NULL,NULL,NULL,NULL,NULL,NULL,NULL,NULL),(935,454,'2019-08-27 15:32:25','0000-00-00 00:00:00',340,0,NULL,'billing','napoleoncoggan@yahoo.com',NULL,NULL,NULL,NULL,NULL,NULL,NULL,NULL,NULL,NULL,NULL,NULL,NULL,NULL,0,0,NULL,NULL,0.0000,0.0000,0.0000,0.0000,0.0000,0.0000,0.0000,0.0000,0.0000,NULL,NULL,0.0000,0.0000,0.0000,0.0000,NULL,'N;',NULL,NULL,NULL,0.0000,NULL,0.0000,0.0000,0.0000,NULL,NULL,NULL,NULL,NULL,NULL,NULL,NULL,NULL,NULL),(936,454,'2019-08-27 15:32:25','0000-00-00 00:00:00',340,0,NULL,'shipping','napoleoncoggan@yahoo.com',NULL,NULL,NULL,NULL,NULL,NULL,NULL,NULL,NULL,NULL,NULL,NULL,NULL,NULL,1,0,NULL,NULL,0.0000,0.0000,0.0000,0.0000,0.0000,0.0000,0.0000,0.0000,0.0000,NULL,NULL,0.0000,0.0000,0.0000,0.0000,NULL,'N;',NULL,NULL,NULL,0.0000,NULL,0.0000,0.0000,0.0000,NULL,NULL,NULL,NULL,NULL,NULL,NULL,NULL,NULL,NULL),(937,455,'2019-08-27 19:22:45','0000-00-00 00:00:00',341,0,NULL,'billing','marcialfmm@hotmail.com',NULL,NULL,NULL,NULL,NULL,NULL,NULL,NULL,NULL,NULL,NULL,NULL,NULL,NULL,0,0,NULL,NULL,0.0000,0.0000,0.0000,0.0000,0.0000,0.0000,0.0000,0.0000,0.0000,NULL,NULL,0.0000,0.0000,0.0000,0.0000,NULL,'N;',NULL,NULL,NULL,0.0000,NULL,0.0000,0.0000,0.0000,NULL,NULL,NULL,NULL,NULL,NULL,NULL,NULL,NULL,NULL),(938,455,'2019-08-27 19:22:45','0000-00-00 00:00:00',341,0,NULL,'shipping','marcialfmm@hotmail.com',NULL,NULL,NULL,NULL,NULL,NULL,NULL,NULL,NULL,NULL,NULL,NULL,NULL,NULL,1,0,NULL,NULL,0.0000,0.0000,0.0000,0.0000,0.0000,0.0000,0.0000,0.0000,0.0000,NULL,NULL,0.0000,0.0000,0.0000,0.0000,NULL,'N;',NULL,NULL,NULL,0.0000,NULL,0.0000,0.0000,0.0000,NULL,NULL,NULL,NULL,NULL,NULL,NULL,NULL,NULL,NULL),(939,456,'2019-08-27 22:56:39','0000-00-00 00:00:00',342,0,NULL,'billing','cesar10022@hotmail.com',NULL,NULL,NULL,NULL,NULL,NULL,NULL,NULL,NULL,NULL,NULL,NULL,NULL,NULL,0,0,NULL,NULL,0.0000,0.0000,0.0000,0.0000,0.0000,0.0000,0.0000,0.0000,0.0000,NULL,NULL,0.0000,0.0000,0.0000,0.0000,NULL,'N;',NULL,NULL,NULL,0.0000,NULL,0.0000,0.0000,0.0000,NULL,NULL,NULL,NULL,NULL,NULL,NULL,NULL,NULL,NULL),(940,456,'2019-08-27 22:56:39','0000-00-00 00:00:00',342,0,NULL,'shipping','cesar10022@hotmail.com',NULL,NULL,NULL,NULL,NULL,NULL,NULL,NULL,NULL,NULL,NULL,NULL,NULL,NULL,1,0,NULL,NULL,0.0000,0.0000,0.0000,0.0000,0.0000,0.0000,0.0000,0.0000,0.0000,NULL,NULL,0.0000,0.0000,0.0000,0.0000,NULL,'N;',NULL,NULL,NULL,0.0000,NULL,0.0000,0.0000,0.0000,NULL,NULL,NULL,NULL,NULL,NULL,NULL,NULL,NULL,NULL),(941,457,'2019-08-27 23:00:11','0000-00-00 00:00:00',343,0,NULL,'billing','joehrich@hotmail.com',NULL,NULL,NULL,NULL,NULL,NULL,NULL,NULL,NULL,NULL,NULL,NULL,NULL,NULL,0,0,NULL,NULL,0.0000,0.0000,0.0000,0.0000,0.0000,0.0000,0.0000,0.0000,0.0000,NULL,NULL,0.0000,0.0000,0.0000,0.0000,NULL,'N;',NULL,NULL,NULL,0.0000,NULL,0.0000,0.0000,0.0000,NULL,NULL,NULL,NULL,NULL,NULL,NULL,NULL,NULL,NULL),(942,457,'2019-08-27 23:00:11','0000-00-00 00:00:00',343,0,NULL,'shipping','joehrich@hotmail.com',NULL,NULL,NULL,NULL,NULL,NULL,NULL,NULL,NULL,NULL,NULL,NULL,NULL,NULL,1,0,NULL,NULL,0.0000,0.0000,0.0000,0.0000,0.0000,0.0000,0.0000,0.0000,0.0000,NULL,NULL,0.0000,0.0000,0.0000,0.0000,NULL,'N;',NULL,NULL,NULL,0.0000,NULL,0.0000,0.0000,0.0000,NULL,NULL,NULL,NULL,NULL,NULL,NULL,NULL,NULL,NULL),(943,458,'2019-08-28 03:39:36','0000-00-00 00:00:00',344,0,NULL,'billing','kveader@accutechpkg.com',NULL,NULL,NULL,NULL,NULL,NULL,NULL,NULL,NULL,NULL,NULL,NULL,NULL,NULL,0,0,NULL,NULL,0.0000,0.0000,0.0000,0.0000,0.0000,0.0000,0.0000,0.0000,0.0000,NULL,NULL,0.0000,0.0000,0.0000,0.0000,NULL,'N;',NULL,NULL,NULL,0.0000,NULL,0.0000,0.0000,0.0000,NULL,NULL,NULL,NULL,NULL,NULL,NULL,NULL,NULL,NULL),(944,458,'2019-08-28 03:39:36','0000-00-00 00:00:00',344,0,NULL,'shipping','kveader@accutechpkg.com',NULL,NULL,NULL,NULL,NULL,NULL,NULL,NULL,NULL,NULL,NULL,NULL,NULL,NULL,1,0,NULL,NULL,0.0000,0.0000,0.0000,0.0000,0.0000,0.0000,0.0000,0.0000,0.0000,NULL,NULL,0.0000,0.0000,0.0000,0.0000,NULL,'N;',NULL,NULL,NULL,0.0000,NULL,0.0000,0.0000,0.0000,NULL,NULL,NULL,NULL,NULL,NULL,NULL,NULL,NULL,NULL),(945,459,'2019-08-28 13:39:07','0000-00-00 00:00:00',345,0,NULL,'billing','rraypeterson@cox.net',NULL,NULL,NULL,NULL,NULL,NULL,NULL,NULL,NULL,NULL,NULL,NULL,NULL,NULL,0,0,NULL,NULL,0.0000,0.0000,0.0000,0.0000,0.0000,0.0000,0.0000,0.0000,0.0000,NULL,NULL,0.0000,0.0000,0.0000,0.0000,NULL,'N;',NULL,NULL,NULL,0.0000,NULL,0.0000,0.0000,0.0000,NULL,NULL,NULL,NULL,NULL,NULL,NULL,NULL,NULL,NULL),(946,459,'2019-08-28 13:39:07','0000-00-00 00:00:00',345,0,NULL,'shipping','rraypeterson@cox.net',NULL,NULL,NULL,NULL,NULL,NULL,NULL,NULL,NULL,NULL,NULL,NULL,NULL,NULL,1,0,NULL,NULL,0.0000,0.0000,0.0000,0.0000,0.0000,0.0000,0.0000,0.0000,0.0000,NULL,NULL,0.0000,0.0000,0.0000,0.0000,NULL,'N;',NULL,NULL,NULL,0.0000,NULL,0.0000,0.0000,0.0000,NULL,NULL,NULL,NULL,NULL,NULL,NULL,NULL,NULL,NULL),(947,460,'2019-08-28 17:30:23','0000-00-00 00:00:00',346,0,NULL,'billing','boycey_nodall@yahoo.com',NULL,NULL,NULL,NULL,NULL,NULL,NULL,NULL,NULL,NULL,NULL,NULL,NULL,NULL,0,0,NULL,NULL,0.0000,0.0000,0.0000,0.0000,0.0000,0.0000,0.0000,0.0000,0.0000,NULL,NULL,0.0000,0.0000,0.0000,0.0000,NULL,'N;',NULL,NULL,NULL,0.0000,NULL,0.0000,0.0000,0.0000,NULL,NULL,NULL,NULL,NULL,NULL,NULL,NULL,NULL,NULL),(948,460,'2019-08-28 17:30:23','0000-00-00 00:00:00',346,0,NULL,'shipping','boycey_nodall@yahoo.com',NULL,NULL,NULL,NULL,NULL,NULL,NULL,NULL,NULL,NULL,NULL,NULL,NULL,NULL,1,0,NULL,NULL,0.0000,0.0000,0.0000,0.0000,0.0000,0.0000,0.0000,0.0000,0.0000,NULL,NULL,0.0000,0.0000,0.0000,0.0000,NULL,'N;',NULL,NULL,NULL,0.0000,NULL,0.0000,0.0000,0.0000,NULL,NULL,NULL,NULL,NULL,NULL,NULL,NULL,NULL,NULL),(949,461,'2019-08-28 19:38:53','0000-00-00 00:00:00',347,0,NULL,'billing','tynalucke@gmail.com',NULL,NULL,NULL,NULL,NULL,NULL,NULL,NULL,NULL,NULL,NULL,NULL,NULL,NULL,0,0,NULL,NULL,0.0000,0.0000,0.0000,0.0000,0.0000,0.0000,0.0000,0.0000,0.0000,NULL,NULL,0.0000,0.0000,0.0000,0.0000,NULL,'N;',NULL,NULL,NULL,0.0000,NULL,0.0000,0.0000,0.0000,NULL,NULL,NULL,NULL,NULL,NULL,NULL,NULL,NULL,NULL),(950,461,'2019-08-28 19:38:53','0000-00-00 00:00:00',347,0,NULL,'shipping','tynalucke@gmail.com',NULL,NULL,NULL,NULL,NULL,NULL,NULL,NULL,NULL,NULL,NULL,NULL,NULL,NULL,1,0,NULL,NULL,0.0000,0.0000,0.0000,0.0000,0.0000,0.0000,0.0000,0.0000,0.0000,NULL,NULL,0.0000,0.0000,0.0000,0.0000,NULL,'N;',NULL,NULL,NULL,0.0000,NULL,0.0000,0.0000,0.0000,NULL,NULL,NULL,NULL,NULL,NULL,NULL,NULL,NULL,NULL),(951,462,'2019-08-29 00:59:11','0000-00-00 00:00:00',348,0,NULL,'billing','doug@slclm.com',NULL,NULL,NULL,NULL,NULL,NULL,NULL,NULL,NULL,NULL,NULL,NULL,NULL,NULL,0,0,NULL,NULL,0.0000,0.0000,0.0000,0.0000,0.0000,0.0000,0.0000,0.0000,0.0000,NULL,NULL,0.0000,0.0000,0.0000,0.0000,NULL,'N;',NULL,NULL,NULL,0.0000,NULL,0.0000,0.0000,0.0000,NULL,NULL,NULL,NULL,NULL,NULL,NULL,NULL,NULL,NULL),(952,462,'2019-08-29 00:59:11','0000-00-00 00:00:00',348,0,NULL,'shipping','doug@slclm.com',NULL,NULL,NULL,NULL,NULL,NULL,NULL,NULL,NULL,NULL,NULL,NULL,NULL,NULL,1,0,NULL,NULL,0.0000,0.0000,0.0000,0.0000,0.0000,0.0000,0.0000,0.0000,0.0000,NULL,NULL,0.0000,0.0000,0.0000,0.0000,NULL,'N;',NULL,NULL,NULL,0.0000,NULL,0.0000,0.0000,0.0000,NULL,NULL,NULL,NULL,NULL,NULL,NULL,NULL,NULL,NULL),(953,463,'2019-08-29 06:08:29','0000-00-00 00:00:00',349,0,NULL,'billing','aluino.warry@yahoo.com',NULL,NULL,NULL,NULL,NULL,NULL,NULL,NULL,NULL,NULL,NULL,NULL,NULL,NULL,0,0,NULL,NULL,0.0000,0.0000,0.0000,0.0000,0.0000,0.0000,0.0000,0.0000,0.0000,NULL,NULL,0.0000,0.0000,0.0000,0.0000,NULL,'N;',NULL,NULL,NULL,0.0000,NULL,0.0000,0.0000,0.0000,NULL,NULL,NULL,NULL,NULL,NULL,NULL,NULL,NULL,NULL),(954,463,'2019-08-29 06:08:29','0000-00-00 00:00:00',349,0,NULL,'shipping','aluino.warry@yahoo.com',NULL,NULL,NULL,NULL,NULL,NULL,NULL,NULL,NULL,NULL,NULL,NULL,NULL,NULL,1,0,NULL,NULL,0.0000,0.0000,0.0000,0.0000,0.0000,0.0000,0.0000,0.0000,0.0000,NULL,NULL,0.0000,0.0000,0.0000,0.0000,NULL,'N;',NULL,NULL,NULL,0.0000,NULL,0.0000,0.0000,0.0000,NULL,NULL,NULL,NULL,NULL,NULL,NULL,NULL,NULL,NULL),(955,464,'2019-08-29 08:49:17','0000-00-00 00:00:00',350,0,NULL,'billing','hgurley@rjgurley.com',NULL,NULL,NULL,NULL,NULL,NULL,NULL,NULL,NULL,NULL,NULL,NULL,NULL,NULL,0,0,NULL,NULL,0.0000,0.0000,0.0000,0.0000,0.0000,0.0000,0.0000,0.0000,0.0000,NULL,NULL,0.0000,0.0000,0.0000,0.0000,NULL,'N;',NULL,NULL,NULL,0.0000,NULL,0.0000,0.0000,0.0000,NULL,NULL,NULL,NULL,NULL,NULL,NULL,NULL,NULL,NULL),(956,464,'2019-08-29 08:49:17','0000-00-00 00:00:00',350,0,NULL,'shipping','hgurley@rjgurley.com',NULL,NULL,NULL,NULL,NULL,NULL,NULL,NULL,NULL,NULL,NULL,NULL,NULL,NULL,1,0,NULL,NULL,0.0000,0.0000,0.0000,0.0000,0.0000,0.0000,0.0000,0.0000,0.0000,NULL,NULL,0.0000,0.0000,0.0000,0.0000,NULL,'N;',NULL,NULL,NULL,0.0000,NULL,0.0000,0.0000,0.0000,NULL,NULL,NULL,NULL,NULL,NULL,NULL,NULL,NULL,NULL),(957,465,'2019-08-29 17:01:16','0000-00-00 00:00:00',351,0,NULL,'billing','lanceanddawn@comcast.net',NULL,NULL,NULL,NULL,NULL,NULL,NULL,NULL,NULL,NULL,NULL,NULL,NULL,NULL,0,0,NULL,NULL,0.0000,0.0000,0.0000,0.0000,0.0000,0.0000,0.0000,0.0000,0.0000,NULL,NULL,0.0000,0.0000,0.0000,0.0000,NULL,'N;',NULL,NULL,NULL,0.0000,NULL,0.0000,0.0000,0.0000,NULL,NULL,NULL,NULL,NULL,NULL,NULL,NULL,NULL,NULL),(958,465,'2019-08-29 17:01:16','0000-00-00 00:00:00',351,0,NULL,'shipping','lanceanddawn@comcast.net',NULL,NULL,NULL,NULL,NULL,NULL,NULL,NULL,NULL,NULL,NULL,NULL,NULL,NULL,1,0,NULL,NULL,0.0000,0.0000,0.0000,0.0000,0.0000,0.0000,0.0000,0.0000,0.0000,NULL,NULL,0.0000,0.0000,0.0000,0.0000,NULL,'N;',NULL,NULL,NULL,0.0000,NULL,0.0000,0.0000,0.0000,NULL,NULL,NULL,NULL,NULL,NULL,NULL,NULL,NULL,NULL),(959,466,'2019-08-29 21:18:07','0000-00-00 00:00:00',352,0,NULL,'billing','hansonwelbie@yahoo.com',NULL,NULL,NULL,NULL,NULL,NULL,NULL,NULL,NULL,NULL,NULL,NULL,NULL,NULL,0,0,NULL,NULL,0.0000,0.0000,0.0000,0.0000,0.0000,0.0000,0.0000,0.0000,0.0000,NULL,NULL,0.0000,0.0000,0.0000,0.0000,NULL,'N;',NULL,NULL,NULL,0.0000,NULL,0.0000,0.0000,0.0000,NULL,NULL,NULL,NULL,NULL,NULL,NULL,NULL,NULL,NULL),(960,466,'2019-08-29 21:18:07','0000-00-00 00:00:00',352,0,NULL,'shipping','hansonwelbie@yahoo.com',NULL,NULL,NULL,NULL,NULL,NULL,NULL,NULL,NULL,NULL,NULL,NULL,NULL,NULL,1,0,NULL,NULL,0.0000,0.0000,0.0000,0.0000,0.0000,0.0000,0.0000,0.0000,0.0000,NULL,NULL,0.0000,0.0000,0.0000,0.0000,NULL,'N;',NULL,NULL,NULL,0.0000,NULL,0.0000,0.0000,0.0000,NULL,NULL,NULL,NULL,NULL,NULL,NULL,NULL,NULL,NULL),(961,467,'2019-08-29 22:39:50','0000-00-00 00:00:00',353,0,NULL,'billing','chadalexander2728@gmail.com',NULL,NULL,NULL,NULL,NULL,NULL,NULL,NULL,NULL,NULL,NULL,NULL,NULL,NULL,0,0,NULL,NULL,0.0000,0.0000,0.0000,0.0000,0.0000,0.0000,0.0000,0.0000,0.0000,NULL,NULL,0.0000,0.0000,0.0000,0.0000,NULL,'N;',NULL,NULL,NULL,0.0000,NULL,0.0000,0.0000,0.0000,NULL,NULL,NULL,NULL,NULL,NULL,NULL,NULL,NULL,NULL),(962,467,'2019-08-29 22:39:50','0000-00-00 00:00:00',353,0,NULL,'shipping','chadalexander2728@gmail.com',NULL,NULL,NULL,NULL,NULL,NULL,NULL,NULL,NULL,NULL,NULL,NULL,NULL,NULL,1,0,NULL,NULL,0.0000,0.0000,0.0000,0.0000,0.0000,0.0000,0.0000,0.0000,0.0000,NULL,NULL,0.0000,0.0000,0.0000,0.0000,NULL,'N;',NULL,NULL,NULL,0.0000,NULL,0.0000,0.0000,0.0000,NULL,NULL,NULL,NULL,NULL,NULL,NULL,NULL,NULL,NULL),(963,468,'2019-08-30 08:10:03','0000-00-00 00:00:00',354,0,NULL,'billing','jsnow@westsidetractorsales.com',NULL,NULL,NULL,NULL,NULL,NULL,NULL,NULL,NULL,NULL,NULL,NULL,NULL,NULL,0,0,NULL,NULL,0.0000,0.0000,0.0000,0.0000,0.0000,0.0000,0.0000,0.0000,0.0000,NULL,NULL,0.0000,0.0000,0.0000,0.0000,NULL,'N;',NULL,NULL,NULL,0.0000,NULL,0.0000,0.0000,0.0000,NULL,NULL,NULL,NULL,NULL,NULL,NULL,NULL,NULL,NULL),(964,468,'2019-08-30 08:10:03','0000-00-00 00:00:00',354,0,NULL,'shipping','jsnow@westsidetractorsales.com',NULL,NULL,NULL,NULL,NULL,NULL,NULL,NULL,NULL,NULL,NULL,NULL,NULL,NULL,1,0,NULL,NULL,0.0000,0.0000,0.0000,0.0000,0.0000,0.0000,0.0000,0.0000,0.0000,NULL,NULL,0.0000,0.0000,0.0000,0.0000,NULL,'N;',NULL,NULL,NULL,0.0000,NULL,0.0000,0.0000,0.0000,NULL,NULL,NULL,NULL,NULL,NULL,NULL,NULL,NULL,NULL),(965,469,'2019-08-30 08:53:48','0000-00-00 00:00:00',355,0,NULL,'billing','gmuthu.tc@gmail.com',NULL,NULL,NULL,NULL,NULL,NULL,NULL,NULL,NULL,NULL,NULL,NULL,NULL,NULL,0,0,NULL,NULL,0.0000,0.0000,0.0000,0.0000,0.0000,0.0000,0.0000,0.0000,0.0000,NULL,NULL,0.0000,0.0000,0.0000,0.0000,NULL,'N;',NULL,NULL,NULL,0.0000,NULL,0.0000,0.0000,0.0000,NULL,NULL,NULL,NULL,NULL,NULL,NULL,NULL,NULL,NULL),(966,469,'2019-08-30 08:53:48','0000-00-00 00:00:00',355,0,NULL,'shipping','gmuthu.tc@gmail.com',NULL,NULL,NULL,NULL,NULL,NULL,NULL,NULL,NULL,NULL,NULL,NULL,NULL,NULL,1,0,NULL,NULL,0.0000,0.0000,0.0000,0.0000,0.0000,0.0000,0.0000,0.0000,0.0000,NULL,NULL,0.0000,0.0000,0.0000,0.0000,NULL,'N;',NULL,NULL,NULL,0.0000,NULL,0.0000,0.0000,0.0000,NULL,NULL,NULL,NULL,NULL,NULL,NULL,NULL,NULL,NULL),(967,470,'2019-08-30 09:14:08','0000-00-00 00:00:00',356,0,NULL,'billing','augustopenlington@yahoo.com',NULL,NULL,NULL,NULL,NULL,NULL,NULL,NULL,NULL,NULL,NULL,NULL,NULL,NULL,0,0,NULL,NULL,0.0000,0.0000,0.0000,0.0000,0.0000,0.0000,0.0000,0.0000,0.0000,NULL,NULL,0.0000,0.0000,0.0000,0.0000,NULL,'N;',NULL,NULL,NULL,0.0000,NULL,0.0000,0.0000,0.0000,NULL,NULL,NULL,NULL,NULL,NULL,NULL,NULL,NULL,NULL),(968,470,'2019-08-30 09:14:08','0000-00-00 00:00:00',356,0,NULL,'shipping','augustopenlington@yahoo.com',NULL,NULL,NULL,NULL,NULL,NULL,NULL,NULL,NULL,NULL,NULL,NULL,NULL,NULL,1,0,NULL,NULL,0.0000,0.0000,0.0000,0.0000,0.0000,0.0000,0.0000,0.0000,0.0000,NULL,NULL,0.0000,0.0000,0.0000,0.0000,NULL,'N;',NULL,NULL,NULL,0.0000,NULL,0.0000,0.0000,0.0000,NULL,NULL,NULL,NULL,NULL,NULL,NULL,NULL,NULL,NULL),(969,471,'2019-08-30 09:41:18','0000-00-00 00:00:00',357,0,NULL,'billing','ana@imobdalfovo.com.br',NULL,NULL,NULL,NULL,NULL,NULL,NULL,NULL,NULL,NULL,NULL,NULL,NULL,NULL,0,0,NULL,NULL,0.0000,0.0000,0.0000,0.0000,0.0000,0.0000,0.0000,0.0000,0.0000,NULL,NULL,0.0000,0.0000,0.0000,0.0000,NULL,'N;',NULL,NULL,NULL,0.0000,NULL,0.0000,0.0000,0.0000,NULL,NULL,NULL,NULL,NULL,NULL,NULL,NULL,NULL,NULL),(970,471,'2019-08-30 09:41:18','0000-00-00 00:00:00',357,0,NULL,'shipping','ana@imobdalfovo.com.br',NULL,NULL,NULL,NULL,NULL,NULL,NULL,NULL,NULL,NULL,NULL,NULL,NULL,NULL,1,0,NULL,NULL,0.0000,0.0000,0.0000,0.0000,0.0000,0.0000,0.0000,0.0000,0.0000,NULL,NULL,0.0000,0.0000,0.0000,0.0000,NULL,'N;',NULL,NULL,NULL,0.0000,NULL,0.0000,0.0000,0.0000,NULL,NULL,NULL,NULL,NULL,NULL,NULL,NULL,NULL,NULL),(971,472,'2019-08-30 11:19:09','0000-00-00 00:00:00',358,0,NULL,'billing','jeremiahwaldie@yahoo.com',NULL,NULL,NULL,NULL,NULL,NULL,NULL,NULL,NULL,NULL,NULL,NULL,NULL,NULL,0,0,NULL,NULL,0.0000,0.0000,0.0000,0.0000,0.0000,0.0000,0.0000,0.0000,0.0000,NULL,NULL,0.0000,0.0000,0.0000,0.0000,NULL,'N;',NULL,NULL,NULL,0.0000,NULL,0.0000,0.0000,0.0000,NULL,NULL,NULL,NULL,NULL,NULL,NULL,NULL,NULL,NULL),(972,472,'2019-08-30 11:19:09','0000-00-00 00:00:00',358,0,NULL,'shipping','jeremiahwaldie@yahoo.com',NULL,NULL,NULL,NULL,NULL,NULL,NULL,NULL,NULL,NULL,NULL,NULL,NULL,NULL,1,0,NULL,NULL,0.0000,0.0000,0.0000,0.0000,0.0000,0.0000,0.0000,0.0000,0.0000,NULL,NULL,0.0000,0.0000,0.0000,0.0000,NULL,'N;',NULL,NULL,NULL,0.0000,NULL,0.0000,0.0000,0.0000,NULL,NULL,NULL,NULL,NULL,NULL,NULL,NULL,NULL,NULL),(973,473,'2019-08-30 20:01:07','0000-00-00 00:00:00',359,0,NULL,'billing','els_ringer@yahoo.com',NULL,NULL,NULL,NULL,NULL,NULL,NULL,NULL,NULL,NULL,NULL,NULL,NULL,NULL,0,0,NULL,NULL,0.0000,0.0000,0.0000,0.0000,0.0000,0.0000,0.0000,0.0000,0.0000,NULL,NULL,0.0000,0.0000,0.0000,0.0000,NULL,'N;',NULL,NULL,NULL,0.0000,NULL,0.0000,0.0000,0.0000,NULL,NULL,NULL,NULL,NULL,NULL,NULL,NULL,NULL,NULL),(974,473,'2019-08-30 20:01:07','0000-00-00 00:00:00',359,0,NULL,'shipping','els_ringer@yahoo.com',NULL,NULL,NULL,NULL,NULL,NULL,NULL,NULL,NULL,NULL,NULL,NULL,NULL,NULL,1,0,NULL,NULL,0.0000,0.0000,0.0000,0.0000,0.0000,0.0000,0.0000,0.0000,0.0000,NULL,NULL,0.0000,0.0000,0.0000,0.0000,NULL,'N;',NULL,NULL,NULL,0.0000,NULL,0.0000,0.0000,0.0000,NULL,NULL,NULL,NULL,NULL,NULL,NULL,NULL,NULL,NULL),(975,474,'2019-08-31 03:52:38','0000-00-00 00:00:00',360,0,NULL,'billing','jenny@callhullco.com',NULL,NULL,NULL,NULL,NULL,NULL,NULL,NULL,NULL,NULL,NULL,NULL,NULL,NULL,0,0,NULL,NULL,0.0000,0.0000,0.0000,0.0000,0.0000,0.0000,0.0000,0.0000,0.0000,NULL,NULL,0.0000,0.0000,0.0000,0.0000,NULL,'N;',NULL,NULL,NULL,0.0000,NULL,0.0000,0.0000,0.0000,NULL,NULL,NULL,NULL,NULL,NULL,NULL,NULL,NULL,NULL),(976,474,'2019-08-31 03:52:38','0000-00-00 00:00:00',360,0,NULL,'shipping','jenny@callhullco.com',NULL,NULL,NULL,NULL,NULL,NULL,NULL,NULL,NULL,NULL,NULL,NULL,NULL,NULL,1,0,NULL,NULL,0.0000,0.0000,0.0000,0.0000,0.0000,0.0000,0.0000,0.0000,0.0000,NULL,NULL,0.0000,0.0000,0.0000,0.0000,NULL,'N;',NULL,NULL,NULL,0.0000,NULL,0.0000,0.0000,0.0000,NULL,NULL,NULL,NULL,NULL,NULL,NULL,NULL,NULL,NULL),(977,475,'2019-08-31 12:08:51','0000-00-00 00:00:00',361,0,NULL,'billing','lockieauberon@yahoo.com',NULL,NULL,NULL,NULL,NULL,NULL,NULL,NULL,NULL,NULL,NULL,NULL,NULL,NULL,0,0,NULL,NULL,0.0000,0.0000,0.0000,0.0000,0.0000,0.0000,0.0000,0.0000,0.0000,NULL,NULL,0.0000,0.0000,0.0000,0.0000,NULL,'N;',NULL,NULL,NULL,0.0000,NULL,0.0000,0.0000,0.0000,NULL,NULL,NULL,NULL,NULL,NULL,NULL,NULL,NULL,NULL),(978,475,'2019-08-31 12:08:51','0000-00-00 00:00:00',361,0,NULL,'shipping','lockieauberon@yahoo.com',NULL,NULL,NULL,NULL,NULL,NULL,NULL,NULL,NULL,NULL,NULL,NULL,NULL,NULL,1,0,NULL,NULL,0.0000,0.0000,0.0000,0.0000,0.0000,0.0000,0.0000,0.0000,0.0000,NULL,NULL,0.0000,0.0000,0.0000,0.0000,NULL,'N;',NULL,NULL,NULL,0.0000,NULL,0.0000,0.0000,0.0000,NULL,NULL,NULL,NULL,NULL,NULL,NULL,NULL,NULL,NULL),(979,476,'2019-08-31 20:23:18','0000-00-00 00:00:00',362,0,NULL,'billing','farquharson.p@yahoo.com',NULL,NULL,NULL,NULL,NULL,NULL,NULL,NULL,NULL,NULL,NULL,NULL,NULL,NULL,0,0,NULL,NULL,0.0000,0.0000,0.0000,0.0000,0.0000,0.0000,0.0000,0.0000,0.0000,NULL,NULL,0.0000,0.0000,0.0000,0.0000,NULL,'N;',NULL,NULL,NULL,0.0000,NULL,0.0000,0.0000,0.0000,NULL,NULL,NULL,NULL,NULL,NULL,NULL,NULL,NULL,NULL),(980,476,'2019-08-31 20:23:18','0000-00-00 00:00:00',362,0,NULL,'shipping','farquharson.p@yahoo.com',NULL,NULL,NULL,NULL,NULL,NULL,NULL,NULL,NULL,NULL,NULL,NULL,NULL,NULL,1,0,NULL,NULL,0.0000,0.0000,0.0000,0.0000,0.0000,0.0000,0.0000,0.0000,0.0000,NULL,NULL,0.0000,0.0000,0.0000,0.0000,NULL,'N;',NULL,NULL,NULL,0.0000,NULL,0.0000,0.0000,0.0000,NULL,NULL,NULL,NULL,NULL,NULL,NULL,NULL,NULL,NULL),(981,477,'2019-09-01 16:39:46','0000-00-00 00:00:00',363,0,NULL,'billing','sdevine@stratussystems.com',NULL,NULL,NULL,NULL,NULL,NULL,NULL,NULL,NULL,NULL,NULL,NULL,NULL,NULL,0,0,NULL,NULL,0.0000,0.0000,0.0000,0.0000,0.0000,0.0000,0.0000,0.0000,0.0000,NULL,NULL,0.0000,0.0000,0.0000,0.0000,NULL,'N;',NULL,NULL,NULL,0.0000,NULL,0.0000,0.0000,0.0000,NULL,NULL,NULL,NULL,NULL,NULL,NULL,NULL,NULL,NULL),(982,477,'2019-09-01 16:39:46','0000-00-00 00:00:00',363,0,NULL,'shipping','sdevine@stratussystems.com',NULL,NULL,NULL,NULL,NULL,NULL,NULL,NULL,NULL,NULL,NULL,NULL,NULL,NULL,1,0,NULL,NULL,0.0000,0.0000,0.0000,0.0000,0.0000,0.0000,0.0000,0.0000,0.0000,NULL,NULL,0.0000,0.0000,0.0000,0.0000,NULL,'N;',NULL,NULL,NULL,0.0000,NULL,0.0000,0.0000,0.0000,NULL,NULL,NULL,NULL,NULL,NULL,NULL,NULL,NULL,NULL),(983,478,'2019-09-01 18:50:18','0000-00-00 00:00:00',364,0,NULL,'billing','oldhomefarm@frontier.com',NULL,NULL,NULL,NULL,NULL,NULL,NULL,NULL,NULL,NULL,NULL,NULL,NULL,NULL,0,0,NULL,NULL,0.0000,0.0000,0.0000,0.0000,0.0000,0.0000,0.0000,0.0000,0.0000,NULL,NULL,0.0000,0.0000,0.0000,0.0000,NULL,'N;',NULL,NULL,NULL,0.0000,NULL,0.0000,0.0000,0.0000,NULL,NULL,NULL,NULL,NULL,NULL,NULL,NULL,NULL,NULL),(984,478,'2019-09-01 18:50:18','0000-00-00 00:00:00',364,0,NULL,'shipping','oldhomefarm@frontier.com',NULL,NULL,NULL,NULL,NULL,NULL,NULL,NULL,NULL,NULL,NULL,NULL,NULL,NULL,1,0,NULL,NULL,0.0000,0.0000,0.0000,0.0000,0.0000,0.0000,0.0000,0.0000,0.0000,NULL,NULL,0.0000,0.0000,0.0000,0.0000,NULL,'N;',NULL,NULL,NULL,0.0000,NULL,0.0000,0.0000,0.0000,NULL,NULL,NULL,NULL,NULL,NULL,NULL,NULL,NULL,NULL),(985,479,'2019-09-01 20:39:35','0000-00-00 00:00:00',365,0,NULL,'billing','demetre_noel@yahoo.com',NULL,NULL,NULL,NULL,NULL,NULL,NULL,NULL,NULL,NULL,NULL,NULL,NULL,NULL,0,0,NULL,NULL,0.0000,0.0000,0.0000,0.0000,0.0000,0.0000,0.0000,0.0000,0.0000,NULL,NULL,0.0000,0.0000,0.0000,0.0000,NULL,'N;',NULL,NULL,NULL,0.0000,NULL,0.0000,0.0000,0.0000,NULL,NULL,NULL,NULL,NULL,NULL,NULL,NULL,NULL,NULL),(986,479,'2019-09-01 20:39:35','0000-00-00 00:00:00',365,0,NULL,'shipping','demetre_noel@yahoo.com',NULL,NULL,NULL,NULL,NULL,NULL,NULL,NULL,NULL,NULL,NULL,NULL,NULL,NULL,1,0,NULL,NULL,0.0000,0.0000,0.0000,0.0000,0.0000,0.0000,0.0000,0.0000,0.0000,NULL,NULL,0.0000,0.0000,0.0000,0.0000,NULL,'N;',NULL,NULL,NULL,0.0000,NULL,0.0000,0.0000,0.0000,NULL,NULL,NULL,NULL,NULL,NULL,NULL,NULL,NULL,NULL),(987,480,'2019-09-02 02:39:08','0000-00-00 00:00:00',366,0,NULL,'billing','ivesmansergh@yahoo.com',NULL,NULL,NULL,NULL,NULL,NULL,NULL,NULL,NULL,NULL,NULL,NULL,NULL,NULL,0,0,NULL,NULL,0.0000,0.0000,0.0000,0.0000,0.0000,0.0000,0.0000,0.0000,0.0000,NULL,NULL,0.0000,0.0000,0.0000,0.0000,NULL,'N;',NULL,NULL,NULL,0.0000,NULL,0.0000,0.0000,0.0000,NULL,NULL,NULL,NULL,NULL,NULL,NULL,NULL,NULL,NULL),(988,480,'2019-09-02 02:39:08','0000-00-00 00:00:00',366,0,NULL,'shipping','ivesmansergh@yahoo.com',NULL,NULL,NULL,NULL,NULL,NULL,NULL,NULL,NULL,NULL,NULL,NULL,NULL,NULL,1,0,NULL,NULL,0.0000,0.0000,0.0000,0.0000,0.0000,0.0000,0.0000,0.0000,0.0000,NULL,NULL,0.0000,0.0000,0.0000,0.0000,NULL,'N;',NULL,NULL,NULL,0.0000,NULL,0.0000,0.0000,0.0000,NULL,NULL,NULL,NULL,NULL,NULL,NULL,NULL,NULL,NULL),(989,481,'2019-09-02 08:47:38','0000-00-00 00:00:00',367,0,NULL,'billing','herschelkhune@yahoo.com',NULL,NULL,NULL,NULL,NULL,NULL,NULL,NULL,NULL,NULL,NULL,NULL,NULL,NULL,0,0,NULL,NULL,0.0000,0.0000,0.0000,0.0000,0.0000,0.0000,0.0000,0.0000,0.0000,NULL,NULL,0.0000,0.0000,0.0000,0.0000,NULL,'N;',NULL,NULL,NULL,0.0000,NULL,0.0000,0.0000,0.0000,NULL,NULL,NULL,NULL,NULL,NULL,NULL,NULL,NULL,NULL),(990,481,'2019-09-02 08:47:38','0000-00-00 00:00:00',367,0,NULL,'shipping','herschelkhune@yahoo.com',NULL,NULL,NULL,NULL,NULL,NULL,NULL,NULL,NULL,NULL,NULL,NULL,NULL,NULL,1,0,NULL,NULL,0.0000,0.0000,0.0000,0.0000,0.0000,0.0000,0.0000,0.0000,0.0000,NULL,NULL,0.0000,0.0000,0.0000,0.0000,NULL,'N;',NULL,NULL,NULL,0.0000,NULL,0.0000,0.0000,0.0000,NULL,NULL,NULL,NULL,NULL,NULL,NULL,NULL,NULL,NULL),(991,482,'2019-09-02 22:25:48','0000-00-00 00:00:00',368,0,NULL,'billing','sonhercule@yahoo.com',NULL,NULL,NULL,NULL,NULL,NULL,NULL,NULL,NULL,NULL,NULL,NULL,NULL,NULL,0,0,NULL,NULL,0.0000,0.0000,0.0000,0.0000,0.0000,0.0000,0.0000,0.0000,0.0000,NULL,NULL,0.0000,0.0000,0.0000,0.0000,NULL,'N;',NULL,NULL,NULL,0.0000,NULL,0.0000,0.0000,0.0000,NULL,NULL,NULL,NULL,NULL,NULL,NULL,NULL,NULL,NULL),(992,482,'2019-09-02 22:25:48','0000-00-00 00:00:00',368,0,NULL,'shipping','sonhercule@yahoo.com',NULL,NULL,NULL,NULL,NULL,NULL,NULL,NULL,NULL,NULL,NULL,NULL,NULL,NULL,1,0,NULL,NULL,0.0000,0.0000,0.0000,0.0000,0.0000,0.0000,0.0000,0.0000,0.0000,NULL,NULL,0.0000,0.0000,0.0000,0.0000,NULL,'N;',NULL,NULL,NULL,0.0000,NULL,0.0000,0.0000,0.0000,NULL,NULL,NULL,NULL,NULL,NULL,NULL,NULL,NULL,NULL),(993,483,'2019-09-03 21:36:56','0000-00-00 00:00:00',369,0,NULL,'billing','pepper.jard@yahoo.com',NULL,NULL,NULL,NULL,NULL,NULL,NULL,NULL,NULL,NULL,NULL,NULL,NULL,NULL,0,0,NULL,NULL,0.0000,0.0000,0.0000,0.0000,0.0000,0.0000,0.0000,0.0000,0.0000,NULL,NULL,0.0000,0.0000,0.0000,0.0000,NULL,'N;',NULL,NULL,NULL,0.0000,NULL,0.0000,0.0000,0.0000,NULL,NULL,NULL,NULL,NULL,NULL,NULL,NULL,NULL,NULL),(994,483,'2019-09-03 21:36:56','0000-00-00 00:00:00',369,0,NULL,'shipping','pepper.jard@yahoo.com',NULL,NULL,NULL,NULL,NULL,NULL,NULL,NULL,NULL,NULL,NULL,NULL,NULL,NULL,1,0,NULL,NULL,0.0000,0.0000,0.0000,0.0000,0.0000,0.0000,0.0000,0.0000,0.0000,NULL,NULL,0.0000,0.0000,0.0000,0.0000,NULL,'N;',NULL,NULL,NULL,0.0000,NULL,0.0000,0.0000,0.0000,NULL,NULL,NULL,NULL,NULL,NULL,NULL,NULL,NULL,NULL),(995,484,'2019-09-04 05:46:57','0000-00-00 00:00:00',370,0,NULL,'billing','melanie@cfspecial.com',NULL,NULL,NULL,NULL,NULL,NULL,NULL,NULL,NULL,NULL,NULL,NULL,NULL,NULL,0,0,NULL,NULL,0.0000,0.0000,0.0000,0.0000,0.0000,0.0000,0.0000,0.0000,0.0000,NULL,NULL,0.0000,0.0000,0.0000,0.0000,NULL,'N;',NULL,NULL,NULL,0.0000,NULL,0.0000,0.0000,0.0000,NULL,NULL,NULL,NULL,NULL,NULL,NULL,NULL,NULL,NULL),(996,484,'2019-09-04 05:46:57','0000-00-00 00:00:00',370,0,NULL,'shipping','melanie@cfspecial.com',NULL,NULL,NULL,NULL,NULL,NULL,NULL,NULL,NULL,NULL,NULL,NULL,NULL,NULL,1,0,NULL,NULL,0.0000,0.0000,0.0000,0.0000,0.0000,0.0000,0.0000,0.0000,0.0000,NULL,NULL,0.0000,0.0000,0.0000,0.0000,NULL,'N;',NULL,NULL,NULL,0.0000,NULL,0.0000,0.0000,0.0000,NULL,NULL,NULL,NULL,NULL,NULL,NULL,NULL,NULL,NULL),(997,485,'2019-09-04 07:06:40','0000-00-00 00:00:00',371,0,NULL,'billing','thageman@claritywatertech.com',NULL,NULL,NULL,NULL,NULL,NULL,NULL,NULL,NULL,NULL,NULL,NULL,NULL,NULL,0,0,NULL,NULL,0.0000,0.0000,0.0000,0.0000,0.0000,0.0000,0.0000,0.0000,0.0000,NULL,NULL,0.0000,0.0000,0.0000,0.0000,NULL,'N;',NULL,NULL,NULL,0.0000,NULL,0.0000,0.0000,0.0000,NULL,NULL,NULL,NULL,NULL,NULL,NULL,NULL,NULL,NULL),(998,485,'2019-09-04 07:06:40','0000-00-00 00:00:00',371,0,NULL,'shipping','thageman@claritywatertech.com',NULL,NULL,NULL,NULL,NULL,NULL,NULL,NULL,NULL,NULL,NULL,NULL,NULL,NULL,1,0,NULL,NULL,0.0000,0.0000,0.0000,0.0000,0.0000,0.0000,0.0000,0.0000,0.0000,NULL,NULL,0.0000,0.0000,0.0000,0.0000,NULL,'N;',NULL,NULL,NULL,0.0000,NULL,0.0000,0.0000,0.0000,NULL,NULL,NULL,NULL,NULL,NULL,NULL,NULL,NULL,NULL),(999,486,'2019-09-04 08:13:02','0000-00-00 00:00:00',372,0,NULL,'billing','prescott.wilton@yahoo.com',NULL,NULL,NULL,NULL,NULL,NULL,NULL,NULL,NULL,NULL,NULL,NULL,NULL,NULL,0,0,NULL,NULL,0.0000,0.0000,0.0000,0.0000,0.0000,0.0000,0.0000,0.0000,0.0000,NULL,NULL,0.0000,0.0000,0.0000,0.0000,NULL,'N;',NULL,NULL,NULL,0.0000,NULL,0.0000,0.0000,0.0000,NULL,NULL,NULL,NULL,NULL,NULL,NULL,NULL,NULL,NULL),(1000,486,'2019-09-04 08:13:02','0000-00-00 00:00:00',372,0,NULL,'shipping','prescott.wilton@yahoo.com',NULL,NULL,NULL,NULL,NULL,NULL,NULL,NULL,NULL,NULL,NULL,NULL,NULL,NULL,1,0,NULL,NULL,0.0000,0.0000,0.0000,0.0000,0.0000,0.0000,0.0000,0.0000,0.0000,NULL,NULL,0.0000,0.0000,0.0000,0.0000,NULL,'N;',NULL,NULL,NULL,0.0000,NULL,0.0000,0.0000,0.0000,NULL,NULL,NULL,NULL,NULL,NULL,NULL,NULL,NULL,NULL),(1001,487,'2019-09-04 16:25:31','0000-00-00 00:00:00',373,0,NULL,'billing','leidy538@live.com',NULL,NULL,NULL,NULL,NULL,NULL,NULL,NULL,NULL,NULL,NULL,NULL,NULL,NULL,0,0,NULL,NULL,0.0000,0.0000,0.0000,0.0000,0.0000,0.0000,0.0000,0.0000,0.0000,NULL,NULL,0.0000,0.0000,0.0000,0.0000,NULL,'N;',NULL,NULL,NULL,0.0000,NULL,0.0000,0.0000,0.0000,NULL,NULL,NULL,NULL,NULL,NULL,NULL,NULL,NULL,NULL),(1002,487,'2019-09-04 16:25:31','0000-00-00 00:00:00',373,0,NULL,'shipping','leidy538@live.com',NULL,NULL,NULL,NULL,NULL,NULL,NULL,NULL,NULL,NULL,NULL,NULL,NULL,NULL,1,0,NULL,NULL,0.0000,0.0000,0.0000,0.0000,0.0000,0.0000,0.0000,0.0000,0.0000,NULL,NULL,0.0000,0.0000,0.0000,0.0000,NULL,'N;',NULL,NULL,NULL,0.0000,NULL,0.0000,0.0000,0.0000,NULL,NULL,NULL,NULL,NULL,NULL,NULL,NULL,NULL,NULL),(1003,488,'2019-09-04 17:43:55','0000-00-00 00:00:00',374,0,NULL,'billing','tonishaprice@gmail.com',NULL,NULL,NULL,NULL,NULL,NULL,NULL,NULL,NULL,NULL,NULL,NULL,NULL,NULL,0,0,NULL,NULL,0.0000,0.0000,0.0000,0.0000,0.0000,0.0000,0.0000,0.0000,0.0000,NULL,NULL,0.0000,0.0000,0.0000,0.0000,NULL,'N;',NULL,NULL,NULL,0.0000,NULL,0.0000,0.0000,0.0000,NULL,NULL,NULL,NULL,NULL,NULL,NULL,NULL,NULL,NULL),(1004,488,'2019-09-04 17:43:55','0000-00-00 00:00:00',374,0,NULL,'shipping','tonishaprice@gmail.com',NULL,NULL,NULL,NULL,NULL,NULL,NULL,NULL,NULL,NULL,NULL,NULL,NULL,NULL,1,0,NULL,NULL,0.0000,0.0000,0.0000,0.0000,0.0000,0.0000,0.0000,0.0000,0.0000,NULL,NULL,0.0000,0.0000,0.0000,0.0000,NULL,'N;',NULL,NULL,NULL,0.0000,NULL,0.0000,0.0000,0.0000,NULL,NULL,NULL,NULL,NULL,NULL,NULL,NULL,NULL,NULL),(1005,489,'2019-09-04 18:09:25','0000-00-00 00:00:00',375,0,NULL,'billing','saundra@slclm.com',NULL,NULL,NULL,NULL,NULL,NULL,NULL,NULL,NULL,NULL,NULL,NULL,NULL,NULL,0,0,NULL,NULL,0.0000,0.0000,0.0000,0.0000,0.0000,0.0000,0.0000,0.0000,0.0000,NULL,NULL,0.0000,0.0000,0.0000,0.0000,NULL,'N;',NULL,NULL,NULL,0.0000,NULL,0.0000,0.0000,0.0000,NULL,NULL,NULL,NULL,NULL,NULL,NULL,NULL,NULL,NULL),(1006,489,'2019-09-04 18:09:25','0000-00-00 00:00:00',375,0,NULL,'shipping','saundra@slclm.com',NULL,NULL,NULL,NULL,NULL,NULL,NULL,NULL,NULL,NULL,NULL,NULL,NULL,NULL,1,0,NULL,NULL,0.0000,0.0000,0.0000,0.0000,0.0000,0.0000,0.0000,0.0000,0.0000,NULL,NULL,0.0000,0.0000,0.0000,0.0000,NULL,'N;',NULL,NULL,NULL,0.0000,NULL,0.0000,0.0000,0.0000,NULL,NULL,NULL,NULL,NULL,NULL,NULL,NULL,NULL,NULL),(1007,490,'2019-09-04 21:59:16','0000-00-00 00:00:00',376,0,NULL,'billing','jim.lake@usor.com',NULL,NULL,NULL,NULL,NULL,NULL,NULL,NULL,NULL,NULL,NULL,NULL,NULL,NULL,0,0,NULL,NULL,0.0000,0.0000,0.0000,0.0000,0.0000,0.0000,0.0000,0.0000,0.0000,NULL,NULL,0.0000,0.0000,0.0000,0.0000,NULL,'N;',NULL,NULL,NULL,0.0000,NULL,0.0000,0.0000,0.0000,NULL,NULL,NULL,NULL,NULL,NULL,NULL,NULL,NULL,NULL),(1008,490,'2019-09-04 21:59:16','0000-00-00 00:00:00',376,0,NULL,'shipping','jim.lake@usor.com',NULL,NULL,NULL,NULL,NULL,NULL,NULL,NULL,NULL,NULL,NULL,NULL,NULL,NULL,1,0,NULL,NULL,0.0000,0.0000,0.0000,0.0000,0.0000,0.0000,0.0000,0.0000,0.0000,NULL,NULL,0.0000,0.0000,0.0000,0.0000,NULL,'N;',NULL,NULL,NULL,0.0000,NULL,0.0000,0.0000,0.0000,NULL,NULL,NULL,NULL,NULL,NULL,NULL,NULL,NULL,NULL),(1009,491,'2019-09-04 22:06:05','0000-00-00 00:00:00',377,0,NULL,'billing','mccallbourke@yahoo.com',NULL,NULL,NULL,NULL,NULL,NULL,NULL,NULL,NULL,NULL,NULL,NULL,NULL,NULL,0,0,NULL,NULL,0.0000,0.0000,0.0000,0.0000,0.0000,0.0000,0.0000,0.0000,0.0000,NULL,NULL,0.0000,0.0000,0.0000,0.0000,NULL,'N;',NULL,NULL,NULL,0.0000,NULL,0.0000,0.0000,0.0000,NULL,NULL,NULL,NULL,NULL,NULL,NULL,NULL,NULL,NULL),(1010,491,'2019-09-04 22:06:05','0000-00-00 00:00:00',377,0,NULL,'shipping','mccallbourke@yahoo.com',NULL,NULL,NULL,NULL,NULL,NULL,NULL,NULL,NULL,NULL,NULL,NULL,NULL,NULL,1,0,NULL,NULL,0.0000,0.0000,0.0000,0.0000,0.0000,0.0000,0.0000,0.0000,0.0000,NULL,NULL,0.0000,0.0000,0.0000,0.0000,NULL,'N;',NULL,NULL,NULL,0.0000,NULL,0.0000,0.0000,0.0000,NULL,NULL,NULL,NULL,NULL,NULL,NULL,NULL,NULL,NULL),(1011,492,'2019-09-05 00:18:30','0000-00-00 00:00:00',378,0,NULL,'billing','te553@netscape.net',NULL,NULL,NULL,NULL,NULL,NULL,NULL,NULL,NULL,NULL,NULL,NULL,NULL,NULL,0,0,NULL,NULL,0.0000,0.0000,0.0000,0.0000,0.0000,0.0000,0.0000,0.0000,0.0000,NULL,NULL,0.0000,0.0000,0.0000,0.0000,NULL,'N;',NULL,NULL,NULL,0.0000,NULL,0.0000,0.0000,0.0000,NULL,NULL,NULL,NULL,NULL,NULL,NULL,NULL,NULL,NULL),(1012,492,'2019-09-05 00:18:30','0000-00-00 00:00:00',378,0,NULL,'shipping','te553@netscape.net',NULL,NULL,NULL,NULL,NULL,NULL,NULL,NULL,NULL,NULL,NULL,NULL,NULL,NULL,1,0,NULL,NULL,0.0000,0.0000,0.0000,0.0000,0.0000,0.0000,0.0000,0.0000,0.0000,NULL,NULL,0.0000,0.0000,0.0000,0.0000,NULL,'N;',NULL,NULL,NULL,0.0000,NULL,0.0000,0.0000,0.0000,NULL,NULL,NULL,NULL,NULL,NULL,NULL,NULL,NULL,NULL),