-- Table structure for table `quote_address_item`
--

CREATE TABLE `quote_address_item` (
  `address_item_id` int(10) unsigned NOT NULL AUTO_INCREMENT COMMENT 'Address Item Id',
  `parent_item_id` int(10) unsigned DEFAULT NULL COMMENT 'Parent Item Id',
  `quote_address_id` int(10) unsigned NOT NULL DEFAULT '0' COMMENT 'Quote Address Id',
  `quote_item_id` int(10) unsigned NOT NULL DEFAULT '0' COMMENT 'Quote Item Id',
  `created_at` timestamp NOT NULL DEFAULT CURRENT_TIMESTAMP COMMENT 'Created At',
  `updated_at` timestamp NOT NULL DEFAULT '0000-00-00 00:00:00' ON UPDATE CURRENT_TIMESTAMP COMMENT 'Updated At',
  `applied_rule_ids` text COMMENT 'Applied Rule Ids',
  `additional_data` text COMMENT 'Additional Data',
  `weight` decimal(12,4) DEFAULT '0.0000' COMMENT 'Weight',
  `qty` decimal(12,4) NOT NULL DEFAULT '0.0000' COMMENT 'Qty',
  `discount_amount` decimal(12,4) DEFAULT '0.0000' COMMENT 'Discount Amount',
  `tax_amount` decimal(12,4) DEFAULT '0.0000' COMMENT 'Tax Amount',
  `row_total` decimal(12,4) NOT NULL DEFAULT '0.0000' COMMENT 'Row Total',
  `base_row_total` decimal(12,4) NOT NULL DEFAULT '0.0000' COMMENT 'Base Row Total',
  `row_total_with_discount` decimal(12,4) DEFAULT '0.0000' COMMENT 'Row Total With Discount',
  `base_discount_amount` decimal(12,4) DEFAULT '0.0000' COMMENT 'Base Discount Amount',
  `base_tax_amount` decimal(12,4) DEFAULT '0.0000' COMMENT 'Base Tax Amount',
  `row_weight` decimal(12,4) DEFAULT '0.0000' COMMENT 'Row Weight',
  `product_id` int(10) unsigned DEFAULT NULL COMMENT 'Product Id',
  `super_product_id` int(10) unsigned DEFAULT NULL COMMENT 'Super Product Id',
  `parent_product_id` int(10) unsigned DEFAULT NULL COMMENT 'Parent Product Id',
  `sku` varchar(255) DEFAULT NULL COMMENT 'Sku',
  `image` varchar(255) DEFAULT NULL COMMENT 'Image',
  `name` varchar(255) DEFAULT NULL COMMENT 'Name',
  `description` text COMMENT 'Description',
  `is_qty_decimal` int(10) unsigned DEFAULT NULL COMMENT 'Is Qty Decimal',
  `price` decimal(12,4) DEFAULT NULL COMMENT 'Price',
  `discount_percent` decimal(12,4) DEFAULT NULL COMMENT 'Discount Percent',
  `no_discount` int(10) unsigned DEFAULT NULL COMMENT 'No Discount',
  `tax_percent` decimal(12,4) DEFAULT NULL COMMENT 'Tax Percent',
  `base_price` decimal(12,4) DEFAULT NULL COMMENT 'Base Price',
  `base_cost` decimal(12,4) DEFAULT NULL COMMENT 'Base Cost',
  `price_incl_tax` decimal(12,4) DEFAULT NULL COMMENT 'Price Incl Tax',
  `base_price_incl_tax` decimal(12,4) DEFAULT NULL COMMENT 'Base Price Incl Tax',
  `row_total_incl_tax` decimal(12,4) DEFAULT NULL COMMENT 'Row Total Incl Tax',
  `base_row_total_incl_tax` decimal(12,4) DEFAULT NULL COMMENT 'Base Row Total Incl Tax',
  `discount_tax_compensation_amount` decimal(12,4) DEFAULT NULL COMMENT 'Discount Tax Compensation Amount',
  `base_discount_tax_compensation_amount` decimal(12,4) DEFAULT NULL COMMENT 'Base Discount Tax Compensation Amount',
  `free_shipping` int(11) DEFAULT NULL,
  `gift_message_id` int(11) DEFAULT NULL COMMENT 'Gift Message Id',
  PRIMARY KEY (`address_item_id`),
  KEY `QUOTE_ADDRESS_ITEM_QUOTE_ADDRESS_ID` (`quote_address_id`),
  KEY `QUOTE_ADDRESS_ITEM_PARENT_ITEM_ID` (`parent_item_id`),
  KEY `QUOTE_ADDRESS_ITEM_QUOTE_ITEM_ID` (`quote_item_id`),
  CONSTRAINT `QUOTE_ADDRESS_ITEM_QUOTE_ITEM_ID_QUOTE_ITEM_ITEM_ID` FOREIGN KEY (`quote_item_id`) REFERENCES `quote_item` (`item_id`) ON DELETE CASCADE,
  CONSTRAINT `QUOTE_ADDR_ITEM_PARENT_ITEM_ID_QUOTE_ADDR_ITEM_ADDR_ITEM_ID` FOREIGN KEY (`parent_item_id`) REFERENCES `quote_address_item` (`address_item_id`) ON DELETE CASCADE,
  CONSTRAINT `QUOTE_ADDR_ITEM_QUOTE_ADDR_ID_QUOTE_ADDR_ADDR_ID` FOREIGN KEY (`quote_address_id`) REFERENCES `quote_address` (`address_id`) ON DELETE CASCADE
) ENGINE=InnoDB DEFAULT CHARSET=utf8 COMMENT='Sales Flat Quote Address Item';

--
-- Dumping data for table `quote_address_item`
--


--
-- Table structure for table `quote_id_mask`
--

CREATE TABLE `quote_id_mask` (
  `entity_id` int(10) unsigned NOT NULL AUTO_INCREMENT COMMENT 'Entity Id',
  `quote_id` int(10) unsigned NOT NULL COMMENT 'Quote ID',
  `masked_id` varchar(32) DEFAULT NULL COMMENT 'Masked ID',
  PRIMARY KEY (`entity_id`,`quote_id`),
  KEY `QUOTE_ID_MASK_QUOTE_ID` (`quote_id`),
  KEY `QUOTE_ID_MASK_MASKED_ID` (`masked_id`),
  CONSTRAINT `QUOTE_ID_MASK_QUOTE_ID_QUOTE_ENTITY_ID` FOREIGN KEY (`quote_id`) REFERENCES `quote` (`entity_id`) ON DELETE CASCADE
) ENGINE=InnoDB AUTO_INCREMENT=127 DEFAULT CHARSET=utf8 COMMENT='Quote ID and masked ID mapping';

--
-- Dumping data for table `quote_id_mask`
--

INSERT INTO `quote_id_mask` VALUES (62,63,'0163472bb488d10a5520675e8d2b8300'),(10,10,'040e72ed3118e80e23a476c68b17796c'),(80,82,'07423265fef6e11a5216c28824ce84b9'),(46,46,'07bc13d7d674d8b589927bcd66221def'),(61,62,'09b87cf551f412a5604a4aaee50da20a'),(85,87,'0a187bd686bda82765af7d384035bd57'),(3,3,'0b4e7e8b78cc1670959a39ea72f6eb57'),(116,423,'127061840733f3b6f414ee9bbd6c8147'),(79,81,'18e0a2543122bbc00dc5ea190e06f220'),(125,759,'19c843b57cf683dbc7ba37f228ee361e'),(83,85,'1a3253f726537e95ed8fa1b7f7d9ceb0'),(89,92,'1cd3d1aabc98a8a2e5ad67b4c7cec86d'),(106,109,'24084485589b472fdb96bc3880090971'),(123,743,'273b6fe683f9998d9862b158405522c5'),(36,36,'274267f3fec73f81ed7e2d545b3c9d9c'),(115,422,'2a28bce968d17a9990f01bd062bd96d3'),(88,91,'2cb5cc991a6961e70e4e8f4c91dd0e1d'),(118,429,'2de3d2ccdac79cd30fdbef2bcf307d94'),(71,72,'2dfeb5891bf2e01de7c672263f4dd9bb'),(120,654,'32890e8de7a54a6420a31a0dcede4d67'),(76,77,'3743b09a068cf8674325608e6732fd24'),(87,90,'387c02762ed26e4fa3c6f6a9b311c101'),(119,512,'3baa7428d614e76356d27d7aa853c7c6'),(117,427,'3c7a8d6cf17a7909081456c2c1578c29'),(92,95,'48b12324ded6bf3a542d01342aad0aa7'),(13,13,'4aa9d93e3bba065810a79775f79c4afa'),(104,107,'4ae0ca3c203498f02c4030af38d761f6'),(12,12,'4cdde0bba7f87a0027e316f8348fe25f'),(86,88,'503ec1482183566d4d757a5a043cd288'),(78,79,'50cf551edab7f6b3e579330826fde2db'),(53,54,'511abbc2c415cfae3084060eb74c1570'),(112,338,'5545562b051d87bb9ef872e6ffb3fe18'),(57,58,'5737603ebdc01c092e6ddef32c7147f4'),(94,97,'5a87170239a8519c0cf74daa5501c1d8'),(70,71,'5baa53920dcc00880901f9f3f627b0b3'),(56,57,'5d01437f9a650ea171e38c6b9c326218'),(114,404,'5e49acce50c7bb35652b78d07a8201d6'),(91,94,'5f2f4bc77713fb6215929311d6a45b8b'),(15,15,'638e67d447695863922ab912b48dd512'),(82,84,'6735f1b316f32a6448cbd6549dadf446'),(72,73,'69f2abf1390ce896c24f4462980235ba'),(60,61,'6b0ae6cb3c15480e7eb9e2ec4affa484'),(11,11,'71126b649a57135cedd6ecc45bb503ed'),(66,67,'71b1f86068414b3d3932d6c236e3040d'),(58,59,'73a2d8ec5abd504a8797cf8f375b636d'),(55,56,'75ba0f1a4f3987f75835263f24d006b6'),(51,52,'7812987e6afe325569ed8aa212e1efac'),(96,99,'7ca48f964f4d6d36c12cf475f67668fe'),(121,735,'7ce1dd8069016b01878fc235fa496c62'),(52,53,'7e4c339354984eacfe91634be2908cba'),(59,60,'7fc0fad639b95b4e339a39dfa9a4ea48'),(4,4,'829b3af1d7473afdfbaaa7a66a0faf66'),(54,55,'8356103de26f018de0228070ec0ef9ed'),(43,43,'83575d85f3354cc2c91370db9de9b33f'),(101,104,'856b3c2c3e9fb0d64c41bee024aad80f'),(90,93,'892a726c87f7294413dd957aef31f60b'),(100,103,'8c8a14dd0f3c134e760e629dffe2c47e'),(48,48,'8c8be65b818ac1240dda249240ad2759'),(84,86,'8d6bf32dfc6ac33cc3b9e660685eecc4'),(50,50,'90fb1ce7a4ba0dd89d1f119c703a2708'),(74,75,'9460000703df4636d0e8540dbf5fed23'),(98,101,'95186ef8e111524c7b652d0a0f1c2d32'),(97,100,'96b2e684076ae7555b4b116d445f49e0'),(63,64,'9e99bf32d268861a40eece8b99302362'),(65,66,'a778b992f337c1a0d91f8bbce7df1266'),(7,7,'a95c180471afc0dcfb3ac75e1dcd62b7'),(113,367,'aa618f233047719cac3ab412e4b5d867'),(126,1033,'ab562e8c08096f49983dd0779a9bb24c'),(95,98,'abc860a87a5063781e72f64afea77ff2'),(45,45,'af48b777bc7fdf69ad1b387cfbb3affb'),(49,49,'b18751868643632bd2feb63533d22b9c'),(122,742,'b1943e597c28332d1276163903f1dc84'),(34,34,'b486fa36a58c4c189a6c0a80baff201f'),(93,96,'b4d4f30fd7caff25d286a154452f534e'),(21,21,'b4fc4afce9be29c9d8d9708a41e977fe'),(107,134,'b69a3f0f1d7bf3bc81e2cd3fb6c5107b'),(41,41,'be4863ec3782fb5c25add95fe1f614b6'),(69,70,'be8f3d4c9b8fc2a39a0c70c5d2b3025a'),(20,20,'bec3995c620ab9b29660a2b14547063e'),(68,69,'bf3014d66f58456816b2519c50fa7958'),(81,83,'bf982ba009b9dc9ae4ba74b4d11f5589'),(64,65,'bfa8f23692b1471de984d0d3d8d19976'),(42,42,'c00dc30a725dab3b55f3e88790e447ab'),(73,74,'c377018fd41170d268a50f9ecc4992c6'),(16,16,'caf8251b544d009adcfd4fc28c50734a'),(19,19,'cafe4df43ab89aefb87c50920fdde1c4'),(99,102,'ccb26b62fce926ad7ee53821e87abf80'),(103,106,'cd35cfa9be1f8f03dcbeb28d521d46b3'),(109,245,'cd8fa02cc734f253781a31db95961e7f'),(124,745,'cdfc99a7207e2168e6d2512fbca29932'),(108,135,'d452d0f8038860f557f611f9abe99cf5'),(105,108,'db511f28b10c4fe2bff9e4f9096a4300'),(67,68,'e51bbdc47b9236d512bbeb48e41b8503'),(102,105,'efafd6d5adc15080a5125d5b6e0ba108'),(18,18,'f3917369592a6bb250b60dc1447e447f'),(32,32,'f5798c7ecfb8ae78fa2f9c25e6e8ad12'),(14,14,'f66e83bdf8e7ccdd4e2f14cffd50f9cd'),(77,78,'fc72877dc9ed19465566f23f5f470571'),(75,76,'fdada1d6e4b8c37741b57cce970f9c9b');

--
-- Table structure for table `quote_item`
--

CREATE TABLE `quote_item` (
  `item_id` int(10) unsigned NOT NULL AUTO_INCREMENT COMMENT 'Item Id',
  `quote_id` int(10) unsigned NOT NULL DEFAULT '0' COMMENT 'Quote Id',
  `created_at` timestamp NOT NULL DEFAULT CURRENT_TIMESTAMP COMMENT 'Created At',
  `updated_at` timestamp NOT NULL DEFAULT '0000-00-00 00:00:00' ON UPDATE CURRENT_TIMESTAMP COMMENT 'Updated At',
  `product_id` int(10) unsigned DEFAULT NULL COMMENT 'Product Id',
  `store_id` smallint(5) unsigned DEFAULT NULL COMMENT 'Store Id',
  `parent_item_id` int(10) unsigned DEFAULT NULL COMMENT 'Parent Item Id',
  `is_virtual` smallint(5) unsigned DEFAULT NULL COMMENT 'Is Virtual',
  `sku` varchar(255) DEFAULT NULL COMMENT 'Sku',
  `name` varchar(255) DEFAULT NULL COMMENT 'Name',
  `description` text COMMENT 'Description',
  `applied_rule_ids` text COMMENT 'Applied Rule Ids',
  `additional_data` text COMMENT 'Additional Data',
  `is_qty_decimal` smallint(5) unsigned DEFAULT NULL COMMENT 'Is Qty Decimal',
  `no_discount` smallint(5) unsigned DEFAULT '0' COMMENT 'No Discount',
  `weight` decimal(12,4) DEFAULT '0.0000' COMMENT 'Weight',
  `qty` decimal(12,4) NOT NULL DEFAULT '0.0000' COMMENT 'Qty',
  `price` decimal(12,4) NOT NULL DEFAULT '0.0000' COMMENT 'Price',
  `base_price` decimal(12,4) NOT NULL DEFAULT '0.0000' COMMENT 'Base Price',
  `custom_price` decimal(12,4) DEFAULT NULL COMMENT 'Custom Price',
  `discount_percent` decimal(12,4) DEFAULT '0.0000' COMMENT 'Discount Percent',
  `discount_amount` decimal(12,4) DEFAULT '0.0000' COMMENT 'Discount Amount',
  `base_discount_amount` decimal(12,4) DEFAULT '0.0000' COMMENT 'Base Discount Amount',
  `tax_percent` decimal(12,4) DEFAULT '0.0000' COMMENT 'Tax Percent',
  `tax_amount` decimal(12,4) DEFAULT '0.0000' COMMENT 'Tax Amount',
  `base_tax_amount` decimal(12,4) DEFAULT '0.0000' COMMENT 'Base Tax Amount',
  `row_total` decimal(12,4) NOT NULL DEFAULT '0.0000' COMMENT 'Row Total',
  `base_row_total` decimal(12,4) NOT NULL DEFAULT '0.0000' COMMENT 'Base Row Total',
  `row_total_with_discount` decimal(12,4) DEFAULT '0.0000' COMMENT 'Row Total With Discount',
  `row_weight` decimal(12,4) DEFAULT '0.0000' COMMENT 'Row Weight',
  `product_type` varchar(255) DEFAULT NULL COMMENT 'Product Type',
  `base_tax_before_discount` decimal(12,4) DEFAULT NULL COMMENT 'Base Tax Before Discount',
  `tax_before_discount` decimal(12,4) DEFAULT NULL COMMENT 'Tax Before Discount',
  `original_custom_price` decimal(12,4) DEFAULT NULL COMMENT 'Original Custom Price',
  `redirect_url` varchar(255) DEFAULT NULL COMMENT 'Redirect Url',
  `base_cost` decimal(12,4) DEFAULT NULL COMMENT 'Base Cost',
  `price_incl_tax` decimal(12,4) DEFAULT NULL COMMENT 'Price Incl Tax',
  `base_price_incl_tax` decimal(12,4) DEFAULT NULL COMMENT 'Base Price Incl Tax',
  `row_total_incl_tax` decimal(12,4) DEFAULT NULL COMMENT 'Row Total Incl Tax',
  `base_row_total_incl_tax` decimal(12,4) DEFAULT NULL COMMENT 'Base Row Total Incl Tax',
  `discount_tax_compensation_amount` decimal(12,4) DEFAULT NULL COMMENT 'Discount Tax Compensation Amount',
  `base_discount_tax_compensation_amount` decimal(12,4) DEFAULT NULL COMMENT 'Base Discount Tax Compensation Amount',
  `free_shipping` smallint(6) DEFAULT NULL,
  `gift_message_id` int(11) DEFAULT NULL COMMENT 'Gift Message Id',
  `weee_tax_applied` text COMMENT 'Weee Tax Applied',
  `weee_tax_applied_amount` decimal(12,4) DEFAULT NULL COMMENT 'Weee Tax Applied Amount',
  `weee_tax_applied_row_amount` decimal(12,4) DEFAULT NULL COMMENT 'Weee Tax Applied Row Amount',
  `weee_tax_disposition` decimal(12,4) DEFAULT NULL COMMENT 'Weee Tax Disposition',
  `weee_tax_row_disposition` decimal(12,4) DEFAULT NULL COMMENT 'Weee Tax Row Disposition',
  `base_weee_tax_applied_amount` decimal(12,4) DEFAULT NULL COMMENT 'Base Weee Tax Applied Amount',
  `base_weee_tax_applied_row_amnt` decimal(12,4) DEFAULT NULL COMMENT 'Base Weee Tax Applied Row Amnt',
  `base_weee_tax_disposition` decimal(12,4) DEFAULT NULL COMMENT 'Base Weee Tax Disposition',
  `base_weee_tax_row_disposition` decimal(12,4) DEFAULT NULL COMMENT 'Base Weee Tax Row Disposition',
  PRIMARY KEY (`item_id`),
  KEY `QUOTE_ITEM_PARENT_ITEM_ID` (`parent_item_id`),
  KEY `QUOTE_ITEM_PRODUCT_ID` (`product_id`),
  KEY `QUOTE_ITEM_QUOTE_ID` (`quote_id`),
  KEY `QUOTE_ITEM_STORE_ID` (`store_id`),
  CONSTRAINT `QUOTE_ITEM_PARENT_ITEM_ID_QUOTE_ITEM_ITEM_ID` FOREIGN KEY (`parent_item_id`) REFERENCES `quote_item` (`item_id`) ON DELETE CASCADE,
  CONSTRAINT `QUOTE_ITEM_QUOTE_ID_QUOTE_ENTITY_ID` FOREIGN KEY (`quote_id`) REFERENCES `quote` (`entity_id`) ON DELETE CASCADE,
  CONSTRAINT `QUOTE_ITEM_STORE_ID_STORE_STORE_ID` FOREIGN KEY (`store_id`) REFERENCES `store` (`store_id`) ON DELETE SET NULL
) ENGINE=InnoDB AUTO_INCREMENT=128 DEFAULT CHARSET=utf8 COMMENT='Sales Flat Quote Item';

--
-- Dumping data for table `quote_item`
--

INSERT INTO `quote_item` VALUES (124,46,'2017-04-10 19:03:56','0000-00-00 00:00:00',47,1,NULL,0,'HBF - Medium Brown - 28g','Hair Building Fibers - Medium Brown - 28g',NULL,'2',NULL,0,0,1.0000,2.0000,19.9500,19.9500,NULL,0.0000,0.0000,0.0000,0.0000,0.0000,0.0000,39.9000,39.9000,0.0000,0.0000,'simple',NULL,NULL,NULL,NULL,NULL,19.9500,19.9500,39.9000,39.9000,0.0000,0.0000,0,NULL,NULL,NULL,NULL,NULL,NULL,NULL,NULL,NULL,NULL),(125,52,'2017-08-30 04:38:50','0000-00-00 00:00:00',48,1,NULL,0,'HBF - Light Brown - 28g','Hair Building Fibers - Light Brown - 28g',NULL,NULL,NULL,0,0,1.0000,1.0000,19.9500,19.9500,NULL,0.0000,0.0000,0.0000,0.0000,0.0000,0.0000,19.9500,19.9500,0.0000,1.0000,'simple',NULL,NULL,NULL,NULL,NULL,19.9500,19.9500,19.9500,19.9500,0.0000,0.0000,0,NULL,NULL,NULL,NULL,NULL,NULL,NULL,NULL,NULL,NULL),(126,54,'2017-09-15 16:00:33','0000-00-00 00:00:00',45,1,NULL,0,'HBF - Black -28g','Hair Building Fibers - Black - 28g',NULL,NULL,NULL,0,0,1.0000,1.0000,19.9500,19.9500,NULL,0.0000,0.0000,0.0000,0.0000,0.0000,0.0000,19.9500,19.9500,0.0000,1.0000,'simple',NULL,NULL,NULL,NULL,NULL,19.9500,19.9500,19.9500,19.9500,0.0000,0.0000,0,NULL,NULL,NULL,NULL,NULL,NULL,NULL,NULL,NULL,NULL),(127,57,'2017-11-11 02:04:19','0000-00-00 00:00:00',49,1,NULL,0,'Hair Building Fibers - Medium Blonde - 28g','Hair Building Fibers - Medium Blonde - 28g',NULL,NULL,NULL,0,0,1.0000,1.0000,19.9500,19.9500,NULL,0.0000,0.0000,0.0000,0.0000,0.0000,0.0000,19.9500,19.9500,0.0000,1.0000,'simple',NULL,NULL,NULL,NULL,NULL,19.9500,19.9500,19.9500,19.9500,0.0000,0.0000,0,NULL,NULL,NULL,NULL,NULL,NULL,NULL,NULL,NULL,NULL);

--
-- Table structure for table `quote_item_option`
--

CREATE TABLE `quote_item_option` (
  `option_id` int(10) unsigned NOT NULL AUTO_INCREMENT COMMENT 'Option Id',
  `item_id` int(10) unsigned NOT NULL COMMENT 'Item Id',
  `product_id` int(10) unsigned NOT NULL COMMENT 'Product Id',
  `code` varchar(255) NOT NULL COMMENT 'Code',
  `value` text COMMENT 'Value',
  PRIMARY KEY (`option_id`),
  KEY `QUOTE_ITEM_OPTION_ITEM_ID` (`item_id`),
  CONSTRAINT `QUOTE_ITEM_OPTION_ITEM_ID_QUOTE_ITEM_ITEM_ID` FOREIGN KEY (`item_id`) REFERENCES `quote_item` (`item_id`) ON DELETE CASCADE
) ENGINE=InnoDB AUTO_INCREMENT=360 DEFAULT CHARSET=utf8 COMMENT='Sales Flat Quote Item Option';

--
-- Dumping data for table `quote_item_option`
--

INSERT INTO `quote_item_option` VALUES (356,124,47,'info_buyRequest','a:5:{s:4:\"uenc\";s:84:\"aHR0cHM6Ly93d3cua2VyYWdlbi5jb20vaGFpci1idWlsZGluZy1maWJlcnMtbWVkaXVtLWJyb3duLmh0bWw,\";s:7:\"product\";s:2:\"47\";s:28:\"selected_configurable_option\";s:0:\"\";s:15:\"related_product\";s:0:\"\";s:3:\"qty\";s:1:\"2\";}'),(357,125,48,'info_buyRequest','a:5:{s:4:\"uenc\";s:84:\"aHR0cHM6Ly93d3cua2VyYWdlbi5jb20vaGFpci1idWlsZGluZy1maWJlcnMtbGlnaHQtYnJvd24uaHRtbA,,\";s:7:\"product\";s:2:\"48\";s:28:\"selected_configurable_option\";s:0:\"\";s:15:\"related_product\";s:0:\"\";s:3:\"qty\";s:1:\"1\";}'),(358,126,45,'info_buyRequest','a:5:{s:4:\"uenc\";s:76:\"aHR0cHM6Ly93d3cua2VyYWdlbi5jb20vaGFpci1idWlsZGluZy1maWJlcnMtYmxhY2suaHRtbA,,\";s:7:\"product\";s:2:\"45\";s:28:\"selected_configurable_option\";s:0:\"\";s:15:\"related_product\";s:0:\"\";s:3:\"qty\";s:1:\"1\";}'),(359,127,49,'info_buyRequest','a:5:{s:4:\"uenc\";s:84:\"aHR0cHM6Ly93d3cua2VyYWdlbi5jb20vaGFpci1idWlsZGluZy1maWJlcnMtbWVkaXVtLWJsb25kZS5odG1s\";s:7:\"product\";s:2:\"49\";s:28:\"selected_configurable_option\";s:0:\"\";s:15:\"related_product\";s:0:\"\";s:3:\"qty\";s:1:\"1\";}');

--
-- Table structure for table `quote_payment`
--

CREATE TABLE `quote_payment` (
  `payment_id` int(10) unsigned NOT NULL AUTO_INCREMENT COMMENT 'Payment Id',
  `quote_id` int(10) unsigned NOT NULL DEFAULT '0' COMMENT 'Quote Id',
  `created_at` timestamp NOT NULL DEFAULT CURRENT_TIMESTAMP COMMENT 'Created At',
  `updated_at` timestamp NOT NULL DEFAULT '0000-00-00 00:00:00' ON UPDATE CURRENT_TIMESTAMP COMMENT 'Updated At',
  `method` varchar(255) DEFAULT NULL COMMENT 'Method',
  `cc_type` varchar(255) DEFAULT NULL COMMENT 'Cc Type',
  `cc_number_enc` varchar(255) DEFAULT NULL COMMENT 'Cc Number Enc',
  `cc_last_4` varchar(255) DEFAULT NULL COMMENT 'Cc Last 4',
  `cc_cid_enc` varchar(255) DEFAULT NULL COMMENT 'Cc Cid Enc',
  `cc_owner` varchar(255) DEFAULT NULL COMMENT 'Cc Owner',
  `cc_exp_month` varchar(255) DEFAULT NULL COMMENT 'Cc Exp Month',
  `cc_exp_year` smallint(5) unsigned DEFAULT '0' COMMENT 'Cc Exp Year',
  `cc_ss_owner` varchar(255) DEFAULT NULL COMMENT 'Cc Ss Owner',
  `cc_ss_start_month` smallint(5) unsigned DEFAULT '0' COMMENT 'Cc Ss Start Month',
  `cc_ss_start_year` smallint(5) unsigned DEFAULT '0' COMMENT 'Cc Ss Start Year',
  `po_number` varchar(255) DEFAULT NULL COMMENT 'Po Number',
  `additional_data` text COMMENT 'Additional Data',
  `cc_ss_issue` varchar(255) DEFAULT NULL COMMENT 'Cc Ss Issue',
  `additional_information` text COMMENT 'Additional Information',
  `paypal_payer_id` varchar(255) DEFAULT NULL COMMENT 'Paypal Payer Id',
  `paypal_payer_status` varchar(255) DEFAULT NULL COMMENT 'Paypal Payer Status',
  `paypal_correlation_id` varchar(255) DEFAULT NULL COMMENT 'Paypal Correlation Id',
  PRIMARY KEY (`payment_id`),
  KEY `QUOTE_PAYMENT_QUOTE_ID` (`quote_id`),
  CONSTRAINT `QUOTE_PAYMENT_QUOTE_ID_QUOTE_ENTITY_ID` FOREIGN KEY (`quote_id`) REFERENCES `quote` (`entity_id`) ON DELETE CASCADE
) ENGINE=InnoDB AUTO_INCREMENT=23 DEFAULT CHARSET=utf8 COMMENT='Sales Flat Quote Payment';

--
-- Dumping data for table `quote_payment`
--

INSERT INTO `quote_payment` VALUES (3,4,'2017-01-10 05:18:24','0000-00-00 00:00:00','braintree_paypal',NULL,NULL,NULL,NULL,NULL,NULL,0,NULL,0,0,NULL,NULL,NULL,'a:1:{s:20:\"payment_method_nonce\";s:36:\"2b3537ec-5873-0fbe-258d-ee28dc955977\";}',NULL,NULL,NULL),(20,34,'2017-03-04 15:25:50','0000-00-00 00:00:00','braintree',NULL,NULL,NULL,NULL,NULL,NULL,0,NULL,0,0,NULL,NULL,NULL,'a:1:{s:20:\"payment_method_nonce\";s:36:\"b40e4d9a-c2b7-05b5-6ef8-6b35810b1427\";}',NULL,NULL,NULL),(22,36,'2017-04-01 01:29:22','0000-00-00 00:00:00','braintree',NULL,NULL,NULL,NULL,NULL,NULL,0,NULL,0,0,NULL,NULL,NULL,'a:1:{s:20:\"payment_method_nonce\";s:36:\"fe62b219-819e-05bc-56c1-3194fe728fbb\";}',NULL,NULL,NULL);

--
-- Table structure for table `quote_shipping_rate`
--

CREATE TABLE `quote_shipping_rate` (
  `rate_id` int(10) unsigned NOT NULL AUTO_INCREMENT COMMENT 'Rate Id',
  `address_id` int(10) unsigned NOT NULL DEFAULT '0' COMMENT 'Address Id',
  `created_at` timestamp NOT NULL DEFAULT CURRENT_TIMESTAMP COMMENT 'Created At',
  `updated_at` timestamp NOT NULL DEFAULT '0000-00-00 00:00:00' ON UPDATE CURRENT_TIMESTAMP COMMENT 'Updated At',
  `carrier` varchar(255) DEFAULT NULL COMMENT 'Carrier',
  `carrier_title` varchar(255) DEFAULT NULL COMMENT 'Carrier Title',
  `code` varchar(255) DEFAULT NULL COMMENT 'Code',
  `method` varchar(255) DEFAULT NULL COMMENT 'Method',
  `method_description` text COMMENT 'Method Description',
  `price` decimal(12,4) NOT NULL DEFAULT '0.0000' COMMENT 'Price',
  `error_message` text COMMENT 'Error Message',
  `method_title` text COMMENT 'Method Title',
  PRIMARY KEY (`rate_id`),
  KEY `QUOTE_SHIPPING_RATE_ADDRESS_ID` (`address_id`),
  CONSTRAINT `QUOTE_SHIPPING_RATE_ADDRESS_ID_QUOTE_ADDRESS_ADDRESS_ID` FOREIGN KEY (`address_id`) REFERENCES `quote_address` (`address_id`) ON DELETE CASCADE
) ENGINE=InnoDB AUTO_INCREMENT=8 DEFAULT CHARSET=utf8 COMMENT='Sales Flat Quote Shipping Rate';

--
-- Dumping data for table `quote_shipping_rate`
--

INSERT INTO `quote_shipping_rate` VALUES (7,10,'2017-01-10 05:18:24','0000-00-00 00:00:00','flatrate','Flat Rate','flatrate_flatrate','flatrate',NULL,5.0000,NULL,'Fixed');

--
-- Table structure for table `rating`
--

CREATE TABLE `rating` (
  `rating_id` smallint(5) unsigned NOT NULL AUTO_INCREMENT COMMENT 'Rating Id',
  `entity_id` smallint(5) unsigned NOT NULL DEFAULT '0' COMMENT 'Entity Id',
  `rating_code` varchar(64) NOT NULL COMMENT 'Rating Code',
  `position` smallint(5) unsigned NOT NULL DEFAULT '0' COMMENT 'Rating Position On Storefront',
  `is_active` smallint(6) NOT NULL DEFAULT '1' COMMENT 'Rating is active.',
  PRIMARY KEY (`rating_id`),
  UNIQUE KEY `RATING_RATING_CODE` (`rating_code`),
  KEY `RATING_ENTITY_ID` (`entity_id`),
  CONSTRAINT `RATING_ENTITY_ID_RATING_ENTITY_ENTITY_ID` FOREIGN KEY (`entity_id`) REFERENCES `rating_entity` (`entity_id`) ON DELETE CASCADE
) ENGINE=InnoDB AUTO_INCREMENT=4 DEFAULT CHARSET=utf8 COMMENT='Ratings';

--
-- Dumping data for table `rating`
--

INSERT INTO `rating` VALUES (1,1,'Quality',0,1),(2,1,'Value',0,1),(3,1,'Price',0,1);

--
-- Table structure for table `rating_entity`
--

CREATE TABLE `rating_entity` (
  `entity_id` smallint(5) unsigned NOT NULL AUTO_INCREMENT COMMENT 'Entity Id',
  `entity_code` varchar(64) NOT NULL COMMENT 'Entity Code',
  PRIMARY KEY (`entity_id`),
  UNIQUE KEY `RATING_ENTITY_ENTITY_CODE` (`entity_code`)
) ENGINE=InnoDB AUTO_INCREMENT=4 DEFAULT CHARSET=utf8 COMMENT='Rating entities';

--
-- Dumping data for table `rating_entity`
--

INSERT INTO `rating_entity` VALUES (1,'product'),(2,'product_review'),(3,'review');

--
-- Table structure for table `rating_option`
--

CREATE TABLE `rating_option` (
  `option_id` int(10) unsigned NOT NULL AUTO_INCREMENT COMMENT 'Rating Option Id',
  `rating_id` smallint(5) unsigned NOT NULL DEFAULT '0' COMMENT 'Rating Id',
  `code` varchar(32) NOT NULL COMMENT 'Rating Option Code',
  `value` smallint(5) unsigned NOT NULL DEFAULT '0' COMMENT 'Rating Option Value',
  `position` smallint(5) unsigned NOT NULL DEFAULT '0' COMMENT 'Ration option position on Storefront',
  PRIMARY KEY (`option_id`),
  KEY `RATING_OPTION_RATING_ID` (`rating_id`),
  CONSTRAINT `RATING_OPTION_RATING_ID_RATING_RATING_ID` FOREIGN KEY (`rating_id`) REFERENCES `rating` (`rating_id`) ON DELETE CASCADE
) ENGINE=InnoDB AUTO_INCREMENT=16 DEFAULT CHARSET=utf8 COMMENT='Rating options';

--
-- Dumping data for table `rating_option`
--

INSERT INTO `rating_option` VALUES (1,1,'1',1,1),(2,1,'2',2,2),(3,1,'3',3,3),(4,1,'4',4,4),(5,1,'5',5,5),(6,2,'1',1,1),(7,2,'2',2,2),(8,2,'3',3,3),(9,2,'4',4,4),(10,2,'5',5,5),(11,3,'1',1,1),(12,3,'2',2,2),(13,3,'3',3,3),(14,3,'4',4,4),(15,3,'5',5,5);

--
-- Table structure for table `rating_option_vote`
--

CREATE TABLE `rating_option_vote` (
  `vote_id` bigint(20) unsigned NOT NULL AUTO_INCREMENT COMMENT 'Vote id',
  `option_id` int(10) unsigned NOT NULL DEFAULT '0' COMMENT 'Vote option id',
  `remote_ip` varchar(16) NOT NULL COMMENT 'Customer IP',
  `remote_ip_long` bigint(20) NOT NULL DEFAULT '0' COMMENT 'Customer IP converted to long integer format',
  `customer_id` int(10) unsigned DEFAULT '0' COMMENT 'Customer Id',
  `entity_pk_value` bigint(20) unsigned NOT NULL DEFAULT '0' COMMENT 'Product id',
  `rating_id` smallint(5) unsigned NOT NULL DEFAULT '0' COMMENT 'Rating id',
  `review_id` bigint(20) unsigned DEFAULT NULL COMMENT 'Review id',
  `percent` smallint(6) NOT NULL DEFAULT '0' COMMENT 'Percent amount',
  `value` smallint(6) NOT NULL DEFAULT '0' COMMENT 'Vote option value',
  PRIMARY KEY (`vote_id`),
  KEY `RATING_OPTION_VOTE_OPTION_ID` (`option_id`),
  KEY `RATING_OPTION_VOTE_REVIEW_ID_REVIEW_REVIEW_ID` (`review_id`),
  CONSTRAINT `RATING_OPTION_VOTE_OPTION_ID_RATING_OPTION_OPTION_ID` FOREIGN KEY (`option_id`) REFERENCES `rating_option` (`option_id`) ON DELETE CASCADE,
  CONSTRAINT `RATING_OPTION_VOTE_REVIEW_ID_REVIEW_REVIEW_ID` FOREIGN KEY (`review_id`) REFERENCES `review` (`review_id`) ON DELETE CASCADE
) ENGINE=InnoDB DEFAULT CHARSET=utf8 COMMENT='Rating option values';

--
-- Dumping data for table `rating_option_vote`
--


--
-- Table structure for table `rating_option_vote_aggregated`
--

CREATE TABLE `rating_option_vote_aggregated` (
  `primary_id` int(11) NOT NULL AUTO_INCREMENT COMMENT 'Vote aggregation id',
  `rating_id` smallint(5) unsigned NOT NULL DEFAULT '0' COMMENT 'Rating id',
  `entity_pk_value` bigint(20) unsigned NOT NULL DEFAULT '0' COMMENT 'Product id',
  `vote_count` int(10) unsigned NOT NULL DEFAULT '0' COMMENT 'Vote dty',
  `vote_value_sum` int(10) unsigned NOT NULL DEFAULT '0' COMMENT 'General vote sum',
  `percent` smallint(6) NOT NULL DEFAULT '0' COMMENT 'Vote percent',
  `percent_approved` smallint(6) DEFAULT '0' COMMENT 'Vote percent approved by admin',
  `store_id` smallint(5) unsigned NOT NULL DEFAULT '0' COMMENT 'Store Id',
  PRIMARY KEY (`primary_id`),
  KEY `RATING_OPTION_VOTE_AGGREGATED_RATING_ID` (`rating_id`),
  KEY `RATING_OPTION_VOTE_AGGREGATED_STORE_ID` (`store_id`),
  CONSTRAINT `RATING_OPTION_VOTE_AGGREGATED_RATING_ID_RATING_RATING_ID` FOREIGN KEY (`rating_id`) REFERENCES `rating` (`rating_id`) ON DELETE CASCADE,
  CONSTRAINT `RATING_OPTION_VOTE_AGGREGATED_STORE_ID_STORE_STORE_ID` FOREIGN KEY (`store_id`) REFERENCES `store` (`store_id`) ON DELETE CASCADE
) ENGINE=InnoDB DEFAULT CHARSET=utf8 COMMENT='Rating vote aggregated';

--
-- Dumping data for table `rating_option_vote_aggregated`
--


--
-- Table structure for table `rating_store`
--

CREATE TABLE `rating_store` (
  `rating_id` smallint(5) unsigned NOT NULL DEFAULT '0' COMMENT 'Rating id',
  `store_id` smallint(5) unsigned NOT NULL DEFAULT '0' COMMENT 'Store id',
  PRIMARY KEY (`rating_id`,`store_id`),
  KEY `RATING_STORE_STORE_ID` (`store_id`),
  CONSTRAINT `RATING_STORE_RATING_ID_RATING_RATING_ID` FOREIGN KEY (`rating_id`) REFERENCES `rating` (`rating_id`) ON DELETE CASCADE,
  CONSTRAINT `RATING_STORE_STORE_ID_STORE_STORE_ID` FOREIGN KEY (`store_id`) REFERENCES `store` (`store_id`) ON DELETE CASCADE
) ENGINE=InnoDB DEFAULT CHARSET=utf8 COMMENT='Rating Store';

--
-- Dumping data for table `rating_store`
--


--
-- Table structure for table `rating_title`
--

CREATE TABLE `rating_title` (
  `rating_id` smallint(5) unsigned NOT NULL DEFAULT '0' COMMENT 'Rating Id',
  `store_id` smallint(5) unsigned NOT NULL DEFAULT '0' COMMENT 'Store Id',
  `value` varchar(255) NOT NULL COMMENT 'Rating Label',
  PRIMARY KEY (`rating_id`,`store_id`),
  KEY `RATING_TITLE_STORE_ID` (`store_id`),
  CONSTRAINT `RATING_TITLE_RATING_ID_RATING_RATING_ID` FOREIGN KEY (`rating_id`) REFERENCES `rating` (`rating_id`) ON DELETE CASCADE,
  CONSTRAINT `RATING_TITLE_STORE_ID_STORE_STORE_ID` FOREIGN KEY (`store_id`) REFERENCES `store` (`store_id`) ON DELETE CASCADE
) ENGINE=InnoDB DEFAULT CHARSET=utf8 COMMENT='Rating Title';

--
-- Dumping data for table `rating_title`
--


--
-- Table structure for table `report_compared_product_index`
--

CREATE TABLE `report_compared_product_index` (
  `index_id` bigint(20) unsigned NOT NULL AUTO_INCREMENT COMMENT 'Index Id',
  `visitor_id` int(10) unsigned DEFAULT NULL COMMENT 'Visitor Id',
  `customer_id` int(10) unsigned DEFAULT NULL COMMENT 'Customer Id',
  `product_id` int(10) unsigned NOT NULL COMMENT 'Product Id',
  `store_id` smallint(5) unsigned DEFAULT NULL COMMENT 'Store Id',
  `added_at` timestamp NOT NULL DEFAULT CURRENT_TIMESTAMP COMMENT 'Added At',
  PRIMARY KEY (`index_id`),
  UNIQUE KEY `REPORT_COMPARED_PRODUCT_INDEX_VISITOR_ID_PRODUCT_ID` (`visitor_id`,`product_id`),
  UNIQUE KEY `REPORT_COMPARED_PRODUCT_INDEX_CUSTOMER_ID_PRODUCT_ID` (`customer_id`,`product_id`),
  KEY `REPORT_COMPARED_PRODUCT_INDEX_STORE_ID` (`store_id`),
  KEY `REPORT_COMPARED_PRODUCT_INDEX_ADDED_AT` (`added_at`),
  KEY `REPORT_COMPARED_PRODUCT_INDEX_PRODUCT_ID` (`product_id`),
  CONSTRAINT `REPORT_CMPD_PRD_IDX_CSTR_ID_CSTR_ENTT_ENTT_ID` FOREIGN KEY (`customer_id`) REFERENCES `customer_entity` (`entity_id`) ON DELETE CASCADE,
  CONSTRAINT `REPORT_CMPD_PRD_IDX_PRD_ID_CAT_PRD_ENTT_ENTT_ID` FOREIGN KEY (`product_id`) REFERENCES `catalog_product_entity` (`entity_id`) ON DELETE CASCADE,
  CONSTRAINT `REPORT_COMPARED_PRODUCT_INDEX_STORE_ID_STORE_STORE_ID` FOREIGN KEY (`store_id`) REFERENCES `store` (`store_id`) ON DELETE SET NULL
) ENGINE=InnoDB DEFAULT CHARSET=utf8 COMMENT='Reports Compared Product Index Table';

--
-- Dumping data for table `report_compared_product_index`
--


--
-- Table structure for table `report_event`
--

CREATE TABLE `report_event` (
  `event_id` bigint(20) unsigned NOT NULL AUTO_INCREMENT COMMENT 'Event Id',
  `logged_at` timestamp NOT NULL DEFAULT CURRENT_TIMESTAMP COMMENT 'Logged At',
  `event_type_id` smallint(5) unsigned NOT NULL DEFAULT '0' COMMENT 'Event Type Id',
  `object_id` int(10) unsigned NOT NULL DEFAULT '0' COMMENT 'Object Id',
  `subject_id` int(10) unsigned NOT NULL DEFAULT '0' COMMENT 'Subject Id',
  `subtype` smallint(5) unsigned NOT NULL DEFAULT '0' COMMENT 'Subtype',
  `store_id` smallint(5) unsigned NOT NULL COMMENT 'Store Id',
  PRIMARY KEY (`event_id`),
  KEY `REPORT_EVENT_EVENT_TYPE_ID` (`event_type_id`),
  KEY `REPORT_EVENT_SUBJECT_ID` (`subject_id`),
  KEY `REPORT_EVENT_OBJECT_ID` (`object_id`),
  KEY `REPORT_EVENT_SUBTYPE` (`subtype`),
  KEY `REPORT_EVENT_STORE_ID` (`store_id`),
  CONSTRAINT `REPORT_EVENT_EVENT_TYPE_ID_REPORT_EVENT_TYPES_EVENT_TYPE_ID` FOREIGN KEY (`event_type_id`) REFERENCES `report_event_types` (`event_type_id`) ON DELETE CASCADE,
  CONSTRAINT `REPORT_EVENT_STORE_ID_STORE_STORE_ID` FOREIGN KEY (`store_id`) REFERENCES `store` (`store_id`) ON DELETE CASCADE
) ENGINE=InnoDB DEFAULT CHARSET=utf8 COMMENT='Reports Event Table';

--
-- Dumping data for table `report_event`
--


--
-- Table structure for table `report_event_types`
--

CREATE TABLE `report_event_types` (
  `event_type_id` smallint(5) unsigned NOT NULL AUTO_INCREMENT COMMENT 'Event Type Id',
  `event_name` varchar(64) NOT NULL COMMENT 'Event Name',
  `customer_login` smallint(5) unsigned NOT NULL DEFAULT '0' COMMENT 'Customer Login',
  PRIMARY KEY (`event_type_id`)
) ENGINE=InnoDB AUTO_INCREMENT=7 DEFAULT CHARSET=utf8 COMMENT='Reports Event Type Table';

--
-- Dumping data for table `report_event_types`
--

INSERT INTO `report_event_types` VALUES (1,'catalog_product_view',0),(2,'sendfriend_product',0),(3,'catalog_product_compare_add_product',0),(4,'checkout_cart_add_product',0),(5,'wishlist_add_product',0),(6,'wishlist_share',0);

--
-- Table structure for table `report_viewed_product_aggregated_daily`
--

CREATE TABLE `report_viewed_product_aggregated_daily` (
  `id` int(10) unsigned NOT NULL AUTO_INCREMENT COMMENT 'Id',
  `period` date DEFAULT NULL COMMENT 'Period',
  `store_id` smallint(5) unsigned DEFAULT NULL COMMENT 'Store Id',
  `product_id` int(10) unsigned DEFAULT NULL COMMENT 'Product Id',
  `product_name` varchar(255) DEFAULT NULL COMMENT 'Product Name',
  `product_price` decimal(12,4) NOT NULL DEFAULT '0.0000' COMMENT 'Product Price',
  `views_num` int(11) NOT NULL DEFAULT '0' COMMENT 'Number of Views',
  `rating_pos` smallint(5) unsigned NOT NULL DEFAULT '0' COMMENT 'Rating Pos',
  PRIMARY KEY (`id`),
  UNIQUE KEY `REPORT_VIEWED_PRD_AGGRED_DAILY_PERIOD_STORE_ID_PRD_ID` (`period`,`store_id`,`product_id`),
  KEY `REPORT_VIEWED_PRODUCT_AGGREGATED_DAILY_STORE_ID` (`store_id`),
  KEY `REPORT_VIEWED_PRODUCT_AGGREGATED_DAILY_PRODUCT_ID` (`product_id`),
  CONSTRAINT `REPORT_VIEWED_PRD_AGGRED_DAILY_PRD_ID_CAT_PRD_ENTT_ENTT_ID` FOREIGN KEY (`product_id`) REFERENCES `catalog_product_entity` (`entity_id`) ON DELETE CASCADE,
  CONSTRAINT `REPORT_VIEWED_PRD_AGGRED_DAILY_STORE_ID_STORE_STORE_ID` FOREIGN KEY (`store_id`) REFERENCES `store` (`store_id`) ON DELETE CASCADE
) ENGINE=InnoDB DEFAULT CHARSET=utf8 COMMENT='Most Viewed Products Aggregated Daily';

--
-- Dumping data for table `report_viewed_product_aggregated_daily`
--


--
-- Table structure for table `report_viewed_product_aggregated_monthly`
--

CREATE TABLE `report_viewed_product_aggregated_monthly` (
  `id` int(10) unsigned NOT NULL AUTO_INCREMENT COMMENT 'Id',
  `period` date DEFAULT NULL COMMENT 'Period',
  `store_id` smallint(5) unsigned DEFAULT NULL COMMENT 'Store Id',
  `product_id` int(10) unsigned DEFAULT NULL COMMENT 'Product Id',
  `product_name` varchar(255) DEFAULT NULL COMMENT 'Product Name',
  `product_price` decimal(12,4) NOT NULL DEFAULT '0.0000' COMMENT 'Product Price',
  `views_num` int(11) NOT NULL DEFAULT '0' COMMENT 'Number of Views',
  `rating_pos` smallint(5) unsigned NOT NULL DEFAULT '0' COMMENT 'Rating Pos',
  PRIMARY KEY (`id`),
  UNIQUE KEY `REPORT_VIEWED_PRD_AGGRED_MONTHLY_PERIOD_STORE_ID_PRD_ID` (`period`,`store_id`,`product_id`),
  KEY `REPORT_VIEWED_PRODUCT_AGGREGATED_MONTHLY_STORE_ID` (`store_id`),
  KEY `REPORT_VIEWED_PRODUCT_AGGREGATED_MONTHLY_PRODUCT_ID` (`product_id`),
  CONSTRAINT `FK_E8D1373756169B43CBCE7352BE6CFFBE` FOREIGN KEY (`product_id`) REFERENCES `catalog_product_entity` (`entity_id`) ON DELETE CASCADE,
  CONSTRAINT `REPORT_VIEWED_PRD_AGGRED_MONTHLY_STORE_ID_STORE_STORE_ID` FOREIGN KEY (`store_id`) REFERENCES `store` (`store_id`) ON DELETE CASCADE
) ENGINE=InnoDB DEFAULT CHARSET=utf8 COMMENT='Most Viewed Products Aggregated Monthly';

--
-- Dumping data for table `report_viewed_product_aggregated_monthly`
--


--
-- Table structure for table `report_viewed_product_aggregated_yearly`
--

CREATE TABLE `report_viewed_product_aggregated_yearly` (
  `id` int(10) unsigned NOT NULL AUTO_INCREMENT COMMENT 'Id',
  `period` date DEFAULT NULL COMMENT 'Period',
  `store_id` smallint(5) unsigned DEFAULT NULL COMMENT 'Store Id',
  `product_id` int(10) unsigned DEFAULT NULL COMMENT 'Product Id',
  `product_name` varchar(255) DEFAULT NULL COMMENT 'Product Name',
  `product_price` decimal(12,4) NOT NULL DEFAULT '0.0000' COMMENT 'Product Price',
  `views_num` int(11) NOT NULL DEFAULT '0' COMMENT 'Number of Views',
  `rating_pos` smallint(5) unsigned NOT NULL DEFAULT '0' COMMENT 'Rating Pos',
  PRIMARY KEY (`id`),
  UNIQUE KEY `REPORT_VIEWED_PRD_AGGRED_YEARLY_PERIOD_STORE_ID_PRD_ID` (`period`,`store_id`,`product_id`),
  KEY `REPORT_VIEWED_PRODUCT_AGGREGATED_YEARLY_STORE_ID` (`store_id`),
  KEY `REPORT_VIEWED_PRODUCT_AGGREGATED_YEARLY_PRODUCT_ID` (`product_id`),
  CONSTRAINT `REPORT_VIEWED_PRD_AGGRED_YEARLY_PRD_ID_CAT_PRD_ENTT_ENTT_ID` FOREIGN KEY (`product_id`) REFERENCES `catalog_product_entity` (`entity_id`) ON DELETE CASCADE,
  CONSTRAINT `REPORT_VIEWED_PRD_AGGRED_YEARLY_STORE_ID_STORE_STORE_ID` FOREIGN KEY (`store_id`) REFERENCES `store` (`store_id`) ON DELETE CASCADE
) ENGINE=InnoDB DEFAULT CHARSET=utf8 COMMENT='Most Viewed Products Aggregated Yearly';

--
-- Dumping data for table `report_viewed_product_aggregated_yearly`
--


--
-- Table structure for table `report_viewed_product_index`
--

CREATE TABLE `report_viewed_product_index` (
  `index_id` bigint(20) unsigned NOT NULL AUTO_INCREMENT COMMENT 'Index Id',
  `visitor_id` int(10) unsigned DEFAULT NULL COMMENT 'Visitor Id',
  `customer_id` int(10) unsigned DEFAULT NULL COMMENT 'Customer Id',
  `product_id` int(10) unsigned NOT NULL COMMENT 'Product Id',
  `store_id` smallint(5) unsigned DEFAULT NULL COMMENT 'Store Id',
  `added_at` timestamp NOT NULL DEFAULT CURRENT_TIMESTAMP COMMENT 'Added At',
  PRIMARY KEY (`index_id`),
  UNIQUE KEY `REPORT_VIEWED_PRODUCT_INDEX_VISITOR_ID_PRODUCT_ID` (`visitor_id`,`product_id`),
  UNIQUE KEY `REPORT_VIEWED_PRODUCT_INDEX_CUSTOMER_ID_PRODUCT_ID` (`customer_id`,`product_id`),
  KEY `REPORT_VIEWED_PRODUCT_INDEX_STORE_ID` (`store_id`),
  KEY `REPORT_VIEWED_PRODUCT_INDEX_ADDED_AT` (`added_at`),
  KEY `REPORT_VIEWED_PRODUCT_INDEX_PRODUCT_ID` (`product_id`),
  CONSTRAINT `REPORT_VIEWED_PRD_IDX_CSTR_ID_CSTR_ENTT_ENTT_ID` FOREIGN KEY (`customer_id`) REFERENCES `customer_entity` (`entity_id`) ON DELETE CASCADE,
  CONSTRAINT `REPORT_VIEWED_PRD_IDX_PRD_ID_CAT_PRD_ENTT_ENTT_ID` FOREIGN KEY (`product_id`) REFERENCES `catalog_product_entity` (`entity_id`) ON DELETE CASCADE,
  CONSTRAINT `REPORT_VIEWED_PRODUCT_INDEX_STORE_ID_STORE_STORE_ID` FOREIGN KEY (`store_id`) REFERENCES `store` (`store_id`) ON DELETE SET NULL
) ENGINE=InnoDB AUTO_INCREMENT=263 DEFAULT CHARSET=utf8 COMMENT='Reports Viewed Product Index Table';

--
-- Dumping data for table `report_viewed_product_index`
--

INSERT INTO `report_viewed_product_index` VALUES (85,NULL,NULL,45,1,'2017-04-11 12:47:48'),(86,NULL,NULL,46,1,'2017-04-11 12:48:08'),(87,NULL,NULL,49,1,'2017-04-11 12:48:48'),(88,NULL,NULL,48,1,'2017-04-11 12:52:03'),(89,NULL,NULL,46,1,'2017-04-11 12:52:22'),(90,NULL,NULL,47,1,'2017-04-11 12:53:03'),(91,NULL,NULL,49,1,'2017-04-11 12:56:19'),(92,NULL,NULL,45,1,'2017-04-11 12:56:26'),(93,NULL,NULL,51,1,'2017-04-11 13:00:54'),(94,NULL,NULL,50,1,'2017-04-11 13:02:30'),(120,NULL,NULL,46,1,'2017-05-09 11:31:49'),(121,NULL,NULL,50,1,'2017-05-09 11:32:02'),(122,NULL,NULL,45,1,'2017-05-09 11:32:15'),(123,NULL,NULL,48,1,'2017-05-09 11:32:30'),(124,NULL,NULL,47,1,'2017-05-09 11:32:45'),(125,NULL,NULL,49,1,'2017-05-09 11:33:02'),(126,NULL,NULL,51,1,'2017-05-09 18:23:37'),(134,NULL,NULL,51,1,'2017-11-11 01:03:17'),(211,NULL,NULL,50,1,'2018-01-28 06:55:15'),(212,NULL,NULL,45,1,'2018-01-28 06:55:16'),(213,NULL,NULL,46,1,'2018-01-28 06:55:18'),(214,NULL,NULL,48,1,'2018-01-28 10:35:53'),(215,NULL,NULL,47,1,'2018-01-28 10:39:58'),(219,NULL,NULL,50,1,'2018-02-04 23:34:49'),(220,NULL,NULL,45,1,'2018-02-04 23:35:00'),(221,NULL,NULL,48,1,'2018-02-04 23:35:37'),(222,NULL,NULL,47,1,'2018-02-04 23:36:00'),(223,NULL,NULL,49,1,'2018-02-04 23:36:22'),(224,NULL,NULL,49,1,'2018-02-05 01:57:05'),(225,NULL,NULL,50,1,'2018-02-05 01:59:34'),(226,NULL,NULL,48,1,'2018-02-05 02:03:12'),(227,NULL,NULL,47,1,'2018-02-05 02:05:56'),(228,NULL,NULL,46,1,'2018-02-05 02:11:00'),(229,NULL,NULL,45,1,'2018-02-05 02:14:49'),(230,NULL,NULL,51,1,'2018-02-05 02:19:49'),(262,NULL,NULL,51,1,'2018-03-22 11:33:25');

--
-- Table structure for table `reporting_counts`
--

CREATE TABLE `reporting_counts` (
  `entity_id` int(10) unsigned NOT NULL AUTO_INCREMENT COMMENT 'Entity Id',
  `type` varchar(255) DEFAULT NULL COMMENT 'Item Reported',
  `count` int(10) unsigned DEFAULT NULL COMMENT 'Count Value',
  `updated_at` timestamp NOT NULL DEFAULT CURRENT_TIMESTAMP ON UPDATE CURRENT_TIMESTAMP COMMENT 'Updated At',
  PRIMARY KEY (`entity_id`)
) ENGINE=InnoDB DEFAULT CHARSET=utf8 COMMENT='Reporting for all count related events generated via the cron job';

--
-- Dumping data for table `reporting_counts`
--


--
-- Table structure for table `reporting_module_status`
--

CREATE TABLE `reporting_module_status` (
  `entity_id` int(10) unsigned NOT NULL AUTO_INCREMENT COMMENT 'Module Id',
  `name` varchar(255) DEFAULT NULL COMMENT 'Module Name',
  `active` varchar(255) DEFAULT NULL COMMENT 'Module Active Status',
  `setup_version` varchar(255) DEFAULT NULL COMMENT 'Module Version',
  `state` varchar(255) DEFAULT NULL COMMENT 'Module State',
  `updated_at` timestamp NOT NULL DEFAULT CURRENT_TIMESTAMP ON UPDATE CURRENT_TIMESTAMP COMMENT 'Updated At',
  PRIMARY KEY (`entity_id`)
) ENGINE=InnoDB DEFAULT CHARSET=utf8 COMMENT='Module Status Table';

--
-- Dumping data for table `reporting_module_status`
--


--
-- Table structure for table `reporting_orders`
--

CREATE TABLE `reporting_orders` (
  `entity_id` int(10) unsigned NOT NULL AUTO_INCREMENT COMMENT 'Entity Id',
  `customer_id` int(10) unsigned DEFAULT NULL COMMENT 'Customer Id',
  `total` decimal(20,2) DEFAULT NULL COMMENT 'Total From Store',
  `total_base` decimal(20,2) DEFAULT NULL COMMENT 'Total From Base Currency',
  `item_count` int(10) unsigned NOT NULL COMMENT 'Line Item Count',
  `updated_at` timestamp NOT NULL DEFAULT CURRENT_TIMESTAMP COMMENT 'Updated At',
  PRIMARY KEY (`entity_id`)
) ENGINE=InnoDB DEFAULT CHARSET=utf8 COMMENT='Reporting for all orders';

--
-- Dumping data for table `reporting_orders`
--


--
-- Table structure for table `reporting_system_updates`
--

CREATE TABLE `reporting_system_updates` (
  `entity_id` int(10) unsigned NOT NULL AUTO_INCREMENT COMMENT 'Entity Id',
  `type` varchar(255) DEFAULT NULL COMMENT 'Update Type',
  `action` varchar(255) DEFAULT NULL COMMENT 'Action Performed',
  `updated_at` timestamp NOT NULL DEFAULT CURRENT_TIMESTAMP COMMENT 'Updated At',
  PRIMARY KEY (`entity_id`)
) ENGINE=InnoDB DEFAULT CHARSET=utf8 COMMENT='Reporting for system updates';

--
-- Dumping data for table `reporting_system_updates`
--


--
-- Table structure for table `reporting_users`
--

CREATE TABLE `reporting_users` (
  `entity_id` int(10) unsigned NOT NULL AUTO_INCREMENT COMMENT 'Entity Id',
  `type` varchar(255) DEFAULT NULL COMMENT 'User Type',
  `action` varchar(255) DEFAULT NULL COMMENT 'Action Performed',
  `updated_at` timestamp NOT NULL DEFAULT CURRENT_TIMESTAMP COMMENT 'Updated At',
  PRIMARY KEY (`entity_id`)
) ENGINE=InnoDB DEFAULT CHARSET=utf8 COMMENT='Reporting for user actions';

--
-- Dumping data for table `reporting_users`
--


--
-- Table structure for table `review`
--

CREATE TABLE `review` (
  `review_id` bigint(20) unsigned NOT NULL AUTO_INCREMENT COMMENT 'Review id',
  `created_at` timestamp NOT NULL DEFAULT CURRENT_TIMESTAMP COMMENT 'Review create date',
  `entity_id` smallint(5) unsigned NOT NULL DEFAULT '0' COMMENT 'Entity id',
  `entity_pk_value` int(10) unsigned NOT NULL DEFAULT '0' COMMENT 'Product id',
  `status_id` smallint(5) unsigned NOT NULL DEFAULT '0' COMMENT 'Status code',
  PRIMARY KEY (`review_id`),
  KEY `REVIEW_ENTITY_ID` (`entity_id`),
  KEY `REVIEW_STATUS_ID` (`status_id`),
  KEY `REVIEW_ENTITY_PK_VALUE` (`entity_pk_value`),
  CONSTRAINT `REVIEW_ENTITY_ID_REVIEW_ENTITY_ENTITY_ID` FOREIGN KEY (`entity_id`) REFERENCES `review_entity` (`entity_id`) ON DELETE CASCADE,
  CONSTRAINT `REVIEW_STATUS_ID_REVIEW_STATUS_STATUS_ID` FOREIGN KEY (`status_id`) REFERENCES `review_status` (`status_id`) ON DELETE NO ACTION
) ENGINE=InnoDB DEFAULT CHARSET=utf8 COMMENT='Review base information';

--
-- Dumping data for table `review`
--


--
-- Table structure for table `review_detail`
--

CREATE TABLE `review_detail` (
  `detail_id` bigint(20) unsigned NOT NULL AUTO_INCREMENT COMMENT 'Review detail id',
  `review_id` bigint(20) unsigned NOT NULL DEFAULT '0' COMMENT 'Review id',
  `store_id` smallint(5) unsigned DEFAULT '0' COMMENT 'Store id',
  `title` varchar(255) NOT NULL COMMENT 'Title',
  `detail` text NOT NULL COMMENT 'Detail description',
  `nickname` varchar(128) NOT NULL COMMENT 'User nickname',
  `customer_id` int(10) unsigned DEFAULT NULL COMMENT 'Customer Id',
  PRIMARY KEY (`detail_id`),
  KEY `REVIEW_DETAIL_REVIEW_ID` (`review_id`),
  KEY `REVIEW_DETAIL_STORE_ID` (`store_id`),
  KEY `REVIEW_DETAIL_CUSTOMER_ID` (`customer_id`),
  CONSTRAINT `REVIEW_DETAIL_CUSTOMER_ID_CUSTOMER_ENTITY_ENTITY_ID` FOREIGN KEY (`customer_id`) REFERENCES `customer_entity` (`entity_id`) ON DELETE SET NULL,
  CONSTRAINT `REVIEW_DETAIL_REVIEW_ID_REVIEW_REVIEW_ID` FOREIGN KEY (`review_id`) REFERENCES `review` (`review_id`) ON DELETE CASCADE,
  CONSTRAINT `REVIEW_DETAIL_STORE_ID_STORE_STORE_ID` FOREIGN KEY (`store_id`) REFERENCES `store` (`store_id`) ON DELETE SET NULL
) ENGINE=InnoDB DEFAULT CHARSET=utf8 COMMENT='Review detail information';

--
-- Dumping data for table `review_detail`
--


--
-- Table structure for table `review_entity`
--

CREATE TABLE `review_entity` (
  `entity_id` smallint(5) unsigned NOT NULL AUTO_INCREMENT COMMENT 'Review entity id',
  `entity_code` varchar(32) NOT NULL COMMENT 'Review entity code',
  PRIMARY KEY (`entity_id`)
) ENGINE=InnoDB AUTO_INCREMENT=4 DEFAULT CHARSET=utf8 COMMENT='Review entities';

--
-- Dumping data for table `review_entity`
--

INSERT INTO `review_entity` VALUES (1,'product'),(2,'customer'),(3,'category');

--
-- Table structure for table `review_entity_summary`
--

CREATE TABLE `review_entity_summary` (
  `primary_id` bigint(20) NOT NULL AUTO_INCREMENT COMMENT 'Summary review entity id',
  `entity_pk_value` bigint(20) NOT NULL DEFAULT '0' COMMENT 'Product id',
  `entity_type` smallint(6) NOT NULL DEFAULT '0' COMMENT 'Entity type id',
  `reviews_count` smallint(6) NOT NULL DEFAULT '0' COMMENT 'Qty of reviews',
  `rating_summary` smallint(6) NOT NULL DEFAULT '0' COMMENT 'Summarized rating',
  `store_id` smallint(5) unsigned NOT NULL DEFAULT '0' COMMENT 'Store id',
  PRIMARY KEY (`primary_id`),
  KEY `REVIEW_ENTITY_SUMMARY_STORE_ID` (`store_id`),
  CONSTRAINT `REVIEW_ENTITY_SUMMARY_STORE_ID_STORE_STORE_ID` FOREIGN KEY (`store_id`) REFERENCES `store` (`store_id`) ON DELETE CASCADE
) ENGINE=InnoDB DEFAULT CHARSET=utf8 COMMENT='Review aggregates';

--
-- Dumping data for table `review_entity_summary`
--


--
-- Table structure for table `review_status`
--

CREATE TABLE `review_status` (
  `status_id` smallint(5) unsigned NOT NULL AUTO_INCREMENT COMMENT 'Status id',
  `status_code` varchar(32) NOT NULL COMMENT 'Status code',
  PRIMARY KEY (`status_id`)
) ENGINE=InnoDB AUTO_INCREMENT=4 DEFAULT CHARSET=utf8 COMMENT='Review statuses';

--
-- Dumping data for table `review_status`
--

INSERT INTO `review_status` VALUES (1,'Approved'),(2,'Pending'),(3,'Not Approved');

--
-- Table structure for table `review_store`
--

CREATE TABLE `review_store` (
  `review_id` bigint(20) unsigned NOT NULL COMMENT 'Review Id',
  `store_id` smallint(5) unsigned NOT NULL COMMENT 'Store Id',
  PRIMARY KEY (`review_id`,`store_id`),
  KEY `REVIEW_STORE_STORE_ID` (`store_id`),
  CONSTRAINT `REVIEW_STORE_REVIEW_ID_REVIEW_REVIEW_ID` FOREIGN KEY (`review_id`) REFERENCES `review` (`review_id`) ON DELETE CASCADE,
  CONSTRAINT `REVIEW_STORE_STORE_ID_STORE_STORE_ID` FOREIGN KEY (`store_id`) REFERENCES `store` (`store_id`) ON DELETE CASCADE
) ENGINE=InnoDB DEFAULT CHARSET=utf8 COMMENT='Review Store';

--
-- Dumping data for table `review_store`
--


--
-- Table structure for table `sales_bestsellers_aggregated_daily`
--

CREATE TABLE `sales_bestsellers_aggregated_daily` (
  `id` int(10) unsigned NOT NULL AUTO_INCREMENT COMMENT 'Id',
  `period` date DEFAULT NULL COMMENT 'Period',
  `store_id` smallint(5) unsigned DEFAULT NULL COMMENT 'Store Id',
  `product_id` int(10) unsigned DEFAULT NULL COMMENT 'Product Id',
  `product_name` varchar(255) DEFAULT NULL COMMENT 'Product Name',
  `product_price` decimal(12,4) NOT NULL DEFAULT '0.0000' COMMENT 'Product Price',
  `qty_ordered` decimal(12,4) NOT NULL DEFAULT '0.0000' COMMENT 'Qty Ordered',
  `rating_pos` smallint(5) unsigned NOT NULL DEFAULT '0' COMMENT 'Rating Pos',
  PRIMARY KEY (`id`),
  UNIQUE KEY `SALES_BESTSELLERS_AGGRED_DAILY_PERIOD_STORE_ID_PRD_ID` (`period`,`store_id`,`product_id`),
  KEY `SALES_BESTSELLERS_AGGREGATED_DAILY_STORE_ID` (`store_id`),
  KEY `SALES_BESTSELLERS_AGGREGATED_DAILY_PRODUCT_ID` (`product_id`),
  CONSTRAINT `SALES_BESTSELLERS_AGGREGATED_DAILY_STORE_ID_STORE_STORE_ID` FOREIGN KEY (`store_id`) REFERENCES `store` (`store_id`) ON DELETE CASCADE
) ENGINE=InnoDB AUTO_INCREMENT=25 DEFAULT CHARSET=utf8 COMMENT='Sales Bestsellers Aggregated Daily';

--
-- Dumping data for table `sales_bestsellers_aggregated_daily`
--

INSERT INTO `sales_bestsellers_aggregated_daily` VALUES (9,'2017-03-31',1,8,'Hair Building Fibers - 28g-Black',19.9500,1.0000,2),(10,'2017-03-31',1,9,'Hair Building Fibers - 28g-Dark Brown',19.9500,1.0000,3),(11,'2017-03-31',1,10,'Hair Building Fibers - 28g-Medium Brown',19.9500,1.0000,4),(12,'2017-03-31',1,44,'cart',10.0000,3.0000,1),(13,'2017-03-31',0,8,'Hair Building Fibers - 28g-Black',19.9500,1.0000,3),(14,'2017-03-31',0,9,'Hair Building Fibers - 28g-Dark Brown',19.9500,1.0000,4),(15,'2017-03-31',0,10,'Hair Building Fibers - 28g-Medium Brown',19.9500,1.0000,2),(16,'2017-03-31',0,44,'cart',10.0000,3.0000,1),(17,'2017-04-10',1,45,'Hair Building Fibers - Black - 28g',19.9500,1.0000,1),(18,'2017-04-10',0,45,'Hair Building Fibers - Black - 28g',19.9500,1.0000,1),(19,'2017-05-01',1,47,'Hair Building Fibers - Medium Brown - 28g',19.9500,1.0000,1),(20,'2017-05-01',0,47,'Hair Building Fibers - Medium Brown - 28g',19.9500,1.0000,1),(21,'2019-01-15',1,46,'Hair Building Fibers - Dark Brown - 28g',19.9500,1.0000,2),(22,'2019-01-15',1,50,'Hair Building Fibers - Grey - 28g',19.9500,1.0000,1),(23,'2019-01-15',0,46,'Hair Building Fibers - Dark Brown - 28g',19.9500,1.0000,1),(24,'2019-01-15',0,50,'Hair Building Fibers - Grey - 28g',19.9500,1.0000,2);

--
-- Table structure for table `sales_bestsellers_aggregated_monthly`
--

CREATE TABLE `sales_bestsellers_aggregated_monthly` (
  `id` int(10) unsigned NOT NULL AUTO_INCREMENT COMMENT 'Id',
  `period` date DEFAULT NULL COMMENT 'Period',
  `store_id` smallint(5) unsigned DEFAULT NULL COMMENT 'Store Id',
  `product_id` int(10) unsigned DEFAULT NULL COMMENT 'Product Id',
  `product_name` varchar(255) DEFAULT NULL COMMENT 'Product Name',
  `product_price` decimal(12,4) NOT NULL DEFAULT '0.0000' COMMENT 'Product Price',
  `qty_ordered` decimal(12,4) NOT NULL DEFAULT '0.0000' COMMENT 'Qty Ordered',
  `rating_pos` smallint(5) unsigned NOT NULL DEFAULT '0' COMMENT 'Rating Pos',
  PRIMARY KEY (`id`),
  UNIQUE KEY `SALES_BESTSELLERS_AGGRED_MONTHLY_PERIOD_STORE_ID_PRD_ID` (`period`,`store_id`,`product_id`),
  KEY `SALES_BESTSELLERS_AGGREGATED_MONTHLY_STORE_ID` (`store_id`),
  KEY `SALES_BESTSELLERS_AGGREGATED_MONTHLY_PRODUCT_ID` (`product_id`),
  CONSTRAINT `SALES_BESTSELLERS_AGGRED_MONTHLY_STORE_ID_STORE_STORE_ID` FOREIGN KEY (`store_id`) REFERENCES `store` (`store_id`) ON DELETE CASCADE
) ENGINE=InnoDB AUTO_INCREMENT=55 DEFAULT CHARSET=utf8 COMMENT='Sales Bestsellers Aggregated Monthly';

--
-- Dumping data for table `sales_bestsellers_aggregated_monthly`
--

INSERT INTO `sales_bestsellers_aggregated_monthly` VALUES (1,'2017-03-01',0,44,'cart',10.0000,3.0000,1),(2,'2017-03-01',0,10,'Hair Building Fibers - 28g-Medium Brown',19.9500,1.0000,3),(3,'2017-03-01',0,8,'Hair Building Fibers - 28g-Black',19.9500,1.0000,4),(4,'2017-03-01',0,9,'Hair Building Fibers - 28g-Dark Brown',19.9500,1.0000,2),(5,'2017-03-01',1,44,'cart',10.0000,3.0000,1),(6,'2017-03-01',1,9,'Hair Building Fibers - 28g-Dark Brown',19.9500,1.0000,3),(7,'2017-03-01',1,10,'Hair Building Fibers - 28g-Medium Brown',19.9500,1.0000,4),(8,'2017-03-01',1,8,'Hair Building Fibers - 28g-Black',19.9500,1.0000,2),(18,'2017-04-01',0,45,'Hair Building Fibers - Black - 28g',19.9500,1.0000,1),(19,'2017-04-01',1,45,'Hair Building Fibers - Black - 28g',19.9500,1.0000,1),(40,'2017-05-01',0,47,'Hair Building Fibers - Medium Brown - 28g',19.9500,1.0000,1),(41,'2017-05-01',1,47,'Hair Building Fibers - Medium Brown - 28g',19.9500,1.0000,1),(51,'2019-01-01',0,46,'Hair Building Fibers - Dark Brown - 28g',19.9500,1.0000,2),(52,'2019-01-01',0,50,'Hair Building Fibers - Grey - 28g',19.9500,1.0000,1),(53,'2019-01-01',1,46,'Hair Building Fibers - Dark Brown - 28g',19.9500,1.0000,2),(54,'2019-01-01',1,50,'Hair Building Fibers - Grey - 28g',19.9500,1.0000,1);

--
-- Table structure for table `sales_bestsellers_aggregated_yearly`
--

CREATE TABLE `sales_bestsellers_aggregated_yearly` (
  `id` int(10) unsigned NOT NULL AUTO_INCREMENT COMMENT 'Id',
  `period` date DEFAULT NULL COMMENT 'Period',
  `store_id` smallint(5) unsigned DEFAULT NULL COMMENT 'Store Id',
  `product_id` int(10) unsigned DEFAULT NULL COMMENT 'Product Id',
  `product_name` varchar(255) DEFAULT NULL COMMENT 'Product Name',
  `product_price` decimal(12,4) NOT NULL DEFAULT '0.0000' COMMENT 'Product Price',
  `qty_ordered` decimal(12,4) NOT NULL DEFAULT '0.0000' COMMENT 'Qty Ordered',
  `rating_pos` smallint(5) unsigned NOT NULL DEFAULT '0' COMMENT 'Rating Pos',
  PRIMARY KEY (`id`),
  UNIQUE KEY `SALES_BESTSELLERS_AGGRED_YEARLY_PERIOD_STORE_ID_PRD_ID` (`period`,`store_id`,`product_id`),
  KEY `SALES_BESTSELLERS_AGGREGATED_YEARLY_STORE_ID` (`store_id`),
  KEY `SALES_BESTSELLERS_AGGREGATED_YEARLY_PRODUCT_ID` (`product_id`),
  CONSTRAINT `SALES_BESTSELLERS_AGGREGATED_YEARLY_STORE_ID_STORE_STORE_ID` FOREIGN KEY (`store_id`) REFERENCES `store` (`store_id`) ON DELETE CASCADE
) ENGINE=InnoDB AUTO_INCREMENT=55 DEFAULT CHARSET=utf8 COMMENT='Sales Bestsellers Aggregated Yearly';

--
-- Dumping data for table `sales_bestsellers_aggregated_yearly`
--

INSERT INTO `sales_bestsellers_aggregated_yearly` VALUES (1,'2017-01-01',0,44,'cart',10.0000,3.0000,1),(2,'2017-01-01',0,10,'Hair Building Fibers - 28g-Medium Brown',19.9500,1.0000,3),(3,'2017-01-01',0,8,'Hair Building Fibers - 28g-Black',19.9500,1.0000,5),(4,'2017-01-01',0,9,'Hair Building Fibers - 28g-Dark Brown',19.9500,1.0000,2),(5,'2017-01-01',1,44,'cart',10.0000,3.0000,1),(6,'2017-01-01',1,9,'Hair Building Fibers - 28g-Dark Brown',19.9500,1.0000,5),(7,'2017-01-01',1,10,'Hair Building Fibers - 28g-Medium Brown',19.9500,1.0000,6),(8,'2017-01-01',1,8,'Hair Building Fibers - 28g-Black',19.9500,1.0000,2),(18,'2017-01-01',0,45,'Hair Building Fibers - Black - 28g',19.9500,1.0000,6),(19,'2017-01-01',1,45,'Hair Building Fibers - Black - 28g',19.9500,1.0000,4),(40,'2017-01-01',0,47,'Hair Building Fibers - Medium Brown - 28g',19.9500,1.0000,4),(41,'2017-01-01',1,47,'Hair Building Fibers - Medium Brown - 28g',19.9500,1.0000,3),(51,'2019-01-01',0,46,'Hair Building Fibers - Dark Brown - 28g',19.9500,1.0000,2),(52,'2019-01-01',0,50,'Hair Building Fibers - Grey - 28g',19.9500,1.0000,1),(53,'2019-01-01',1,46,'Hair Building Fibers - Dark Brown - 28g',19.9500,1.0000,2),(54,'2019-01-01',1,50,'Hair Building Fibers - Grey - 28g',19.9500,1.0000,1);

--
-- Table structure for table `sales_creditmemo`
--

CREATE TABLE `sales_creditmemo` (
  `entity_id` int(10) unsigned NOT NULL AUTO_INCREMENT COMMENT 'Entity Id',
  `store_id` smallint(5) unsigned DEFAULT NULL COMMENT 'Store Id',
  `adjustment_positive` decimal(12,4) DEFAULT NULL COMMENT 'Adjustment Positive',
  `base_shipping_tax_amount` decimal(12,4) DEFAULT NULL COMMENT 'Base Shipping Tax Amount',
  `store_to_order_rate` decimal(12,4) DEFAULT NULL COMMENT 'Store To Order Rate',
  `base_discount_amount` decimal(12,4) DEFAULT NULL COMMENT 'Base Discount Amount',
  `base_to_order_rate` decimal(12,4) DEFAULT NULL COMMENT 'Base To Order Rate',
  `grand_total` decimal(12,4) DEFAULT NULL COMMENT 'Grand Total',
  `base_adjustment_negative` decimal(12,4) DEFAULT NULL COMMENT 'Base Adjustment Negative',
  `base_subtotal_incl_tax` decimal(12,4) DEFAULT NULL COMMENT 'Base Subtotal Incl Tax',
  `shipping_amount` decimal(12,4) DEFAULT NULL COMMENT 'Shipping Amount',
  `subtotal_incl_tax` decimal(12,4) DEFAULT NULL COMMENT 'Subtotal Incl Tax',
  `adjustment_negative` decimal(12,4) DEFAULT NULL COMMENT 'Adjustment Negative',
  `base_shipping_amount` decimal(12,4) DEFAULT NULL COMMENT 'Base Shipping Amount',
  `store_to_base_rate` decimal(12,4) DEFAULT NULL COMMENT 'Store To Base Rate',
  `base_to_global_rate` decimal(12,4) DEFAULT NULL COMMENT 'Base To Global Rate',
  `base_adjustment` decimal(12,4) DEFAULT NULL COMMENT 'Base Adjustment',
  `base_subtotal` decimal(12,4) DEFAULT NULL COMMENT 'Base Subtotal',
  `discount_amount` decimal(12,4) DEFAULT NULL COMMENT 'Discount Amount',
  `subtotal` decimal(12,4) DEFAULT NULL COMMENT 'Subtotal',
  `adjustment` decimal(12,4) DEFAULT NULL COMMENT 'Adjustment',
  `base_grand_total` decimal(12,4) DEFAULT NULL COMMENT 'Base Grand Total',
  `base_adjustment_positive` decimal(12,4) DEFAULT NULL COMMENT 'Base Adjustment Positive',
  `base_tax_amount` decimal(12,4) DEFAULT NULL COMMENT 'Base Tax Amount',
  `shipping_tax_amount` decimal(12,4) DEFAULT NULL COMMENT 'Shipping Tax Amount',
  `tax_amount` decimal(12,4) DEFAULT NULL COMMENT 'Tax Amount',
  `order_id` int(10) unsigned NOT NULL COMMENT 'Order Id',
  `email_sent` smallint(5) unsigned DEFAULT NULL COMMENT 'Email Sent',
  `send_email` smallint(5) unsigned DEFAULT NULL COMMENT 'Send Email',
  `creditmemo_status` int(11) DEFAULT NULL COMMENT 'Creditmemo Status',
  `state` int(11) DEFAULT NULL COMMENT 'State',
  `shipping_address_id` int(11) DEFAULT NULL COMMENT 'Shipping Address Id',
  `billing_address_id` int(11) DEFAULT NULL COMMENT 'Billing Address Id',
  `invoice_id` int(11) DEFAULT NULL COMMENT 'Invoice Id',
  `store_currency_code` varchar(3) DEFAULT NULL COMMENT 'Store Currency Code',
  `order_currency_code` varchar(3) DEFAULT NULL COMMENT 'Order Currency Code',
  `base_currency_code` varchar(3) DEFAULT NULL COMMENT 'Base Currency Code',
  `global_currency_code` varchar(3) DEFAULT NULL COMMENT 'Global Currency Code',
  `transaction_id` varchar(255) DEFAULT NULL COMMENT 'Transaction Id',
  `increment_id` varchar(50) DEFAULT NULL COMMENT 'Increment Id',
  `created_at` timestamp NOT NULL DEFAULT CURRENT_TIMESTAMP COMMENT 'Created At',
  `updated_at` timestamp NOT NULL DEFAULT CURRENT_TIMESTAMP ON UPDATE CURRENT_TIMESTAMP COMMENT 'Updated At',
  `discount_tax_compensation_amount` decimal(12,4) DEFAULT NULL COMMENT 'Discount Tax Compensation Amount',
  `base_discount_tax_compensation_amount` decimal(12,4) DEFAULT NULL COMMENT 'Base Discount Tax Compensation Amount',
  `shipping_discount_tax_compensation_amount` decimal(12,4) DEFAULT NULL COMMENT 'Shipping Discount Tax Compensation Amount',
  `base_shipping_discount_tax_compensation_amnt` decimal(12,4) DEFAULT NULL COMMENT 'Base Shipping Discount Tax Compensation Amount',
  `shipping_incl_tax` decimal(12,4) DEFAULT NULL COMMENT 'Shipping Incl Tax',
  `base_shipping_incl_tax` decimal(12,4) DEFAULT NULL COMMENT 'Base Shipping Incl Tax',
  `discount_description` varchar(255) DEFAULT NULL COMMENT 'Discount Description',
  `customer_note` text COMMENT 'Customer Note',
  `customer_note_notify` smallint(5) unsigned DEFAULT NULL COMMENT 'Customer Note Notify',
  PRIMARY KEY (`entity_id`),
  UNIQUE KEY `SALES_CREDITMEMO_INCREMENT_ID_STORE_ID` (`increment_id`,`store_id`),
  KEY `SALES_CREDITMEMO_STORE_ID` (`store_id`),
  KEY `SALES_CREDITMEMO_ORDER_ID` (`order_id`),
  KEY `SALES_CREDITMEMO_CREDITMEMO_STATUS` (`creditmemo_status`),
  KEY `SALES_CREDITMEMO_STATE` (`state`),
  KEY `SALES_CREDITMEMO_CREATED_AT` (`created_at`),
  KEY `SALES_CREDITMEMO_UPDATED_AT` (`updated_at`),
  KEY `SALES_CREDITMEMO_SEND_EMAIL` (`send_email`),
  KEY `SALES_CREDITMEMO_EMAIL_SENT` (`email_sent`),
  CONSTRAINT `SALES_CREDITMEMO_ORDER_ID_SALES_ORDER_ENTITY_ID` FOREIGN KEY (`order_id`) REFERENCES `sales_order` (`entity_id`) ON DELETE CASCADE,
  CONSTRAINT `SALES_CREDITMEMO_STORE_ID_STORE_STORE_ID` FOREIGN KEY (`store_id`) REFERENCES `store` (`store_id`) ON DELETE SET NULL
) ENGINE=InnoDB DEFAULT CHARSET=utf8 COMMENT='Sales Flat Creditmemo';

--
-- Dumping data for table `sales_creditmemo`
--


--
-- Table structure for table `sales_creditmemo_comment`
--

CREATE TABLE `sales_creditmemo_comment` (
  `entity_id` int(10) unsigned NOT NULL AUTO_INCREMENT COMMENT 'Entity Id',
  `parent_id` int(10) unsigned NOT NULL COMMENT 'Parent Id',
  `is_customer_notified` int(11) DEFAULT NULL COMMENT 'Is Customer Notified',
  `is_visible_on_front` smallint(5) unsigned NOT NULL DEFAULT '0' COMMENT 'Is Visible On Front',
  `comment` text COMMENT 'Comment',
  `created_at` timestamp NOT NULL DEFAULT CURRENT_TIMESTAMP COMMENT 'Created At',
  PRIMARY KEY (`entity_id`),
  KEY `SALES_CREDITMEMO_COMMENT_CREATED_AT` (`created_at`),
  KEY `SALES_CREDITMEMO_COMMENT_PARENT_ID` (`parent_id`),
  CONSTRAINT `SALES_CREDITMEMO_COMMENT_PARENT_ID_SALES_CREDITMEMO_ENTT_ID` FOREIGN KEY (`parent_id`) REFERENCES `sales_creditmemo` (`entity_id`) ON DELETE CASCADE
) ENGINE=InnoDB DEFAULT CHARSET=utf8 COMMENT='Sales Flat Creditmemo Comment';

--
-- Dumping data for table `sales_creditmemo_comment`
--


--
-- Table structure for table `sales_creditmemo_grid`
--

CREATE TABLE `sales_creditmemo_grid` (
  `entity_id` int(10) unsigned NOT NULL COMMENT 'Entity Id',
  `increment_id` varchar(50) DEFAULT NULL COMMENT 'Increment Id',
  `created_at` timestamp NULL DEFAULT NULL COMMENT 'Created At',
  `updated_at` timestamp NULL DEFAULT NULL COMMENT 'Updated At',
  `order_id` int(10) unsigned NOT NULL COMMENT 'Order Id',
  `order_increment_id` varchar(50) DEFAULT NULL COMMENT 'Order Increment Id',
  `order_created_at` timestamp NULL DEFAULT NULL COMMENT 'Order Created At',
  `billing_name` varchar(255) DEFAULT NULL COMMENT 'Billing Name',
  `state` int(11) DEFAULT NULL COMMENT 'Status',
  `base_grand_total` decimal(12,4) DEFAULT NULL COMMENT 'Base Grand Total',
  `order_status` varchar(32) DEFAULT NULL COMMENT 'Order Status',
  `store_id` smallint(5) unsigned DEFAULT NULL COMMENT 'Store Id',
  `billing_address` varchar(255) DEFAULT NULL COMMENT 'Billing Address',
  `shipping_address` varchar(255) DEFAULT NULL COMMENT 'Shipping Address',
  `customer_name` varchar(128) NOT NULL COMMENT 'Customer Name',
  `customer_email` varchar(128) DEFAULT NULL COMMENT 'Customer Email',
  `customer_group_id` smallint(6) DEFAULT NULL COMMENT 'Customer Group Id',
  `payment_method` varchar(32) DEFAULT NULL COMMENT 'Payment Method',
  `shipping_information` varchar(255) DEFAULT NULL COMMENT 'Shipping Method Name',
  `subtotal` decimal(12,4) DEFAULT NULL COMMENT 'Subtotal',
  `shipping_and_handling` decimal(12,4) DEFAULT NULL COMMENT 'Shipping and handling amount',
  `adjustment_positive` decimal(12,4) DEFAULT NULL COMMENT 'Adjustment Positive',
  `adjustment_negative` decimal(12,4) DEFAULT NULL COMMENT 'Adjustment Negative',
  `order_base_grand_total` decimal(12,4) DEFAULT NULL COMMENT 'Order Grand Total',
  PRIMARY KEY (`entity_id`),
  UNIQUE KEY `SALES_CREDITMEMO_GRID_INCREMENT_ID_STORE_ID` (`increment_id`,`store_id`),
  KEY `SALES_CREDITMEMO_GRID_ORDER_INCREMENT_ID` (`order_increment_id`),
  KEY `SALES_CREDITMEMO_GRID_CREATED_AT` (`created_at`),
  KEY `SALES_CREDITMEMO_GRID_UPDATED_AT` (`updated_at`),
  KEY `SALES_CREDITMEMO_GRID_ORDER_CREATED_AT` (`order_created_at`),
  KEY `SALES_CREDITMEMO_GRID_STATE` (`state`),
  KEY `SALES_CREDITMEMO_GRID_BILLING_NAME` (`billing_name`),
  KEY `SALES_CREDITMEMO_GRID_ORDER_STATUS` (`order_status`),
  KEY `SALES_CREDITMEMO_GRID_BASE_GRAND_TOTAL` (`base_grand_total`),
  KEY `SALES_CREDITMEMO_GRID_STORE_ID` (`store_id`),
  KEY `SALES_CREDITMEMO_GRID_ORDER_BASE_GRAND_TOTAL` (`order_base_grand_total`),
  KEY `SALES_CREDITMEMO_GRID_ORDER_ID` (`order_id`),
  FULLTEXT KEY `FTI_9C333DEACC23DC368A7AFA455B8ED6D1` (`increment_id`,`order_increment_id`,`billing_name`,`billing_address`,`shipping_address`,`customer_name`,`customer_email`)
) ENGINE=InnoDB DEFAULT CHARSET=utf8 COMMENT='Sales Flat Creditmemo Grid';

--
-- Dumping data for table `sales_creditmemo_grid`
--


--
-- Table structure for table `sales_creditmemo_item`
--

CREATE TABLE `sales_creditmemo_item` (
  `entity_id` int(10) unsigned NOT NULL AUTO_INCREMENT COMMENT 'Entity Id',
  `parent_id` int(10) unsigned NOT NULL COMMENT 'Parent Id',
  `base_price` decimal(12,4) DEFAULT NULL COMMENT 'Base Price',
  `tax_amount` decimal(12,4) DEFAULT NULL COMMENT 'Tax Amount',
  `base_row_total` decimal(12,4) DEFAULT NULL COMMENT 'Base Row Total',
  `discount_amount` decimal(12,4) DEFAULT NULL COMMENT 'Discount Amount',
  `row_total` decimal(12,4) DEFAULT NULL COMMENT 'Row Total',
  `base_discount_amount` decimal(12,4) DEFAULT NULL COMMENT 'Base Discount Amount',
  `price_incl_tax` decimal(12,4) DEFAULT NULL COMMENT 'Price Incl Tax',
  `base_tax_amount` decimal(12,4) DEFAULT NULL COMMENT 'Base Tax Amount',
  `base_price_incl_tax` decimal(12,4) DEFAULT NULL COMMENT 'Base Price Incl Tax',
  `qty` decimal(12,4) DEFAULT NULL COMMENT 'Qty',
  `base_cost` decimal(12,4) DEFAULT NULL COMMENT 'Base Cost',
  `price` decimal(12,4) DEFAULT NULL COMMENT 'Price',
  `base_row_total_incl_tax` decimal(12,4) DEFAULT NULL COMMENT 'Base Row Total Incl Tax',
  `row_total_incl_tax` decimal(12,4) DEFAULT NULL COMMENT 'Row Total Incl Tax',
  `product_id` int(11) DEFAULT NULL COMMENT 'Product Id',
  `order_item_id` int(11) DEFAULT NULL COMMENT 'Order Item Id',
  `additional_data` text COMMENT 'Additional Data',
  `description` text COMMENT 'Description',
  `sku` varchar(255) DEFAULT NULL COMMENT 'Sku',
  `name` varchar(255) DEFAULT NULL COMMENT 'Name',
  `discount_tax_compensation_amount` decimal(12,4) DEFAULT NULL COMMENT 'Discount Tax Compensation Amount',
  `base_discount_tax_compensation_amount` decimal(12,4) DEFAULT NULL COMMENT 'Base Discount Tax Compensation Amount',
  `tax_ratio` text COMMENT 'Ratio of tax in the creditmemo item over tax of the order item',
  `weee_tax_applied` text COMMENT 'Weee Tax Applied',
  `weee_tax_applied_amount` decimal(12,4) DEFAULT NULL COMMENT 'Weee Tax Applied Amount',
  `weee_tax_applied_row_amount` decimal(12,4) DEFAULT NULL COMMENT 'Weee Tax Applied Row Amount',
  `weee_tax_disposition` decimal(12,4) DEFAULT NULL COMMENT 'Weee Tax Disposition',
  `weee_tax_row_disposition` decimal(12,4) DEFAULT NULL COMMENT 'Weee Tax Row Disposition',
  `base_weee_tax_applied_amount` decimal(12,4) DEFAULT NULL COMMENT 'Base Weee Tax Applied Amount',
  `base_weee_tax_applied_row_amnt` decimal(12,4) DEFAULT NULL COMMENT 'Base Weee Tax Applied Row Amnt',
  `base_weee_tax_disposition` decimal(12,4) DEFAULT NULL COMMENT 'Base Weee Tax Disposition',
  `base_weee_tax_row_disposition` decimal(12,4) DEFAULT NULL COMMENT 'Base Weee Tax Row Disposition',
  PRIMARY KEY (`entity_id`),
  KEY `SALES_CREDITMEMO_ITEM_PARENT_ID` (`parent_id`),
  CONSTRAINT `SALES_CREDITMEMO_ITEM_PARENT_ID_SALES_CREDITMEMO_ENTITY_ID` FOREIGN KEY (`parent_id`) REFERENCES `sales_creditmemo` (`entity_id`) ON DELETE CASCADE
) ENGINE=InnoDB DEFAULT CHARSET=utf8 COMMENT='Sales Flat Creditmemo Item';

--
-- Dumping data for table `sales_creditmemo_item`
--


--
-- Table structure for table `sales_invoice`
--

CREATE TABLE `sales_invoice` (
  `entity_id` int(10) unsigned NOT NULL AUTO_INCREMENT COMMENT 'Entity Id',
  `store_id` smallint(5) unsigned DEFAULT NULL COMMENT 'Store Id',
  `base_grand_total` decimal(12,4) DEFAULT NULL COMMENT 'Base Grand Total',
  `shipping_tax_amount` decimal(12,4) DEFAULT NULL COMMENT 'Shipping Tax Amount',
  `tax_amount` decimal(12,4) DEFAULT NULL COMMENT 'Tax Amount',
  `base_tax_amount` decimal(12,4) DEFAULT NULL COMMENT 'Base Tax Amount',
  `store_to_order_rate` decimal(12,4) DEFAULT NULL COMMENT 'Store To Order Rate',
  `base_shipping_tax_amount` decimal(12,4) DEFAULT NULL COMMENT 'Base Shipping Tax Amount',
  `base_discount_amount` decimal(12,4) DEFAULT NULL COMMENT 'Base Discount Amount',
  `base_to_order_rate` decimal(12,4) DEFAULT NULL COMMENT 'Base To Order Rate',
  `grand_total` decimal(12,4) DEFAULT NULL COMMENT 'Grand Total',
  `shipping_amount` decimal(12,4) DEFAULT NULL COMMENT 'Shipping Amount',
  `subtotal_incl_tax` decimal(12,4) DEFAULT NULL COMMENT 'Subtotal Incl Tax',
  `base_subtotal_incl_tax` decimal(12,4) DEFAULT NULL COMMENT 'Base Subtotal Incl Tax',
  `store_to_base_rate` decimal(12,4) DEFAULT NULL COMMENT 'Store To Base Rate',
  `base_shipping_amount` decimal(12,4) DEFAULT NULL COMMENT 'Base Shipping Amount',
  `total_qty` decimal(12,4) DEFAULT NULL COMMENT 'Total Qty',
  `base_to_global_rate` decimal(12,4) DEFAULT NULL COMMENT 'Base To Global Rate',
  `subtotal` decimal(12,4) DEFAULT NULL COMMENT 'Subtotal',
  `base_subtotal` decimal(12,4) DEFAULT NULL COMMENT 'Base Subtotal',
  `discount_amount` decimal(12,4) DEFAULT NULL COMMENT 'Discount Amount',
  `billing_address_id` int(11) DEFAULT NULL COMMENT 'Billing Address Id',
  `is_used_for_refund` smallint(5) unsigned DEFAULT NULL COMMENT 'Is Used For Refund',
  `order_id` int(10) unsigned NOT NULL COMMENT 'Order Id',
  `email_sent` smallint(5) unsigned DEFAULT NULL COMMENT 'Email Sent',
  `send_email` smallint(5) unsigned DEFAULT NULL COMMENT 'Send Email',
  `can_void_flag` smallint(5) unsigned DEFAULT NULL COMMENT 'Can Void Flag',
  `state` int(11) DEFAULT NULL COMMENT 'State',
  `shipping_address_id` int(11) DEFAULT NULL COMMENT 'Shipping Address Id',
  `store_currency_code` varchar(3) DEFAULT NULL COMMENT 'Store Currency Code',
  `transaction_id` varchar(255) DEFAULT NULL COMMENT 'Transaction Id',
  `order_currency_code` varchar(3) DEFAULT NULL COMMENT 'Order Currency Code',
  `base_currency_code` varchar(3) DEFAULT NULL COMMENT 'Base Currency Code',
  `global_currency_code` varchar(3) DEFAULT NULL COMMENT 'Global Currency Code',
  `increment_id` varchar(50) DEFAULT NULL COMMENT 'Increment Id',
  `created_at` timestamp NOT NULL DEFAULT CURRENT_TIMESTAMP COMMENT 'Created At',
  `updated_at` timestamp NOT NULL DEFAULT CURRENT_TIMESTAMP ON UPDATE CURRENT_TIMESTAMP COMMENT 'Updated At',
  `discount_tax_compensation_amount` decimal(12,4) DEFAULT NULL COMMENT 'Discount Tax Compensation Amount',
  `base_discount_tax_compensation_amount` decimal(12,4) DEFAULT NULL COMMENT 'Base Discount Tax Compensation Amount',
  `shipping_discount_tax_compensation_amount` decimal(12,4) DEFAULT NULL COMMENT 'Shipping Discount Tax Compensation Amount',
  `base_shipping_discount_tax_compensation_amnt` decimal(12,4) DEFAULT NULL COMMENT 'Base Shipping Discount Tax Compensation Amount',
  `shipping_incl_tax` decimal(12,4) DEFAULT NULL COMMENT 'Shipping Incl Tax',
  `base_shipping_incl_tax` decimal(12,4) DEFAULT NULL COMMENT 'Base Shipping Incl Tax',
  `base_total_refunded` decimal(12,4) DEFAULT NULL COMMENT 'Base Total Refunded',
  `discount_description` varchar(255) DEFAULT NULL COMMENT 'Discount Description',
  `customer_note` text COMMENT 'Customer Note',
  `customer_note_notify` smallint(5) unsigned DEFAULT NULL COMMENT 'Customer Note Notify',
  PRIMARY KEY (`entity_id`),
  UNIQUE KEY `SALES_INVOICE_INCREMENT_ID_STORE_ID` (`increment_id`,`store_id`),
  KEY `SALES_INVOICE_STORE_ID` (`store_id`),
  KEY `SALES_INVOICE_GRAND_TOTAL` (`grand_total`),
  KEY `SALES_INVOICE_ORDER_ID` (`order_id`),
  KEY `SALES_INVOICE_STATE` (`state`),
  KEY `SALES_INVOICE_CREATED_AT` (`created_at`),
  KEY `SALES_INVOICE_UPDATED_AT` (`updated_at`),
  KEY `SALES_INVOICE_SEND_EMAIL` (`send_email`),
  KEY `SALES_INVOICE_EMAIL_SENT` (`email_sent`),
  CONSTRAINT `SALES_INVOICE_ORDER_ID_SALES_ORDER_ENTITY_ID` FOREIGN KEY (`order_id`) REFERENCES `sales_order` (`entity_id`) ON DELETE CASCADE,
  CONSTRAINT `SALES_INVOICE_STORE_ID_STORE_STORE_ID` FOREIGN KEY (`store_id`) REFERENCES `store` (`store_id`) ON DELETE SET NULL
) ENGINE=InnoDB AUTO_INCREMENT=12 DEFAULT CHARSET=utf8 COMMENT='Sales Flat Invoice';

--
-- Dumping data for table `sales_invoice`
--

INSERT INTO `sales_invoice` VALUES (1,1,5.0000,0.0000,0.0000,0.0000,0.0000,0.0000,0.0000,1.0000,5.0000,5.0000,0.0000,0.0000,0.0000,5.0000,2.0000,1.0000,0.0000,0.0000,0.0000,2,NULL,1,NULL,NULL,0,2,1,'USD',NULL,'USD','USD','USD','000000001','2017-01-09 16:32:56','2017-01-09 16:32:56',0.0000,0.0000,0.0000,NULL,5.0000,5.0000,NULL,NULL,NULL,NULL),(2,1,5.0000,0.0000,0.0000,0.0000,0.0000,0.0000,0.0000,1.0000,5.0000,5.0000,0.0000,0.0000,0.0000,5.0000,2.0000,1.0000,0.0000,0.0000,0.0000,4,NULL,2,NULL,NULL,NULL,2,3,'USD','5acnc3yj','USD','USD','USD','000000002','2017-01-09 16:40:07','2017-01-09 16:40:07',0.0000,0.0000,0.0000,NULL,5.0000,5.0000,NULL,NULL,NULL,NULL),(3,1,5.0000,0.0000,0.0000,0.0000,0.0000,0.0000,0.0000,1.0000,5.0000,5.0000,0.0000,0.0000,0.0000,5.0000,2.0000,1.0000,0.0000,0.0000,0.0000,6,NULL,3,NULL,NULL,NULL,2,5,'USD','nhhxg3qg','USD','USD','USD','000000003','2017-01-10 07:55:06','2017-01-10 07:55:06',0.0000,0.0000,0.0000,NULL,5.0000,5.0000,NULL,NULL,NULL,NULL),(4,1,19.9500,0.0000,0.0000,0.0000,0.0000,0.0000,0.0000,1.0000,19.9500,0.0000,19.9500,19.9500,0.0000,0.0000,2.0000,1.0000,19.9500,19.9500,0.0000,10,NULL,6,NULL,NULL,NULL,2,NULL,'USD','3zvkxwv9','USD','USD','USD','000000004','2017-01-10 21:32:33','2017-01-10 21:32:33',0.0000,0.0000,0.0000,NULL,0.0000,0.0000,NULL,NULL,NULL,NULL),(5,1,19.9500,0.0000,0.0000,0.0000,0.0000,0.0000,0.0000,1.0000,19.9500,0.0000,19.9500,19.9500,0.0000,0.0000,2.0000,1.0000,19.9500,19.9500,0.0000,11,NULL,7,NULL,NULL,NULL,2,NULL,'USD','jqxqx5ns','USD','USD','USD','000000005','2017-02-02 13:16:46','2017-02-02 13:16:46',0.0000,0.0000,0.0000,NULL,0.0000,0.0000,NULL,NULL,NULL,NULL),(6,1,19.9500,0.0000,0.0000,0.0000,0.0000,0.0000,0.0000,1.0000,19.9500,0.0000,19.9500,19.9500,0.0000,0.0000,2.0000,1.0000,19.9500,19.9500,0.0000,12,NULL,8,NULL,NULL,0,2,NULL,'USD',NULL,'USD','USD','USD','000401200','2017-02-19 14:24:46','2017-02-19 14:24:46',0.0000,0.0000,0.0000,NULL,0.0000,0.0000,NULL,NULL,NULL,NULL),(7,1,39.9500,0.0000,0.0000,0.0000,0.0000,0.0000,0.0000,1.0000,39.9500,5.0000,34.9500,34.9500,0.0000,5.0000,2.0000,1.0000,34.9500,34.9500,0.0000,30,NULL,17,NULL,NULL,NULL,2,29,'USD','az6cvmat','USD','USD','USD','000401201','2017-02-20 11:46:32','2017-02-20 11:46:32',0.0000,0.0000,0.0000,NULL,5.0000,5.0000,NULL,NULL,NULL,NULL),(8,1,19.9500,0.0000,0.0000,0.0000,0.0000,0.0000,0.0000,1.0000,19.9500,0.0000,19.9500,19.9500,0.0000,0.0000,2.0000,1.0000,19.9500,19.9500,0.0000,32,NULL,19,NULL,NULL,NULL,2,NULL,'USD','c35k77xx','USD','USD','USD','000401202','2017-04-01 01:25:54','2017-04-01 01:25:54',0.0000,0.0000,0.0000,NULL,0.0000,0.0000,NULL,NULL,NULL,NULL),(9,1,24.9500,0.0000,0.0000,0.0000,0.0000,0.0000,0.0000,1.0000,24.9500,5.0000,19.9500,19.9500,0.0000,5.0000,1.0000,1.0000,19.9500,19.9500,0.0000,NULL,NULL,25,NULL,NULL,NULL,2,NULL,'USD','kkvypnsa','USD','USD','USD','401203','2017-05-01 20:15:24','2017-05-01 20:15:24',0.0000,0.0000,0.0000,NULL,5.0000,5.0000,NULL,NULL,NULL,NULL),(10,1,24.9500,0.0000,0.0000,0.0000,0.0000,0.0000,0.0000,1.0000,24.9500,5.0000,19.9500,19.9500,0.0000,5.0000,1.0000,1.0000,19.9500,19.9500,0.0000,NULL,NULL,26,NULL,NULL,NULL,2,NULL,'USD','5t5qadc0','USD','USD','USD','401204','2019-01-15 21:46:11','2019-01-15 21:46:11',0.0000,0.0000,0.0000,NULL,5.0000,5.0000,NULL,NULL,NULL,NULL),(11,1,24.9500,0.0000,0.0000,0.0000,0.0000,0.0000,0.0000,1.0000,24.9500,5.0000,19.9500,19.9500,0.0000,5.0000,1.0000,1.0000,19.9500,19.9500,0.0000,NULL,NULL,27,NULL,NULL,NULL,2,NULL,'USD','kxm7cd2q','USD','USD','USD','401205','2019-01-15 22:03:07','2019-01-15 22:03:07',0.0000,0.0000,0.0000,NULL,5.0000,5.0000,NULL,NULL,NULL,NULL);

--
-- Table structure for table `sales_invoice_comment`
--

CREATE TABLE `sales_invoice_comment` (
  `entity_id` int(10) unsigned NOT NULL AUTO_INCREMENT COMMENT 'Entity Id',
  `parent_id` int(10) unsigned NOT NULL COMMENT 'Parent Id',
  `is_customer_notified` smallint(5) unsigned DEFAULT NULL COMMENT 'Is Customer Notified',
  `is_visible_on_front` smallint(5) unsigned NOT NULL DEFAULT '0' COMMENT 'Is Visible On Front',
  `comment` text COMMENT 'Comment',
  `created_at` timestamp NOT NULL DEFAULT CURRENT_TIMESTAMP COMMENT 'Created At',
  PRIMARY KEY (`entity_id`),
  KEY `SALES_INVOICE_COMMENT_CREATED_AT` (`created_at`),
  KEY `SALES_INVOICE_COMMENT_PARENT_ID` (`parent_id`),
  CONSTRAINT `SALES_INVOICE_COMMENT_PARENT_ID_SALES_INVOICE_ENTITY_ID` FOREIGN KEY (`parent_id`) REFERENCES `sales_invoice` (`entity_id`) ON DELETE CASCADE
) ENGINE=InnoDB DEFAULT CHARSET=utf8 COMMENT='Sales Flat Invoice Comment';

--
-- Dumping data for table `sales_invoice_comment`
--


--
-- Table structure for table `sales_invoice_grid`
--

CREATE TABLE `sales_invoice_grid` (
  `entity_id` int(10) unsigned NOT NULL COMMENT 'Entity Id',
  `increment_id` varchar(50) DEFAULT NULL COMMENT 'Increment Id',
  `state` int(11) DEFAULT NULL COMMENT 'State',
  `store_id` smallint(5) unsigned DEFAULT NULL COMMENT 'Store Id',
  `store_name` varchar(255) DEFAULT NULL COMMENT 'Store Name',
  `order_id` int(10) unsigned NOT NULL COMMENT 'Order Id',
  `order_increment_id` varchar(50) DEFAULT NULL COMMENT 'Order Increment Id',
  `order_created_at` timestamp NULL DEFAULT NULL COMMENT 'Order Created At',
  `customer_name` varchar(255) DEFAULT NULL COMMENT 'Customer Name',
  `customer_email` varchar(255) DEFAULT NULL COMMENT 'Customer Email',
  `customer_group_id` smallint(6) DEFAULT NULL COMMENT 'Customer Group Id',
  `payment_method` varchar(128) DEFAULT NULL COMMENT 'Payment Method',
  `store_currency_code` varchar(3) DEFAULT NULL COMMENT 'Store Currency Code',
  `order_currency_code` varchar(3) DEFAULT NULL COMMENT 'Order Currency Code',
  `base_currency_code` varchar(3) DEFAULT NULL COMMENT 'Base Currency Code',
  `global_currency_code` varchar(3) DEFAULT NULL COMMENT 'Global Currency Code',
  `billing_name` varchar(255) DEFAULT NULL COMMENT 'Billing Name',
  `billing_address` varchar(255) DEFAULT NULL COMMENT 'Billing Address',
  `shipping_address` varchar(255) DEFAULT NULL COMMENT 'Shipping Address',
  `shipping_information` varchar(255) DEFAULT NULL COMMENT 'Shipping Method Name',
  `subtotal` decimal(12,4) DEFAULT NULL COMMENT 'Subtotal',
  `shipping_and_handling` decimal(12,4) DEFAULT NULL COMMENT 'Shipping and handling amount',
  `grand_total` decimal(12,4) DEFAULT NULL COMMENT 'Grand Total',
  `base_grand_total` decimal(12,4) DEFAULT NULL COMMENT 'Base Grand Total',
  `created_at` timestamp NULL DEFAULT NULL COMMENT 'Created At',
  `updated_at` timestamp NULL DEFAULT NULL COMMENT 'Updated At',
  PRIMARY KEY (`entity_id`),
  UNIQUE KEY `SALES_INVOICE_GRID_INCREMENT_ID_STORE_ID` (`increment_id`,`store_id`),
  KEY `SALES_INVOICE_GRID_STORE_ID` (`store_id`),
  KEY `SALES_INVOICE_GRID_GRAND_TOTAL` (`grand_total`),
  KEY `SALES_INVOICE_GRID_ORDER_ID` (`order_id`),
  KEY `SALES_INVOICE_GRID_STATE` (`state`),
  KEY `SALES_INVOICE_GRID_ORDER_INCREMENT_ID` (`order_increment_id`),
  KEY `SALES_INVOICE_GRID_CREATED_AT` (`created_at`),
  KEY `SALES_INVOICE_GRID_UPDATED_AT` (`updated_at`),
  KEY `SALES_INVOICE_GRID_ORDER_CREATED_AT` (`order_created_at`),
  KEY `SALES_INVOICE_GRID_BILLING_NAME` (`billing_name`),
  KEY `SALES_INVOICE_GRID_BASE_GRAND_TOTAL` (`base_grand_total`),
  FULLTEXT KEY `FTI_A0EE7B3CDB178999DE2AC511FD6ACE5D` (`increment_id`,`order_increment_id`,`billing_name`,`billing_address`,`shipping_address`,`customer_name`,`customer_email`)
) ENGINE=InnoDB DEFAULT CHARSET=utf8 COMMENT='Sales Flat Invoice Grid';

--
-- Dumping data for table `sales_invoice_grid`
--

INSERT INTO `sales_invoice_grid` VALUES (1,'000000001',2,1,'Main Website\nMain Website Store\n',1,'000000001','2017-01-09 16:31:01','','info@keragen.com',0,'checkmo','USD','USD','USD','USD','Alex Dean','16830 Ventura Blvd., Suite 360 Encino California 91436','16830 Ventura Blvd., Suite 360 Encino California 91436','Flat Rate - Fixed',0.0000,5.0000,5.0000,5.0000,'2017-01-09 16:32:56','2017-01-09 16:32:56'),(2,'000000002',2,1,'Main Website\nMain Website Store\n',2,'000000002','2017-01-09 16:39:38','','info@keragen.com',0,'braintree','USD','USD','USD','USD','Alex Dean','16830 Ventura Blvd., Suite 360 Encino California 91436','16830 Ventura Blvd., Suite 360 Encino California 91436','Flat Rate - Fixed',0.0000,5.0000,5.0000,5.0000,'2017-01-09 16:40:07','2017-01-09 16:40:07'),(3,'000000003',2,1,'Main Website\nMain Website Store\n',3,'000000003','2017-01-10 07:54:09','','info@keragen.com',0,'braintree','USD','USD','USD','USD','Alex Dean','16830 Ventura Blvd., Suite 360 Encino California 91436','16830 Ventura Blvd., Suite 360 Encino California 91436','Flat Rate - Fixed',0.0000,5.0000,5.0000,5.0000,'2017-01-10 07:55:06','2017-01-10 07:55:06'),(4,'000000004',2,1,'Main Website\nMain Website Store\n',6,'000000006','2017-01-10 21:05:04','','bt_buyer_us@paypal.com',0,'braintree_paypal','USD','USD','USD','USD','John Doe','123 Division Street\nApt. #1 Chicago Illinois 60618','',NULL,19.9500,0.0000,19.9500,19.9500,'2017-01-10 21:32:33','2017-01-10 21:32:33'),(5,'000000005',2,1,'Main Website\nMain Website Store\n',7,'000000007','2017-02-02 13:04:31','','alexdeanp@aol.com',0,'braintree_paypal','USD','USD','USD','USD','John Doe','123 Billing Street Chicago Illinois 60618','',NULL,19.9500,0.0000,19.9500,19.9500,'2017-02-02 13:16:46','2017-02-02 13:16:46'),(6,'000401200',2,1,'Main Website\nMain Website Store\n',8,'000101200','2017-02-19 14:23:16','','faeez.abdrahman@gmail.com',0,'checkmo','USD','USD','USD','USD','faeez a rahman','212121 2121 Rheinland-Pfalz 121212','',NULL,19.9500,0.0000,19.9500,19.9500,'2017-02-19 14:24:46','2017-02-19 14:24:46'),(7,'000401201',2,1,'Main Website\nMain Website Store\n',17,'000101209','2017-02-20 11:44:21','','admin@keragen.com',0,'braintree','USD','USD','USD','USD','Alex Patel','16830 Ventura Blvd., Suite 360 Encino California 91436','16830 Ventura Blvd., Suite 360 Encino California 91436','Flat Rate - Fixed',34.9500,5.0000,39.9500,39.9500,'2017-02-20 11:46:32','2017-02-20 11:46:32'),(8,'000401202',2,1,'Main Website\nMain Website Store\n',19,'000101211','2017-04-01 01:25:07','','alex@paiplaw.com',0,'braintree_paypal','USD','USD','USD','USD','John Doe','123 Billing Street Chicago Illinois 60618','',NULL,19.9500,0.0000,19.9500,19.9500,'2017-04-01 01:25:54','2017-04-01 01:25:54'),(9,'401203',2,1,'Main Website\nMain Website Store\n',25,'101218','2017-05-01 20:15:23','','info@paiplaw.com',0,'braintree','USD','USD','USD','USD','','','','Flat Rate - Fixed',19.9500,5.0000,24.9500,24.9500,'2017-05-01 20:15:24','2017-05-01 20:15:24'),(10,'401204',2,1,'Main Website\nMain Website Store\n',26,'101219','2019-01-15 21:46:11','','ernestolosada7@gmail.com',0,'braintree','USD','USD','USD','USD','','','','Flat Rate - Fixed',19.9500,5.0000,24.9500,24.9500,'2019-01-15 21:46:11','2019-01-15 21:46:11'),(11,'401205',2,1,'Main Website\nMain Website Store\n',27,'101220','2019-01-15 22:03:07','','chelsea5638@yahoo.com',0,'braintree','USD','USD','USD','USD','','','','Flat Rate - Fixed',19.9500,5.0000,24.9500,24.9500,'2019-01-15 22:03:07','2019-01-15 22:03:07');

--
-- Table structure for table `sales_invoice_item`
--

CREATE TABLE `sales_invoice_item` (
  `entity_id` int(10) unsigned NOT NULL AUTO_INCREMENT COMMENT 'Entity Id',
  `parent_id` int(10) unsigned NOT NULL COMMENT 'Parent Id',
  `base_price` decimal(12,4) DEFAULT NULL COMMENT 'Base Price',
  `tax_amount` decimal(12,4) DEFAULT NULL COMMENT 'Tax Amount',
  `base_row_total` decimal(12,4) DEFAULT NULL COMMENT 'Base Row Total',
  `discount_amount` decimal(12,4) DEFAULT NULL COMMENT 'Discount Amount',
  `row_total` decimal(12,4) DEFAULT NULL COMMENT 'Row Total',
  `base_discount_amount` decimal(12,4) DEFAULT NULL COMMENT 'Base Discount Amount',
  `price_incl_tax` decimal(12,4) DEFAULT NULL COMMENT 'Price Incl Tax',
  `base_tax_amount` decimal(12,4) DEFAULT NULL COMMENT 'Base Tax Amount',
  `base_price_incl_tax` decimal(12,4) DEFAULT NULL COMMENT 'Base Price Incl Tax',
  `qty` decimal(12,4) DEFAULT NULL COMMENT 'Qty',
  `base_cost` decimal(12,4) DEFAULT NULL COMMENT 'Base Cost',
  `price` decimal(12,4) DEFAULT NULL COMMENT 'Price',
  `base_row_total_incl_tax` decimal(12,4) DEFAULT NULL COMMENT 'Base Row Total Incl Tax',
  `row_total_incl_tax` decimal(12,4) DEFAULT NULL COMMENT 'Row Total Incl Tax',
  `product_id` int(11) DEFAULT NULL COMMENT 'Product Id',
  `order_item_id` int(11) DEFAULT NULL COMMENT 'Order Item Id',
  `additional_data` text COMMENT 'Additional Data',
  `description` text COMMENT 'Description',
  `sku` varchar(255) DEFAULT NULL COMMENT 'Sku',
  `name` varchar(255) DEFAULT NULL COMMENT 'Name',
  `discount_tax_compensation_amount` decimal(12,4) DEFAULT NULL COMMENT 'Discount Tax Compensation Amount',
  `base_discount_tax_compensation_amount` decimal(12,4) DEFAULT NULL COMMENT 'Base Discount Tax Compensation Amount',
  `tax_ratio` text COMMENT 'Ratio of tax invoiced over tax of the order item',
  `weee_tax_applied` text COMMENT 'Weee Tax Applied',
  `weee_tax_applied_amount` decimal(12,4) DEFAULT NULL COMMENT 'Weee Tax Applied Amount',
  `weee_tax_applied_row_amount` decimal(12,4) DEFAULT NULL COMMENT 'Weee Tax Applied Row Amount',
  `weee_tax_disposition` decimal(12,4) DEFAULT NULL COMMENT 'Weee Tax Disposition',
  `weee_tax_row_disposition` decimal(12,4) DEFAULT NULL COMMENT 'Weee Tax Row Disposition',
  `base_weee_tax_applied_amount` decimal(12,4) DEFAULT NULL COMMENT 'Base Weee Tax Applied Amount',
  `base_weee_tax_applied_row_amnt` decimal(12,4) DEFAULT NULL COMMENT 'Base Weee Tax Applied Row Amnt',
  `base_weee_tax_disposition` decimal(12,4) DEFAULT NULL COMMENT 'Base Weee Tax Disposition',
  `base_weee_tax_row_disposition` decimal(12,4) DEFAULT NULL COMMENT 'Base Weee Tax Row Disposition',
  PRIMARY KEY (`entity_id`),
  KEY `SALES_INVOICE_ITEM_PARENT_ID` (`parent_id`),
  CONSTRAINT `SALES_INVOICE_ITEM_PARENT_ID_SALES_INVOICE_ENTITY_ID` FOREIGN KEY (`parent_id`) REFERENCES `sales_invoice` (`entity_id`) ON DELETE CASCADE
) ENGINE=InnoDB AUTO_INCREMENT=20 DEFAULT CHARSET=utf8 COMMENT='Sales Flat Invoice Item';

--
-- Dumping data for table `sales_invoice_item`
--

INSERT INTO `sales_invoice_item` VALUES (1,1,0.0000,0.0000,0.0000,NULL,0.0000,NULL,0.0000,0.0000,0.0000,1.0000,NULL,0.0000,0.0000,0.0000,7,1,NULL,NULL,'Free Sample-Dark Grey','Free Sample',0.0000,0.0000,NULL,'[]',NULL,0.0000,NULL,0.0000,NULL,NULL,NULL,0.0000),(2,1,0.0000,NULL,NULL,NULL,NULL,NULL,NULL,NULL,NULL,1.0000,NULL,0.0000,NULL,NULL,5,2,NULL,NULL,'Free Sample-Dark Grey','Free Sample-Dark Grey',NULL,NULL,NULL,NULL,NULL,NULL,NULL,NULL,NULL,NULL,NULL,NULL),(3,2,0.0000,0.0000,0.0000,NULL,0.0000,NULL,0.0000,0.0000,0.0000,1.0000,NULL,0.0000,0.0000,0.0000,7,3,NULL,NULL,'Free Sample-Light Brown','Free Sample',0.0000,0.0000,NULL,'[]',NULL,0.0000,NULL,0.0000,NULL,NULL,NULL,0.0000),(4,2,0.0000,NULL,NULL,NULL,NULL,NULL,NULL,NULL,NULL,1.0000,NULL,0.0000,NULL,NULL,4,4,NULL,NULL,'Free Sample-Light Brown','Free Sample-Light Brown',NULL,NULL,NULL,NULL,NULL,NULL,NULL,NULL,NULL,NULL,NULL,NULL),(5,3,0.0000,0.0000,0.0000,NULL,0.0000,NULL,0.0000,0.0000,0.0000,1.0000,NULL,0.0000,0.0000,0.0000,28,5,NULL,NULL,'Free Sample-Medium Brown','Free Sample',0.0000,0.0000,NULL,'[]',NULL,0.0000,NULL,0.0000,NULL,NULL,NULL,0.0000),(6,3,0.0000,NULL,NULL,NULL,NULL,NULL,NULL,NULL,NULL,1.0000,NULL,0.0000,NULL,NULL,24,6,NULL,NULL,'Free Sample-Medium Brown','Free Sample-Medium Brown',NULL,NULL,NULL,NULL,NULL,NULL,NULL,NULL,NULL,NULL,NULL,NULL),(7,4,19.9500,0.0000,19.9500,NULL,19.9500,NULL,19.9500,0.0000,19.9500,1.0000,NULL,19.9500,19.9500,19.9500,14,11,NULL,NULL,'Hair Building Fibers - 28g-Black','Hair Building Fibers - 28g',0.0000,0.0000,NULL,'[]',NULL,0.0000,NULL,0.0000,NULL,NULL,NULL,0.0000),(8,4,0.0000,NULL,NULL,NULL,NULL,NULL,NULL,NULL,NULL,1.0000,NULL,0.0000,NULL,NULL,8,12,NULL,NULL,'Hair Building Fibers - 28g-Black','Hair Building Fibers - 28g-Black',NULL,NULL,NULL,NULL,NULL,NULL,NULL,NULL,NULL,NULL,NULL,NULL),(9,5,19.9500,0.0000,19.9500,NULL,19.9500,NULL,19.9500,0.0000,19.9500,1.0000,NULL,19.9500,19.9500,19.9500,14,13,NULL,NULL,'Hair Building Fibers - 28g-Dark Brown','Hair Building Fibers - 28g',0.0000,0.0000,NULL,'[]',NULL,0.0000,NULL,0.0000,NULL,NULL,NULL,0.0000),(10,5,0.0000,NULL,NULL,NULL,NULL,NULL,NULL,NULL,NULL,1.0000,NULL,0.0000,NULL,NULL,9,14,NULL,NULL,'Hair Building Fibers - 28g-Dark Brown','Hair Building Fibers - 28g-Dark Brown',NULL,NULL,NULL,NULL,NULL,NULL,NULL,NULL,NULL,NULL,NULL,NULL),(11,6,19.9500,0.0000,19.9500,NULL,19.9500,NULL,19.9500,0.0000,19.9500,1.0000,NULL,19.9500,19.9500,19.9500,14,15,NULL,NULL,'Hair Building Fibers - 28g-Dark Brown','Hair Building Fibers - 28g',0.0000,0.0000,NULL,'[]',NULL,0.0000,NULL,0.0000,NULL,NULL,NULL,0.0000),(12,6,0.0000,NULL,NULL,NULL,NULL,NULL,NULL,NULL,NULL,1.0000,NULL,0.0000,NULL,NULL,9,16,NULL,NULL,'Hair Building Fibers - 28g-Dark Brown','Hair Building Fibers - 28g-Dark Brown',NULL,NULL,NULL,NULL,NULL,NULL,NULL,NULL,NULL,NULL,NULL,NULL),(13,7,34.9500,0.0000,34.9500,NULL,34.9500,NULL,34.9500,0.0000,34.9500,1.0000,NULL,34.9500,34.9500,34.9500,21,33,NULL,NULL,'Hair Building Fibers - 52g-Dark Brown','Hair Building Fibers - 52g',0.0000,0.0000,NULL,'[]',NULL,0.0000,NULL,0.0000,NULL,NULL,NULL,0.0000),(14,7,0.0000,NULL,NULL,NULL,NULL,NULL,NULL,NULL,NULL,1.0000,NULL,0.0000,NULL,NULL,16,34,NULL,NULL,'Hair Building Fibers - 52g-Dark Brown','Hair Building Fibers - 52g-Dark Brown',NULL,NULL,NULL,NULL,NULL,NULL,NULL,NULL,NULL,NULL,NULL,NULL),(15,8,19.9500,0.0000,19.9500,NULL,19.9500,NULL,19.9500,0.0000,19.9500,1.0000,NULL,19.9500,19.9500,19.9500,14,37,NULL,NULL,'Hair Building Fibers - 28g-Black','Hair Building Fibers - 28g',0.0000,0.0000,NULL,'[]',NULL,0.0000,NULL,0.0000,NULL,NULL,NULL,0.0000),(16,8,0.0000,NULL,NULL,NULL,NULL,NULL,NULL,NULL,NULL,1.0000,NULL,0.0000,NULL,NULL,8,38,NULL,NULL,'Hair Building Fibers - 28g-Black','Hair Building Fibers - 28g-Black',NULL,NULL,NULL,NULL,NULL,NULL,NULL,NULL,NULL,NULL,NULL,NULL),(17,9,19.9500,NULL,19.9500,NULL,19.9500,NULL,19.9500,NULL,19.9500,1.0000,NULL,19.9500,19.9500,19.9500,47,46,NULL,NULL,'HBF - Medium Brown - 28g','Hair Building Fibers - Medium Brown - 28g',NULL,NULL,NULL,'[]',NULL,0.0000,NULL,0.0000,NULL,NULL,NULL,0.0000),(18,10,19.9500,NULL,19.9500,NULL,19.9500,NULL,19.9500,NULL,19.9500,1.0000,NULL,19.9500,19.9500,19.9500,50,47,NULL,NULL,'Hair Building Fibers - Grey - 28g','Hair Building Fibers - Grey - 28g',NULL,NULL,NULL,'[]',NULL,0.0000,NULL,0.0000,NULL,NULL,NULL,0.0000),(19,11,19.9500,NULL,19.9500,NULL,19.9500,NULL,19.9500,NULL,19.9500,1.0000,NULL,19.9500,19.9500,19.9500,46,48,NULL,NULL,'HBF - Dark Brown - 28g','Hair Building Fibers - Dark Brown - 28g',NULL,NULL,NULL,'[]',NULL,0.0000,NULL,0.0000,NULL,NULL,NULL,0.0000);

--
-- Table structure for table `sales_invoiced_aggregated`
--

CREATE TABLE `sales_invoiced_aggregated` (
  `id` int(10) unsigned NOT NULL AUTO_INCREMENT COMMENT 'Id',
  `period` date DEFAULT NULL COMMENT 'Period',
  `store_id` smallint(5) unsigned DEFAULT NULL COMMENT 'Store Id',
  `order_status` varchar(50) DEFAULT NULL COMMENT 'Order Status',
  `orders_count` int(11) NOT NULL DEFAULT '0' COMMENT 'Orders Count',
  `orders_invoiced` decimal(12,4) DEFAULT NULL COMMENT 'Orders Invoiced',
  `invoiced` decimal(12,4) DEFAULT NULL COMMENT 'Invoiced',
  `invoiced_captured` decimal(12,4) DEFAULT NULL COMMENT 'Invoiced Captured',
  `invoiced_not_captured` decimal(12,4) DEFAULT NULL COMMENT 'Invoiced Not Captured',
  PRIMARY KEY (`id`),
  UNIQUE KEY `SALES_INVOICED_AGGREGATED_PERIOD_STORE_ID_ORDER_STATUS` (`period`,`store_id`,`order_status`),
  KEY `SALES_INVOICED_AGGREGATED_STORE_ID` (`store_id`),
  CONSTRAINT `SALES_INVOICED_AGGREGATED_STORE_ID_STORE_STORE_ID` FOREIGN KEY (`store_id`) REFERENCES `store` (`store_id`) ON DELETE SET NULL
) ENGINE=InnoDB AUTO_INCREMENT=5 DEFAULT CHARSET=utf8 COMMENT='Sales Invoiced Aggregated';

--
-- Dumping data for table `sales_invoiced_aggregated`
--

INSERT INTO `sales_invoiced_aggregated` VALUES (1,'2017-05-01',1,'processing',1,1.0000,24.9500,24.9500,0.0000),(2,'2017-05-01',0,'processing',1,1.0000,24.9500,24.9500,0.0000),(3,'2019-01-15',1,'processing',2,2.0000,49.9000,49.9000,0.0000),(4,'2019-01-15',0,'processing',2,2.0000,49.9000,49.9000,0.0000);

--
-- Table structure for table `sales_invoiced_aggregated_order`
--

CREATE TABLE `sales_invoiced_aggregated_order` (
  `id` int(10) unsigned NOT NULL AUTO_INCREMENT COMMENT 'Id',
  `period` date DEFAULT NULL COMMENT 'Period',
  `store_id` smallint(5) unsigned DEFAULT NULL COMMENT 'Store Id',
  `order_status` varchar(50) NOT NULL COMMENT 'Order Status',
  `orders_count` int(11) NOT NULL DEFAULT '0' COMMENT 'Orders Count',
  `orders_invoiced` decimal(12,4) DEFAULT NULL COMMENT 'Orders Invoiced',
  `invoiced` decimal(12,4) DEFAULT NULL COMMENT 'Invoiced',
  `invoiced_captured` decimal(12,4) DEFAULT NULL COMMENT 'Invoiced Captured',
  `invoiced_not_captured` decimal(12,4) DEFAULT NULL COMMENT 'Invoiced Not Captured',
  PRIMARY KEY (`id`),
  UNIQUE KEY `SALES_INVOICED_AGGRED_ORDER_PERIOD_STORE_ID_ORDER_STS` (`period`,`store_id`,`order_status`),
  KEY `SALES_INVOICED_AGGREGATED_ORDER_STORE_ID` (`store_id`),
  CONSTRAINT `SALES_INVOICED_AGGREGATED_ORDER_STORE_ID_STORE_STORE_ID` FOREIGN KEY (`store_id`) REFERENCES `store` (`store_id`) ON DELETE SET NULL
) ENGINE=InnoDB AUTO_INCREMENT=9 DEFAULT CHARSET=utf8 COMMENT='Sales Invoiced Aggregated Order';

--
-- Dumping data for table `sales_invoiced_aggregated_order`
--

INSERT INTO `sales_invoiced_aggregated_order` VALUES (3,'2017-03-31',1,'complete',1,1.0000,19.9500,19.9500,0.0000),(4,'2017-03-31',0,'complete',1,1.0000,19.9500,19.9500,0.0000),(5,'2017-05-01',1,'processing',1,1.0000,24.9500,24.9500,0.0000),(6,'2017-05-01',0,'processing',1,1.0000,24.9500,24.9500,0.0000),(7,'2019-01-15',1,'processing',2,2.0000,49.9000,49.9000,0.0000),(8,'2019-01-15',0,'processing',2,2.0000,49.9000,49.9000,0.0000);

--
-- Table structure for table `sales_order`
--

CREATE TABLE `sales_order` (
  `entity_id` int(10) unsigned NOT NULL AUTO_INCREMENT COMMENT 'Entity Id',
  `state` varchar(32) DEFAULT NULL COMMENT 'State',
  `status` varchar(32) DEFAULT NULL COMMENT 'Status',
  `coupon_code` varchar(255) DEFAULT NULL COMMENT 'Coupon Code',
  `protect_code` varchar(255) DEFAULT NULL COMMENT 'Protect Code',
  `shipping_description` varchar(255) DEFAULT NULL COMMENT 'Shipping Description',
  `is_virtual` smallint(5) unsigned DEFAULT NULL COMMENT 'Is Virtual',
  `store_id` smallint(5) unsigned DEFAULT NULL COMMENT 'Store Id',
  `customer_id` int(10) unsigned DEFAULT NULL COMMENT 'Customer Id',
  `base_discount_amount` decimal(12,4) DEFAULT NULL COMMENT 'Base Discount Amount',
  `base_discount_canceled` decimal(12,4) DEFAULT NULL COMMENT 'Base Discount Canceled',
  `base_discount_invoiced` decimal(12,4) DEFAULT NULL COMMENT 'Base Discount Invoiced',
  `base_discount_refunded` decimal(12,4) DEFAULT NULL COMMENT 'Base Discount Refunded',
  `base_grand_total` decimal(12,4) DEFAULT NULL COMMENT 'Base Grand Total',
  `base_shipping_amount` decimal(12,4) DEFAULT NULL COMMENT 'Base Shipping Amount',
  `base_shipping_canceled` decimal(12,4) DEFAULT NULL COMMENT 'Base Shipping Canceled',
  `base_shipping_invoiced` decimal(12,4) DEFAULT NULL COMMENT 'Base Shipping Invoiced',
  `base_shipping_refunded` decimal(12,4) DEFAULT NULL COMMENT 'Base Shipping Refunded',
  `base_shipping_tax_amount` decimal(12,4) DEFAULT NULL COMMENT 'Base Shipping Tax Amount',
  `base_shipping_tax_refunded` decimal(12,4) DEFAULT NULL COMMENT 'Base Shipping Tax Refunded',
  `base_subtotal` decimal(12,4) DEFAULT NULL COMMENT 'Base Subtotal',
  `base_subtotal_canceled` decimal(12,4) DEFAULT NULL COMMENT 'Base Subtotal Canceled',
  `base_subtotal_invoiced` decimal(12,4) DEFAULT NULL COMMENT 'Base Subtotal Invoiced',
  `base_subtotal_refunded` decimal(12,4) DEFAULT NULL COMMENT 'Base Subtotal Refunded',
  `base_tax_amount` decimal(12,4) DEFAULT NULL COMMENT 'Base Tax Amount',
  `base_tax_canceled` decimal(12,4) DEFAULT NULL COMMENT 'Base Tax Canceled',
  `base_tax_invoiced` decimal(12,4) DEFAULT NULL COMMENT 'Base Tax Invoiced',
  `base_tax_refunded` decimal(12,4) DEFAULT NULL COMMENT 'Base Tax Refunded',
  `base_to_global_rate` decimal(12,4) DEFAULT NULL COMMENT 'Base To Global Rate',
  `base_to_order_rate` decimal(12,4) DEFAULT NULL COMMENT 'Base To Order Rate',
  `base_total_canceled` decimal(12,4) DEFAULT NULL COMMENT 'Base Total Canceled',
  `base_total_invoiced` decimal(12,4) DEFAULT NULL COMMENT 'Base Total Invoiced',
  `base_total_invoiced_cost` decimal(12,4) DEFAULT NULL COMMENT 'Base Total Invoiced Cost',
  `base_total_offline_refunded` decimal(12,4) DEFAULT NULL COMMENT 'Base Total Offline Refunded',
  `base_total_online_refunded` decimal(12,4) DEFAULT NULL COMMENT 'Base Total Online Refunded',
  `base_total_paid` decimal(12,4) DEFAULT NULL COMMENT 'Base Total Paid',
  `base_total_qty_ordered` decimal(12,4) DEFAULT NULL COMMENT 'Base Total Qty Ordered',
  `base_total_refunded` decimal(12,4) DEFAULT NULL COMMENT 'Base Total Refunded',
  `discount_amount` decimal(12,4) DEFAULT NULL COMMENT 'Discount Amount',
  `discount_canceled` decimal(12,4) DEFAULT NULL COMMENT 'Discount Canceled',
  `discount_invoiced` decimal(12,4) DEFAULT NULL COMMENT 'Discount Invoiced',
  `discount_refunded` decimal(12,4) DEFAULT NULL COMMENT 'Discount Refunded',
  `grand_total` decimal(12,4) DEFAULT NULL COMMENT 'Grand Total',
  `shipping_amount` decimal(12,4) DEFAULT NULL COMMENT 'Shipping Amount',
  `shipping_canceled` decimal(12,4) DEFAULT NULL COMMENT 'Shipping Canceled',
  `shipping_invoiced` decimal(12,4) DEFAULT NULL COMMENT 'Shipping Invoiced',
  `shipping_refunded` decimal(12,4) DEFAULT NULL COMMENT 'Shipping Refunded',
  `shipping_tax_amount` decimal(12,4) DEFAULT NULL COMMENT 'Shipping Tax Amount',
  `shipping_tax_refunded` decimal(12,4) DEFAULT NULL COMMENT 'Shipping Tax Refunded',
  `store_to_base_rate` decimal(12,4) DEFAULT NULL COMMENT 'Store To Base Rate',
  `store_to_order_rate` decimal(12,4) DEFAULT NULL COMMENT 'Store To Order Rate',
  `subtotal` decimal(12,4) DEFAULT NULL COMMENT 'Subtotal',
  `subtotal_canceled` decimal(12,4) DEFAULT NULL COMMENT 'Subtotal Canceled',
  `subtotal_invoiced` decimal(12,4) DEFAULT NULL COMMENT 'Subtotal Invoiced',
  `subtotal_refunded` decimal(12,4) DEFAULT NULL COMMENT 'Subtotal Refunded',
  `tax_amount` decimal(12,4) DEFAULT NULL COMMENT 'Tax Amount',
  `tax_canceled` decimal(12,4) DEFAULT NULL COMMENT 'Tax Canceled',
  `tax_invoiced` decimal(12,4) DEFAULT NULL COMMENT 'Tax Invoiced',
  `tax_refunded` decimal(12,4) DEFAULT NULL COMMENT 'Tax Refunded',
  `total_canceled` decimal(12,4) DEFAULT NULL COMMENT 'Total Canceled',
  `total_invoiced` decimal(12,4) DEFAULT NULL COMMENT 'Total Invoiced',
  `total_offline_refunded` decimal(12,4) DEFAULT NULL COMMENT 'Total Offline Refunded',
  `total_online_refunded` decimal(12,4) DEFAULT NULL COMMENT 'Total Online Refunded',
  `total_paid` decimal(12,4) DEFAULT NULL COMMENT 'Total Paid',
  `total_qty_ordered` decimal(12,4) DEFAULT NULL COMMENT 'Total Qty Ordered',
  `total_refunded` decimal(12,4) DEFAULT NULL COMMENT 'Total Refunded',
  `can_ship_partially` smallint(5) unsigned DEFAULT NULL COMMENT 'Can Ship Partially',
  `can_ship_partially_item` smallint(5) unsigned DEFAULT NULL COMMENT 'Can Ship Partially Item',
  `customer_is_guest` smallint(5) unsigned DEFAULT NULL COMMENT 'Customer Is Guest',
  `customer_note_notify` smallint(5) unsigned DEFAULT NULL COMMENT 'Customer Note Notify',
  `billing_address_id` int(11) DEFAULT NULL COMMENT 'Billing Address Id',
  `customer_group_id` smallint(6) DEFAULT NULL COMMENT 'Customer Group Id',
  `edit_increment` int(11) DEFAULT NULL COMMENT 'Edit Increment',
  `email_sent` smallint(5) unsigned DEFAULT NULL COMMENT 'Email Sent',
  `send_email` smallint(5) unsigned DEFAULT NULL COMMENT 'Send Email',
  `forced_shipment_with_invoice` smallint(5) unsigned DEFAULT NULL COMMENT 'Forced Do Shipment With Invoice',
  `payment_auth_expiration` int(11) DEFAULT NULL COMMENT 'Payment Authorization Expiration',
  `quote_address_id` int(11) DEFAULT NULL COMMENT 'Quote Address Id',
  `quote_id` int(11) DEFAULT NULL COMMENT 'Quote Id',
  `shipping_address_id` int(11) DEFAULT NULL COMMENT 'Shipping Address Id',
  `adjustment_negative` decimal(12,4) DEFAULT NULL COMMENT 'Adjustment Negative',
  `adjustment_positive` decimal(12,4) DEFAULT NULL COMMENT 'Adjustment Positive',
  `base_adjustment_negative` decimal(12,4) DEFAULT NULL COMMENT 'Base Adjustment Negative',
  `base_adjustment_positive` decimal(12,4) DEFAULT NULL COMMENT 'Base Adjustment Positive',
  `base_shipping_discount_amount` decimal(12,4) DEFAULT NULL COMMENT 'Base Shipping Discount Amount',
  `base_subtotal_incl_tax` decimal(12,4) DEFAULT NULL COMMENT 'Base Subtotal Incl Tax',
  `base_total_due` decimal(12,4) DEFAULT NULL COMMENT 'Base Total Due',
  `payment_authorization_amount` decimal(12,4) DEFAULT NULL COMMENT 'Payment Authorization Amount',
  `shipping_discount_amount` decimal(12,4) DEFAULT NULL COMMENT 'Shipping Discount Amount',
  `subtotal_incl_tax` decimal(12,4) DEFAULT NULL COMMENT 'Subtotal Incl Tax',
  `total_due` decimal(12,4) DEFAULT NULL COMMENT 'Total Due',
  `weight` decimal(12,4) DEFAULT NULL COMMENT 'Weight',
  `customer_dob` datetime DEFAULT NULL COMMENT 'Customer Dob',
  `increment_id` varchar(32) DEFAULT NULL COMMENT 'Increment Id',
  `applied_rule_ids` varchar(128) DEFAULT NULL COMMENT 'Applied Rule Ids',
  `base_currency_code` varchar(3) DEFAULT NULL COMMENT 'Base Currency Code',
  `customer_email` varchar(128) DEFAULT NULL COMMENT 'Customer Email',
  `customer_firstname` varchar(128) DEFAULT NULL COMMENT 'Customer Firstname',
  `customer_lastname` varchar(128) DEFAULT NULL COMMENT 'Customer Lastname',
  `customer_middlename` varchar(128) DEFAULT NULL COMMENT 'Customer Middlename',
  `customer_prefix` varchar(32) DEFAULT NULL COMMENT 'Customer Prefix',
  `customer_suffix` varchar(32) DEFAULT NULL COMMENT 'Customer Suffix',
  `customer_taxvat` varchar(32) DEFAULT NULL COMMENT 'Customer Taxvat',
  `discount_description` varchar(255) DEFAULT NULL COMMENT 'Discount Description',
  `ext_customer_id` varchar(32) DEFAULT NULL COMMENT 'Ext Customer Id',
  `ext_order_id` varchar(32) DEFAULT NULL COMMENT 'Ext Order Id',
  `global_currency_code` varchar(3) DEFAULT NULL COMMENT 'Global Currency Code',
  `hold_before_state` varchar(32) DEFAULT NULL COMMENT 'Hold Before State',
  `hold_before_status` varchar(32) DEFAULT NULL COMMENT 'Hold Before Status',
  `order_currency_code` varchar(3) DEFAULT NULL COMMENT 'Order Currency Code',
  `original_increment_id` varchar(32) DEFAULT NULL COMMENT 'Original Increment Id',
  `relation_child_id` varchar(32) DEFAULT NULL COMMENT 'Relation Child Id',
  `relation_child_real_id` varchar(32) DEFAULT NULL COMMENT 'Relation Child Real Id',
  `relation_parent_id` varchar(32) DEFAULT NULL COMMENT 'Relation Parent Id',
  `relation_parent_real_id` varchar(32) DEFAULT NULL COMMENT 'Relation Parent Real Id',
  `remote_ip` varchar(32) DEFAULT NULL COMMENT 'Remote Ip',
  `shipping_method` varchar(32) DEFAULT NULL COMMENT 'Shipping Method',
  `store_currency_code` varchar(3) DEFAULT NULL COMMENT 'Store Currency Code',
  `store_name` varchar(32) DEFAULT NULL COMMENT 'Store Name',
  `x_forwarded_for` varchar(32) DEFAULT NULL COMMENT 'X Forwarded For',
  `customer_note` text COMMENT 'Customer Note',
  `created_at` timestamp NOT NULL DEFAULT CURRENT_TIMESTAMP COMMENT 'Created At',
  `updated_at` timestamp NOT NULL DEFAULT CURRENT_TIMESTAMP ON UPDATE CURRENT_TIMESTAMP COMMENT 'Updated At',
  `total_item_count` smallint(5) unsigned NOT NULL DEFAULT '0' COMMENT 'Total Item Count',
  `customer_gender` int(11) DEFAULT NULL COMMENT 'Customer Gender',
  `discount_tax_compensation_amount` decimal(12,4) DEFAULT NULL COMMENT 'Discount Tax Compensation Amount',
  `base_discount_tax_compensation_amount` decimal(12,4) DEFAULT NULL COMMENT 'Base Discount Tax Compensation Amount',
  `shipping_discount_tax_compensation_amount` decimal(12,4) DEFAULT NULL COMMENT 'Shipping Discount Tax Compensation Amount',
  `base_shipping_discount_tax_compensation_amnt` decimal(12,4) DEFAULT NULL COMMENT 'Base Shipping Discount Tax Compensation Amount',
  `discount_tax_compensation_invoiced` decimal(12,4) DEFAULT NULL COMMENT 'Discount Tax Compensation Invoiced',
  `base_discount_tax_compensation_invoiced` decimal(12,4) DEFAULT NULL COMMENT 'Base Discount Tax Compensation Invoiced',
  `discount_tax_compensation_refunded` decimal(12,4) DEFAULT NULL COMMENT 'Discount Tax Compensation Refunded',
  `base_discount_tax_compensation_refunded` decimal(12,4) DEFAULT NULL COMMENT 'Base Discount Tax Compensation Refunded',
  `shipping_incl_tax` decimal(12,4) DEFAULT NULL COMMENT 'Shipping Incl Tax',
  `base_shipping_incl_tax` decimal(12,4) DEFAULT NULL COMMENT 'Base Shipping Incl Tax',
  `coupon_rule_name` varchar(255) DEFAULT NULL COMMENT 'Coupon Sales Rule Name',
  `paypal_ipn_customer_notified` int(11) DEFAULT '0' COMMENT 'Paypal Ipn Customer Notified',
  `gift_message_id` int(11) DEFAULT NULL COMMENT 'Gift Message Id',
  PRIMARY KEY (`entity_id`),
  UNIQUE KEY `SALES_ORDER_INCREMENT_ID_STORE_ID` (`increment_id`,`store_id`),
  KEY `SALES_ORDER_STATUS` (`status`),
  KEY `SALES_ORDER_STATE` (`state`),
  KEY `SALES_ORDER_STORE_ID` (`store_id`),
  KEY `SALES_ORDER_CREATED_AT` (`created_at`),
  KEY `SALES_ORDER_CUSTOMER_ID` (`customer_id`),
  KEY `SALES_ORDER_EXT_ORDER_ID` (`ext_order_id`),
  KEY `SALES_ORDER_QUOTE_ID` (`quote_id`),
  KEY `SALES_ORDER_UPDATED_AT` (`updated_at`),
  KEY `SALES_ORDER_SEND_EMAIL` (`send_email`),
  KEY `SALES_ORDER_EMAIL_SENT` (`email_sent`),
  CONSTRAINT `SALES_ORDER_CUSTOMER_ID_CUSTOMER_ENTITY_ENTITY_ID` FOREIGN KEY (`customer_id`) REFERENCES `customer_entity` (`entity_id`) ON DELETE SET NULL,
  CONSTRAINT `SALES_ORDER_STORE_ID_STORE_STORE_ID` FOREIGN KEY (`store_id`) REFERENCES `store` (`store_id`) ON DELETE SET NULL
) ENGINE=InnoDB AUTO_INCREMENT=28 DEFAULT CHARSET=utf8 COMMENT='Sales Flat Order';

--
-- Dumping data for table `sales_order`
--

INSERT INTO `sales_order` VALUES (1,'processing','processing',NULL,'f1b2da','Flat Rate - Fixed',0,1,1,0.0000,NULL,0.0000,NULL,5.0000,5.0000,NULL,5.0000,NULL,0.0000,NULL,0.0000,NULL,0.0000,NULL,0.0000,NULL,0.0000,NULL,1.0000,1.0000,NULL,5.0000,0.0000,NULL,NULL,5.0000,NULL,NULL,0.0000,NULL,0.0000,NULL,5.0000,5.0000,NULL,5.0000,NULL,0.0000,NULL,0.0000,0.0000,0.0000,NULL,0.0000,NULL,0.0000,NULL,0.0000,NULL,NULL,5.0000,NULL,NULL,5.0000,1.0000,NULL,NULL,NULL,1,0,2,0,NULL,1,1,NULL,NULL,NULL,1,1,NULL,NULL,NULL,NULL,0.0000,0.0000,0.0000,NULL,0.0000,0.0000,0.0000,1.0000,NULL,'000000001',NULL,'USD','info@keragen.com',NULL,NULL,NULL,NULL,NULL,NULL,NULL,NULL,NULL,'USD',NULL,NULL,'USD',NULL,NULL,NULL,NULL,NULL,'107.216.143.215','flatrate_flatrate','USD','Main Website\nMain Website Store\n',NULL,NULL,'2017-01-09 16:31:01','2017-01-09 16:32:56',1,NULL,0.0000,0.0000,0.0000,NULL,0.0000,0.0000,NULL,NULL,5.0000,5.0000,NULL,0,NULL),(2,'processing','processing',NULL,'93a617','Flat Rate - Fixed',0,1,NULL,0.0000,NULL,0.0000,NULL,5.0000,5.0000,NULL,5.0000,NULL,0.0000,NULL,0.0000,NULL,0.0000,NULL,0.0000,NULL,0.0000,NULL,1.0000,1.0000,NULL,5.0000,0.0000,NULL,NULL,5.0000,NULL,NULL,0.0000,NULL,0.0000,NULL,5.0000,5.0000,NULL,5.0000,NULL,0.0000,NULL,0.0000,0.0000,0.0000,NULL,0.0000,NULL,0.0000,NULL,0.0000,NULL,NULL,5.0000,NULL,NULL,5.0000,1.0000,NULL,NULL,NULL,1,0,4,0,NULL,1,1,NULL,NULL,NULL,2,3,NULL,NULL,NULL,NULL,0.0000,0.0000,0.0000,NULL,0.0000,0.0000,0.0000,1.0000,NULL,'000000002',NULL,'USD','info@keragen.com',NULL,NULL,NULL,NULL,NULL,NULL,NULL,NULL,NULL,'USD',NULL,NULL,'USD',NULL,NULL,NULL,NULL,NULL,'107.216.143.215','flatrate_flatrate','USD','Main Website\nMain Website Store\n',NULL,NULL,'2017-01-09 16:39:38','2017-01-09 16:40:07',1,NULL,0.0000,0.0000,0.0000,NULL,0.0000,0.0000,NULL,NULL,5.0000,5.0000,NULL,0,NULL),(3,'complete','complete',NULL,'338a88','Flat Rate - Fixed',0,1,NULL,0.0000,NULL,0.0000,NULL,5.0000,5.0000,NULL,5.0000,NULL,0.0000,NULL,0.0000,NULL,0.0000,NULL,0.0000,NULL,0.0000,NULL,1.0000,1.0000,NULL,5.0000,0.0000,NULL,NULL,5.0000,NULL,NULL,0.0000,NULL,0.0000,NULL,5.0000,5.0000,NULL,5.0000,NULL,0.0000,NULL,0.0000,0.0000,0.0000,NULL,0.0000,NULL,0.0000,NULL,0.0000,NULL,NULL,5.0000,NULL,NULL,5.0000,1.0000,NULL,NULL,NULL,1,0,6,0,NULL,1,1,NULL,NULL,NULL,5,5,NULL,NULL,NULL,NULL,0.0000,0.0000,0.0000,NULL,0.0000,0.0000,0.0000,1.0000,NULL,'000000003',NULL,'USD','info@keragen.com',NULL,NULL,NULL,NULL,NULL,NULL,NULL,NULL,NULL,'USD',NULL,NULL,'USD',NULL,NULL,NULL,NULL,NULL,'104.189.11.190','flatrate_flatrate','USD','Main Website\nMain Website Store\n',NULL,NULL,'2017-01-10 07:54:09','2017-02-18 06:41:04',1,NULL,0.0000,0.0000,0.0000,NULL,0.0000,0.0000,NULL,NULL,5.0000,5.0000,NULL,0,NULL),(4,'processing','processing',NULL,'92905c','Flat Rate - Fixed',0,1,NULL,0.0000,NULL,NULL,NULL,39.9500,5.0000,NULL,NULL,NULL,0.0000,NULL,34.9500,NULL,NULL,NULL,0.0000,NULL,NULL,NULL,1.0000,1.0000,NULL,NULL,NULL,NULL,NULL,NULL,NULL,NULL,0.0000,NULL,NULL,NULL,39.9500,5.0000,NULL,NULL,NULL,0.0000,NULL,0.0000,0.0000,34.9500,NULL,NULL,NULL,0.0000,NULL,NULL,NULL,NULL,NULL,NULL,NULL,NULL,1.0000,NULL,NULL,NULL,1,1,8,0,NULL,1,1,NULL,NULL,NULL,6,7,NULL,NULL,NULL,NULL,0.0000,34.9500,39.9500,NULL,0.0000,34.9500,39.9500,1.0000,NULL,'000000004',NULL,'USD','info@keragen.com',NULL,NULL,NULL,NULL,NULL,NULL,NULL,NULL,NULL,'USD',NULL,NULL,'USD',NULL,NULL,NULL,NULL,NULL,'104.189.11.190','flatrate_flatrate','USD','Main Website\nMain Website Store\n',NULL,NULL,'2017-01-10 10:32:20','2017-01-10 10:32:21',1,NULL,0.0000,0.0000,0.0000,NULL,NULL,NULL,NULL,NULL,5.0000,5.0000,NULL,0,NULL),(5,'processing','processing',NULL,'77c3d1',NULL,1,1,NULL,0.0000,NULL,NULL,NULL,19.9500,0.0000,NULL,NULL,NULL,0.0000,NULL,19.9500,NULL,NULL,NULL,0.0000,NULL,NULL,NULL,1.0000,1.0000,NULL,NULL,NULL,NULL,NULL,NULL,NULL,NULL,0.0000,NULL,NULL,NULL,19.9500,0.0000,NULL,NULL,NULL,0.0000,NULL,0.0000,0.0000,19.9500,NULL,NULL,NULL,0.0000,NULL,NULL,NULL,NULL,NULL,NULL,NULL,NULL,1.0000,NULL,NULL,NULL,1,1,9,0,NULL,1,1,NULL,NULL,NULL,8,NULL,NULL,NULL,NULL,NULL,0.0000,19.9500,19.9500,NULL,0.0000,19.9500,19.9500,0.0000,NULL,'000000005',NULL,'USD','info@keragen.com',NULL,NULL,NULL,NULL,NULL,NULL,NULL,NULL,NULL,'USD',NULL,NULL,'USD',NULL,NULL,NULL,NULL,NULL,'107.216.143.215',NULL,'USD','Main Website\nMain Website Store\n',NULL,NULL,'2017-01-10 21:01:33','2017-01-10 21:01:36',1,NULL,0.0000,0.0000,0.0000,NULL,NULL,NULL,NULL,NULL,0.0000,0.0000,NULL,0,NULL),(6,'complete','complete',NULL,'331aa9',NULL,1,1,NULL,0.0000,NULL,0.0000,NULL,19.9500,0.0000,NULL,0.0000,NULL,0.0000,NULL,19.9500,NULL,19.9500,NULL,0.0000,NULL,0.0000,NULL,1.0000,1.0000,NULL,19.9500,0.0000,NULL,NULL,19.9500,NULL,NULL,0.0000,NULL,0.0000,NULL,19.9500,0.0000,NULL,0.0000,NULL,0.0000,NULL,0.0000,0.0000,19.9500,NULL,19.9500,NULL,0.0000,NULL,0.0000,NULL,NULL,19.9500,NULL,NULL,19.9500,1.0000,NULL,NULL,NULL,1,0,10,0,NULL,NULL,NULL,NULL,NULL,NULL,9,NULL,NULL,NULL,NULL,NULL,0.0000,19.9500,0.0000,NULL,0.0000,19.9500,0.0000,0.0000,NULL,'000000006',NULL,'USD','bt_buyer_us@paypal.com',NULL,NULL,NULL,NULL,NULL,NULL,NULL,NULL,NULL,'USD',NULL,NULL,'USD',NULL,NULL,NULL,NULL,NULL,'107.216.143.215',NULL,'USD','Main Website\nMain Website Store\n',NULL,NULL,'2017-01-10 21:05:04','2017-01-10 21:32:33',1,NULL,0.0000,0.0000,0.0000,NULL,0.0000,0.0000,NULL,NULL,0.0000,0.0000,NULL,0,NULL),(7,'complete','complete',NULL,'a9ce33',NULL,1,1,2,0.0000,NULL,0.0000,NULL,19.9500,0.0000,NULL,0.0000,NULL,0.0000,NULL,19.9500,NULL,19.9500,NULL,0.0000,NULL,0.0000,NULL,1.0000,1.0000,NULL,19.9500,0.0000,NULL,NULL,19.9500,NULL,NULL,0.0000,NULL,0.0000,NULL,19.9500,0.0000,NULL,0.0000,NULL,0.0000,NULL,0.0000,0.0000,19.9500,NULL,19.9500,NULL,0.0000,NULL,0.0000,NULL,NULL,19.9500,NULL,NULL,19.9500,1.0000,NULL,NULL,NULL,1,0,11,0,NULL,1,1,NULL,NULL,NULL,17,NULL,NULL,NULL,NULL,NULL,0.0000,19.9500,0.0000,NULL,0.0000,19.9500,0.0000,0.0000,NULL,'000000007',NULL,'USD','alexdeanp@aol.com',NULL,NULL,NULL,NULL,NULL,NULL,NULL,NULL,NULL,'USD',NULL,NULL,'USD',NULL,NULL,NULL,NULL,NULL,'107.216.143.215',NULL,'USD','Main Website\nMain Website Store\n',NULL,NULL,'2017-02-02 13:04:31','2017-02-02 13:16:46',1,NULL,0.0000,0.0000,0.0000,NULL,0.0000,0.0000,NULL,NULL,0.0000,0.0000,NULL,0,NULL),(8,'complete','complete',NULL,'929c48',NULL,1,1,NULL,0.0000,NULL,0.0000,NULL,19.9500,0.0000,NULL,0.0000,NULL,0.0000,NULL,19.9500,NULL,19.9500,NULL,0.0000,NULL,0.0000,NULL,1.0000,1.0000,NULL,19.9500,0.0000,NULL,NULL,19.9500,NULL,NULL,0.0000,NULL,0.0000,NULL,19.9500,0.0000,NULL,0.0000,NULL,0.0000,NULL,0.0000,0.0000,19.9500,NULL,19.9500,NULL,0.0000,NULL,0.0000,NULL,NULL,19.9500,NULL,NULL,19.9500,1.0000,NULL,NULL,NULL,1,0,12,0,NULL,1,1,NULL,NULL,NULL,22,NULL,NULL,NULL,NULL,NULL,0.0000,19.9500,0.0000,NULL,0.0000,19.9500,0.0000,0.0000,NULL,'000101200',NULL,'USD','faeez.abdrahman@gmail.com',NULL,NULL,NULL,NULL,NULL,NULL,NULL,NULL,NULL,'USD',NULL,NULL,'USD',NULL,NULL,NULL,NULL,NULL,'14.192.214.244',NULL,'USD','Main Website\nMain Website Store\n',NULL,NULL,'2017-02-19 14:23:16','2017-02-19 14:24:46',1,NULL,0.0000,0.0000,0.0000,NULL,0.0000,0.0000,NULL,NULL,0.0000,0.0000,NULL,0,NULL),(9,'new','pending',NULL,'7bfbd6','Flat Rate - Fixed',0,1,NULL,0.0000,NULL,NULL,NULL,34.9500,5.0000,NULL,NULL,NULL,0.0000,NULL,29.9500,NULL,NULL,NULL,0.0000,NULL,NULL,NULL,1.0000,1.0000,NULL,NULL,NULL,NULL,NULL,NULL,NULL,NULL,0.0000,NULL,NULL,NULL,34.9500,5.0000,NULL,NULL,NULL,0.0000,NULL,0.0000,0.0000,29.9500,NULL,NULL,NULL,0.0000,NULL,NULL,NULL,NULL,NULL,NULL,NULL,NULL,1.0000,NULL,NULL,NULL,1,1,14,0,NULL,1,1,NULL,NULL,NULL,23,13,NULL,NULL,NULL,NULL,0.0000,29.9500,34.9500,NULL,0.0000,29.9500,34.9500,1.5000,NULL,'000101201',NULL,'USD','faeez.abdrahman@gmail.com',NULL,NULL,NULL,NULL,NULL,NULL,NULL,NULL,NULL,'USD',NULL,NULL,'USD',NULL,NULL,NULL,NULL,NULL,'14.192.214.244','flatrate_flatrate','USD','Main Website\nMain Website Store\n',NULL,NULL,'2017-02-19 15:22:32','2017-02-19 15:22:33',1,NULL,0.0000,0.0000,0.0000,NULL,NULL,NULL,NULL,NULL,5.0000,5.0000,NULL,0,NULL),(10,'new','pending',NULL,'a57720','Flat Rate - Fixed',0,1,NULL,0.0000,NULL,NULL,NULL,49.9500,5.0000,NULL,NULL,NULL,0.0000,NULL,44.9500,NULL,NULL,NULL,0.0000,NULL,NULL,NULL,1.0000,1.0000,NULL,NULL,NULL,NULL,NULL,NULL,NULL,NULL,0.0000,NULL,NULL,NULL,49.9500,5.0000,NULL,NULL,NULL,0.0000,NULL,0.0000,0.0000,44.9500,NULL,NULL,NULL,0.0000,NULL,NULL,NULL,NULL,NULL,NULL,NULL,NULL,1.0000,NULL,NULL,NULL,1,1,16,0,NULL,1,1,NULL,NULL,NULL,24,15,NULL,NULL,NULL,NULL,0.0000,44.9500,49.9500,NULL,0.0000,44.9500,49.9500,2.0000,NULL,'000101202',NULL,'USD','faeez.abdrahman@gmail.com',NULL,NULL,NULL,NULL,NULL,NULL,NULL,NULL,NULL,'USD',NULL,NULL,'USD',NULL,NULL,NULL,NULL,NULL,'14.192.214.244','flatrate_flatrate','USD','Main Website\nMain Website Store\n',NULL,NULL,'2017-02-19 18:55:33','2017-02-19 18:55:34',1,NULL,0.0000,0.0000,0.0000,NULL,NULL,NULL,NULL,NULL,5.0000,5.0000,NULL,0,NULL),(11,'new','pending',NULL,'4d074b','Flat Rate - Fixed',0,1,NULL,0.0000,NULL,NULL,NULL,49.9500,5.0000,NULL,NULL,NULL,0.0000,NULL,44.9500,NULL,NULL,NULL,0.0000,NULL,NULL,NULL,1.0000,1.0000,NULL,NULL,NULL,NULL,NULL,NULL,NULL,NULL,0.0000,NULL,NULL,NULL,49.9500,5.0000,NULL,NULL,NULL,0.0000,NULL,0.0000,0.0000,44.9500,NULL,NULL,NULL,0.0000,NULL,NULL,NULL,NULL,NULL,NULL,NULL,NULL,1.0000,NULL,NULL,NULL,1,1,18,0,NULL,1,1,NULL,NULL,NULL,25,17,NULL,NULL,NULL,NULL,0.0000,44.9500,49.9500,NULL,0.0000,44.9500,49.9500,2.0000,NULL,'000101203',NULL,'USD','faeez.abdrahman@gmail.com',NULL,NULL,NULL,NULL,NULL,NULL,NULL,NULL,NULL,'USD',NULL,NULL,'USD',NULL,NULL,NULL,NULL,NULL,'14.192.214.244','flatrate_flatrate','USD','Main Website\nMain Website Store\n',NULL,NULL,'2017-02-19 19:06:46','2017-02-19 19:06:48',1,NULL,0.0000,0.0000,0.0000,NULL,NULL,NULL,NULL,NULL,5.0000,5.0000,NULL,0,NULL),(12,'new','pending',NULL,'3920e8','Flat Rate - Fixed',0,1,NULL,0.0000,NULL,NULL,NULL,49.9500,5.0000,NULL,NULL,NULL,0.0000,NULL,44.9500,NULL,NULL,NULL,0.0000,NULL,NULL,NULL,1.0000,1.0000,NULL,NULL,NULL,NULL,NULL,NULL,NULL,NULL,0.0000,NULL,NULL,NULL,49.9500,5.0000,NULL,NULL,NULL,0.0000,NULL,0.0000,0.0000,44.9500,NULL,NULL,NULL,0.0000,NULL,NULL,NULL,NULL,NULL,NULL,NULL,NULL,1.0000,NULL,NULL,NULL,1,1,20,0,NULL,1,1,NULL,NULL,NULL,26,19,NULL,NULL,NULL,NULL,0.0000,44.9500,49.9500,NULL,0.0000,44.9500,49.9500,2.0000,NULL,'000101204',NULL,'USD','faeez.abdrahman@gmail.com',NULL,NULL,NULL,NULL,NULL,NULL,NULL,NULL,NULL,'USD',NULL,NULL,'USD',NULL,NULL,NULL,NULL,NULL,'14.192.214.244','flatrate_flatrate','USD','Main Website\nMain Website Store\n',NULL,NULL,'2017-02-19 20:04:11','2017-02-19 20:04:12',1,NULL,0.0000,0.0000,0.0000,NULL,NULL,NULL,NULL,NULL,5.0000,5.0000,NULL,0,NULL),(13,'new','pending',NULL,'6551ed','Flat Rate - Fixed',0,1,NULL,0.0000,NULL,NULL,NULL,39.9500,5.0000,NULL,NULL,NULL,0.0000,NULL,34.9500,NULL,NULL,NULL,0.0000,NULL,NULL,NULL,1.0000,1.0000,NULL,NULL,NULL,NULL,NULL,NULL,NULL,NULL,0.0000,NULL,NULL,NULL,39.9500,5.0000,NULL,NULL,NULL,0.0000,NULL,0.0000,0.0000,34.9500,NULL,NULL,NULL,0.0000,NULL,NULL,NULL,NULL,NULL,NULL,NULL,NULL,1.0000,NULL,NULL,NULL,1,1,22,0,NULL,1,1,NULL,NULL,NULL,27,21,NULL,NULL,NULL,NULL,0.0000,34.9500,39.9500,NULL,0.0000,34.9500,39.9500,1.0000,NULL,'000101205',NULL,'USD','faeez.abdrahman@gmail.com',NULL,NULL,NULL,NULL,NULL,NULL,NULL,NULL,NULL,'USD',NULL,NULL,'USD',NULL,NULL,NULL,NULL,NULL,'14.192.214.244','flatrate_flatrate','USD','Main Website\nMain Website Store\n',NULL,NULL,'2017-02-20 05:04:02','2017-02-20 05:04:03',1,NULL,0.0000,0.0000,0.0000,NULL,NULL,NULL,NULL,NULL,5.0000,5.0000,NULL,0,NULL),(14,'new','pending',NULL,'88569a','Flat Rate - Fixed',0,1,NULL,0.0000,NULL,NULL,NULL,49.9500,5.0000,NULL,NULL,NULL,0.0000,NULL,44.9500,NULL,NULL,NULL,0.0000,NULL,NULL,NULL,1.0000,1.0000,NULL,NULL,NULL,NULL,NULL,NULL,NULL,NULL,0.0000,NULL,NULL,NULL,49.9500,5.0000,NULL,NULL,NULL,0.0000,NULL,0.0000,0.0000,44.9500,NULL,NULL,NULL,0.0000,NULL,NULL,NULL,NULL,NULL,NULL,NULL,NULL,1.0000,NULL,NULL,NULL,1,1,24,0,NULL,1,1,NULL,NULL,NULL,28,23,NULL,NULL,NULL,NULL,0.0000,44.9500,49.9500,NULL,0.0000,44.9500,49.9500,2.0000,NULL,'6000101206',NULL,'USD','faeez.abdrahman@gmail.com',NULL,NULL,NULL,NULL,NULL,NULL,NULL,NULL,NULL,'USD',NULL,NULL,'USD',NULL,NULL,NULL,NULL,NULL,'14.192.214.244','flatrate_flatrate','USD','Main Website\nMain Website Store\n',NULL,NULL,'2017-02-20 06:56:01','2017-02-20 06:56:02',1,NULL,0.0000,0.0000,0.0000,NULL,NULL,NULL,NULL,NULL,5.0000,5.0000,NULL,0,NULL),(15,'new','pending',NULL,'8f70da','Flat Rate - Fixed',0,1,NULL,0.0000,NULL,NULL,NULL,49.9500,5.0000,NULL,NULL,NULL,0.0000,NULL,44.9500,NULL,NULL,NULL,0.0000,NULL,NULL,NULL,1.0000,1.0000,NULL,NULL,NULL,NULL,NULL,NULL,NULL,NULL,0.0000,NULL,NULL,NULL,49.9500,5.0000,NULL,NULL,NULL,0.0000,NULL,0.0000,0.0000,44.9500,NULL,NULL,NULL,0.0000,NULL,NULL,NULL,NULL,NULL,NULL,NULL,NULL,1.0000,NULL,NULL,NULL,1,1,26,0,NULL,1,1,NULL,NULL,NULL,29,25,NULL,NULL,NULL,NULL,0.0000,44.9500,49.9500,NULL,0.0000,44.9500,49.9500,2.0000,NULL,'000101207',NULL,'USD','faeez.abdrahman@gmail.com',NULL,NULL,NULL,NULL,NULL,NULL,NULL,NULL,NULL,'USD',NULL,NULL,'USD',NULL,NULL,NULL,NULL,NULL,'14.192.214.244','flatrate_flatrate','USD','Main Website\nMain Website Store\n',NULL,NULL,'2017-02-20 07:00:00','2017-02-20 07:00:03',1,NULL,0.0000,0.0000,0.0000,NULL,NULL,NULL,NULL,NULL,5.0000,5.0000,NULL,0,NULL),(16,'new','pending',NULL,'e3965a','Flat Rate - Fixed',0,1,NULL,0.0000,NULL,NULL,NULL,49.9500,5.0000,NULL,NULL,NULL,0.0000,NULL,44.9500,NULL,NULL,NULL,0.0000,NULL,NULL,NULL,1.0000,1.0000,NULL,NULL,NULL,NULL,NULL,NULL,NULL,NULL,0.0000,NULL,NULL,NULL,49.9500,5.0000,NULL,NULL,NULL,0.0000,NULL,0.0000,0.0000,44.9500,NULL,NULL,NULL,0.0000,NULL,NULL,NULL,NULL,NULL,NULL,NULL,NULL,1.0000,NULL,NULL,NULL,1,1,28,0,NULL,1,1,NULL,NULL,NULL,30,27,NULL,NULL,NULL,NULL,0.0000,44.9500,49.9500,NULL,0.0000,44.9500,49.9500,2.0000,NULL,'000101208',NULL,'USD','faeez.abdrahman@gmail.com',NULL,NULL,NULL,NULL,NULL,NULL,NULL,NULL,NULL,'USD',NULL,NULL,'USD',NULL,NULL,NULL,NULL,NULL,'14.192.214.244','flatrate_flatrate','USD','Main Website\nMain Website Store\n',NULL,NULL,'2017-02-20 07:03:21','2017-02-20 07:03:22',1,NULL,0.0000,0.0000,0.0000,NULL,NULL,NULL,NULL,NULL,5.0000,5.0000,NULL,0,NULL),(17,'complete','complete',NULL,'771b74','Flat Rate - Fixed',0,1,3,0.0000,NULL,0.0000,NULL,39.9500,5.0000,NULL,5.0000,NULL,0.0000,NULL,34.9500,NULL,34.9500,NULL,0.0000,NULL,0.0000,NULL,1.0000,1.0000,NULL,39.9500,0.0000,NULL,NULL,39.9500,NULL,NULL,0.0000,NULL,0.0000,NULL,39.9500,5.0000,NULL,5.0000,NULL,0.0000,NULL,0.0000,0.0000,34.9500,NULL,34.9500,NULL,0.0000,NULL,0.0000,NULL,NULL,39.9500,NULL,NULL,39.9500,1.0000,NULL,NULL,NULL,1,0,30,0,NULL,1,1,NULL,NULL,NULL,31,29,NULL,NULL,NULL,NULL,0.0000,34.9500,0.0000,NULL,0.0000,34.9500,0.0000,1.0000,NULL,'000101209',NULL,'USD','admin@keragen.com',NULL,NULL,NULL,NULL,NULL,NULL,NULL,NULL,NULL,'USD',NULL,NULL,'USD',NULL,NULL,NULL,NULL,NULL,'149.255.32.228','flatrate_flatrate','USD','Main Website\nMain Website Store\n',NULL,NULL,'2017-02-20 11:44:21','2017-02-20 11:47:08',1,NULL,0.0000,0.0000,0.0000,NULL,0.0000,0.0000,NULL,NULL,5.0000,5.0000,NULL,0,NULL),(18,'processing','processing',NULL,'663101',NULL,1,1,NULL,0.0000,NULL,NULL,NULL,19.9500,0.0000,NULL,NULL,NULL,0.0000,NULL,19.9500,NULL,NULL,NULL,0.0000,NULL,NULL,NULL,1.0000,1.0000,NULL,NULL,NULL,NULL,NULL,NULL,NULL,NULL,0.0000,NULL,NULL,NULL,19.9500,0.0000,NULL,NULL,NULL,0.0000,NULL,0.0000,0.0000,19.9500,NULL,NULL,NULL,0.0000,NULL,NULL,NULL,NULL,NULL,NULL,NULL,NULL,1.0000,NULL,NULL,NULL,1,1,31,0,NULL,1,1,NULL,NULL,NULL,33,NULL,NULL,NULL,NULL,NULL,0.0000,19.9500,19.9500,NULL,0.0000,19.9500,19.9500,0.0000,NULL,'000101210',NULL,'USD','alexdeanp@aol.com',NULL,NULL,NULL,NULL,NULL,NULL,NULL,NULL,NULL,'USD',NULL,NULL,'USD',NULL,NULL,NULL,NULL,NULL,'173.245.94.233',NULL,'USD','Main Website\nMain Website Store\n',NULL,NULL,'2017-03-04 15:15:21','2017-03-04 15:15:23',1,NULL,0.0000,0.0000,0.0000,NULL,NULL,NULL,NULL,NULL,0.0000,0.0000,NULL,0,NULL),(19,'complete','complete',NULL,'c2d151',NULL,1,1,4,0.0000,NULL,0.0000,NULL,19.9500,0.0000,NULL,0.0000,NULL,0.0000,NULL,19.9500,NULL,19.9500,NULL,0.0000,NULL,0.0000,NULL,1.0000,1.0000,NULL,19.9500,0.0000,NULL,NULL,19.9500,NULL,NULL,0.0000,NULL,0.0000,NULL,19.9500,0.0000,NULL,0.0000,NULL,0.0000,NULL,0.0000,0.0000,19.9500,NULL,19.9500,NULL,0.0000,NULL,0.0000,NULL,NULL,19.9500,NULL,NULL,19.9500,1.0000,NULL,NULL,NULL,1,0,32,0,NULL,1,1,NULL,NULL,NULL,35,NULL,NULL,NULL,NULL,NULL,0.0000,19.9500,0.0000,NULL,0.0000,19.9500,0.0000,0.0000,NULL,'000101211',NULL,'USD','alex@paiplaw.com',NULL,NULL,NULL,NULL,NULL,NULL,NULL,NULL,NULL,'USD',NULL,NULL,'USD',NULL,NULL,NULL,NULL,NULL,'192.240.96.70',NULL,'USD','Main Website\nMain Website Store\n',NULL,NULL,'2017-04-01 01:25:07','2017-04-01 01:25:54',1,NULL,0.0000,0.0000,0.0000,NULL,0.0000,0.0000,NULL,NULL,0.0000,0.0000,NULL,0,NULL),(20,'new','pending',NULL,'a52cd3',NULL,1,1,NULL,0.0000,NULL,NULL,NULL,19.9500,0.0000,NULL,NULL,NULL,0.0000,NULL,19.9500,NULL,NULL,NULL,0.0000,NULL,NULL,NULL,1.0000,1.0000,NULL,NULL,NULL,NULL,NULL,NULL,NULL,NULL,0.0000,NULL,NULL,NULL,19.9500,0.0000,NULL,NULL,NULL,0.0000,NULL,0.0000,0.0000,19.9500,NULL,NULL,NULL,0.0000,NULL,NULL,NULL,NULL,NULL,NULL,NULL,NULL,1.0000,NULL,NULL,NULL,1,1,33,0,NULL,1,1,NULL,NULL,NULL,37,NULL,NULL,NULL,NULL,NULL,0.0000,19.9500,19.9500,NULL,0.0000,19.9500,19.9500,0.0000,NULL,'000101212',NULL,'USD','alex@paiplaw.com',NULL,NULL,NULL,NULL,NULL,NULL,NULL,NULL,NULL,'USD',NULL,NULL,'USD',NULL,NULL,NULL,NULL,NULL,'192.240.96.70',NULL,'USD','Main Website\nMain Website Store\n',NULL,NULL,'2017-04-01 01:36:02','2017-04-01 01:36:03',1,NULL,0.0000,0.0000,0.0000,NULL,NULL,NULL,NULL,NULL,0.0000,0.0000,NULL,0,NULL),(21,'processing','processing',NULL,'d4126b',NULL,1,1,NULL,0.0000,NULL,NULL,NULL,19.9500,0.0000,NULL,NULL,NULL,0.0000,NULL,19.9500,NULL,NULL,NULL,0.0000,NULL,NULL,NULL,1.0000,1.0000,NULL,NULL,NULL,NULL,NULL,NULL,NULL,NULL,0.0000,NULL,NULL,NULL,19.9500,0.0000,NULL,NULL,NULL,0.0000,NULL,0.0000,0.0000,19.9500,NULL,NULL,NULL,0.0000,NULL,NULL,NULL,NULL,NULL,NULL,NULL,NULL,1.0000,NULL,NULL,NULL,1,1,34,0,NULL,1,1,NULL,NULL,NULL,38,NULL,NULL,NULL,NULL,NULL,0.0000,19.9500,19.9500,NULL,0.0000,19.9500,19.9500,0.0000,NULL,'101213',NULL,'USD','alex@keragen.com',NULL,NULL,NULL,NULL,NULL,NULL,NULL,NULL,NULL,'USD',NULL,NULL,'USD',NULL,NULL,NULL,NULL,NULL,'192.240.96.70',NULL,'USD','Main Website\nMain Website Store\n',NULL,NULL,'2017-04-01 02:11:55','2017-04-01 02:11:56',1,NULL,0.0000,0.0000,0.0000,NULL,NULL,NULL,NULL,NULL,0.0000,0.0000,NULL,0,NULL),(22,'processing','processing',NULL,'0d91ab','Flat Rate - Fixed',0,1,NULL,0.0000,NULL,NULL,NULL,30.0000,10.0000,NULL,NULL,NULL,0.0000,NULL,20.0000,NULL,NULL,NULL,0.0000,NULL,NULL,NULL,1.0000,1.0000,NULL,NULL,NULL,NULL,NULL,NULL,NULL,NULL,0.0000,NULL,NULL,NULL,30.0000,10.0000,NULL,NULL,NULL,0.0000,NULL,0.0000,0.0000,20.0000,NULL,NULL,NULL,0.0000,NULL,NULL,NULL,NULL,NULL,NULL,NULL,NULL,2.0000,NULL,NULL,NULL,1,1,36,0,NULL,1,1,NULL,NULL,NULL,39,35,NULL,NULL,NULL,NULL,0.0000,20.0000,30.0000,NULL,0.0000,20.0000,30.0000,10.0000,NULL,'101214',NULL,'USD','alex@keragen.com',NULL,NULL,NULL,NULL,NULL,NULL,NULL,NULL,NULL,'USD',NULL,NULL,'USD',NULL,NULL,NULL,NULL,NULL,'192.240.96.70','flatrate_flatrate','USD','Main Website\nMain Website Store\n',NULL,NULL,'2017-04-01 02:25:09','2017-04-01 02:25:10',1,NULL,0.0000,0.0000,0.0000,NULL,NULL,NULL,NULL,NULL,10.0000,10.0000,NULL,0,NULL),(23,'processing','processing',NULL,'605950','Flat Rate - Fixed',0,1,NULL,0.0000,NULL,NULL,NULL,15.0000,5.0000,NULL,NULL,NULL,0.0000,NULL,10.0000,NULL,NULL,NULL,0.0000,NULL,NULL,NULL,1.0000,1.0000,NULL,NULL,NULL,NULL,NULL,NULL,NULL,NULL,0.0000,NULL,NULL,NULL,15.0000,5.0000,NULL,NULL,NULL,0.0000,NULL,0.0000,0.0000,10.0000,NULL,NULL,NULL,0.0000,NULL,NULL,NULL,NULL,NULL,NULL,NULL,NULL,1.0000,NULL,NULL,NULL,1,1,38,0,NULL,1,1,NULL,NULL,NULL,40,37,NULL,NULL,NULL,NULL,0.0000,10.0000,15.0000,NULL,0.0000,10.0000,15.0000,5.0000,NULL,'101215',NULL,'USD','alex@keragen.com',NULL,NULL,NULL,NULL,NULL,NULL,NULL,NULL,NULL,'USD',NULL,NULL,'USD',NULL,NULL,NULL,NULL,NULL,'192.240.96.70','flatrate_flatrate','USD','Main Website\nMain Website Store\n',NULL,NULL,'2017-04-01 02:26:54','2017-04-01 02:26:55',1,NULL,0.0000,0.0000,0.0000,NULL,NULL,NULL,NULL,NULL,5.0000,5.0000,NULL,0,NULL),(24,'processing','processing','test','b39466','Flat Rate - Fixed',0,1,NULL,-19.9000,NULL,NULL,NULL,5.0500,5.0000,NULL,NULL,NULL,0.0000,NULL,19.9500,NULL,NULL,NULL,0.0000,NULL,NULL,NULL,1.0000,1.0000,NULL,NULL,NULL,NULL,NULL,NULL,NULL,NULL,-19.9000,NULL,NULL,NULL,5.0500,5.0000,NULL,NULL,NULL,0.0000,NULL,0.0000,0.0000,19.9500,NULL,NULL,NULL,0.0000,NULL,NULL,NULL,NULL,NULL,NULL,NULL,NULL,1.0000,NULL,NULL,NULL,1,1,40,0,NULL,1,1,NULL,NULL,NULL,44,39,NULL,NULL,NULL,NULL,0.0000,19.9500,5.0500,NULL,0.0000,19.9500,5.0500,1.0000,NULL,'101216','1','USD','alex@tmcenter.com',NULL,NULL,NULL,NULL,NULL,NULL,'test',NULL,NULL,'USD',NULL,NULL,'USD',NULL,NULL,NULL,NULL,NULL,'107.216.143.215','flatrate_flatrate','USD','Main Website\nMain Website Store\n',NULL,NULL,'2017-04-10 04:35:10','2017-04-10 04:35:11',1,NULL,0.0000,0.0000,0.0000,NULL,NULL,NULL,NULL,NULL,5.0000,5.0000,'test',0,NULL),(25,'processing','processing',NULL,'f7b0e1','Flat Rate - Fixed',0,1,NULL,0.0000,NULL,0.0000,NULL,24.9500,5.0000,NULL,5.0000,NULL,0.0000,NULL,19.9500,NULL,19.9500,NULL,0.0000,NULL,0.0000,NULL,1.0000,1.0000,NULL,24.9500,0.0000,NULL,NULL,24.9500,NULL,NULL,0.0000,NULL,0.0000,NULL,24.9500,5.0000,NULL,5.0000,NULL,0.0000,NULL,0.0000,0.0000,19.9500,NULL,19.9500,NULL,0.0000,NULL,0.0000,NULL,NULL,24.9500,NULL,NULL,24.9500,1.0000,NULL,NULL,NULL,1,1,42,0,NULL,1,1,NULL,NULL,NULL,47,41,NULL,NULL,NULL,NULL,0.0000,19.9500,0.0000,NULL,0.0000,19.9500,0.0000,1.0000,NULL,'101218',NULL,'USD','info@paiplaw.com',NULL,NULL,NULL,NULL,NULL,NULL,NULL,NULL,NULL,'USD',NULL,NULL,'USD',NULL,NULL,NULL,NULL,NULL,'104.189.11.190','flatrate_flatrate','USD','Main Website\nMain Website Store\n',NULL,NULL,'2017-05-01 20:15:23','2017-05-01 20:15:24',1,NULL,0.0000,0.0000,0.0000,NULL,0.0000,0.0000,NULL,NULL,5.0000,5.0000,NULL,0,NULL),(26,'processing','processing',NULL,'71ac43','Flat Rate - Fixed',0,1,139,0.0000,NULL,0.0000,NULL,24.9500,5.0000,NULL,5.0000,NULL,0.0000,NULL,19.9500,NULL,19.9500,NULL,0.0000,NULL,0.0000,NULL,1.0000,1.0000,NULL,24.9500,0.0000,NULL,NULL,24.9500,NULL,NULL,0.0000,NULL,0.0000,NULL,24.9500,5.0000,NULL,5.0000,NULL,0.0000,NULL,0.0000,0.0000,19.9500,NULL,19.9500,NULL,0.0000,NULL,0.0000,NULL,NULL,24.9500,NULL,NULL,24.9500,1.0000,NULL,NULL,NULL,1,1,44,0,NULL,1,1,NULL,NULL,NULL,246,43,NULL,NULL,NULL,NULL,0.0000,19.9500,0.0000,NULL,0.0000,19.9500,0.0000,1.0000,NULL,'101219',NULL,'USD','ernestolosada7@gmail.com',NULL,NULL,NULL,NULL,NULL,NULL,NULL,NULL,NULL,'USD',NULL,NULL,'USD',NULL,NULL,NULL,NULL,NULL,'205.185.183.10','flatrate_flatrate','USD','Main Website\nMain Website Store\n',NULL,NULL,'2019-01-15 21:46:11','2019-01-15 21:46:44',1,NULL,0.0000,0.0000,0.0000,NULL,0.0000,0.0000,NULL,NULL,5.0000,5.0000,NULL,0,NULL),(27,'processing','processing',NULL,'78dcb6','Flat Rate - Fixed',0,1,140,0.0000,NULL,0.0000,NULL,24.9500,5.0000,NULL,5.0000,NULL,0.0000,NULL,19.9500,NULL,19.9500,NULL,0.0000,NULL,0.0000,NULL,1.0000,1.0000,NULL,24.9500,0.0000,NULL,NULL,24.9500,NULL,NULL,0.0000,NULL,0.0000,NULL,24.9500,5.0000,NULL,5.0000,NULL,0.0000,NULL,0.0000,0.0000,19.9500,NULL,19.9500,NULL,0.0000,NULL,0.0000,NULL,NULL,24.9500,NULL,NULL,24.9500,1.0000,NULL,NULL,NULL,1,1,46,0,NULL,1,1,NULL,NULL,NULL,247,45,NULL,NULL,NULL,NULL,0.0000,19.9500,0.0000,NULL,0.0000,19.9500,0.0000,1.0000,NULL,'101220',NULL,'USD','chelsea5638@yahoo.com',NULL,NULL,NULL,NULL,NULL,NULL,NULL,NULL,NULL,'USD',NULL,NULL,'USD',NULL,NULL,NULL,NULL,NULL,'205.185.183.10','flatrate_flatrate','USD','Main Website\nMain Website Store\n',NULL,NULL,'2019-01-15 22:03:07','2019-01-15 22:03:11',1,NULL,0.0000,0.0000,0.0000,NULL,0.0000,0.0000,NULL,NULL,5.0000,5.0000,NULL,0,NULL);

--
-- Table structure for table `sales_order_address`
--

CREATE TABLE `sales_order_address` (
  `entity_id` int(10) unsigned NOT NULL AUTO_INCREMENT COMMENT 'Entity Id',
  `parent_id` int(10) unsigned DEFAULT NULL COMMENT 'Parent Id',
  `customer_address_id` int(11) DEFAULT NULL COMMENT 'Customer Address Id',
  `quote_address_id` int(11) DEFAULT NULL COMMENT 'Quote Address Id',
  `region_id` int(11) DEFAULT NULL COMMENT 'Region Id',
  `customer_id` int(11) DEFAULT NULL COMMENT 'Customer Id',
  `fax` varchar(255) DEFAULT NULL COMMENT 'Fax',
  `region` varchar(255) DEFAULT NULL COMMENT 'Region',
  `postcode` varchar(255) DEFAULT NULL COMMENT 'Postcode',
  `lastname` varchar(255) DEFAULT NULL COMMENT 'Lastname',
  `street` varchar(255) DEFAULT NULL COMMENT 'Street',
  `city` varchar(255) DEFAULT NULL COMMENT 'City',
  `email` varchar(255) DEFAULT NULL COMMENT 'Email',
  `telephone` varchar(255) DEFAULT NULL COMMENT 'Phone Number',
  `country_id` varchar(2) DEFAULT NULL COMMENT 'Country Id',
  `firstname` varchar(255) DEFAULT NULL COMMENT 'Firstname',
  `address_type` varchar(255) DEFAULT NULL COMMENT 'Address Type',
  `prefix` varchar(255) DEFAULT NULL COMMENT 'Prefix',
  `middlename` varchar(255) DEFAULT NULL COMMENT 'Middlename',
  `suffix` varchar(255) DEFAULT NULL COMMENT 'Suffix',
  `company` varchar(255) DEFAULT NULL COMMENT 'Company',
  `vat_id` text COMMENT 'Vat Id',
  `vat_is_valid` smallint(6) DEFAULT NULL COMMENT 'Vat Is Valid',
  `vat_request_id` text COMMENT 'Vat Request Id',
  `vat_request_date` text COMMENT 'Vat Request Date',
  `vat_request_success` smallint(6) DEFAULT NULL COMMENT 'Vat Request Success',
  PRIMARY KEY (`entity_id`),
  KEY `SALES_ORDER_ADDRESS_PARENT_ID` (`parent_id`),
  CONSTRAINT `SALES_ORDER_ADDRESS_PARENT_ID_SALES_ORDER_ENTITY_ID` FOREIGN KEY (`parent_id`) REFERENCES `sales_order` (`entity_id`) ON DELETE CASCADE
) ENGINE=InnoDB AUTO_INCREMENT=47 DEFAULT CHARSET=utf8 COMMENT='Sales Flat Order Address';

--
-- Dumping data for table `sales_order_address`
--

INSERT INTO `sales_order_address` VALUES (1,1,NULL,NULL,12,NULL,NULL,'California','91436','Dean','16830 Ventura Blvd., Suite 360','Encino','info@keragen.com','8183801900','US','Alex','shipping',NULL,NULL,NULL,NULL,NULL,NULL,NULL,NULL,NULL),(2,1,NULL,NULL,12,NULL,NULL,'California','91436','Dean','16830 Ventura Blvd., Suite 360','Encino','info@keragen.com','8183801900','US','Alex','billing',NULL,NULL,NULL,NULL,NULL,NULL,NULL,NULL,NULL),(3,2,NULL,NULL,12,NULL,NULL,'California','91436','Dean','16830 Ventura Blvd., Suite 360','Encino','info@keragen.com','8183801900','US','Alex','shipping',NULL,NULL,NULL,NULL,NULL,NULL,NULL,NULL,NULL),(4,2,NULL,NULL,12,NULL,NULL,'California','91436','Dean','16830 Ventura Blvd., Suite 360','Encino','info@keragen.com','8183801900','US','Alex','billing',NULL,NULL,NULL,NULL,NULL,NULL,NULL,NULL,NULL),(5,3,NULL,NULL,12,NULL,NULL,'California','91436','Dean','16830 Ventura Blvd., Suite 360','Encino','info@keragen.com','8183801900','US','Alex','shipping',NULL,NULL,NULL,NULL,NULL,NULL,NULL,NULL,NULL),(6,3,NULL,NULL,12,NULL,NULL,'California','91436','Dean','16830 Ventura Blvd., Suite 360','Encino','info@keragen.com','8183801900','US','Alex','billing',NULL,NULL,NULL,NULL,NULL,NULL,NULL,NULL,NULL),(7,4,NULL,NULL,12,NULL,NULL,'California','91436','Dean','16830 Ventura Blvd., Suite 360','Encino','info@keragen.com','8183801900','US','Alex','shipping',NULL,NULL,NULL,NULL,NULL,NULL,NULL,NULL,NULL),(8,4,NULL,NULL,12,NULL,NULL,'California','91436','Dean','16830 Ventura Blvd., Suite 360','Encino','info@keragen.com','8183801900','US','Alex','billing',NULL,NULL,NULL,NULL,NULL,NULL,NULL,NULL,NULL),(9,5,NULL,NULL,23,NULL,NULL,'Illinois','60618','Doe','123 Billing Street','Chicago','info@keragen.com','312-123-4567','US','John','billing',NULL,NULL,NULL,NULL,NULL,NULL,NULL,NULL,NULL),(10,6,NULL,NULL,23,NULL,NULL,'Illinois','60618','Doe','123 Division Street\nApt. #1','Chicago','bt_buyer_us@paypal.com',NULL,'US','John','billing',NULL,NULL,NULL,NULL,NULL,NULL,NULL,NULL,NULL),(11,7,NULL,NULL,23,NULL,NULL,'Illinois','60618','Doe','123 Billing Street','Chicago','alexdeanp@aol.com','312-123-4567','US','John','billing',NULL,NULL,NULL,NULL,NULL,NULL,NULL,NULL,NULL),(12,8,NULL,NULL,89,NULL,NULL,'Rheinland-Pfalz','121212','a rahman','212121','2121','faeez.abdrahman@gmail.com','12121212','DE','faeez','billing',NULL,NULL,NULL,NULL,NULL,NULL,NULL,NULL,NULL),(13,9,NULL,NULL,84,NULL,NULL,'Bremen','121212','a rahman','212121','2121','faeez.abdrahman@gmail.com','21212121','DE','faeez','shipping',NULL,NULL,NULL,NULL,NULL,NULL,NULL,NULL,NULL),(14,9,NULL,NULL,84,NULL,NULL,'Bremen','121212','a rahman','212121','2121','faeez.abdrahman@gmail.com','21212121','DE','faeez','billing',NULL,NULL,NULL,NULL,NULL,NULL,NULL,NULL,NULL),(15,10,NULL,NULL,82,NULL,NULL,'Berlin','121212','a rahman','212121','2121','faeez.abdrahman@gmail.com','12121212','DE','faeez','shipping',NULL,NULL,NULL,NULL,NULL,NULL,NULL,NULL,NULL),(16,10,NULL,NULL,82,NULL,NULL,'Berlin','121212','a rahman','212121','2121','faeez.abdrahman@gmail.com','12121212','DE','faeez','billing',NULL,NULL,NULL,NULL,NULL,NULL,NULL,NULL,NULL),(17,11,NULL,NULL,83,NULL,NULL,'Brandenburg','121212','a rahman','212121','2121','faeez.abdrahman@gmail.com','121212','DE','faeez','shipping',NULL,NULL,NULL,NULL,NULL,NULL,NULL,NULL,NULL),(18,11,NULL,NULL,83,NULL,NULL,'Brandenburg','121212','a rahman','212121','2121','faeez.abdrahman@gmail.com','121212','DE','faeez','billing',NULL,NULL,NULL,NULL,NULL,NULL,NULL,NULL,NULL),(19,12,NULL,NULL,84,NULL,NULL,'Bremen','121212','a rahman','212121','2121','faeez.abdrahman@gmail.com','21212121212','DE','faeez','shipping',NULL,NULL,NULL,NULL,NULL,NULL,NULL,NULL,NULL),(20,12,NULL,NULL,84,NULL,NULL,'Bremen','121212','a rahman','212121','2121','faeez.abdrahman@gmail.com','21212121212','DE','faeez','billing',NULL,NULL,NULL,NULL,NULL,NULL,NULL,NULL,NULL),(21,13,NULL,NULL,85,NULL,NULL,'Hamburg','121212','a rahman','212121','2121','faeez.abdrahman@gmail.com','121212121','DE','faeez','shipping',NULL,NULL,NULL,NULL,NULL,NULL,NULL,NULL,NULL),(22,13,NULL,NULL,85,NULL,NULL,'Hamburg','121212','a rahman','212121','2121','faeez.abdrahman@gmail.com','121212121','DE','faeez','billing',NULL,NULL,NULL,NULL,NULL,NULL,NULL,NULL,NULL),(23,14,NULL,NULL,83,NULL,NULL,'Brandenburg','121212','a rahman','212121','2121','faeez.abdrahman@gmail.com','12121212','DE','faeez','shipping',NULL,NULL,NULL,NULL,NULL,NULL,NULL,NULL,NULL),(24,14,NULL,NULL,83,NULL,NULL,'Brandenburg','121212','a rahman','212121','2121','faeez.abdrahman@gmail.com','12121212','DE','faeez','billing',NULL,NULL,NULL,NULL,NULL,NULL,NULL,NULL,NULL),(25,15,NULL,NULL,89,NULL,NULL,'Rheinland-Pfalz','121212','a rahman','212121','2121','faeez.abdrahman@gmail.com','1212121','DE','faeez','shipping',NULL,NULL,NULL,NULL,NULL,NULL,NULL,NULL,NULL),(26,15,NULL,NULL,89,NULL,NULL,'Rheinland-Pfalz','121212','a rahman','212121','2121','faeez.abdrahman@gmail.com','1212121','DE','faeez','billing',NULL,NULL,NULL,NULL,NULL,NULL,NULL,NULL,NULL),(27,16,NULL,NULL,83,NULL,NULL,'Brandenburg','121212','a rahman','212121','2121','faeez.abdrahman@gmail.com','12121212','DE','faeez','shipping',NULL,NULL,NULL,NULL,NULL,NULL,NULL,NULL,NULL),(28,16,NULL,NULL,83,NULL,NULL,'Brandenburg','121212','a rahman','212121','2121','faeez.abdrahman@gmail.com','12121212','DE','faeez','billing',NULL,NULL,NULL,NULL,NULL,NULL,NULL,NULL,NULL),(29,17,NULL,NULL,12,NULL,NULL,'California','91436','Patel','16830 Ventura Blvd., Suite 360','Encino','admin@keragen.com','8183801900','US','Alex','shipping',NULL,NULL,NULL,NULL,NULL,NULL,NULL,NULL,NULL),(30,17,NULL,NULL,12,NULL,NULL,'California','91436','Patel','16830 Ventura Blvd., Suite 360','Encino','admin@keragen.com','8183801900','US','Alex','billing',NULL,NULL,NULL,NULL,NULL,NULL,NULL,NULL,NULL),(31,18,NULL,NULL,23,NULL,NULL,'Illinois','60618','Doe','123 Billing Street','Chicago','alexdeanp@aol.com','312-123-4567','US','John','billing',NULL,NULL,NULL,NULL,NULL,NULL,NULL,NULL,NULL),(32,19,NULL,NULL,23,NULL,NULL,'Illinois','60618','Doe','123 Billing Street','Chicago','alex@paiplaw.com','312-123-4567','US','John','billing',NULL,NULL,NULL,NULL,NULL,NULL,NULL,NULL,NULL),(33,20,NULL,NULL,12,NULL,NULL,'California','91436','Patel','16830 Ventura Blvd., Suite 360','Encino','alex@paiplaw.com','8183801900','US','Alex','billing',NULL,NULL,NULL,NULL,NULL,NULL,NULL,NULL,NULL),(34,21,NULL,NULL,23,NULL,NULL,'Illinois','60618','Doe','123 Billing Street','Chicago','alex@keragen.com','312-123-4567','US','John','billing',NULL,NULL,NULL,NULL,NULL,NULL,NULL,NULL,NULL),(35,22,NULL,NULL,12,NULL,NULL,'California','91436','Paetl','16830 Ventura Blvd., Suite 360','Encino','alex@keragen.com','8183801900','US','Alex','shipping',NULL,NULL,NULL,NULL,NULL,NULL,NULL,NULL,NULL),(36,22,NULL,NULL,12,NULL,NULL,'California','91436','Paetl','16830 Ventura Blvd., Suite 360','Encino','alex@keragen.com','8183801900','US','Alex','billing',NULL,NULL,NULL,NULL,NULL,NULL,NULL,NULL,NULL),(37,23,NULL,NULL,12,NULL,NULL,'California','91436','Patel','16830 Ventura Blvd., Suite 360','Encino','alex@keragen.com','8183801900','US','Alex','shipping',NULL,NULL,NULL,NULL,NULL,NULL,NULL,NULL,NULL),(38,23,NULL,NULL,12,NULL,NULL,'California','91436','Patel','16830 Ventura Blvd., Suite 360','Encino','alex@keragen.com','8183801900','US','Alex','billing',NULL,NULL,NULL,NULL,NULL,NULL,NULL,NULL,NULL),(39,24,NULL,NULL,12,NULL,NULL,'California','91436','Patel','16830 Ventura Blvd., Suite 360','Encino','alex@tmcenter.com','8183801900','US','Alex','shipping',NULL,NULL,NULL,NULL,NULL,NULL,NULL,NULL,NULL),(40,24,NULL,NULL,12,NULL,NULL,'California','91436','Patel','16830 Ventura Blvd., Suite 360','Encino','alex@tmcenter.com','8183801900','US','Alex','billing',NULL,NULL,NULL,NULL,NULL,NULL,NULL,NULL,NULL),(41,25,NULL,NULL,12,NULL,NULL,'California','91436','Patel','16830 Ventura Blvd., Suite 360','Encino','info@paiplaw.com','8183801900','US','Alex','shipping',NULL,NULL,NULL,NULL,NULL,NULL,NULL,NULL,NULL),(42,25,NULL,NULL,12,NULL,NULL,'California','91436','Patel','16830 Ventura Blvd., Suite 360','Encino','info@paiplaw.com','8183801900','US','Alex','billing',NULL,NULL,NULL,NULL,NULL,NULL,NULL,NULL,NULL),(43,26,NULL,NULL,18,NULL,NULL,'Florida','33134','Losada','1565 San Rafael Ave.','Coral Gables ','ernestolosada7@gmail.com','7863436047','US','Ernesto ','shipping',NULL,NULL,NULL,NULL,NULL,NULL,NULL,NULL,NULL),(44,26,NULL,NULL,18,NULL,NULL,'Florida','33134','Losada','1565 San Rafael Ave.','Coral Gables ','ernestolosada7@gmail.com','7863436047','US','Ernesto ','billing',NULL,NULL,NULL,NULL,NULL,NULL,NULL,NULL,NULL),(45,27,NULL,NULL,18,NULL,NULL,'Florida','32601','Schneider','1052 SW 14th Ave ..Apt F','Gainsville ','chelsea5638@yahoo.com','72740658378','US','Chelsea ','shipping',NULL,NULL,NULL,NULL,NULL,NULL,NULL,NULL,NULL),(46,27,NULL,NULL,18,NULL,NULL,'Florida','32601','Schneider','1052 SW 14th Ave ..Apt F','Gainsville ','chelsea5638@yahoo.com','72740658378','US','Chelsea ','billing',NULL,NULL,NULL,NULL,NULL,NULL,NULL,NULL,NULL);

--
-- Table structure for table `sales_order_aggregated_created`
--

CREATE TABLE `sales_order_aggregated_created` (
  `id` int(10) unsigned NOT NULL AUTO_INCREMENT COMMENT 'Id',
  `period` date DEFAULT NULL COMMENT 'Period',
  `store_id` smallint(5) unsigned DEFAULT NULL COMMENT 'Store Id',
  `order_status` varchar(50) NOT NULL COMMENT 'Order Status',
  `orders_count` int(11) NOT NULL DEFAULT '0' COMMENT 'Orders Count',
  `total_qty_ordered` decimal(12,4) NOT NULL DEFAULT '0.0000' COMMENT 'Total Qty Ordered',
  `total_qty_invoiced` decimal(12,4) NOT NULL DEFAULT '0.0000' COMMENT 'Total Qty Invoiced',
  `total_income_amount` decimal(12,4) NOT NULL DEFAULT '0.0000' COMMENT 'Total Income Amount',
  `total_revenue_amount` decimal(12,4) NOT NULL DEFAULT '0.0000' COMMENT 'Total Revenue Amount',
  `total_profit_amount` decimal(12,4) NOT NULL DEFAULT '0.0000' COMMENT 'Total Profit Amount',
  `total_invoiced_amount` decimal(12,4) NOT NULL DEFAULT '0.0000' COMMENT 'Total Invoiced Amount',
  `total_canceled_amount` decimal(12,4) NOT NULL DEFAULT '0.0000' COMMENT 'Total Canceled Amount',
  `total_paid_amount` decimal(12,4) NOT NULL DEFAULT '0.0000' COMMENT 'Total Paid Amount',
  `total_refunded_amount` decimal(12,4) NOT NULL DEFAULT '0.0000' COMMENT 'Total Refunded Amount',
  `total_tax_amount` decimal(12,4) NOT NULL DEFAULT '0.0000' COMMENT 'Total Tax Amount',
  `total_tax_amount_actual` decimal(12,4) NOT NULL DEFAULT '0.0000' COMMENT 'Total Tax Amount Actual',
  `total_shipping_amount` decimal(12,4) NOT NULL DEFAULT '0.0000' COMMENT 'Total Shipping Amount',
  `total_shipping_amount_actual` decimal(12,4) NOT NULL DEFAULT '0.0000' COMMENT 'Total Shipping Amount Actual',
  `total_discount_amount` decimal(12,4) NOT NULL DEFAULT '0.0000' COMMENT 'Total Discount Amount',
  `total_discount_amount_actual` decimal(12,4) NOT NULL DEFAULT '0.0000' COMMENT 'Total Discount Amount Actual',
  PRIMARY KEY (`id`),
  UNIQUE KEY `SALES_ORDER_AGGREGATED_CREATED_PERIOD_STORE_ID_ORDER_STATUS` (`period`,`store_id`,`order_status`),
  KEY `SALES_ORDER_AGGREGATED_CREATED_STORE_ID` (`store_id`),
  CONSTRAINT `SALES_ORDER_AGGREGATED_CREATED_STORE_ID_STORE_STORE_ID` FOREIGN KEY (`store_id`) REFERENCES `store` (`store_id`) ON DELETE SET NULL
) ENGINE=InnoDB AUTO_INCREMENT=15 DEFAULT CHARSET=utf8 COMMENT='Sales Order Aggregated Created';

--
-- Dumping data for table `sales_order_aggregated_created`
--

INSERT INTO `sales_order_aggregated_created` VALUES (5,'2017-03-31',1,'complete',1,1.0000,1.0000,19.9500,19.9500,19.9500,19.9500,0.0000,19.9500,0.0000,0.0000,0.0000,0.0000,0.0000,0.0000,0.0000),(6,'2017-03-31',1,'processing',3,4.0000,0.0000,64.9500,0.0000,0.0000,0.0000,0.0000,0.0000,0.0000,0.0000,0.0000,15.0000,0.0000,0.0000,0.0000),(7,'2017-03-31',0,'complete',1,1.0000,1.0000,19.9500,19.9500,19.9500,19.9500,0.0000,19.9500,0.0000,0.0000,0.0000,0.0000,0.0000,0.0000,0.0000),(8,'2017-03-31',0,'processing',3,4.0000,0.0000,64.9500,0.0000,0.0000,0.0000,0.0000,0.0000,0.0000,0.0000,0.0000,15.0000,0.0000,0.0000,0.0000),(9,'2017-04-10',1,'processing',1,1.0000,0.0000,5.0500,0.0000,0.0000,0.0000,0.0000,0.0000,0.0000,0.0000,0.0000,5.0000,0.0000,19.9000,0.0000),(10,'2017-04-10',0,'processing',1,1.0000,0.0000,5.0500,0.0000,0.0000,0.0000,0.0000,0.0000,0.0000,0.0000,0.0000,5.0000,0.0000,19.9000,0.0000),(11,'2017-05-01',1,'processing',1,1.0000,1.0000,24.9500,19.9500,19.9500,24.9500,0.0000,24.9500,0.0000,0.0000,0.0000,5.0000,5.0000,0.0000,0.0000),(12,'2017-05-01',0,'processing',1,1.0000,1.0000,24.9500,19.9500,19.9500,24.9500,0.0000,24.9500,0.0000,0.0000,0.0000,5.0000,5.0000,0.0000,0.0000),(13,'2019-01-15',1,'processing',2,2.0000,2.0000,49.9000,39.9000,39.9000,49.9000,0.0000,49.9000,0.0000,0.0000,0.0000,10.0000,10.0000,0.0000,0.0000),(14,'2019-01-15',0,'processing',2,2.0000,2.0000,49.9000,39.9000,39.9000,49.9000,0.0000,49.9000,0.0000,0.0000,0.0000,10.0000,10.0000,0.0000,0.0000);

--
-- Table structure for table `sales_order_aggregated_updated`
--

CREATE TABLE `sales_order_aggregated_updated` (
  `id` int(10) unsigned NOT NULL AUTO_INCREMENT COMMENT 'Id',
  `period` date DEFAULT NULL COMMENT 'Period',
  `store_id` smallint(5) unsigned DEFAULT NULL COMMENT 'Store Id',
  `order_status` varchar(50) NOT NULL COMMENT 'Order Status',
  `orders_count` int(11) NOT NULL DEFAULT '0' COMMENT 'Orders Count',
  `total_qty_ordered` decimal(12,4) NOT NULL DEFAULT '0.0000' COMMENT 'Total Qty Ordered',
  `total_qty_invoiced` decimal(12,4) NOT NULL DEFAULT '0.0000' COMMENT 'Total Qty Invoiced',
  `total_income_amount` decimal(12,4) NOT NULL DEFAULT '0.0000' COMMENT 'Total Income Amount',
  `total_revenue_amount` decimal(12,4) NOT NULL DEFAULT '0.0000' COMMENT 'Total Revenue Amount',
  `total_profit_amount` decimal(12,4) NOT NULL DEFAULT '0.0000' COMMENT 'Total Profit Amount',
  `total_invoiced_amount` decimal(12,4) NOT NULL DEFAULT '0.0000' COMMENT 'Total Invoiced Amount',
  `total_canceled_amount` decimal(12,4) NOT NULL DEFAULT '0.0000' COMMENT 'Total Canceled Amount',
  `total_paid_amount` decimal(12,4) NOT NULL DEFAULT '0.0000' COMMENT 'Total Paid Amount',
  `total_refunded_amount` decimal(12,4) NOT NULL DEFAULT '0.0000' COMMENT 'Total Refunded Amount',
  `total_tax_amount` decimal(12,4) NOT NULL DEFAULT '0.0000' COMMENT 'Total Tax Amount',
  `total_tax_amount_actual` decimal(12,4) NOT NULL DEFAULT '0.0000' COMMENT 'Total Tax Amount Actual',
  `total_shipping_amount` decimal(12,4) NOT NULL DEFAULT '0.0000' COMMENT 'Total Shipping Amount',
  `total_shipping_amount_actual` decimal(12,4) NOT NULL DEFAULT '0.0000' COMMENT 'Total Shipping Amount Actual',
  `total_discount_amount` decimal(12,4) NOT NULL DEFAULT '0.0000' COMMENT 'Total Discount Amount',
  `total_discount_amount_actual` decimal(12,4) NOT NULL DEFAULT '0.0000' COMMENT 'Total Discount Amount Actual',
  PRIMARY KEY (`id`),
  UNIQUE KEY `SALES_ORDER_AGGREGATED_UPDATED_PERIOD_STORE_ID_ORDER_STATUS` (`period`,`store_id`,`order_status`),
  KEY `SALES_ORDER_AGGREGATED_UPDATED_STORE_ID` (`store_id`),
  CONSTRAINT `SALES_ORDER_AGGREGATED_UPDATED_STORE_ID_STORE_STORE_ID` FOREIGN KEY (`store_id`) REFERENCES `store` (`store_id`) ON DELETE SET NULL
) ENGINE=InnoDB AUTO_INCREMENT=15 DEFAULT CHARSET=utf8 COMMENT='Prmg Sales Order Aggregated Updated';

--
-- Dumping data for table `sales_order_aggregated_updated`
--

INSERT INTO `sales_order_aggregated_updated` VALUES (5,'2017-03-31',1,'complete',1,1.0000,1.0000,19.9500,19.9500,19.9500,19.9500,0.0000,19.9500,0.0000,0.0000,0.0000,0.0000,0.0000,0.0000,0.0000),(6,'2017-03-31',1,'processing',3,4.0000,0.0000,64.9500,0.0000,0.0000,0.0000,0.0000,0.0000,0.0000,0.0000,0.0000,15.0000,0.0000,0.0000,0.0000),(7,'2017-03-31',0,'complete',1,1.0000,1.0000,19.9500,19.9500,19.9500,19.9500,0.0000,19.9500,0.0000,0.0000,0.0000,0.0000,0.0000,0.0000,0.0000),(8,'2017-03-31',0,'processing',3,4.0000,0.0000,64.9500,0.0000,0.0000,0.0000,0.0000,0.0000,0.0000,0.0000,0.0000,15.0000,0.0000,0.0000,0.0000),(9,'2017-04-10',1,'processing',1,1.0000,0.0000,5.0500,0.0000,0.0000,0.0000,0.0000,0.0000,0.0000,0.0000,0.0000,5.0000,0.0000,19.9000,0.0000),(10,'2017-04-10',0,'processing',1,1.0000,0.0000,5.0500,0.0000,0.0000,0.0000,0.0000,0.0000,0.0000,0.0000,0.0000,5.0000,0.0000,19.9000,0.0000),(11,'2017-05-01',1,'processing',1,1.0000,1.0000,24.9500,19.9500,19.9500,24.9500,0.0000,24.9500,0.0000,0.0000,0.0000,5.0000,5.0000,0.0000,0.0000),(12,'2017-05-01',0,'processing',1,1.0000,1.0000,24.9500,19.9500,19.9500,24.9500,0.0000,24.9500,0.0000,0.0000,0.0000,5.0000,5.0000,0.0000,0.0000),(13,'2019-01-15',1,'processing',2,2.0000,2.0000,49.9000,39.9000,39.9000,49.9000,0.0000,49.9000,0.0000,0.0000,0.0000,10.0000,10.0000,0.0000,0.0000),(14,'2019-01-15',0,'processing',2,2.0000,2.0000,49.9000,39.9000,39.9000,49.9000,0.0000,49.9000,0.0000,0.0000,0.0000,10.0000,10.0000,0.0000,0.0000);

--
-- Table structure for table `sales_order_grid`
--

CREATE TABLE `sales_order_grid` (
  `entity_id` int(10) unsigned NOT NULL COMMENT 'Entity Id',
  `status` varchar(32) DEFAULT NULL COMMENT 'Status',
  `store_id` smallint(5) unsigned DEFAULT NULL COMMENT 'Store Id',
  `store_name` varchar(255) DEFAULT NULL COMMENT 'Store Name',
  `customer_id` int(10) unsigned DEFAULT NULL COMMENT 'Customer Id',
  `base_grand_total` decimal(12,4) DEFAULT NULL COMMENT 'Base Grand Total',
  `base_total_paid` decimal(12,4) DEFAULT NULL COMMENT 'Base Total Paid',
  `grand_total` decimal(12,4) DEFAULT NULL COMMENT 'Grand Total',
  `total_paid` decimal(12,4) DEFAULT NULL COMMENT 'Total Paid',
  `increment_id` varchar(50) DEFAULT NULL COMMENT 'Increment Id',
  `base_currency_code` varchar(3) DEFAULT NULL COMMENT 'Base Currency Code',
  `order_currency_code` varchar(255) DEFAULT NULL COMMENT 'Order Currency Code',
  `shipping_name` varchar(255) DEFAULT NULL COMMENT 'Shipping Name',
  `billing_name` varchar(255) DEFAULT NULL COMMENT 'Billing Name',
  `created_at` timestamp NULL DEFAULT NULL COMMENT 'Created At',
  `updated_at` timestamp NULL DEFAULT NULL COMMENT 'Updated At',
  `billing_address` varchar(255) DEFAULT NULL COMMENT 'Billing Address',
  `shipping_address` varchar(255) DEFAULT NULL COMMENT 'Shipping Address',
  `shipping_information` varchar(255) DEFAULT NULL COMMENT 'Shipping Method Name',
  `customer_email` varchar(255) DEFAULT NULL COMMENT 'Customer Email',
  `customer_group` varchar(255) DEFAULT NULL COMMENT 'Customer Group',
  `subtotal` decimal(12,4) DEFAULT NULL COMMENT 'Subtotal',
  `shipping_and_handling` decimal(12,4) DEFAULT NULL COMMENT 'Shipping and handling amount',
  `customer_name` varchar(255) DEFAULT NULL COMMENT 'Customer Name',
  `payment_method` varchar(255) DEFAULT NULL COMMENT 'Payment Method',
  `total_refunded` decimal(12,4) DEFAULT NULL COMMENT 'Total Refunded',
  PRIMARY KEY (`entity_id`),
  UNIQUE KEY `SALES_ORDER_GRID_INCREMENT_ID_STORE_ID` (`increment_id`,`store_id`),
  KEY `SALES_ORDER_GRID_STATUS` (`status`),
  KEY `SALES_ORDER_GRID_STORE_ID` (`store_id`),
  KEY `SALES_ORDER_GRID_BASE_GRAND_TOTAL` (`base_grand_total`),
  KEY `SALES_ORDER_GRID_BASE_TOTAL_PAID` (`base_total_paid`),
  KEY `SALES_ORDER_GRID_GRAND_TOTAL` (`grand_total`),
  KEY `SALES_ORDER_GRID_TOTAL_PAID` (`total_paid`),
  KEY `SALES_ORDER_GRID_SHIPPING_NAME` (`shipping_name`),
  KEY `SALES_ORDER_GRID_BILLING_NAME` (`billing_name`),
  KEY `SALES_ORDER_GRID_CREATED_AT` (`created_at`),
  KEY `SALES_ORDER_GRID_CUSTOMER_ID` (`customer_id`),
  KEY `SALES_ORDER_GRID_UPDATED_AT` (`updated_at`),
  FULLTEXT KEY `FTI_B1EE20E09A9B65FBC10BE8CC9A273F85` (`increment_id`,`billing_name`,`shipping_name`,`shipping_address`,`billing_address`,`customer_name`,`customer_email`)
) ENGINE=InnoDB DEFAULT CHARSET=utf8 COMMENT='Sales Flat Order Grid';

--
-- Dumping data for table `sales_order_grid`
--

INSERT INTO `sales_order_grid` VALUES (1,'processing',1,'Main Website\nMain Website Store\n',1,5.0000,5.0000,5.0000,5.0000,'000000001','USD','USD','Alex Dean','Alex Dean','2017-01-09 16:31:01','2017-01-09 16:32:56','16830 Ventura Blvd., Suite 360 Encino California 91436','16830 Ventura Blvd., Suite 360 Encino California 91436','Flat Rate - Fixed','info@keragen.com','0',0.0000,5.0000,'','checkmo',NULL),(2,'processing',1,'Main Website\nMain Website Store\n',NULL,5.0000,5.0000,5.0000,5.0000,'000000002','USD','USD','Alex Dean','Alex Dean','2017-01-09 16:39:38','2017-01-09 16:40:07','16830 Ventura Blvd., Suite 360 Encino California 91436','16830 Ventura Blvd., Suite 360 Encino California 91436','Flat Rate - Fixed','info@keragen.com','0',0.0000,5.0000,'','braintree',NULL),(3,'complete',1,'Main Website\nMain Website Store\n',NULL,5.0000,5.0000,5.0000,5.0000,'000000003','USD','USD','Alex Dean','Alex Dean','2017-01-10 07:54:09','2017-02-18 06:41:04','16830 Ventura Blvd., Suite 360 Encino California 91436','16830 Ventura Blvd., Suite 360 Encino California 91436','Flat Rate - Fixed','info@keragen.com','0',0.0000,5.0000,'','braintree',NULL),(4,'processing',1,'Main Website\nMain Website Store\n',NULL,39.9500,NULL,39.9500,NULL,'000000004','USD','USD','Alex Dean','Alex Dean','2017-01-10 10:32:20','2017-01-10 10:32:20','16830 Ventura Blvd., Suite 360 Encino California 91436','16830 Ventura Blvd., Suite 360 Encino California 91436','Flat Rate - Fixed','info@keragen.com','0',34.9500,5.0000,'','braintree',NULL),(5,'processing',1,'Main Website\nMain Website Store\n',NULL,19.9500,NULL,19.9500,NULL,'000000005','USD','USD','','John Doe','2017-01-10 21:01:33','2017-01-10 21:01:33','123 Billing Street Chicago Illinois 60618','',NULL,'info@keragen.com','0',19.9500,0.0000,'','braintree_paypal',NULL),(6,'complete',1,'Main Website\nMain Website Store\n',NULL,19.9500,19.9500,19.9500,19.9500,'000000006','USD','USD','','John Doe','2017-01-10 21:05:04','2017-01-10 21:32:33','123 Division Street\nApt. #1 Chicago Illinois 60618','',NULL,'bt_buyer_us@paypal.com','0',19.9500,0.0000,'','braintree_paypal',NULL),(7,'complete',1,'Main Website\nMain Website Store\n',2,19.9500,19.9500,19.9500,19.9500,'000000007','USD','USD','','John Doe','2017-02-02 13:04:31','2017-02-02 13:16:46','123 Billing Street Chicago Illinois 60618','',NULL,'alexdeanp@aol.com','0',19.9500,0.0000,'','braintree_paypal',NULL),(8,'complete',1,'Main Website\nMain Website Store\n',NULL,19.9500,19.9500,19.9500,19.9500,'000101200','USD','USD','','faeez a rahman','2017-02-19 14:23:16','2017-02-19 14:24:46','212121 2121 Rheinland-Pfalz 121212','',NULL,'faeez.abdrahman@gmail.com','0',19.9500,0.0000,'','checkmo',NULL),(9,'pending',1,'Main Website\nMain Website Store\n',NULL,34.9500,NULL,34.9500,NULL,'000101201','USD','USD','faeez a rahman','faeez a rahman','2017-02-19 15:22:32','2017-02-19 15:22:32','212121 2121 Bremen 121212','212121 2121 Bremen 121212','Flat Rate - Fixed','faeez.abdrahman@gmail.com','0',29.9500,5.0000,'','checkmo',NULL),(10,'pending',1,'Main Website\nMain Website Store\n',NULL,49.9500,NULL,49.9500,NULL,'000101202','USD','USD','faeez a rahman','faeez a rahman','2017-02-19 18:55:33','2017-02-19 18:55:33','212121 2121 Berlin 121212','212121 2121 Berlin 121212','Flat Rate - Fixed','faeez.abdrahman@gmail.com','0',44.9500,5.0000,'','checkmo',NULL),(11,'pending',1,'Main Website\nMain Website Store\n',NULL,49.9500,NULL,49.9500,NULL,'000101203','USD','USD','faeez a rahman','faeez a rahman','2017-02-19 19:06:46','2017-02-19 19:06:46','212121 2121 Brandenburg 121212','212121 2121 Brandenburg 121212','Flat Rate - Fixed','faeez.abdrahman@gmail.com','0',44.9500,5.0000,'','checkmo',NULL),(12,'pending',1,'Main Website\nMain Website Store\n',NULL,49.9500,NULL,49.9500,NULL,'000101204','USD','USD','faeez a rahman','faeez a rahman','2017-02-19 20:04:11','2017-02-19 20:04:11','212121 2121 Bremen 121212','212121 2121 Bremen 121212','Flat Rate - Fixed','faeez.abdrahman@gmail.com','0',44.9500,5.0000,'','checkmo',NULL),(13,'pending',1,'Main Website\nMain Website Store\n',NULL,39.9500,NULL,39.9500,NULL,'000101205','USD','USD','faeez a rahman','faeez a rahman','2017-02-20 05:04:02','2017-02-20 05:04:02','212121 2121 Hamburg 121212','212121 2121 Hamburg 121212','Flat Rate - Fixed','faeez.abdrahman@gmail.com','0',34.9500,5.0000,'','checkmo',NULL),(14,'pending',1,'Main Website\nMain Website Store\n',NULL,49.9500,NULL,49.9500,NULL,'6000101206','USD','USD','faeez a rahman','faeez a rahman','2017-02-20 06:56:01','2017-02-20 06:56:01','212121 2121 Brandenburg 121212','212121 2121 Brandenburg 121212','Flat Rate - Fixed','faeez.abdrahman@gmail.com','0',44.9500,5.0000,'','checkmo',NULL),(15,'pending',1,'Main Website\nMain Website Store\n',NULL,49.9500,NULL,49.9500,NULL,'000101207','USD','USD','faeez a rahman','faeez a rahman','2017-02-20 07:00:00','2017-02-20 07:00:00','212121 2121 Rheinland-Pfalz 121212','212121 2121 Rheinland-Pfalz 121212','Flat Rate - Fixed','faeez.abdrahman@gmail.com','0',44.9500,5.0000,'','checkmo',NULL),(16,'pending',1,'Main Website\nMain Website Store\n',NULL,49.9500,NULL,49.9500,NULL,'000101208','USD','USD','faeez a rahman','faeez a rahman','2017-02-20 07:03:21','2017-02-20 07:03:21','212121 2121 Brandenburg 121212','212121 2121 Brandenburg 121212','Flat Rate - Fixed','faeez.abdrahman@gmail.com','0',44.9500,5.0000,'','checkmo',NULL),(17,'complete',1,'Main Website\nMain Website Store\n',3,39.9500,39.9500,39.9500,39.9500,'000101209','USD','USD','Alex Patel','Alex Patel','2017-02-20 11:44:21','2017-02-20 11:47:08','16830 Ventura Blvd., Suite 360 Encino California 91436','16830 Ventura Blvd., Suite 360 Encino California 91436','Flat Rate - Fixed','admin@keragen.com','0',34.9500,5.0000,'','braintree',NULL),(18,'processing',1,'Main Website\nMain Website Store\n',NULL,19.9500,NULL,19.9500,NULL,'000101210','USD','USD','','John Doe','2017-03-04 15:15:21','2017-03-04 15:15:21','123 Billing Street Chicago Illinois 60618','',NULL,'alexdeanp@aol.com','0',19.9500,0.0000,'','braintree_paypal',NULL),(19,'complete',1,'Main Website\nMain Website Store\n',4,19.9500,19.9500,19.9500,19.9500,'000101211','USD','USD','','John Doe','2017-04-01 01:25:07','2017-04-01 01:25:54','123 Billing Street Chicago Illinois 60618','',NULL,'alex@paiplaw.com','0',19.9500,0.0000,'','braintree_paypal',NULL),(20,'pending',1,'Main Website\nMain Website Store\n',NULL,19.9500,NULL,19.9500,NULL,'000101212','USD','USD','','Alex Patel','2017-04-01 01:36:02','2017-04-01 01:36:02','16830 Ventura Blvd., Suite 360 Encino California 91436','',NULL,'alex@paiplaw.com','0',19.9500,0.0000,'','checkmo',NULL),(21,'processing',1,'Main Website\nMain Website Store\n',NULL,19.9500,NULL,19.9500,NULL,'101213','USD','USD','','John Doe','2017-04-01 02:11:55','2017-04-01 02:11:55','123 Billing Street Chicago Illinois 60618','',NULL,'alex@keragen.com','0',19.9500,0.0000,'','braintree_paypal',NULL),(22,'processing',1,'Main Website\nMain Website Store\n',NULL,30.0000,NULL,30.0000,NULL,'101214','USD','USD','Alex Paetl','Alex Paetl','2017-04-01 02:25:09','2017-04-01 02:25:09','16830 Ventura Blvd., Suite 360 Encino California 91436','16830 Ventura Blvd., Suite 360 Encino California 91436','Flat Rate - Fixed','alex@keragen.com','0',20.0000,10.0000,'','braintree',NULL),(23,'processing',1,'Main Website\nMain Website Store\n',NULL,15.0000,NULL,15.0000,NULL,'101215','USD','USD','Alex Patel','Alex Patel','2017-04-01 02:26:54','2017-04-01 02:26:54','16830 Ventura Blvd., Suite 360 Encino California 91436','16830 Ventura Blvd., Suite 360 Encino California 91436','Flat Rate - Fixed','alex@keragen.com','0',10.0000,5.0000,'','braintree',NULL),(24,'processing',1,'Main Website\nMain Website Store\n',NULL,5.0500,NULL,5.0500,NULL,'101216','USD','USD','Alex Patel','Alex Patel','2017-04-10 04:35:10','2017-04-10 04:35:10','16830 Ventura Blvd., Suite 360 Encino California 91436','16830 Ventura Blvd., Suite 360 Encino California 91436','Flat Rate - Fixed','alex@tmcenter.com','0',19.9500,5.0000,'','braintree',NULL),(25,'processing',1,'Main Website\nMain Website Store\n',NULL,24.9500,24.9500,24.9500,24.9500,'101218','USD','USD','Alex Patel','Alex Patel','2017-05-01 20:15:23','2017-05-01 20:15:24','16830 Ventura Blvd., Suite 360 Encino California 91436','16830 Ventura Blvd., Suite 360 Encino California 91436','Flat Rate - Fixed','info@paiplaw.com','0',19.9500,5.0000,'','braintree',NULL),(26,'processing',1,'Main Website\nMain Website Store\n',139,24.9500,24.9500,24.9500,24.9500,'101219','USD','USD','Ernesto  Losada','Ernesto  Losada','2019-01-15 21:46:11','2019-01-15 21:46:44','1565 San Rafael Ave. Coral Gables  Florida 33134','1565 San Rafael Ave. Coral Gables  Florida 33134','Flat Rate - Fixed','ernestolosada7@gmail.com','0',19.9500,5.0000,'','braintree',NULL),(27,'processing',1,'Main Website\nMain Website Store\n',140,24.9500,24.9500,24.9500,24.9500,'101220','USD','USD','Chelsea  Schneider','Chelsea  Schneider','2019-01-15 22:03:07','2019-01-15 22:03:11','1052 SW 14th Ave ..Apt F Gainsville  Florida 32601','1052 SW 14th Ave ..Apt F Gainsville  Florida 32601','Flat Rate - Fixed','chelsea5638@yahoo.com','0',19.9500,5.0000,'','braintree',NULL);

--
-- Table structure for table `sales_order_item`
--

CREATE TABLE `sales_order_item` (
  `item_id` int(10) unsigned NOT NULL AUTO_INCREMENT COMMENT 'Item Id',
  `order_id` int(10) unsigned NOT NULL DEFAULT '0' COMMENT 'Order Id',
  `parent_item_id` int(10) unsigned DEFAULT NULL COMMENT 'Parent Item Id',
  `quote_item_id` int(10) unsigned DEFAULT NULL COMMENT 'Quote Item Id',
  `store_id` smallint(5) unsigned DEFAULT NULL COMMENT 'Store Id',
  `created_at` timestamp NOT NULL DEFAULT CURRENT_TIMESTAMP COMMENT 'Created At',
  `updated_at` timestamp NOT NULL DEFAULT CURRENT_TIMESTAMP ON UPDATE CURRENT_TIMESTAMP COMMENT 'Updated At',
  `product_id` int(10) unsigned DEFAULT NULL COMMENT 'Product Id',
  `product_type` varchar(255) DEFAULT NULL COMMENT 'Product Type',
  `product_options` text COMMENT 'Product Options',
  `weight` decimal(12,4) DEFAULT '0.0000' COMMENT 'Weight',
  `is_virtual` smallint(5) unsigned DEFAULT NULL COMMENT 'Is Virtual',
  `sku` varchar(255) DEFAULT NULL COMMENT 'Sku',
  `name` varchar(255) DEFAULT NULL COMMENT 'Name',
  `description` text COMMENT 'Description',
  `applied_rule_ids` text COMMENT 'Applied Rule Ids',
  `additional_data` text COMMENT 'Additional Data',
  `is_qty_decimal` smallint(5) unsigned DEFAULT NULL COMMENT 'Is Qty Decimal',
  `no_discount` smallint(5) unsigned NOT NULL DEFAULT '0' COMMENT 'No Discount',
  `qty_backordered` decimal(12,4) DEFAULT '0.0000' COMMENT 'Qty Backordered',
  `qty_canceled` decimal(12,4) DEFAULT '0.0000' COMMENT 'Qty Canceled',
  `qty_invoiced` decimal(12,4) DEFAULT '0.0000' COMMENT 'Qty Invoiced',
  `qty_ordered` decimal(12,4) DEFAULT '0.0000' COMMENT 'Qty Ordered',
  `qty_refunded` decimal(12,4) DEFAULT '0.0000' COMMENT 'Qty Refunded',
  `qty_shipped` decimal(12,4) DEFAULT '0.0000' COMMENT 'Qty Shipped',
  `base_cost` decimal(12,4) DEFAULT '0.0000' COMMENT 'Base Cost',
  `price` decimal(12,4) NOT NULL DEFAULT '0.0000' COMMENT 'Price',
  `base_price` decimal(12,4) NOT NULL DEFAULT '0.0000' COMMENT 'Base Price',
  `original_price` decimal(12,4) DEFAULT NULL COMMENT 'Original Price',
  `base_original_price` decimal(12,4) DEFAULT NULL COMMENT 'Base Original Price',
  `tax_percent` decimal(12,4) DEFAULT '0.0000' COMMENT 'Tax Percent',
  `tax_amount` decimal(12,4) DEFAULT '0.0000' COMMENT 'Tax Amount',
  `base_tax_amount` decimal(12,4) DEFAULT '0.0000' COMMENT 'Base Tax Amount',
  `tax_invoiced` decimal(12,4) DEFAULT '0.0000' COMMENT 'Tax Invoiced',
  `base_tax_invoiced` decimal(12,4) DEFAULT '0.0000' COMMENT 'Base Tax Invoiced',
  `discount_percent` decimal(12,4) DEFAULT '0.0000' COMMENT 'Discount Percent',
  `discount_amount` decimal(12,4) DEFAULT '0.0000' COMMENT 'Discount Amount',
  `base_discount_amount` decimal(12,4) DEFAULT '0.0000' COMMENT 'Base Discount Amount',
  `discount_invoiced` decimal(12,4) DEFAULT '0.0000' COMMENT 'Discount Invoiced',
  `base_discount_invoiced` decimal(12,4) DEFAULT '0.0000' COMMENT 'Base Discount Invoiced',
  `amount_refunded` decimal(12,4) DEFAULT '0.0000' COMMENT 'Amount Refunded',
  `base_amount_refunded` decimal(12,4) DEFAULT '0.0000' COMMENT 'Base Amount Refunded',
  `row_total` decimal(12,4) NOT NULL DEFAULT '0.0000' COMMENT 'Row Total',
  `base_row_total` decimal(12,4) NOT NULL DEFAULT '0.0000' COMMENT 'Base Row Total',
  `row_invoiced` decimal(12,4) NOT NULL DEFAULT '0.0000' COMMENT 'Row Invoiced',
  `base_row_invoiced` decimal(12,4) NOT NULL DEFAULT '0.0000' COMMENT 'Base Row Invoiced',
  `row_weight` decimal(12,4) DEFAULT '0.0000' COMMENT 'Row Weight',
  `base_tax_before_discount` decimal(12,4) DEFAULT NULL COMMENT 'Base Tax Before Discount',
  `tax_before_discount` decimal(12,4) DEFAULT NULL COMMENT 'Tax Before Discount',
  `ext_order_item_id` varchar(255) DEFAULT NULL COMMENT 'Ext Order Item Id',
  `locked_do_invoice` smallint(5) unsigned DEFAULT NULL COMMENT 'Locked Do Invoice',
  `locked_do_ship` smallint(5) unsigned DEFAULT NULL COMMENT 'Locked Do Ship',
  `price_incl_tax` decimal(12,4) DEFAULT NULL COMMENT 'Price Incl Tax',
  `base_price_incl_tax` decimal(12,4) DEFAULT NULL COMMENT 'Base Price Incl Tax',
  `row_total_incl_tax` decimal(12,4) DEFAULT NULL COMMENT 'Row Total Incl Tax',
  `base_row_total_incl_tax` decimal(12,4) DEFAULT NULL COMMENT 'Base Row Total Incl Tax',
  `discount_tax_compensation_amount` decimal(12,4) DEFAULT NULL COMMENT 'Discount Tax Compensation Amount',
  `base_discount_tax_compensation_amount` decimal(12,4) DEFAULT NULL COMMENT 'Base Discount Tax Compensation Amount',
  `discount_tax_compensation_invoiced` decimal(12,4) DEFAULT NULL COMMENT 'Discount Tax Compensation Invoiced',
  `base_discount_tax_compensation_invoiced` decimal(12,4) DEFAULT NULL COMMENT 'Base Discount Tax Compensation Invoiced',
  `discount_tax_compensation_refunded` decimal(12,4) DEFAULT NULL COMMENT 'Discount Tax Compensation Refunded',
  `base_discount_tax_compensation_refunded` decimal(12,4) DEFAULT NULL COMMENT 'Base Discount Tax Compensation Refunded',
  `tax_canceled` decimal(12,4) DEFAULT NULL COMMENT 'Tax Canceled',
  `discount_tax_compensation_canceled` decimal(12,4) DEFAULT NULL COMMENT 'Discount Tax Compensation Canceled',
  `tax_refunded` decimal(12,4) DEFAULT NULL COMMENT 'Tax Refunded',
  `base_tax_refunded` decimal(12,4) DEFAULT NULL COMMENT 'Base Tax Refunded',
  `discount_refunded` decimal(12,4) DEFAULT NULL COMMENT 'Discount Refunded',
  `base_discount_refunded` decimal(12,4) DEFAULT NULL COMMENT 'Base Discount Refunded',
  `free_shipping` smallint(6) DEFAULT NULL,
  `gift_message_id` int(11) DEFAULT NULL COMMENT 'Gift Message Id',
  `gift_message_available` int(11) DEFAULT NULL COMMENT 'Gift Message Available',
  `weee_tax_applied` text COMMENT 'Weee Tax Applied',
  `weee_tax_applied_amount` decimal(12,4) DEFAULT NULL COMMENT 'Weee Tax Applied Amount',
  `weee_tax_applied_row_amount` decimal(12,4) DEFAULT NULL COMMENT 'Weee Tax Applied Row Amount',
  `weee_tax_disposition` decimal(12,4) DEFAULT NULL COMMENT 'Weee Tax Disposition',
  `weee_tax_row_disposition` decimal(12,4) DEFAULT NULL COMMENT 'Weee Tax Row Disposition',
  `base_weee_tax_applied_amount` decimal(12,4) DEFAULT NULL COMMENT 'Base Weee Tax Applied Amount',
  `base_weee_tax_applied_row_amnt` decimal(12,4) DEFAULT NULL COMMENT 'Base Weee Tax Applied Row Amnt',
  `base_weee_tax_disposition` decimal(12,4) DEFAULT NULL COMMENT 'Base Weee Tax Disposition',
  `base_weee_tax_row_disposition` decimal(12,4) DEFAULT NULL COMMENT 'Base Weee Tax Row Disposition',
  PRIMARY KEY (`item_id`),
  KEY `SALES_ORDER_ITEM_ORDER_ID` (`order_id`),
  KEY `SALES_ORDER_ITEM_STORE_ID` (`store_id`),
  CONSTRAINT `SALES_ORDER_ITEM_ORDER_ID_SALES_ORDER_ENTITY_ID` FOREIGN KEY (`order_id`) REFERENCES `sales_order` (`entity_id`) ON DELETE CASCADE,
  CONSTRAINT `SALES_ORDER_ITEM_STORE_ID_STORE_STORE_ID` FOREIGN KEY (`store_id`) REFERENCES `store` (`store_id`) ON DELETE SET NULL
) ENGINE=InnoDB AUTO_INCREMENT=49 DEFAULT CHARSET=utf8 COMMENT='Sales Flat Order Item';

--
-- Dumping data for table `sales_order_item`
--

INSERT INTO `sales_order_item` VALUES (1,1,NULL,1,1,'2017-01-09 16:31:01','2017-01-09 16:32:56',7,'configurable','a:6:{s:15:\"info_buyRequest\";a:6:{s:4:\"uenc\";s:56:\"aHR0cHM6Ly93d3cua2VyYWdlbi5jb20vZnJlZS1zYW1wbGUuaHRtbA,,\";s:7:\"product\";s:1:\"7\";s:28:\"selected_configurable_option\";s:1:\"5\";s:15:\"related_product\";s:0:\"\";s:15:\"super_attribute\";a:1:{i:93;s:1:\"8\";}s:3:\"qty\";s:1:\"1\";}s:15:\"attributes_info\";a:1:{i:0;a:2:{s:5:\"label\";s:5:\"Color\";s:5:\"value\";s:9:\"Dark Grey\";}}s:11:\"simple_name\";s:21:\"Free Sample-Dark Grey\";s:10:\"simple_sku\";s:21:\"Free Sample-Dark Grey\";s:20:\"product_calculations\";i:1;s:13:\"shipment_type\";i:0;}',1.0000,0,'Free Sample-Dark Grey','Free Sample',NULL,NULL,NULL,0,0,NULL,0.0000,1.0000,1.0000,0.0000,0.0000,NULL,0.0000,0.0000,0.0000,0.0000,0.0000,0.0000,0.0000,0.0000,0.0000,0.0000,0.0000,0.0000,0.0000,0.0000,0.0000,0.0000,0.0000,0.0000,0.0000,0.0000,1.0000,NULL,NULL,NULL,NULL,NULL,0.0000,0.0000,0.0000,0.0000,0.0000,0.0000,0.0000,0.0000,NULL,NULL,NULL,NULL,NULL,NULL,NULL,NULL,0,NULL,2,'[]',NULL,NULL,NULL,NULL,NULL,NULL,NULL,NULL),(2,1,1,2,1,'2017-01-09 16:31:01','2017-01-09 16:32:56',5,'simple','a:1:{s:15:\"info_buyRequest\";a:6:{s:4:\"uenc\";s:56:\"aHR0cHM6Ly93d3cua2VyYWdlbi5jb20vZnJlZS1zYW1wbGUuaHRtbA,,\";s:7:\"product\";s:1:\"7\";s:28:\"selected_configurable_option\";s:1:\"5\";s:15:\"related_product\";s:0:\"\";s:15:\"super_attribute\";a:1:{i:93;s:1:\"8\";}s:3:\"qty\";s:1:\"1\";}}',1.0000,0,'Free Sample-Dark Grey','Free Sample-Dark Grey',NULL,NULL,NULL,0,0,NULL,0.0000,1.0000,1.0000,0.0000,0.0000,NULL,0.0000,0.0000,0.0000,NULL,0.0000,0.0000,0.0000,0.0000,0.0000,0.0000,0.0000,0.0000,0.0000,0.0000,0.0000,0.0000,0.0000,0.0000,0.0000,0.0000,0.0000,NULL,NULL,NULL,NULL,NULL,NULL,NULL,NULL,NULL,NULL,NULL,0.0000,0.0000,NULL,NULL,NULL,NULL,NULL,NULL,NULL,NULL,0,NULL,0,NULL,NULL,NULL,NULL,NULL,NULL,NULL,NULL,NULL),(3,2,NULL,3,1,'2017-01-09 16:39:38','2017-01-09 16:40:07',7,'configurable','a:6:{s:15:\"info_buyRequest\";a:6:{s:4:\"uenc\";s:56:\"aHR0cHM6Ly93d3cua2VyYWdlbi5jb20vZnJlZS1zYW1wbGUuaHRtbA,,\";s:7:\"product\";s:1:\"7\";s:28:\"selected_configurable_option\";s:1:\"4\";s:15:\"related_product\";s:0:\"\";s:15:\"super_attribute\";a:1:{i:93;s:1:\"7\";}s:3:\"qty\";s:1:\"1\";}s:15:\"attributes_info\";a:1:{i:0;a:2:{s:5:\"label\";s:5:\"Color\";s:5:\"value\";s:11:\"Light Brown\";}}s:11:\"simple_name\";s:23:\"Free Sample-Light Brown\";s:10:\"simple_sku\";s:23:\"Free Sample-Light Brown\";s:20:\"product_calculations\";i:1;s:13:\"shipment_type\";i:0;}',1.0000,0,'Free Sample-Light Brown','Free Sample',NULL,NULL,NULL,0,0,NULL,0.0000,1.0000,1.0000,0.0000,0.0000,NULL,0.0000,0.0000,0.0000,0.0000,0.0000,0.0000,0.0000,0.0000,0.0000,0.0000,0.0000,0.0000,0.0000,0.0000,0.0000,0.0000,0.0000,0.0000,0.0000,0.0000,1.0000,NULL,NULL,NULL,NULL,NULL,0.0000,0.0000,0.0000,0.0000,0.0000,0.0000,0.0000,0.0000,NULL,NULL,NULL,NULL,NULL,NULL,NULL,NULL,0,NULL,2,'[]',NULL,NULL,NULL,NULL,NULL,NULL,NULL,NULL),(4,2,3,4,1,'2017-01-09 16:39:38','2017-01-09 16:40:07',4,'simple','a:1:{s:15:\"info_buyRequest\";a:6:{s:4:\"uenc\";s:56:\"aHR0cHM6Ly93d3cua2VyYWdlbi5jb20vZnJlZS1zYW1wbGUuaHRtbA,,\";s:7:\"product\";s:1:\"7\";s:28:\"selected_configurable_option\";s:1:\"4\";s:15:\"related_product\";s:0:\"\";s:15:\"super_attribute\";a:1:{i:93;s:1:\"7\";}s:3:\"qty\";s:1:\"1\";}}',1.0000,0,'Free Sample-Light Brown','Free Sample-Light Brown',NULL,NULL,NULL,0,0,NULL,0.0000,1.0000,1.0000,0.0000,0.0000,NULL,0.0000,0.0000,0.0000,NULL,0.0000,0.0000,0.0000,0.0000,0.0000,0.0000,0.0000,0.0000,0.0000,0.0000,0.0000,0.0000,0.0000,0.0000,0.0000,0.0000,0.0000,NULL,NULL,NULL,NULL,NULL,NULL,NULL,NULL,NULL,NULL,NULL,0.0000,0.0000,NULL,NULL,NULL,NULL,NULL,NULL,NULL,NULL,0,NULL,0,NULL,NULL,NULL,NULL,NULL,NULL,NULL,NULL,NULL),(5,3,NULL,11,1,'2017-01-10 07:54:09','2017-02-18 06:41:04',28,'configurable','a:6:{s:15:\"info_buyRequest\";a:6:{s:4:\"uenc\";s:56:\"aHR0cHM6Ly93d3cua2VyYWdlbi5jb20vZnJlZS1zYW1wbGUuaHRtbA,,\";s:7:\"product\";s:2:\"28\";s:28:\"selected_configurable_option\";s:2:\"24\";s:15:\"related_product\";s:0:\"\";s:15:\"super_attribute\";a:1:{i:93;s:1:\"6\";}s:3:\"qty\";s:1:\"1\";}s:15:\"attributes_info\";a:1:{i:0;a:2:{s:5:\"label\";s:5:\"Color\";s:5:\"value\";s:12:\"Medium Brown\";}}s:11:\"simple_name\";s:24:\"Free Sample-Medium Brown\";s:10:\"simple_sku\";s:24:\"Free Sample-Medium Brown\";s:20:\"product_calculations\";i:1;s:13:\"shipment_type\";i:0;}',1.0000,0,'Free Sample-Medium Brown','Free Sample',NULL,NULL,NULL,0,0,NULL,0.0000,1.0000,1.0000,0.0000,1.0000,NULL,0.0000,0.0000,0.0000,0.0000,0.0000,0.0000,0.0000,0.0000,0.0000,0.0000,0.0000,0.0000,0.0000,0.0000,0.0000,0.0000,0.0000,0.0000,0.0000,0.0000,1.0000,NULL,NULL,NULL,NULL,NULL,0.0000,0.0000,0.0000,0.0000,0.0000,0.0000,0.0000,0.0000,NULL,NULL,NULL,NULL,NULL,NULL,NULL,NULL,0,NULL,2,'[]',NULL,NULL,NULL,NULL,NULL,NULL,NULL,NULL),(6,3,5,12,1,'2017-01-10 07:54:09','2017-01-10 07:55:06',24,'simple','a:1:{s:15:\"info_buyRequest\";a:6:{s:4:\"uenc\";s:56:\"aHR0cHM6Ly93d3cua2VyYWdlbi5jb20vZnJlZS1zYW1wbGUuaHRtbA,,\";s:7:\"product\";s:2:\"28\";s:28:\"selected_configurable_option\";s:2:\"24\";s:15:\"related_product\";s:0:\"\";s:15:\"super_attribute\";a:1:{i:93;s:1:\"6\";}s:3:\"qty\";s:1:\"1\";}}',1.0000,0,'Free Sample-Medium Brown','Free Sample-Medium Brown',NULL,NULL,NULL,0,0,NULL,0.0000,1.0000,1.0000,0.0000,0.0000,NULL,0.0000,0.0000,0.0000,NULL,0.0000,0.0000,0.0000,0.0000,0.0000,0.0000,0.0000,0.0000,0.0000,0.0000,0.0000,0.0000,0.0000,0.0000,0.0000,0.0000,0.0000,NULL,NULL,NULL,NULL,NULL,NULL,NULL,NULL,NULL,NULL,NULL,0.0000,0.0000,NULL,NULL,NULL,NULL,NULL,NULL,NULL,NULL,0,NULL,0,NULL,NULL,NULL,NULL,NULL,NULL,NULL,NULL,NULL),(7,4,NULL,13,1,'2017-01-10 10:32:20','2017-01-10 10:32:20',21,'configurable','a:6:{s:15:\"info_buyRequest\";a:6:{s:4:\"uenc\";s:72:\"aHR0cHM6Ly93d3cua2VyYWdlbi5jb20vaGFpci1idWlsZGluZy1maWJlcnMtNTJnLmh0bWw,\";s:7:\"product\";s:2:\"21\";s:28:\"selected_configurable_option\";s:2:\"15\";s:15:\"related_product\";s:0:\"\";s:15:\"super_attribute\";a:1:{i:93;s:1:\"4\";}s:3:\"qty\";s:1:\"1\";}s:15:\"attributes_info\";a:1:{i:0;a:2:{s:5:\"label\";s:5:\"Color\";s:5:\"value\";s:5:\"Black\";}}s:11:\"simple_name\";s:32:\"Hair Building Fibers - 52g-Black\";s:10:\"simple_sku\";s:32:\"Hair Building Fibers - 52g-Black\";s:20:\"product_calculations\";i:1;s:13:\"shipment_type\";i:0;}',1.0000,0,'Hair Building Fibers - 52g-Black','Hair Building Fibers - 52g',NULL,NULL,NULL,0,0,NULL,0.0000,0.0000,1.0000,0.0000,0.0000,NULL,34.9500,34.9500,34.9500,34.9500,0.0000,0.0000,0.0000,0.0000,0.0000,0.0000,0.0000,0.0000,0.0000,0.0000,0.0000,0.0000,34.9500,34.9500,0.0000,0.0000,1.0000,NULL,NULL,NULL,NULL,NULL,34.9500,34.9500,34.9500,34.9500,0.0000,0.0000,NULL,NULL,NULL,NULL,NULL,NULL,NULL,NULL,NULL,NULL,0,NULL,2,NULL,NULL,NULL,NULL,NULL,NULL,NULL,NULL,NULL),(8,4,7,14,1,'2017-01-10 10:32:20','2017-01-10 10:32:20',15,'simple','a:1:{s:15:\"info_buyRequest\";a:6:{s:4:\"uenc\";s:72:\"aHR0cHM6Ly93d3cua2VyYWdlbi5jb20vaGFpci1idWlsZGluZy1maWJlcnMtNTJnLmh0bWw,\";s:7:\"product\";s:2:\"21\";s:28:\"selected_configurable_option\";s:2:\"15\";s:15:\"related_product\";s:0:\"\";s:15:\"super_attribute\";a:1:{i:93;s:1:\"4\";}s:3:\"qty\";s:1:\"1\";}}',1.0000,0,'Hair Building Fibers - 52g-Black','Hair Building Fibers - 52g-Black',NULL,NULL,NULL,0,0,NULL,0.0000,0.0000,1.0000,0.0000,0.0000,NULL,0.0000,0.0000,0.0000,NULL,0.0000,0.0000,0.0000,0.0000,0.0000,0.0000,0.0000,0.0000,0.0000,0.0000,0.0000,0.0000,0.0000,0.0000,0.0000,0.0000,0.0000,NULL,NULL,NULL,NULL,NULL,NULL,NULL,NULL,NULL,NULL,NULL,NULL,NULL,NULL,NULL,NULL,NULL,NULL,NULL,NULL,NULL,0,NULL,0,NULL,NULL,NULL,NULL,NULL,NULL,NULL,NULL,NULL),(9,5,NULL,35,1,'2017-01-10 21:01:33','2017-01-10 21:01:33',14,'configurable','a:6:{s:15:\"info_buyRequest\";a:6:{s:4:\"uenc\";s:72:\"aHR0cHM6Ly93d3cua2VyYWdlbi5jb20vaGFpci1idWlsZGluZy1maWJlcnMtMjhnLmh0bWw,\";s:7:\"product\";s:2:\"14\";s:28:\"selected_configurable_option\";s:2:\"11\";s:15:\"related_product\";s:0:\"\";s:15:\"super_attribute\";a:1:{i:93;s:1:\"7\";}s:3:\"qty\";s:1:\"1\";}s:15:\"attributes_info\";a:1:{i:0;a:2:{s:5:\"label\";s:5:\"Color\";s:5:\"value\";s:11:\"Light Brown\";}}s:11:\"simple_name\";s:38:\"Hair Building Fibers - 28g-Light Brown\";s:10:\"simple_sku\";s:38:\"Hair Building Fibers - 28g-Light Brown\";s:20:\"product_calculations\";i:1;s:13:\"shipment_type\";i:0;}',NULL,1,'Hair Building Fibers - 28g-Light Brown','Hair Building Fibers - 28g',NULL,NULL,NULL,0,0,NULL,0.0000,0.0000,1.0000,0.0000,0.0000,NULL,19.9500,19.9500,19.9500,19.9500,0.0000,0.0000,0.0000,0.0000,0.0000,0.0000,0.0000,0.0000,0.0000,0.0000,0.0000,0.0000,19.9500,19.9500,0.0000,0.0000,0.0000,NULL,NULL,NULL,NULL,NULL,19.9500,19.9500,19.9500,19.9500,0.0000,0.0000,NULL,NULL,NULL,NULL,NULL,NULL,NULL,NULL,NULL,NULL,0,NULL,2,NULL,NULL,NULL,NULL,NULL,NULL,NULL,NULL,NULL),(10,5,9,36,1,'2017-01-10 21:01:33','2017-01-10 21:01:33',11,'virtual','a:1:{s:15:\"info_buyRequest\";a:6:{s:4:\"uenc\";s:72:\"aHR0cHM6Ly93d3cua2VyYWdlbi5jb20vaGFpci1idWlsZGluZy1maWJlcnMtMjhnLmh0bWw,\";s:7:\"product\";s:2:\"14\";s:28:\"selected_configurable_option\";s:2:\"11\";s:15:\"related_product\";s:0:\"\";s:15:\"super_attribute\";a:1:{i:93;s:1:\"7\";}s:3:\"qty\";s:1:\"1\";}}',NULL,1,'Hair Building Fibers - 28g-Light Brown','Hair Building Fibers - 28g-Light Brown',NULL,NULL,NULL,0,0,NULL,0.0000,0.0000,1.0000,0.0000,0.0000,NULL,0.0000,0.0000,0.0000,NULL,0.0000,0.0000,0.0000,0.0000,0.0000,0.0000,0.0000,0.0000,0.0000,0.0000,0.0000,0.0000,0.0000,0.0000,0.0000,0.0000,0.0000,NULL,NULL,NULL,NULL,NULL,NULL,NULL,NULL,NULL,NULL,NULL,NULL,NULL,NULL,NULL,NULL,NULL,NULL,NULL,NULL,NULL,0,NULL,0,NULL,NULL,NULL,NULL,NULL,NULL,NULL,NULL,NULL),(11,6,NULL,37,1,'2017-01-10 21:05:04','2017-01-10 21:32:33',14,'configurable','a:6:{s:15:\"info_buyRequest\";a:6:{s:4:\"uenc\";s:72:\"aHR0cHM6Ly93d3cua2VyYWdlbi5jb20vaGFpci1idWlsZGluZy1maWJlcnMtMjhnLmh0bWw,\";s:7:\"product\";s:2:\"14\";s:28:\"selected_configurable_option\";s:1:\"8\";s:15:\"related_product\";s:0:\"\";s:15:\"super_attribute\";a:1:{i:93;s:1:\"4\";}s:3:\"qty\";s:1:\"1\";}s:15:\"attributes_info\";a:1:{i:0;a:2:{s:5:\"label\";s:5:\"Color\";s:5:\"value\";s:5:\"Black\";}}s:11:\"simple_name\";s:32:\"Hair Building Fibers - 28g-Black\";s:10:\"simple_sku\";s:32:\"Hair Building Fibers - 28g-Black\";s:20:\"product_calculations\";i:1;s:13:\"shipment_type\";i:0;}',NULL,1,'Hair Building Fibers - 28g-Black','Hair Building Fibers - 28g',NULL,NULL,NULL,0,0,NULL,0.0000,1.0000,1.0000,0.0000,0.0000,NULL,19.9500,19.9500,19.9500,19.9500,0.0000,0.0000,0.0000,0.0000,0.0000,0.0000,0.0000,0.0000,0.0000,0.0000,0.0000,0.0000,19.9500,19.9500,19.9500,19.9500,0.0000,NULL,NULL,NULL,NULL,NULL,19.9500,19.9500,19.9500,19.9500,0.0000,0.0000,0.0000,0.0000,NULL,NULL,NULL,NULL,NULL,NULL,NULL,NULL,0,NULL,2,'[]',NULL,NULL,NULL,NULL,NULL,NULL,NULL,NULL),(12,6,11,38,1,'2017-01-10 21:05:04','2017-01-10 21:32:33',8,'virtual','a:1:{s:15:\"info_buyRequest\";a:6:{s:4:\"uenc\";s:72:\"aHR0cHM6Ly93d3cua2VyYWdlbi5jb20vaGFpci1idWlsZGluZy1maWJlcnMtMjhnLmh0bWw,\";s:7:\"product\";s:2:\"14\";s:28:\"selected_configurable_option\";s:1:\"8\";s:15:\"related_product\";s:0:\"\";s:15:\"super_attribute\";a:1:{i:93;s:1:\"4\";}s:3:\"qty\";s:1:\"1\";}}',NULL,1,'Hair Building Fibers - 28g-Black','Hair Building Fibers - 28g-Black',NULL,NULL,NULL,0,0,NULL,0.0000,1.0000,1.0000,0.0000,0.0000,NULL,0.0000,0.0000,0.0000,NULL,0.0000,0.0000,0.0000,0.0000,0.0000,0.0000,0.0000,0.0000,0.0000,0.0000,0.0000,0.0000,0.0000,0.0000,0.0000,0.0000,0.0000,NULL,NULL,NULL,NULL,NULL,NULL,NULL,NULL,NULL,NULL,NULL,0.0000,0.0000,NULL,NULL,NULL,NULL,NULL,NULL,NULL,NULL,0,NULL,0,NULL,NULL,NULL,NULL,NULL,NULL,NULL,NULL,NULL),(13,7,NULL,57,1,'2017-02-02 13:04:31','2017-02-02 13:16:46',14,'configurable','a:6:{s:15:\"info_buyRequest\";a:6:{s:4:\"uenc\";s:72:\"aHR0cHM6Ly93d3cua2VyYWdlbi5jb20vaGFpci1idWlsZGluZy1maWJlcnMtMjhnLmh0bWw,\";s:7:\"product\";s:2:\"14\";s:28:\"selected_configurable_option\";s:1:\"9\";s:15:\"related_product\";s:0:\"\";s:15:\"super_attribute\";a:1:{i:93;s:1:\"5\";}s:3:\"qty\";s:1:\"1\";}s:15:\"attributes_info\";a:1:{i:0;a:2:{s:5:\"label\";s:5:\"Color\";s:5:\"value\";s:10:\"Dark Brown\";}}s:11:\"simple_name\";s:37:\"Hair Building Fibers - 28g-Dark Brown\";s:10:\"simple_sku\";s:37:\"Hair Building Fibers - 28g-Dark Brown\";s:20:\"product_calculations\";i:1;s:13:\"shipment_type\";i:0;}',NULL,1,'Hair Building Fibers - 28g-Dark Brown','Hair Building Fibers - 28g',NULL,NULL,NULL,0,0,NULL,0.0000,1.0000,1.0000,0.0000,0.0000,NULL,19.9500,19.9500,19.9500,19.9500,0.0000,0.0000,0.0000,0.0000,0.0000,0.0000,0.0000,0.0000,0.0000,0.0000,0.0000,0.0000,19.9500,19.9500,19.9500,19.9500,0.0000,NULL,NULL,NULL,NULL,NULL,19.9500,19.9500,19.9500,19.9500,0.0000,0.0000,0.0000,0.0000,NULL,NULL,NULL,NULL,NULL,NULL,NULL,NULL,0,NULL,2,'[]',NULL,NULL,NULL,NULL,NULL,NULL,NULL,NULL),(14,7,13,58,1,'2017-02-02 13:04:31','2017-02-02 13:16:46',9,'virtual','a:1:{s:15:\"info_buyRequest\";a:6:{s:4:\"uenc\";s:72:\"aHR0cHM6Ly93d3cua2VyYWdlbi5jb20vaGFpci1idWlsZGluZy1maWJlcnMtMjhnLmh0bWw,\";s:7:\"product\";s:2:\"14\";s:28:\"selected_configurable_option\";s:1:\"9\";s:15:\"related_product\";s:0:\"\";s:15:\"super_attribute\";a:1:{i:93;s:1:\"5\";}s:3:\"qty\";s:1:\"1\";}}',NULL,1,'Hair Building Fibers - 28g-Dark Brown','Hair Building Fibers - 28g-Dark Brown',NULL,NULL,NULL,0,0,NULL,0.0000,1.0000,1.0000,0.0000,0.0000,NULL,0.0000,0.0000,0.0000,NULL,0.0000,0.0000,0.0000,0.0000,0.0000,0.0000,0.0000,0.0000,0.0000,0.0000,0.0000,0.0000,0.0000,0.0000,0.0000,0.0000,0.0000,NULL,NULL,NULL,NULL,NULL,NULL,NULL,NULL,NULL,NULL,NULL,0.0000,0.0000,NULL,NULL,NULL,NULL,NULL,NULL,NULL,NULL,0,NULL,0,NULL,NULL,NULL,NULL,NULL,NULL,NULL,NULL,NULL),(15,8,NULL,69,1,'2017-02-19 14:23:16','2017-02-19 14:24:46',14,'configurable','a:6:{s:15:\"info_buyRequest\";a:6:{s:4:\"uenc\";s:72:\"aHR0cHM6Ly93d3cua2VyYWdlbi5jb20vaGFpci1idWlsZGluZy1maWJlcnMtMjhnLmh0bWw,\";s:7:\"product\";s:2:\"14\";s:28:\"selected_configurable_option\";s:1:\"9\";s:15:\"related_product\";s:0:\"\";s:15:\"super_attribute\";a:1:{i:93;s:1:\"5\";}s:3:\"qty\";s:1:\"1\";}s:15:\"attributes_info\";a:1:{i:0;a:2:{s:5:\"label\";s:5:\"Color\";s:5:\"value\";s:10:\"Dark Brown\";}}s:11:\"simple_name\";s:37:\"Hair Building Fibers - 28g-Dark Brown\";s:10:\"simple_sku\";s:37:\"Hair Building Fibers - 28g-Dark Brown\";s:20:\"product_calculations\";i:1;s:13:\"shipment_type\";i:0;}',NULL,1,'Hair Building Fibers - 28g-Dark Brown','Hair Building Fibers - 28g',NULL,NULL,NULL,0,0,NULL,0.0000,1.0000,1.0000,0.0000,0.0000,NULL,19.9500,19.9500,19.9500,19.9500,0.0000,0.0000,0.0000,0.0000,0.0000,0.0000,0.0000,0.0000,0.0000,0.0000,0.0000,0.0000,19.9500,19.9500,19.9500,19.9500,0.0000,NULL,NULL,NULL,NULL,NULL,19.9500,19.9500,19.9500,19.9500,0.0000,0.0000,0.0000,0.0000,NULL,NULL,NULL,NULL,NULL,NULL,NULL,NULL,0,NULL,2,'[]',NULL,NULL,NULL,NULL,NULL,NULL,NULL,NULL),(16,8,15,70,1,'2017-02-19 14:23:16','2017-02-19 14:24:46',9,'virtual','a:1:{s:15:\"info_buyRequest\";a:6:{s:4:\"uenc\";s:72:\"aHR0cHM6Ly93d3cua2VyYWdlbi5jb20vaGFpci1idWlsZGluZy1maWJlcnMtMjhnLmh0bWw,\";s:7:\"product\";s:2:\"14\";s:28:\"selected_configurable_option\";s:1:\"9\";s:15:\"related_product\";s:0:\"\";s:15:\"super_attribute\";a:1:{i:93;s:1:\"5\";}s:3:\"qty\";s:1:\"1\";}}',NULL,1,'Hair Building Fibers - 28g-Dark Brown','Hair Building Fibers - 28g-Dark Brown',NULL,NULL,NULL,0,0,NULL,0.0000,1.0000,1.0000,0.0000,0.0000,NULL,0.0000,0.0000,0.0000,NULL,0.0000,0.0000,0.0000,0.0000,0.0000,0.0000,0.0000,0.0000,0.0000,0.0000,0.0000,0.0000,0.0000,0.0000,0.0000,0.0000,0.0000,NULL,NULL,NULL,NULL,NULL,NULL,NULL,NULL,NULL,NULL,NULL,0.0000,0.0000,NULL,NULL,NULL,NULL,NULL,NULL,NULL,NULL,0,NULL,0,NULL,NULL,NULL,NULL,NULL,NULL,NULL,NULL,NULL),(17,9,NULL,71,1,'2017-02-19 15:22:32','2017-02-19 15:22:32',35,'configurable','a:6:{s:15:\"info_buyRequest\";a:6:{s:4:\"uenc\";s:80:\"aHR0cHM6Ly93d3cua2VyYWdlbi5jb20vaGFpci1maWJlcnMtMjhnLWhvbGRpbmctc3ByYXkuaHRtbA,,\";s:7:\"product\";s:2:\"35\";s:28:\"selected_configurable_option\";s:2:\"30\";s:15:\"related_product\";s:0:\"\";s:15:\"super_attribute\";a:1:{i:93;s:1:\"5\";}s:3:\"qty\";s:1:\"1\";}s:15:\"attributes_info\";a:1:{i:0;a:2:{s:5:\"label\";s:5:\"Color\";s:5:\"value\";s:10:\"Dark Brown\";}}s:11:\"simple_name\";s:44:\"Hair Fibers - 28g + Holding Spray-Dark Brown\";s:10:\"simple_sku\";s:44:\"Hair Fibers - 28g + Holding Spray-Dark Brown\";s:20:\"product_calculations\";i:1;s:13:\"shipment_type\";i:0;}',1.5000,0,'Hair Fibers - 28g + Holding Spray-Dark Brown','Hair Fibers - 28g + Holding Spray',NULL,NULL,NULL,0,0,NULL,0.0000,0.0000,1.0000,0.0000,0.0000,NULL,29.9500,29.9500,29.9500,29.9500,0.0000,0.0000,0.0000,0.0000,0.0000,0.0000,0.0000,0.0000,0.0000,0.0000,0.0000,0.0000,29.9500,29.9500,0.0000,0.0000,1.5000,NULL,NULL,NULL,NULL,NULL,29.9500,29.9500,29.9500,29.9500,0.0000,0.0000,NULL,NULL,NULL,NULL,NULL,NULL,NULL,NULL,NULL,NULL,0,NULL,2,NULL,NULL,NULL,NULL,NULL,NULL,NULL,NULL,NULL),(18,9,17,72,1,'2017-02-19 15:22:32','2017-02-19 15:22:32',30,'simple','a:1:{s:15:\"info_buyRequest\";a:6:{s:4:\"uenc\";s:80:\"aHR0cHM6Ly93d3cua2VyYWdlbi5jb20vaGFpci1maWJlcnMtMjhnLWhvbGRpbmctc3ByYXkuaHRtbA,,\";s:7:\"product\";s:2:\"35\";s:28:\"selected_configurable_option\";s:2:\"30\";s:15:\"related_product\";s:0:\"\";s:15:\"super_attribute\";a:1:{i:93;s:1:\"5\";}s:3:\"qty\";s:1:\"1\";}}',1.5000,0,'Hair Fibers - 28g + Holding Spray-Dark Brown','Hair Fibers - 28g + Holding Spray-Dark Brown',NULL,NULL,NULL,0,0,NULL,0.0000,0.0000,1.0000,0.0000,0.0000,NULL,0.0000,0.0000,0.0000,NULL,0.0000,0.0000,0.0000,0.0000,0.0000,0.0000,0.0000,0.0000,0.0000,0.0000,0.0000,0.0000,0.0000,0.0000,0.0000,0.0000,0.0000,NULL,NULL,NULL,NULL,NULL,NULL,NULL,NULL,NULL,NULL,NULL,NULL,NULL,NULL,NULL,NULL,NULL,NULL,NULL,NULL,NULL,0,NULL,0,NULL,NULL,NULL,NULL,NULL,NULL,NULL,NULL,NULL),(19,10,NULL,73,1,'2017-02-19 18:55:33','2017-02-19 18:55:33',42,'configurable','a:6:{s:15:\"info_buyRequest\";a:6:{s:4:\"uenc\";s:80:\"aHR0cHM6Ly93d3cua2VyYWdlbi5jb20vaGFpci1maWJlcnMtNTJnLWhvbGRpbmctc3ByYXkuaHRtbA,,\";s:7:\"product\";s:2:\"42\";s:28:\"selected_configurable_option\";s:2:\"37\";s:15:\"related_product\";s:0:\"\";s:15:\"super_attribute\";a:1:{i:93;s:1:\"5\";}s:3:\"qty\";s:1:\"1\";}s:15:\"attributes_info\";a:1:{i:0;a:2:{s:5:\"label\";s:5:\"Color\";s:5:\"value\";s:10:\"Dark Brown\";}}s:11:\"simple_name\";s:44:\"Hair Fibers - 52g + Holding Spray-Dark Brown\";s:10:\"simple_sku\";s:44:\"Hair Fibers - 52g + Holding Spray-Dark Brown\";s:20:\"product_calculations\";i:1;s:13:\"shipment_type\";i:0;}',2.0000,0,'Hair Fibers - 52g + Holding Spray-Dark Brown','Hair Fibers - 52g + Holding Spray',NULL,NULL,NULL,0,0,NULL,0.0000,0.0000,1.0000,0.0000,0.0000,NULL,44.9500,44.9500,44.9500,44.9500,0.0000,0.0000,0.0000,0.0000,0.0000,0.0000,0.0000,0.0000,0.0000,0.0000,0.0000,0.0000,44.9500,44.9500,0.0000,0.0000,2.0000,NULL,NULL,NULL,NULL,NULL,44.9500,44.9500,44.9500,44.9500,0.0000,0.0000,NULL,NULL,NULL,NULL,NULL,NULL,NULL,NULL,NULL,NULL,0,NULL,2,NULL,NULL,NULL,NULL,NULL,NULL,NULL,NULL,NULL),(20,10,19,74,1,'2017-02-19 18:55:33','2017-02-19 18:55:33',37,'simple','a:1:{s:15:\"info_buyRequest\";a:6:{s:4:\"uenc\";s:80:\"aHR0cHM6Ly93d3cua2VyYWdlbi5jb20vaGFpci1maWJlcnMtNTJnLWhvbGRpbmctc3ByYXkuaHRtbA,,\";s:7:\"product\";s:2:\"42\";s:28:\"selected_configurable_option\";s:2:\"37\";s:15:\"related_product\";s:0:\"\";s:15:\"super_attribute\";a:1:{i:93;s:1:\"5\";}s:3:\"qty\";s:1:\"1\";}}',2.0000,0,'Hair Fibers - 52g + Holding Spray-Dark Brown','Hair Fibers - 52g + Holding Spray-Dark Brown',NULL,NULL,NULL,0,0,NULL,0.0000,0.0000,1.0000,0.0000,0.0000,NULL,0.0000,0.0000,0.0000,NULL,0.0000,0.0000,0.0000,0.0000,0.0000,0.0000,0.0000,0.0000,0.0000,0.0000,0.0000,0.0000,0.0000,0.0000,0.0000,0.0000,0.0000,NULL,NULL,NULL,NULL,NULL,NULL,NULL,NULL,NULL,NULL,NULL,NULL,NULL,NULL,NULL,NULL,NULL,NULL,NULL,NULL,NULL,0,NULL,0,NULL,NULL,NULL,NULL,NULL,NULL,NULL,NULL,NULL),(21,11,NULL,75,1,'2017-02-19 19:06:46','2017-02-19 19:06:46',42,'configurable','a:6:{s:15:\"info_buyRequest\";a:6:{s:4:\"uenc\";s:80:\"aHR0cHM6Ly93d3cua2VyYWdlbi5jb20vaGFpci1maWJlcnMtNTJnLWhvbGRpbmctc3ByYXkuaHRtbA,,\";s:7:\"product\";s:2:\"42\";s:28:\"selected_configurable_option\";s:2:\"38\";s:15:\"related_product\";s:0:\"\";s:15:\"super_attribute\";a:1:{i:93;s:1:\"6\";}s:3:\"qty\";s:1:\"1\";}s:15:\"attributes_info\";a:1:{i:0;a:2:{s:5:\"label\";s:5:\"Color\";s:5:\"value\";s:12:\"Medium Brown\";}}s:11:\"simple_name\";s:46:\"Hair Fibers - 52g + Holding Spray-Medium Brown\";s:10:\"simple_sku\";s:46:\"Hair Fibers - 52g + Holding Spray-Medium Brown\";s:20:\"product_calculations\";i:1;s:13:\"shipment_type\";i:0;}',2.0000,0,'Hair Fibers - 52g + Holding Spray-Medium Brown','Hair Fibers - 52g + Holding Spray',NULL,NULL,NULL,0,0,NULL,0.0000,0.0000,1.0000,0.0000,0.0000,NULL,44.9500,44.9500,44.9500,44.9500,0.0000,0.0000,0.0000,0.0000,0.0000,0.0000,0.0000,0.0000,0.0000,0.0000,0.0000,0.0000,44.9500,44.9500,0.0000,0.0000,2.0000,NULL,NULL,NULL,NULL,NULL,44.9500,44.9500,44.9500,44.9500,0.0000,0.0000,NULL,NULL,NULL,NULL,NULL,NULL,NULL,NULL,NULL,NULL,0,NULL,2,NULL,NULL,NULL,NULL,NULL,NULL,NULL,NULL,NULL),(22,11,21,76,1,'2017-02-19 19:06:46','2017-02-19 19:06:46',38,'simple','a:1:{s:15:\"info_buyRequest\";a:6:{s:4:\"uenc\";s:80:\"aHR0cHM6Ly93d3cua2VyYWdlbi5jb20vaGFpci1maWJlcnMtNTJnLWhvbGRpbmctc3ByYXkuaHRtbA,,\";s:7:\"product\";s:2:\"42\";s:28:\"selected_configurable_option\";s:2:\"38\";s:15:\"related_product\";s:0:\"\";s:15:\"super_attribute\";a:1:{i:93;s:1:\"6\";}s:3:\"qty\";s:1:\"1\";}}',2.0000,0,'Hair Fibers - 52g + Holding Spray-Medium Brown','Hair Fibers - 52g + Holding Spray-Medium Brown',NULL,NULL,NULL,0,0,NULL,0.0000,0.0000,1.0000,0.0000,0.0000,NULL,0.0000,0.0000,0.0000,NULL,0.0000,0.0000,0.0000,0.0000,0.0000,0.0000,0.0000,0.0000,0.0000,0.0000,0.0000,0.0000,0.0000,0.0000,0.0000,0.0000,0.0000,NULL,NULL,NULL,NULL,NULL,NULL,NULL,NULL,NULL,NULL,NULL,NULL,NULL,NULL,NULL,NULL,NULL,NULL,NULL,NULL,NULL,0,NULL,0,NULL,NULL,NULL,NULL,NULL,NULL,NULL,NULL,NULL),(23,12,NULL,77,1,'2017-02-19 20:04:11','2017-02-19 20:04:11',42,'configurable','a:6:{s:15:\"info_buyRequest\";a:6:{s:4:\"uenc\";s:80:\"aHR0cHM6Ly93d3cua2VyYWdlbi5jb20vaGFpci1maWJlcnMtNTJnLWhvbGRpbmctc3ByYXkuaHRtbA,,\";s:7:\"product\";s:2:\"42\";s:28:\"selected_configurable_option\";s:2:\"37\";s:15:\"related_product\";s:0:\"\";s:15:\"super_attribute\";a:1:{i:93;s:1:\"5\";}s:3:\"qty\";s:1:\"1\";}s:15:\"attributes_info\";a:1:{i:0;a:2:{s:5:\"label\";s:5:\"Color\";s:5:\"value\";s:10:\"Dark Brown\";}}s:11:\"simple_name\";s:44:\"Hair Fibers - 52g + Holding Spray-Dark Brown\";s:10:\"simple_sku\";s:44:\"Hair Fibers - 52g + Holding Spray-Dark Brown\";s:20:\"product_calculations\";i:1;s:13:\"shipment_type\";i:0;}',2.0000,0,'Hair Fibers - 52g + Holding Spray-Dark Brown','Hair Fibers - 52g + Holding Spray',NULL,NULL,NULL,0,0,NULL,0.0000,0.0000,1.0000,0.0000,0.0000,NULL,44.9500,44.9500,44.9500,44.9500,0.0000,0.0000,0.0000,0.0000,0.0000,0.0000,0.0000,0.0000,0.0000,0.0000,0.0000,0.0000,44.9500,44.9500,0.0000,0.0000,2.0000,NULL,NULL,NULL,NULL,NULL,44.9500,44.9500,44.9500,44.9500,0.0000,0.0000,NULL,NULL,NULL,NULL,NULL,NULL,NULL,NULL,NULL,NULL,0,NULL,2,NULL,NULL,NULL,NULL,NULL,NULL,NULL,NULL,NULL),(24,12,23,78,1,'2017-02-19 20:04:11','2017-02-19 20:04:11',37,'simple','a:1:{s:15:\"info_buyRequest\";a:6:{s:4:\"uenc\";s:80:\"aHR0cHM6Ly93d3cua2VyYWdlbi5jb20vaGFpci1maWJlcnMtNTJnLWhvbGRpbmctc3ByYXkuaHRtbA,,\";s:7:\"product\";s:2:\"42\";s:28:\"selected_configurable_option\";s:2:\"37\";s:15:\"related_product\";s:0:\"\";s:15:\"super_attribute\";a:1:{i:93;s:1:\"5\";}s:3:\"qty\";s:1:\"1\";}}',2.0000,0,'Hair Fibers - 52g + Holding Spray-Dark Brown','Hair Fibers - 52g + Holding Spray-Dark Brown',NULL,NULL,NULL,0,0,NULL,0.0000,0.0000,1.0000,0.0000,0.0000,NULL,0.0000,0.0000,0.0000,NULL,0.0000,0.0000,0.0000,0.0000,0.0000,0.0000,0.0000,0.0000,0.0000,0.0000,0.0000,0.0000,0.0000,0.0000,0.0000,0.0000,0.0000,NULL,NULL,NULL,NULL,NULL,NULL,NULL,NULL,NULL,NULL,NULL,NULL,NULL,NULL,NULL,NULL,NULL,NULL,NULL,NULL,NULL,0,NULL,0,NULL,NULL,NULL,NULL,NULL,NULL,NULL,NULL,NULL),(25,13,NULL,79,1,'2017-02-20 05:04:02','2017-02-20 05:04:02',21,'configurable','a:6:{s:15:\"info_buyRequest\";a:6:{s:4:\"uenc\";s:72:\"aHR0cHM6Ly93d3cua2VyYWdlbi5jb20vaGFpci1idWlsZGluZy1maWJlcnMtNTJnLmh0bWw,\";s:7:\"product\";s:2:\"21\";s:28:\"selected_configurable_option\";s:2:\"16\";s:15:\"related_product\";s:0:\"\";s:15:\"super_attribute\";a:1:{i:93;s:1:\"5\";}s:3:\"qty\";s:1:\"1\";}s:15:\"attributes_info\";a:1:{i:0;a:2:{s:5:\"label\";s:5:\"Color\";s:5:\"value\";s:10:\"Dark Brown\";}}s:11:\"simple_name\";s:37:\"Hair Building Fibers - 52g-Dark Brown\";s:10:\"simple_sku\";s:37:\"Hair Building Fibers - 52g-Dark Brown\";s:20:\"product_calculations\";i:1;s:13:\"shipment_type\";i:0;}',1.0000,0,'Hair Building Fibers - 52g-Dark Brown','Hair Building Fibers - 52g',NULL,NULL,NULL,0,0,NULL,0.0000,0.0000,1.0000,0.0000,0.0000,NULL,34.9500,34.9500,34.9500,34.9500,0.0000,0.0000,0.0000,0.0000,0.0000,0.0000,0.0000,0.0000,0.0000,0.0000,0.0000,0.0000,34.9500,34.9500,0.0000,0.0000,1.0000,NULL,NULL,NULL,NULL,NULL,34.9500,34.9500,34.9500,34.9500,0.0000,0.0000,NULL,NULL,NULL,NULL,NULL,NULL,NULL,NULL,NULL,NULL,0,NULL,2,NULL,NULL,NULL,NULL,NULL,NULL,NULL,NULL,NULL),(26,13,25,80,1,'2017-02-20 05:04:02','2017-02-20 05:04:02',16,'simple','a:1:{s:15:\"info_buyRequest\";a:6:{s:4:\"uenc\";s:72:\"aHR0cHM6Ly93d3cua2VyYWdlbi5jb20vaGFpci1idWlsZGluZy1maWJlcnMtNTJnLmh0bWw,\";s:7:\"product\";s:2:\"21\";s:28:\"selected_configurable_option\";s:2:\"16\";s:15:\"related_product\";s:0:\"\";s:15:\"super_attribute\";a:1:{i:93;s:1:\"5\";}s:3:\"qty\";s:1:\"1\";}}',1.0000,0,'Hair Building Fibers - 52g-Dark Brown','Hair Building Fibers - 52g-Dark Brown',NULL,NULL,NULL,0,0,NULL,0.0000,0.0000,1.0000,0.0000,0.0000,NULL,0.0000,0.0000,0.0000,NULL,0.0000,0.0000,0.0000,0.0000,0.0000,0.0000,0.0000,0.0000,0.0000,0.0000,0.0000,0.0000,0.0000,0.0000,0.0000,0.0000,0.0000,NULL,NULL,NULL,NULL,NULL,NULL,NULL,NULL,NULL,NULL,NULL,NULL,NULL,NULL,NULL,NULL,NULL,NULL,NULL,NULL,NULL,0,NULL,0,NULL,NULL,NULL,NULL,NULL,NULL,NULL,NULL,NULL),(27,14,NULL,81,1,'2017-02-20 06:56:01','2017-02-20 06:56:01',42,'configurable','a:6:{s:15:\"info_buyRequest\";a:6:{s:4:\"uenc\";s:80:\"aHR0cHM6Ly93d3cua2VyYWdlbi5jb20vaGFpci1maWJlcnMtNTJnLWhvbGRpbmctc3ByYXkuaHRtbA,,\";s:7:\"product\";s:2:\"42\";s:28:\"selected_configurable_option\";s:2:\"38\";s:15:\"related_product\";s:0:\"\";s:15:\"super_attribute\";a:1:{i:93;s:1:\"6\";}s:3:\"qty\";s:1:\"1\";}s:15:\"attributes_info\";a:1:{i:0;a:2:{s:5:\"label\";s:5:\"Color\";s:5:\"value\";s:12:\"Medium Brown\";}}s:11:\"simple_name\";s:46:\"Hair Fibers - 52g + Holding Spray-Medium Brown\";s:10:\"simple_sku\";s:46:\"Hair Fibers - 52g + Holding Spray-Medium Brown\";s:20:\"product_calculations\";i:1;s:13:\"shipment_type\";i:0;}',2.0000,0,'Hair Fibers - 52g + Holding Spray-Medium Brown','Hair Fibers - 52g + Holding Spray',NULL,NULL,NULL,0,0,NULL,0.0000,0.0000,1.0000,0.0000,0.0000,NULL,44.9500,44.9500,44.9500,44.9500,0.0000,0.0000,0.0000,0.0000,0.0000,0.0000,0.0000,0.0000,0.0000,0.0000,0.0000,0.0000,44.9500,44.9500,0.0000,0.0000,2.0000,NULL,NULL,NULL,NULL,NULL,44.9500,44.9500,44.9500,44.9500,0.0000,0.0000,NULL,NULL,NULL,NULL,NULL,NULL,NULL,NULL,NULL,NULL,0,NULL,2,NULL,NULL,NULL,NULL,NULL,NULL,NULL,NULL,NULL),(28,14,27,82,1,'2017-02-20 06:56:01','2017-02-20 06:56:01',38,'simple','a:1:{s:15:\"info_buyRequest\";a:6:{s:4:\"uenc\";s:80:\"aHR0cHM6Ly93d3cua2VyYWdlbi5jb20vaGFpci1maWJlcnMtNTJnLWhvbGRpbmctc3ByYXkuaHRtbA,,\";s:7:\"product\";s:2:\"42\";s:28:\"selected_configurable_option\";s:2:\"38\";s:15:\"related_product\";s:0:\"\";s:15:\"super_attribute\";a:1:{i:93;s:1:\"6\";}s:3:\"qty\";s:1:\"1\";}}',2.0000,0,'Hair Fibers - 52g + Holding Spray-Medium Brown','Hair Fibers - 52g + Holding Spray-Medium Brown',NULL,NULL,NULL,0,0,NULL,0.0000,0.0000,1.0000,0.0000,0.0000,NULL,0.0000,0.0000,0.0000,NULL,0.0000,0.0000,0.0000,0.0000,0.0000,0.0000,0.0000,0.0000,0.0000,0.0000,0.0000,0.0000,0.0000,0.0000,0.0000,0.0000,0.0000,NULL,NULL,NULL,NULL,NULL,NULL,NULL,NULL,NULL,NULL,NULL,NULL,NULL,NULL,NULL,NULL,NULL,NULL,NULL,NULL,NULL,0,NULL,0,NULL,NULL,NULL,NULL,NULL,NULL,NULL,NULL,NULL),(29,15,NULL,83,1,'2017-02-20 07:00:00','2017-02-20 07:00:00',42,'configurable','a:6:{s:15:\"info_buyRequest\";a:6:{s:4:\"uenc\";s:80:\"aHR0cHM6Ly93d3cua2VyYWdlbi5jb20vaGFpci1maWJlcnMtNTJnLWhvbGRpbmctc3ByYXkuaHRtbA,,\";s:7:\"product\";s:2:\"42\";s:28:\"selected_configurable_option\";s:2:\"37\";s:15:\"related_product\";s:0:\"\";s:15:\"super_attribute\";a:1:{i:93;s:1:\"5\";}s:3:\"qty\";s:1:\"1\";}s:15:\"attributes_info\";a:1:{i:0;a:2:{s:5:\"label\";s:5:\"Color\";s:5:\"value\";s:10:\"Dark Brown\";}}s:11:\"simple_name\";s:44:\"Hair Fibers - 52g + Holding Spray-Dark Brown\";s:10:\"simple_sku\";s:44:\"Hair Fibers - 52g + Holding Spray-Dark Brown\";s:20:\"product_calculations\";i:1;s:13:\"shipment_type\";i:0;}',2.0000,0,'Hair Fibers - 52g + Holding Spray-Dark Brown','Hair Fibers - 52g + Holding Spray',NULL,NULL,NULL,0,0,NULL,0.0000,0.0000,1.0000,0.0000,0.0000,NULL,44.9500,44.9500,44.9500,44.9500,0.0000,0.0000,0.0000,0.0000,0.0000,0.0000,0.0000,0.0000,0.0000,0.0000,0.0000,0.0000,44.9500,44.9500,0.0000,0.0000,2.0000,NULL,NULL,NULL,NULL,NULL,44.9500,44.9500,44.9500,44.9500,0.0000,0.0000,NULL,NULL,NULL,NULL,NULL,NULL,NULL,NULL,NULL,NULL,0,NULL,2,NULL,NULL,NULL,NULL,NULL,NULL,NULL,NULL,NULL),(30,15,29,84,1,'2017-02-20 07:00:00','2017-02-20 07:00:00',37,'simple','a:1:{s:15:\"info_buyRequest\";a:6:{s:4:\"uenc\";s:80:\"aHR0cHM6Ly93d3cua2VyYWdlbi5jb20vaGFpci1maWJlcnMtNTJnLWhvbGRpbmctc3ByYXkuaHRtbA,,\";s:7:\"product\";s:2:\"42\";s:28:\"selected_configurable_option\";s:2:\"37\";s:15:\"related_product\";s:0:\"\";s:15:\"super_attribute\";a:1:{i:93;s:1:\"5\";}s:3:\"qty\";s:1:\"1\";}}',2.0000,0,'Hair Fibers - 52g + Holding Spray-Dark Brown','Hair Fibers - 52g + Holding Spray-Dark Brown',NULL,NULL,NULL,0,0,NULL,0.0000,0.0000,1.0000,0.0000,0.0000,NULL,0.0000,0.0000,0.0000,NULL,0.0000,0.0000,0.0000,0.0000,0.0000,0.0000,0.0000,0.0000,0.0000,0.0000,0.0000,0.0000,0.0000,0.0000,0.0000,0.0000,0.0000,NULL,NULL,NULL,NULL,NULL,NULL,NULL,NULL,NULL,NULL,NULL,NULL,NULL,NULL,NULL,NULL,NULL,NULL,NULL,NULL,NULL,0,NULL,0,NULL,NULL,NULL,NULL,NULL,NULL,NULL,NULL,NULL),(31,16,NULL,85,1,'2017-02-20 07:03:21','2017-02-20 07:03:21',42,'configurable','a:6:{s:15:\"info_buyRequest\";a:6:{s:4:\"uenc\";s:80:\"aHR0cHM6Ly93d3cua2VyYWdlbi5jb20vaGFpci1maWJlcnMtNTJnLWhvbGRpbmctc3ByYXkuaHRtbA,,\";s:7:\"product\";s:2:\"42\";s:28:\"selected_configurable_option\";s:2:\"37\";s:15:\"related_product\";s:0:\"\";s:15:\"super_attribute\";a:1:{i:93;s:1:\"5\";}s:3:\"qty\";s:1:\"1\";}s:15:\"attributes_info\";a:1:{i:0;a:2:{s:5:\"label\";s:5:\"Color\";s:5:\"value\";s:10:\"Dark Brown\";}}s:11:\"simple_name\";s:44:\"Hair Fibers - 52g + Holding Spray-Dark Brown\";s:10:\"simple_sku\";s:44:\"Hair Fibers - 52g + Holding Spray-Dark Brown\";s:20:\"product_calculations\";i:1;s:13:\"shipment_type\";i:0;}',2.0000,0,'Hair Fibers - 52g + Holding Spray-Dark Brown','Hair Fibers - 52g + Holding Spray',NULL,NULL,NULL,0,0,NULL,0.0000,0.0000,1.0000,0.0000,0.0000,NULL,44.9500,44.9500,44.9500,44.9500,0.0000,0.0000,0.0000,0.0000,0.0000,0.0000,0.0000,0.0000,0.0000,0.0000,0.0000,0.0000,44.9500,44.9500,0.0000,0.0000,2.0000,NULL,NULL,NULL,NULL,NULL,44.9500,44.9500,44.9500,44.9500,0.0000,0.0000,NULL,NULL,NULL,NULL,NULL,NULL,NULL,NULL,NULL,NULL,0,NULL,2,NULL,NULL,NULL,NULL,NULL,NULL,NULL,NULL,NULL),(32,16,31,86,1,'2017-02-20 07:03:21','2017-02-20 07:03:21',37,'simple','a:1:{s:15:\"info_buyRequest\";a:6:{s:4:\"uenc\";s:80:\"aHR0cHM6Ly93d3cua2VyYWdlbi5jb20vaGFpci1maWJlcnMtNTJnLWhvbGRpbmctc3ByYXkuaHRtbA,,\";s:7:\"product\";s:2:\"42\";s:28:\"selected_configurable_option\";s:2:\"37\";s:15:\"related_product\";s:0:\"\";s:15:\"super_attribute\";a:1:{i:93;s:1:\"5\";}s:3:\"qty\";s:1:\"1\";}}',2.0000,0,'Hair Fibers - 52g + Holding Spray-Dark Brown','Hair Fibers - 52g + Holding Spray-Dark Brown',NULL,NULL,NULL,0,0,NULL,0.0000,0.0000,1.0000,0.0000,0.0000,NULL,0.0000,0.0000,0.0000,NULL,0.0000,0.0000,0.0000,0.0000,0.0000,0.0000,0.0000,0.0000,0.0000,0.0000,0.0000,0.0000,0.0000,0.0000,0.0000,0.0000,0.0000,NULL,NULL,NULL,NULL,NULL,NULL,NULL,NULL,NULL,NULL,NULL,NULL,NULL,NULL,NULL,NULL,NULL,NULL,NULL,NULL,NULL,0,NULL,0,NULL,NULL,NULL,NULL,NULL,NULL,NULL,NULL,NULL),(33,17,NULL,87,1,'2017-02-20 11:44:21','2017-02-20 11:47:08',21,'configurable','a:6:{s:15:\"info_buyRequest\";a:6:{s:4:\"uenc\";s:72:\"aHR0cHM6Ly93d3cua2VyYWdlbi5jb20vaGFpci1idWlsZGluZy1maWJlcnMtNTJnLmh0bWw,\";s:7:\"product\";s:2:\"21\";s:28:\"selected_configurable_option\";s:2:\"16\";s:15:\"related_product\";s:0:\"\";s:15:\"super_attribute\";a:1:{i:93;s:1:\"5\";}s:3:\"qty\";s:1:\"1\";}s:15:\"attributes_info\";a:1:{i:0;a:2:{s:5:\"label\";s:5:\"Color\";s:5:\"value\";s:10:\"Dark Brown\";}}s:11:\"simple_name\";s:37:\"Hair Building Fibers - 52g-Dark Brown\";s:10:\"simple_sku\";s:37:\"Hair Building Fibers - 52g-Dark Brown\";s:20:\"product_calculations\";i:1;s:13:\"shipment_type\";i:0;}',1.0000,0,'Hair Building Fibers - 52g-Dark Brown','Hair Building Fibers - 52g',NULL,NULL,NULL,0,0,NULL,0.0000,1.0000,1.0000,0.0000,1.0000,NULL,34.9500,34.9500,34.9500,34.9500,0.0000,0.0000,0.0000,0.0000,0.0000,0.0000,0.0000,0.0000,0.0000,0.0000,0.0000,0.0000,34.9500,34.9500,34.9500,34.9500,1.0000,NULL,NULL,NULL,NULL,NULL,34.9500,34.9500,34.9500,34.9500,0.0000,0.0000,0.0000,0.0000,NULL,NULL,NULL,NULL,NULL,NULL,NULL,NULL,0,NULL,2,'[]',NULL,NULL,NULL,NULL,NULL,NULL,NULL,NULL),(34,17,33,88,1,'2017-02-20 11:44:21','2017-02-20 11:46:32',16,'simple','a:1:{s:15:\"info_buyRequest\";a:6:{s:4:\"uenc\";s:72:\"aHR0cHM6Ly93d3cua2VyYWdlbi5jb20vaGFpci1idWlsZGluZy1maWJlcnMtNTJnLmh0bWw,\";s:7:\"product\";s:2:\"21\";s:28:\"selected_configurable_option\";s:2:\"16\";s:15:\"related_product\";s:0:\"\";s:15:\"super_attribute\";a:1:{i:93;s:1:\"5\";}s:3:\"qty\";s:1:\"1\";}}',1.0000,0,'Hair Building Fibers - 52g-Dark Brown','Hair Building Fibers - 52g-Dark Brown',NULL,NULL,NULL,0,0,NULL,0.0000,1.0000,1.0000,0.0000,0.0000,NULL,0.0000,0.0000,0.0000,NULL,0.0000,0.0000,0.0000,0.0000,0.0000,0.0000,0.0000,0.0000,0.0000,0.0000,0.0000,0.0000,0.0000,0.0000,0.0000,0.0000,0.0000,NULL,NULL,NULL,NULL,NULL,NULL,NULL,NULL,NULL,NULL,NULL,0.0000,0.0000,NULL,NULL,NULL,NULL,NULL,NULL,NULL,NULL,0,NULL,0,NULL,NULL,NULL,NULL,NULL,NULL,NULL,NULL,NULL),(35,18,NULL,91,1,'2017-03-04 15:15:21','2017-03-04 15:15:21',14,'configurable','a:6:{s:15:\"info_buyRequest\";a:6:{s:4:\"uenc\";s:72:\"aHR0cHM6Ly93d3cua2VyYWdlbi5jb20vaGFpci1idWlsZGluZy1maWJlcnMtMjhnLmh0bWw,\";s:7:\"product\";s:2:\"14\";s:28:\"selected_configurable_option\";s:1:\"8\";s:15:\"related_product\";s:0:\"\";s:15:\"super_attribute\";a:1:{i:93;s:1:\"4\";}s:3:\"qty\";s:1:\"1\";}s:15:\"attributes_info\";a:1:{i:0;a:2:{s:5:\"label\";s:5:\"Color\";s:5:\"value\";s:5:\"Black\";}}s:11:\"simple_name\";s:32:\"Hair Building Fibers - 28g-Black\";s:10:\"simple_sku\";s:32:\"Hair Building Fibers - 28g-Black\";s:20:\"product_calculations\";i:1;s:13:\"shipment_type\";i:0;}',NULL,1,'Hair Building Fibers - 28g-Black','Hair Building Fibers - 28g',NULL,NULL,NULL,0,0,NULL,0.0000,0.0000,1.0000,0.0000,0.0000,NULL,19.9500,19.9500,19.9500,19.9500,0.0000,0.0000,0.0000,0.0000,0.0000,0.0000,0.0000,0.0000,0.0000,0.0000,0.0000,0.0000,19.9500,19.9500,0.0000,0.0000,0.0000,NULL,NULL,NULL,NULL,NULL,19.9500,19.9500,19.9500,19.9500,0.0000,0.0000,NULL,NULL,NULL,NULL,NULL,NULL,NULL,NULL,NULL,NULL,0,NULL,2,NULL,NULL,NULL,NULL,NULL,NULL,NULL,NULL,NULL),(36,18,35,92,1,'2017-03-04 15:15:21','2017-03-04 15:15:21',8,'virtual','a:1:{s:15:\"info_buyRequest\";a:6:{s:4:\"uenc\";s:72:\"aHR0cHM6Ly93d3cua2VyYWdlbi5jb20vaGFpci1idWlsZGluZy1maWJlcnMtMjhnLmh0bWw,\";s:7:\"product\";s:2:\"14\";s:28:\"selected_configurable_option\";s:1:\"8\";s:15:\"related_product\";s:0:\"\";s:15:\"super_attribute\";a:1:{i:93;s:1:\"4\";}s:3:\"qty\";s:1:\"1\";}}',NULL,1,'Hair Building Fibers - 28g-Black','Hair Building Fibers - 28g-Black',NULL,NULL,NULL,0,0,NULL,0.0000,0.0000,1.0000,0.0000,0.0000,NULL,0.0000,0.0000,0.0000,NULL,0.0000,0.0000,0.0000,0.0000,0.0000,0.0000,0.0000,0.0000,0.0000,0.0000,0.0000,0.0000,0.0000,0.0000,0.0000,0.0000,0.0000,NULL,NULL,NULL,NULL,NULL,NULL,NULL,NULL,NULL,NULL,NULL,NULL,NULL,NULL,NULL,NULL,NULL,NULL,NULL,NULL,NULL,0,NULL,0,NULL,NULL,NULL,NULL,NULL,NULL,NULL,NULL,NULL),(37,19,NULL,99,1,'2017-04-01 01:25:07','2017-04-01 01:25:54',14,'configurable','a:6:{s:15:\"info_buyRequest\";a:6:{s:4:\"uenc\";s:72:\"aHR0cHM6Ly93d3cua2VyYWdlbi5jb20vaGFpci1idWlsZGluZy1maWJlcnMtMjhnLmh0bWw,\";s:7:\"product\";s:2:\"14\";s:28:\"selected_configurable_option\";s:1:\"8\";s:15:\"related_product\";s:0:\"\";s:15:\"super_attribute\";a:1:{i:93;s:1:\"4\";}s:3:\"qty\";s:1:\"1\";}s:15:\"attributes_info\";a:1:{i:0;a:2:{s:5:\"label\";s:5:\"Color\";s:5:\"value\";s:5:\"Black\";}}s:11:\"simple_name\";s:32:\"Hair Building Fibers - 28g-Black\";s:10:\"simple_sku\";s:32:\"Hair Building Fibers - 28g-Black\";s:20:\"product_calculations\";i:1;s:13:\"shipment_type\";i:0;}',NULL,1,'Hair Building Fibers - 28g-Black','Hair Building Fibers - 28g',NULL,NULL,NULL,0,0,NULL,0.0000,1.0000,1.0000,0.0000,0.0000,NULL,19.9500,19.9500,19.9500,19.9500,0.0000,0.0000,0.0000,0.0000,0.0000,0.0000,0.0000,0.0000,0.0000,0.0000,0.0000,0.0000,19.9500,19.9500,19.9500,19.9500,0.0000,NULL,NULL,NULL,NULL,NULL,19.9500,19.9500,19.9500,19.9500,0.0000,0.0000,0.0000,0.0000,NULL,NULL,NULL,NULL,NULL,NULL,NULL,NULL,0,NULL,2,'[]',NULL,NULL,NULL,NULL,NULL,NULL,NULL,NULL),(38,19,37,100,1,'2017-04-01 01:25:07','2017-04-01 01:25:54',8,'virtual','a:1:{s:15:\"info_buyRequest\";a:6:{s:4:\"uenc\";s:72:\"aHR0cHM6Ly93d3cua2VyYWdlbi5jb20vaGFpci1idWlsZGluZy1maWJlcnMtMjhnLmh0bWw,\";s:7:\"product\";s:2:\"14\";s:28:\"selected_configurable_option\";s:1:\"8\";s:15:\"related_product\";s:0:\"\";s:15:\"super_attribute\";a:1:{i:93;s:1:\"4\";}s:3:\"qty\";s:1:\"1\";}}',NULL,1,'Hair Building Fibers - 28g-Black','Hair Building Fibers - 28g-Black',NULL,NULL,NULL,0,0,NULL,0.0000,1.0000,1.0000,0.0000,0.0000,NULL,0.0000,0.0000,0.0000,NULL,0.0000,0.0000,0.0000,0.0000,0.0000,0.0000,0.0000,0.0000,0.0000,0.0000,0.0000,0.0000,0.0000,0.0000,0.0000,0.0000,0.0000,NULL,NULL,NULL,NULL,NULL,NULL,NULL,NULL,NULL,NULL,NULL,0.0000,0.0000,NULL,NULL,NULL,NULL,NULL,NULL,NULL,NULL,0,NULL,0,NULL,NULL,NULL,NULL,NULL,NULL,NULL,NULL,NULL),(39,20,NULL,103,1,'2017-04-01 01:36:02','2017-04-01 01:36:02',14,'configurable','a:6:{s:15:\"info_buyRequest\";a:6:{s:4:\"uenc\";s:72:\"aHR0cHM6Ly93d3cua2VyYWdlbi5jb20vaGFpci1idWlsZGluZy1maWJlcnMtMjhnLmh0bWw,\";s:7:\"product\";s:2:\"14\";s:28:\"selected_configurable_option\";s:2:\"10\";s:15:\"related_product\";s:0:\"\";s:15:\"super_attribute\";a:1:{i:93;s:1:\"6\";}s:3:\"qty\";s:1:\"1\";}s:15:\"attributes_info\";a:1:{i:0;a:2:{s:5:\"label\";s:5:\"Color\";s:5:\"value\";s:12:\"Medium Brown\";}}s:11:\"simple_name\";s:39:\"Hair Building Fibers - 28g-Medium Brown\";s:10:\"simple_sku\";s:39:\"Hair Building Fibers - 28g-Medium Brown\";s:20:\"product_calculations\";i:1;s:13:\"shipment_type\";i:0;}',NULL,1,'Hair Building Fibers - 28g-Medium Brown','Hair Building Fibers - 28g',NULL,NULL,NULL,0,0,NULL,0.0000,0.0000,1.0000,0.0000,0.0000,NULL,19.9500,19.9500,19.9500,19.9500,0.0000,0.0000,0.0000,0.0000,0.0000,0.0000,0.0000,0.0000,0.0000,0.0000,0.0000,0.0000,19.9500,19.9500,0.0000,0.0000,0.0000,NULL,NULL,NULL,NULL,NULL,19.9500,19.9500,19.9500,19.9500,0.0000,0.0000,NULL,NULL,NULL,NULL,NULL,NULL,NULL,NULL,NULL,NULL,0,NULL,2,NULL,NULL,NULL,NULL,NULL,NULL,NULL,NULL,NULL),(40,20,39,104,1,'2017-04-01 01:36:02','2017-04-01 01:36:02',10,'virtual','a:1:{s:15:\"info_buyRequest\";a:6:{s:4:\"uenc\";s:72:\"aHR0cHM6Ly93d3cua2VyYWdlbi5jb20vaGFpci1idWlsZGluZy1maWJlcnMtMjhnLmh0bWw,\";s:7:\"product\";s:2:\"14\";s:28:\"selected_configurable_option\";s:2:\"10\";s:15:\"related_product\";s:0:\"\";s:15:\"super_attribute\";a:1:{i:93;s:1:\"6\";}s:3:\"qty\";s:1:\"1\";}}',NULL,1,'Hair Building Fibers - 28g-Medium Brown','Hair Building Fibers - 28g-Medium Brown',NULL,NULL,NULL,0,0,NULL,0.0000,0.0000,1.0000,0.0000,0.0000,NULL,0.0000,0.0000,0.0000,NULL,0.0000,0.0000,0.0000,0.0000,0.0000,0.0000,0.0000,0.0000,0.0000,0.0000,0.0000,0.0000,0.0000,0.0000,0.0000,0.0000,0.0000,NULL,NULL,NULL,NULL,NULL,NULL,NULL,NULL,NULL,NULL,NULL,NULL,NULL,NULL,NULL,NULL,NULL,NULL,NULL,NULL,NULL,0,NULL,0,NULL,NULL,NULL,NULL,NULL,NULL,NULL,NULL,NULL),(41,21,NULL,113,1,'2017-04-01 02:11:55','2017-04-01 02:11:55',14,'configurable','a:6:{s:15:\"info_buyRequest\";a:6:{s:4:\"uenc\";s:72:\"aHR0cHM6Ly93d3cua2VyYWdlbi5jb20vaGFpci1idWlsZGluZy1maWJlcnMtMjhnLmh0bWw,\";s:7:\"product\";s:2:\"14\";s:28:\"selected_configurable_option\";s:1:\"9\";s:15:\"related_product\";s:0:\"\";s:15:\"super_attribute\";a:1:{i:93;s:1:\"5\";}s:3:\"qty\";s:1:\"1\";}s:15:\"attributes_info\";a:1:{i:0;a:2:{s:5:\"label\";s:5:\"Color\";s:5:\"value\";s:10:\"Dark Brown\";}}s:11:\"simple_name\";s:37:\"Hair Building Fibers - 28g-Dark Brown\";s:10:\"simple_sku\";s:37:\"Hair Building Fibers - 28g-Dark Brown\";s:20:\"product_calculations\";i:1;s:13:\"shipment_type\";i:0;}',NULL,1,'Hair Building Fibers - 28g-Dark Brown','Hair Building Fibers - 28g',NULL,NULL,NULL,0,0,NULL,0.0000,0.0000,1.0000,0.0000,0.0000,NULL,19.9500,19.9500,19.9500,19.9500,0.0000,0.0000,0.0000,0.0000,0.0000,0.0000,0.0000,0.0000,0.0000,0.0000,0.0000,0.0000,19.9500,19.9500,0.0000,0.0000,0.0000,NULL,NULL,NULL,NULL,NULL,19.9500,19.9500,19.9500,19.9500,0.0000,0.0000,NULL,NULL,NULL,NULL,NULL,NULL,NULL,NULL,NULL,NULL,0,NULL,2,NULL,NULL,NULL,NULL,NULL,NULL,NULL,NULL,NULL),(42,21,41,114,1,'2017-04-01 02:11:55','2017-04-01 02:11:55',9,'virtual','a:1:{s:15:\"info_buyRequest\";a:6:{s:4:\"uenc\";s:72:\"aHR0cHM6Ly93d3cua2VyYWdlbi5jb20vaGFpci1idWlsZGluZy1maWJlcnMtMjhnLmh0bWw,\";s:7:\"product\";s:2:\"14\";s:28:\"selected_configurable_option\";s:1:\"9\";s:15:\"related_product\";s:0:\"\";s:15:\"super_attribute\";a:1:{i:93;s:1:\"5\";}s:3:\"qty\";s:1:\"1\";}}',NULL,1,'Hair Building Fibers - 28g-Dark Brown','Hair Building Fibers - 28g-Dark Brown',NULL,NULL,NULL,0,0,NULL,0.0000,0.0000,1.0000,0.0000,0.0000,NULL,0.0000,0.0000,0.0000,NULL,0.0000,0.0000,0.0000,0.0000,0.0000,0.0000,0.0000,0.0000,0.0000,0.0000,0.0000,0.0000,0.0000,0.0000,0.0000,0.0000,0.0000,NULL,NULL,NULL,NULL,NULL,NULL,NULL,NULL,NULL,NULL,NULL,NULL,NULL,NULL,NULL,NULL,NULL,NULL,NULL,NULL,NULL,0,NULL,0,NULL,NULL,NULL,NULL,NULL,NULL,NULL,NULL,NULL),(43,22,NULL,115,1,'2017-04-01 02:25:09','2017-04-01 02:25:09',44,'simple','a:1:{s:15:\"info_buyRequest\";a:5:{s:4:\"uenc\";s:44:\"aHR0cHM6Ly93d3cua2VyYWdlbi5jb20vY2FydC5odG1s\";s:7:\"product\";s:2:\"44\";s:28:\"selected_configurable_option\";s:0:\"\";s:15:\"related_product\";s:0:\"\";s:3:\"qty\";s:1:\"1\";}}',5.0000,0,'cart','cart',NULL,NULL,NULL,0,0,NULL,0.0000,0.0000,2.0000,0.0000,0.0000,NULL,10.0000,10.0000,10.0000,10.0000,0.0000,0.0000,0.0000,0.0000,0.0000,0.0000,0.0000,0.0000,0.0000,0.0000,0.0000,0.0000,20.0000,20.0000,0.0000,0.0000,10.0000,NULL,NULL,NULL,NULL,NULL,10.0000,10.0000,20.0000,20.0000,0.0000,0.0000,NULL,NULL,NULL,NULL,NULL,NULL,NULL,NULL,NULL,NULL,0,NULL,2,NULL,NULL,NULL,NULL,NULL,NULL,NULL,NULL,NULL),(44,23,NULL,116,1,'2017-04-01 02:26:54','2017-04-01 02:26:54',44,'simple','a:1:{s:15:\"info_buyRequest\";a:5:{s:4:\"uenc\";s:44:\"aHR0cHM6Ly93d3cua2VyYWdlbi5jb20vY2FydC5odG1s\";s:7:\"product\";s:2:\"44\";s:28:\"selected_configurable_option\";s:0:\"\";s:15:\"related_product\";s:0:\"\";s:3:\"qty\";s:1:\"1\";}}',5.0000,0,'cart','cart',NULL,NULL,NULL,0,0,NULL,0.0000,0.0000,1.0000,0.0000,0.0000,NULL,10.0000,10.0000,10.0000,10.0000,0.0000,0.0000,0.0000,0.0000,0.0000,0.0000,0.0000,0.0000,0.0000,0.0000,0.0000,0.0000,10.0000,10.0000,0.0000,0.0000,5.0000,NULL,NULL,NULL,NULL,NULL,10.0000,10.0000,10.0000,10.0000,0.0000,0.0000,NULL,NULL,NULL,NULL,NULL,NULL,NULL,NULL,NULL,NULL,0,NULL,2,NULL,NULL,NULL,NULL,NULL,NULL,NULL,NULL,NULL),(45,24,NULL,120,1,'2017-04-10 04:35:10','2017-04-10 04:35:10',45,'simple','a:1:{s:15:\"info_buyRequest\";a:5:{s:4:\"uenc\";s:76:\"aHR0cHM6Ly93d3cua2VyYWdlbi5jb20vaGFpci1idWlsZGluZy1maWJlcnMtYmxhY2suaHRtbA,,\";s:7:\"product\";s:2:\"45\";s:28:\"selected_configurable_option\";s:0:\"\";s:15:\"related_product\";s:0:\"\";s:3:\"qty\";s:1:\"1\";}}',1.0000,0,'HBF - Black -28g','Hair Building Fibers - Black - 28g',NULL,'1',NULL,0,0,NULL,0.0000,0.0000,1.0000,0.0000,0.0000,NULL,19.9500,19.9500,19.9500,19.9500,0.0000,0.0000,0.0000,0.0000,0.0000,0.0000,19.9000,19.9000,0.0000,0.0000,0.0000,0.0000,19.9500,19.9500,0.0000,0.0000,1.0000,NULL,NULL,NULL,NULL,NULL,19.9500,19.9500,19.9500,19.9500,0.0000,0.0000,NULL,NULL,NULL,NULL,NULL,NULL,NULL,NULL,NULL,NULL,0,NULL,2,NULL,NULL,NULL,NULL,NULL,NULL,NULL,NULL,NULL),(46,25,NULL,125,1,'2017-05-01 20:15:23','2017-05-01 20:15:23',47,'simple','a:1:{s:15:\"info_buyRequest\";a:5:{s:4:\"uenc\";s:84:\"aHR0cHM6Ly93d3cua2VyYWdlbi5jb20vaGFpci1idWlsZGluZy1maWJlcnMtbWVkaXVtLWJyb3duLmh0bWw,\";s:7:\"product\";s:2:\"47\";s:28:\"selected_configurable_option\";s:0:\"\";s:15:\"related_product\";s:0:\"\";s:3:\"qty\";s:1:\"1\";}}',1.0000,0,'HBF - Medium Brown - 28g','Hair Building Fibers - Medium Brown - 28g',NULL,NULL,NULL,0,0,NULL,0.0000,1.0000,1.0000,0.0000,0.0000,NULL,19.9500,19.9500,19.9500,19.9500,0.0000,0.0000,0.0000,0.0000,0.0000,0.0000,0.0000,0.0000,0.0000,0.0000,0.0000,0.0000,19.9500,19.9500,19.9500,19.9500,1.0000,NULL,NULL,NULL,NULL,NULL,19.9500,19.9500,19.9500,19.9500,0.0000,0.0000,0.0000,0.0000,NULL,NULL,NULL,NULL,NULL,NULL,NULL,NULL,0,NULL,2,'[]',NULL,NULL,NULL,NULL,NULL,NULL,NULL,NULL),(47,26,NULL,128,1,'2019-01-15 21:46:11','2019-01-15 21:46:11',50,'simple','a:1:{s:15:\"info_buyRequest\";a:5:{s:4:\"uenc\";s:72:\"aHR0cHM6Ly93d3cua2VyYWdlbi5jb20vaGFpci1idWlsZGluZy1maWJlcnMtZ3JleS5odG1s\";s:7:\"product\";s:2:\"50\";s:28:\"selected_configurable_option\";s:0:\"\";s:15:\"related_product\";s:0:\"\";s:3:\"qty\";s:1:\"1\";}}',1.0000,0,'Hair Building Fibers - Grey - 28g','Hair Building Fibers - Grey - 28g',NULL,NULL,NULL,0,0,NULL,0.0000,1.0000,1.0000,0.0000,0.0000,NULL,19.9500,19.9500,19.9500,19.9500,0.0000,0.0000,0.0000,0.0000,0.0000,0.0000,0.0000,0.0000,0.0000,0.0000,0.0000,0.0000,19.9500,19.9500,19.9500,19.9500,1.0000,NULL,NULL,NULL,NULL,NULL,19.9500,19.9500,19.9500,19.9500,0.0000,0.0000,0.0000,0.0000,NULL,NULL,NULL,NULL,NULL,NULL,NULL,NULL,0,NULL,2,'[]',NULL,NULL,NULL,NULL,NULL,NULL,NULL,NULL),(48,27,NULL,129,1,'2019-01-15 22:03:07','2019-01-15 22:03:07',46,'simple','a:1:{s:15:\"info_buyRequest\";a:5:{s:4:\"uenc\";s:80:\"aHR0cHM6Ly93d3cua2VyYWdlbi5jb20vaGFpci1idWlsZGluZy1maWJlcnMtZGFyay1icm93bi5odG1s\";s:7:\"product\";s:2:\"46\";s:28:\"selected_configurable_option\";s:0:\"\";s:15:\"related_product\";s:0:\"\";s:3:\"qty\";s:1:\"1\";}}',1.0000,0,'HBF - Dark Brown - 28g','Hair Building Fibers - Dark Brown - 28g',NULL,NULL,NULL,0,0,NULL,0.0000,1.0000,1.0000,0.0000,0.0000,NULL,19.9500,19.9500,19.9500,19.9500,0.0000,0.0000,0.0000,0.0000,0.0000,0.0000,0.0000,0.0000,0.0000,0.0000,0.0000,0.0000,19.9500,19.9500,19.9500,19.9500,1.0000,NULL,NULL,NULL,NULL,NULL,19.9500,19.9500,19.9500,19.9500,0.0000,0.0000,0.0000,0.0000,NULL,NULL,NULL,NULL,NULL,NULL,NULL,NULL,0,NULL,2,'[]',NULL,NULL,NULL,NULL,NULL,NULL,NULL,NULL);

--
-- Table structure for table `sales_order_payment`
--

CREATE TABLE `sales_order_payment` (
  `entity_id` int(10) unsigned NOT NULL AUTO_INCREMENT COMMENT 'Entity Id',
  `parent_id` int(10) unsigned NOT NULL COMMENT 'Parent Id',
  `base_shipping_captured` decimal(12,4) DEFAULT NULL COMMENT 'Base Shipping Captured',
  `shipping_captured` decimal(12,4) DEFAULT NULL COMMENT 'Shipping Captured',
  `amount_refunded` decimal(12,4) DEFAULT NULL COMMENT 'Amount Refunded',
  `base_amount_paid` decimal(12,4) DEFAULT NULL COMMENT 'Base Amount Paid',
  `amount_canceled` decimal(12,4) DEFAULT NULL COMMENT 'Amount Canceled',
  `base_amount_authorized` decimal(12,4) DEFAULT NULL COMMENT 'Base Amount Authorized',
  `base_amount_paid_online` decimal(12,4) DEFAULT NULL COMMENT 'Base Amount Paid Online',
  `base_amount_refunded_online` decimal(12,4) DEFAULT NULL COMMENT 'Base Amount Refunded Online',
  `base_shipping_amount` decimal(12,4) DEFAULT NULL COMMENT 'Base Shipping Amount',
  `shipping_amount` decimal(12,4) DEFAULT NULL COMMENT 'Shipping Amount',
  `amount_paid` decimal(12,4) DEFAULT NULL COMMENT 'Amount Paid',
  `amount_authorized` decimal(12,4) DEFAULT NULL COMMENT 'Amount Authorized',
  `base_amount_ordered` decimal(12,4) DEFAULT NULL COMMENT 'Base Amount Ordered',
  `base_shipping_refunded` decimal(12,4) DEFAULT NULL COMMENT 'Base Shipping Refunded',
  `shipping_refunded` decimal(12,4) DEFAULT NULL COMMENT 'Shipping Refunded',
  `base_amount_refunded` decimal(12,4) DEFAULT NULL COMMENT 'Base Amount Refunded',
  `amount_ordered` decimal(12,4) DEFAULT NULL COMMENT 'Amount Ordered',
  `base_amount_canceled` decimal(12,4) DEFAULT NULL COMMENT 'Base Amount Canceled',
  `quote_payment_id` int(11) DEFAULT NULL COMMENT 'Quote Payment Id',
  `additional_data` text COMMENT 'Additional Data',
  `cc_exp_month` varchar(12) DEFAULT NULL COMMENT 'Cc Exp Month',
  `cc_ss_start_year` varchar(12) DEFAULT NULL COMMENT 'Cc Ss Start Year',
  `echeck_bank_name` varchar(128) DEFAULT NULL COMMENT 'Echeck Bank Name',
  `method` varchar(128) DEFAULT NULL COMMENT 'Method',
  `cc_debug_request_body` varchar(32) DEFAULT NULL COMMENT 'Cc Debug Request Body',
  `cc_secure_verify` varchar(32) DEFAULT NULL COMMENT 'Cc Secure Verify',
  `protection_eligibility` varchar(32) DEFAULT NULL COMMENT 'Protection Eligibility',
  `cc_approval` varchar(32) DEFAULT NULL COMMENT 'Cc Approval',
  `cc_last_4` varchar(100) DEFAULT NULL COMMENT 'Cc Last 4',
  `cc_status_description` varchar(32) DEFAULT NULL COMMENT 'Cc Status Description',
  `echeck_type` varchar(32) DEFAULT NULL COMMENT 'Echeck Type',
  `cc_debug_response_serialized` varchar(32) DEFAULT NULL COMMENT 'Cc Debug Response Serialized',
  `cc_ss_start_month` varchar(128) DEFAULT NULL COMMENT 'Cc Ss Start Month',
  `echeck_account_type` varchar(255) DEFAULT NULL COMMENT 'Echeck Account Type',
  `last_trans_id` varchar(32) DEFAULT NULL COMMENT 'Last Trans Id',
  `cc_cid_status` varchar(32) DEFAULT NULL COMMENT 'Cc Cid Status',
  `cc_owner` varchar(128) DEFAULT NULL COMMENT 'Cc Owner',
  `cc_type` varchar(32) DEFAULT NULL COMMENT 'Cc Type',
  `po_number` varchar(32) DEFAULT NULL COMMENT 'Po Number',
  `cc_exp_year` varchar(4) DEFAULT NULL COMMENT 'Cc Exp Year',
  `cc_status` varchar(4) DEFAULT NULL COMMENT 'Cc Status',
  `echeck_routing_number` varchar(32) DEFAULT NULL COMMENT 'Echeck Routing Number',
  `account_status` varchar(32) DEFAULT NULL COMMENT 'Account Status',
  `anet_trans_method` varchar(32) DEFAULT NULL COMMENT 'Anet Trans Method',
  `cc_debug_response_body` varchar(32) DEFAULT NULL COMMENT 'Cc Debug Response Body',
  `cc_ss_issue` varchar(32) DEFAULT NULL COMMENT 'Cc Ss Issue',
  `echeck_account_name` varchar(32) DEFAULT NULL COMMENT 'Echeck Account Name',
  `cc_avs_status` varchar(32) DEFAULT NULL COMMENT 'Cc Avs Status',
  `cc_number_enc` varchar(32) DEFAULT NULL COMMENT 'Cc Number Enc',
  `cc_trans_id` varchar(32) DEFAULT NULL COMMENT 'Cc Trans Id',
  `address_status` varchar(32) DEFAULT NULL COMMENT 'Address Status',
  `additional_information` text COMMENT 'Additional Information',
  PRIMARY KEY (`entity_id`),
  KEY `SALES_ORDER_PAYMENT_PARENT_ID` (`parent_id`),
  CONSTRAINT `SALES_ORDER_PAYMENT_PARENT_ID_SALES_ORDER_ENTITY_ID` FOREIGN KEY (`parent_id`) REFERENCES `sales_order` (`entity_id`) ON DELETE CASCADE
) ENGINE=InnoDB AUTO_INCREMENT=28 DEFAULT CHARSET=utf8 COMMENT='Sales Flat Order Payment';

--
-- Dumping data for table `sales_order_payment`
--

INSERT INTO `sales_order_payment` VALUES (1,1,5.0000,5.0000,NULL,5.0000,NULL,NULL,NULL,NULL,5.0000,5.0000,5.0000,NULL,5.0000,NULL,NULL,NULL,5.0000,NULL,NULL,NULL,NULL,NULL,NULL,'checkmo',NULL,NULL,NULL,NULL,NULL,NULL,NULL,NULL,NULL,NULL,NULL,NULL,NULL,NULL,NULL,NULL,NULL,NULL,NULL,NULL,NULL,NULL,NULL,NULL,NULL,NULL,NULL,'a:3:{s:12:\"method_title\";s:19:\"Check / Money order\";s:10:\"payable_to\";N;s:15:\"mailing_address\";N;}'),(2,2,5.0000,5.0000,NULL,5.0000,NULL,5.0000,5.0000,NULL,5.0000,5.0000,5.0000,5.0000,5.0000,NULL,NULL,NULL,5.0000,NULL,NULL,NULL,'01',NULL,NULL,'braintree',NULL,NULL,NULL,NULL,'1111',NULL,NULL,NULL,NULL,NULL,'5acnc3yj',NULL,NULL,'VI',NULL,'2020',NULL,NULL,NULL,NULL,NULL,NULL,NULL,NULL,NULL,'5acnc3yj',NULL,'a:9:{s:12:\"method_title\";s:11:\"Credit Card\";s:25:\"avsPostalCodeResponseCode\";s:1:\"M\";s:28:\"avsStreetAddressResponseCode\";s:1:\"M\";s:15:\"cvvResponseCode\";s:1:\"M\";s:26:\"processorAuthorizationCode\";s:6:\"YDZ3P9\";s:21:\"processorResponseCode\";s:4:\"1000\";s:21:\"processorResponseText\";s:8:\"Approved\";s:9:\"cc_number\";s:9:\"xxxx-1111\";s:7:\"cc_type\";s:4:\"Visa\";}'),(3,3,5.0000,5.0000,NULL,5.0000,NULL,5.0000,5.0000,NULL,5.0000,5.0000,5.0000,5.0000,5.0000,NULL,NULL,NULL,5.0000,NULL,NULL,NULL,'01',NULL,NULL,'braintree',NULL,NULL,NULL,NULL,'1111',NULL,NULL,NULL,NULL,NULL,'nhhxg3qg',NULL,NULL,'VI',NULL,'2020',NULL,NULL,NULL,NULL,NULL,NULL,NULL,NULL,NULL,'nhhxg3qg',NULL,'a:9:{s:12:\"method_title\";s:11:\"Credit Card\";s:25:\"avsPostalCodeResponseCode\";s:1:\"M\";s:28:\"avsStreetAddressResponseCode\";s:1:\"M\";s:15:\"cvvResponseCode\";s:1:\"M\";s:26:\"processorAuthorizationCode\";s:6:\"296HWL\";s:21:\"processorResponseCode\";s:4:\"1000\";s:21:\"processorResponseText\";s:8:\"Approved\";s:9:\"cc_number\";s:9:\"xxxx-1111\";s:7:\"cc_type\";s:4:\"Visa\";}'),(4,4,NULL,NULL,NULL,NULL,NULL,39.9500,NULL,NULL,5.0000,5.0000,NULL,39.9500,39.9500,NULL,NULL,NULL,39.9500,NULL,NULL,NULL,'11',NULL,NULL,'braintree',NULL,NULL,NULL,NULL,'1111',NULL,NULL,NULL,NULL,NULL,'qhe11pmd',NULL,NULL,'VI',NULL,'2020',NULL,NULL,NULL,NULL,NULL,NULL,NULL,NULL,NULL,'qhe11pmd',NULL,'a:9:{s:12:\"method_title\";s:11:\"Credit Card\";s:25:\"avsPostalCodeResponseCode\";s:1:\"M\";s:28:\"avsStreetAddressResponseCode\";s:1:\"M\";s:15:\"cvvResponseCode\";s:1:\"M\";s:26:\"processorAuthorizationCode\";s:6:\"SHD750\";s:21:\"processorResponseCode\";s:4:\"1000\";s:21:\"processorResponseText\";s:8:\"Approved\";s:9:\"cc_number\";s:9:\"xxxx-1111\";s:7:\"cc_type\";s:4:\"Visa\";}'),(5,5,NULL,NULL,NULL,NULL,NULL,19.9500,NULL,NULL,0.0000,0.0000,NULL,19.9500,19.9500,NULL,NULL,NULL,19.9500,NULL,NULL,NULL,NULL,NULL,NULL,'braintree_paypal',NULL,NULL,NULL,NULL,NULL,NULL,NULL,NULL,NULL,NULL,'j8xe06hk',NULL,NULL,NULL,NULL,NULL,NULL,NULL,NULL,NULL,NULL,NULL,NULL,NULL,NULL,'j8xe06hk',NULL,'a:10:{s:11:\"device_data\";s:53:\"{\"correlation_id\":\"f558765249fd4f7cb860798ea12c894d\"}\";s:12:\"method_title\";s:18:\"PayPal (Braintree)\";s:25:\"avsPostalCodeResponseCode\";s:1:\"I\";s:28:\"avsStreetAddressResponseCode\";s:1:\"I\";s:15:\"cvvResponseCode\";s:1:\"I\";s:26:\"processorAuthorizationCode\";N;s:21:\"processorResponseCode\";s:4:\"1000\";s:21:\"processorResponseText\";s:8:\"Approved\";s:9:\"paymentId\";s:28:\"PAY-0118254a62a25e869343265c\";s:10:\"payerEmail\";s:17:\"payer@example.com\";}'),(6,6,0.0000,0.0000,NULL,19.9500,NULL,19.9500,19.9500,NULL,0.0000,0.0000,19.9500,19.9500,19.9500,NULL,NULL,NULL,19.9500,NULL,NULL,NULL,NULL,'0',NULL,'braintree_paypal',NULL,NULL,NULL,NULL,NULL,NULL,NULL,NULL,'0',NULL,'3zvkxwv9',NULL,NULL,NULL,NULL,'0',NULL,NULL,NULL,NULL,NULL,NULL,NULL,NULL,NULL,'3zvkxwv9',NULL,'a:9:{s:12:\"method_title\";s:18:\"PayPal (Braintree)\";s:25:\"avsPostalCodeResponseCode\";s:1:\"I\";s:28:\"avsStreetAddressResponseCode\";s:1:\"I\";s:15:\"cvvResponseCode\";s:1:\"I\";s:26:\"processorAuthorizationCode\";N;s:21:\"processorResponseCode\";s:4:\"1000\";s:21:\"processorResponseText\";s:8:\"Approved\";s:9:\"paymentId\";s:28:\"PAY-124c91054b370c4e0eb10be6\";s:10:\"payerEmail\";s:17:\"payer@example.com\";}'),(7,7,0.0000,0.0000,NULL,19.9500,NULL,19.9500,19.9500,NULL,0.0000,0.0000,19.9500,19.9500,19.9500,NULL,NULL,NULL,19.9500,NULL,NULL,NULL,NULL,'0',NULL,'braintree_paypal',NULL,NULL,NULL,NULL,NULL,NULL,NULL,NULL,'0',NULL,'jqxqx5ns',NULL,NULL,NULL,NULL,'0',NULL,NULL,NULL,NULL,NULL,NULL,NULL,NULL,NULL,'jqxqx5ns',NULL,'a:10:{s:11:\"device_data\";s:53:\"{\"correlation_id\":\"0993ba930aa0eba5fcbdf12b5f902dd0\"}\";s:12:\"method_title\";s:18:\"PayPal (Braintree)\";s:25:\"avsPostalCodeResponseCode\";s:1:\"I\";s:28:\"avsStreetAddressResponseCode\";s:1:\"I\";s:15:\"cvvResponseCode\";s:1:\"I\";s:26:\"processorAuthorizationCode\";N;s:21:\"processorResponseCode\";s:4:\"1000\";s:21:\"processorResponseText\";s:8:\"Approved\";s:9:\"paymentId\";s:28:\"PAY-ed39a993629cca5127d74fba\";s:10:\"payerEmail\";s:17:\"payer@example.com\";}'),(8,8,0.0000,0.0000,NULL,19.9500,NULL,NULL,NULL,NULL,0.0000,0.0000,19.9500,NULL,19.9500,NULL,NULL,NULL,19.9500,NULL,NULL,NULL,NULL,NULL,NULL,'checkmo',NULL,NULL,NULL,NULL,NULL,NULL,NULL,NULL,NULL,NULL,NULL,NULL,NULL,NULL,NULL,NULL,NULL,NULL,NULL,NULL,NULL,NULL,NULL,NULL,NULL,NULL,NULL,'a:3:{s:12:\"method_title\";s:19:\"Check / Money order\";s:10:\"payable_to\";N;s:15:\"mailing_address\";N;}'),(9,9,NULL,NULL,NULL,NULL,NULL,NULL,NULL,NULL,5.0000,5.0000,NULL,NULL,34.9500,NULL,NULL,NULL,34.9500,NULL,NULL,NULL,NULL,NULL,NULL,'checkmo',NULL,NULL,NULL,NULL,NULL,NULL,NULL,NULL,NULL,NULL,NULL,NULL,NULL,NULL,NULL,NULL,NULL,NULL,NULL,NULL,NULL,NULL,NULL,NULL,NULL,NULL,NULL,'a:3:{s:12:\"method_title\";s:19:\"Check / Money order\";s:10:\"payable_to\";N;s:15:\"mailing_address\";N;}'),(10,10,NULL,NULL,NULL,NULL,NULL,NULL,NULL,NULL,5.0000,5.0000,NULL,NULL,49.9500,NULL,NULL,NULL,49.9500,NULL,NULL,NULL,NULL,NULL,NULL,'checkmo',NULL,NULL,NULL,NULL,NULL,NULL,NULL,NULL,NULL,NULL,NULL,NULL,NULL,NULL,NULL,NULL,NULL,NULL,NULL,NULL,NULL,NULL,NULL,NULL,NULL,NULL,NULL,'a:3:{s:12:\"method_title\";s:19:\"Check / Money order\";s:10:\"payable_to\";N;s:15:\"mailing_address\";N;}'),(11,11,NULL,NULL,NULL,NULL,NULL,NULL,NULL,NULL,5.0000,5.0000,NULL,NULL,49.9500,NULL,NULL,NULL,49.9500,NULL,NULL,NULL,NULL,NULL,NULL,'checkmo',NULL,NULL,NULL,NULL,NULL,NULL,NULL,NULL,NULL,NULL,NULL,NULL,NULL,NULL,NULL,NULL,NULL,NULL,NULL,NULL,NULL,NULL,NULL,NULL,NULL,NULL,NULL,'a:3:{s:12:\"method_title\";s:19:\"Check / Money order\";s:10:\"payable_to\";N;s:15:\"mailing_address\";N;}'),(12,12,NULL,NULL,NULL,NULL,NULL,NULL,NULL,NULL,5.0000,5.0000,NULL,NULL,49.9500,NULL,NULL,NULL,49.9500,NULL,NULL,NULL,NULL,NULL,NULL,'checkmo',NULL,NULL,NULL,NULL,NULL,NULL,NULL,NULL,NULL,NULL,NULL,NULL,NULL,NULL,NULL,NULL,NULL,NULL,NULL,NULL,NULL,NULL,NULL,NULL,NULL,NULL,NULL,'a:3:{s:12:\"method_title\";s:19:\"Check / Money order\";s:10:\"payable_to\";N;s:15:\"mailing_address\";N;}'),(13,13,NULL,NULL,NULL,NULL,NULL,NULL,NULL,NULL,5.0000,5.0000,NULL,NULL,39.9500,NULL,NULL,NULL,39.9500,NULL,NULL,NULL,NULL,NULL,NULL,'checkmo',NULL,NULL,NULL,NULL,NULL,NULL,NULL,NULL,NULL,NULL,NULL,NULL,NULL,NULL,NULL,NULL,NULL,NULL,NULL,NULL,NULL,NULL,NULL,NULL,NULL,NULL,NULL,'a:3:{s:12:\"method_title\";s:19:\"Check / Money order\";s:10:\"payable_to\";N;s:15:\"mailing_address\";N;}'),(14,14,NULL,NULL,NULL,NULL,NULL,NULL,NULL,NULL,5.0000,5.0000,NULL,NULL,49.9500,NULL,NULL,NULL,49.9500,NULL,NULL,NULL,NULL,NULL,NULL,'checkmo',NULL,NULL,NULL,NULL,NULL,NULL,NULL,NULL,NULL,NULL,NULL,NULL,NULL,NULL,NULL,NULL,NULL,NULL,NULL,NULL,NULL,NULL,NULL,NULL,NULL,NULL,NULL,'a:3:{s:12:\"method_title\";s:19:\"Check / Money order\";s:10:\"payable_to\";N;s:15:\"mailing_address\";N;}'),(15,15,NULL,NULL,NULL,NULL,NULL,NULL,NULL,NULL,5.0000,5.0000,NULL,NULL,49.9500,NULL,NULL,NULL,49.9500,NULL,NULL,NULL,NULL,NULL,NULL,'checkmo',NULL,NULL,NULL,NULL,NULL,NULL,NULL,NULL,NULL,NULL,NULL,NULL,NULL,NULL,NULL,NULL,NULL,NULL,NULL,NULL,NULL,NULL,NULL,NULL,NULL,NULL,NULL,'a:3:{s:12:\"method_title\";s:19:\"Check / Money order\";s:10:\"payable_to\";N;s:15:\"mailing_address\";N;}'),(16,16,NULL,NULL,NULL,NULL,NULL,NULL,NULL,NULL,5.0000,5.0000,NULL,NULL,49.9500,NULL,NULL,NULL,49.9500,NULL,NULL,NULL,NULL,NULL,NULL,'checkmo',NULL,NULL,NULL,NULL,NULL,NULL,NULL,NULL,NULL,NULL,NULL,NULL,NULL,NULL,NULL,NULL,NULL,NULL,NULL,NULL,NULL,NULL,NULL,NULL,NULL,NULL,NULL,'a:3:{s:12:\"method_title\";s:19:\"Check / Money order\";s:10:\"payable_to\";N;s:15:\"mailing_address\";N;}'),(17,17,5.0000,5.0000,NULL,39.9500,NULL,39.9500,39.9500,NULL,5.0000,5.0000,39.9500,39.9500,39.9500,NULL,NULL,NULL,39.9500,NULL,NULL,NULL,'01',NULL,NULL,'braintree',NULL,NULL,NULL,NULL,'1111',NULL,NULL,NULL,NULL,NULL,'az6cvmat',NULL,NULL,'VI',NULL,'2020',NULL,NULL,NULL,NULL,NULL,NULL,NULL,NULL,NULL,'az6cvmat',NULL,'a:9:{s:12:\"method_title\";s:11:\"Credit Card\";s:25:\"avsPostalCodeResponseCode\";s:1:\"M\";s:28:\"avsStreetAddressResponseCode\";s:1:\"M\";s:15:\"cvvResponseCode\";s:1:\"M\";s:26:\"processorAuthorizationCode\";s:6:\"4GSH7K\";s:21:\"processorResponseCode\";s:4:\"1000\";s:21:\"processorResponseText\";s:8:\"Approved\";s:9:\"cc_number\";s:9:\"xxxx-1111\";s:7:\"cc_type\";s:4:\"Visa\";}'),(18,18,NULL,NULL,NULL,NULL,NULL,19.9500,NULL,NULL,0.0000,0.0000,NULL,19.9500,19.9500,NULL,NULL,NULL,19.9500,NULL,NULL,NULL,NULL,'0',NULL,'braintree_paypal',NULL,NULL,NULL,NULL,NULL,NULL,NULL,NULL,'0',NULL,'1v8dbrj9',NULL,NULL,NULL,NULL,'0',NULL,NULL,NULL,NULL,NULL,NULL,NULL,NULL,NULL,'1v8dbrj9',NULL,'a:10:{s:11:\"device_data\";s:53:\"{\"correlation_id\":\"64d0fed0445de04f7269efd1968ffea6\"}\";s:12:\"method_title\";s:18:\"PayPal (Braintree)\";s:25:\"avsPostalCodeResponseCode\";s:1:\"I\";s:28:\"avsStreetAddressResponseCode\";s:1:\"I\";s:15:\"cvvResponseCode\";s:1:\"I\";s:26:\"processorAuthorizationCode\";N;s:21:\"processorResponseCode\";s:4:\"1000\";s:21:\"processorResponseText\";s:8:\"Approved\";s:9:\"paymentId\";s:28:\"PAY-9ce67c38bd4354b4f7c8c994\";s:10:\"payerEmail\";s:17:\"payer@example.com\";}'),(19,19,0.0000,0.0000,NULL,19.9500,NULL,19.9500,19.9500,NULL,0.0000,0.0000,19.9500,19.9500,19.9500,NULL,NULL,NULL,19.9500,NULL,NULL,NULL,NULL,NULL,NULL,'braintree_paypal',NULL,NULL,NULL,NULL,NULL,NULL,NULL,NULL,NULL,NULL,'c35k77xx',NULL,NULL,NULL,NULL,NULL,NULL,NULL,NULL,NULL,NULL,NULL,NULL,NULL,NULL,'c35k77xx',NULL,'a:10:{s:11:\"device_data\";s:53:\"{\"correlation_id\":\"d868ef2f6fbf6a1c479116b201e1dadd\"}\";s:12:\"method_title\";s:6:\"PayPal\";s:25:\"avsPostalCodeResponseCode\";s:1:\"I\";s:28:\"avsStreetAddressResponseCode\";s:1:\"I\";s:15:\"cvvResponseCode\";s:1:\"I\";s:26:\"processorAuthorizationCode\";N;s:21:\"processorResponseCode\";s:4:\"1000\";s:21:\"processorResponseText\";s:8:\"Approved\";s:9:\"paymentId\";s:28:\"PAY-e0dfbc8da9854fc2ca49df49\";s:10:\"payerEmail\";s:17:\"payer@example.com\";}'),(20,20,NULL,NULL,NULL,NULL,NULL,NULL,NULL,NULL,0.0000,0.0000,NULL,NULL,19.9500,NULL,NULL,NULL,19.9500,NULL,NULL,NULL,NULL,NULL,NULL,'checkmo',NULL,NULL,NULL,NULL,NULL,NULL,NULL,NULL,NULL,NULL,NULL,NULL,NULL,NULL,NULL,NULL,NULL,NULL,NULL,NULL,NULL,NULL,NULL,NULL,NULL,NULL,NULL,'a:3:{s:12:\"method_title\";s:19:\"Check / Money order\";s:10:\"payable_to\";N;s:15:\"mailing_address\";N;}'),(21,21,NULL,NULL,NULL,NULL,NULL,19.9500,NULL,NULL,0.0000,0.0000,NULL,19.9500,19.9500,NULL,NULL,NULL,19.9500,NULL,NULL,NULL,NULL,'0',NULL,'braintree_paypal',NULL,NULL,NULL,NULL,NULL,NULL,NULL,NULL,'0',NULL,'my4sen3s',NULL,NULL,NULL,NULL,'0',NULL,NULL,NULL,NULL,NULL,NULL,NULL,NULL,NULL,'my4sen3s',NULL,'a:10:{s:11:\"device_data\";s:53:\"{\"correlation_id\":\"3614cfbd14276a9d8071e19f34d77909\"}\";s:12:\"method_title\";s:18:\"PayPal (Braintree)\";s:25:\"avsPostalCodeResponseCode\";s:1:\"I\";s:28:\"avsStreetAddressResponseCode\";s:1:\"I\";s:15:\"cvvResponseCode\";s:1:\"I\";s:26:\"processorAuthorizationCode\";N;s:21:\"processorResponseCode\";s:4:\"1000\";s:21:\"processorResponseText\";s:8:\"Approved\";s:9:\"paymentId\";s:28:\"PAY-19cc70996ce7c7d0beba5c6b\";s:10:\"payerEmail\";s:17:\"payer@example.com\";}'),(22,22,NULL,NULL,NULL,NULL,NULL,30.0000,NULL,NULL,10.0000,10.0000,NULL,30.0000,30.0000,NULL,NULL,NULL,30.0000,NULL,NULL,NULL,'01',NULL,NULL,'braintree',NULL,NULL,NULL,NULL,'1111',NULL,NULL,NULL,NULL,NULL,'c5q4jerb',NULL,NULL,'VI',NULL,'2020',NULL,NULL,NULL,NULL,NULL,NULL,NULL,NULL,NULL,'c5q4jerb',NULL,'a:9:{s:12:\"method_title\";s:11:\"Credit Card\";s:25:\"avsPostalCodeResponseCode\";s:1:\"M\";s:28:\"avsStreetAddressResponseCode\";s:1:\"M\";s:15:\"cvvResponseCode\";s:1:\"M\";s:26:\"processorAuthorizationCode\";s:6:\"HZXKJ5\";s:21:\"processorResponseCode\";s:4:\"1000\";s:21:\"processorResponseText\";s:8:\"Approved\";s:9:\"cc_number\";s:9:\"xxxx-1111\";s:7:\"cc_type\";s:4:\"Visa\";}'),(23,23,NULL,NULL,NULL,NULL,NULL,15.0000,NULL,NULL,5.0000,5.0000,NULL,15.0000,15.0000,NULL,NULL,NULL,15.0000,NULL,NULL,NULL,'01',NULL,NULL,'braintree',NULL,NULL,NULL,NULL,'1111',NULL,NULL,NULL,NULL,NULL,'ajf8drad',NULL,NULL,'VI',NULL,'2020',NULL,NULL,NULL,NULL,NULL,NULL,NULL,NULL,NULL,'ajf8drad',NULL,'a:9:{s:12:\"method_title\";s:11:\"Credit Card\";s:25:\"avsPostalCodeResponseCode\";s:1:\"M\";s:28:\"avsStreetAddressResponseCode\";s:1:\"M\";s:15:\"cvvResponseCode\";s:1:\"M\";s:26:\"processorAuthorizationCode\";s:6:\"BYDCW4\";s:21:\"processorResponseCode\";s:4:\"1000\";s:21:\"processorResponseText\";s:8:\"Approved\";s:9:\"cc_number\";s:9:\"xxxx-1111\";s:7:\"cc_type\";s:4:\"Visa\";}'),(24,24,NULL,NULL,NULL,NULL,NULL,5.0500,NULL,NULL,5.0000,5.0000,NULL,5.0500,5.0500,NULL,NULL,NULL,5.0500,NULL,NULL,NULL,'08',NULL,NULL,'braintree',NULL,NULL,NULL,NULL,'8617',NULL,NULL,NULL,NULL,NULL,'4s7wnkre',NULL,NULL,'VI',NULL,'2019',NULL,NULL,NULL,NULL,NULL,NULL,NULL,NULL,NULL,'4s7wnkre',NULL,'a:9:{s:12:\"method_title\";s:11:\"Credit Card\";s:25:\"avsPostalCodeResponseCode\";s:1:\"M\";s:28:\"avsStreetAddressResponseCode\";s:1:\"M\";s:15:\"cvvResponseCode\";s:1:\"M\";s:26:\"processorAuthorizationCode\";s:6:\"003500\";s:21:\"processorResponseCode\";s:4:\"1000\";s:21:\"processorResponseText\";s:8:\"Approved\";s:9:\"cc_number\";s:9:\"xxxx-8617\";s:7:\"cc_type\";s:4:\"Visa\";}'),(25,25,5.0000,5.0000,NULL,24.9500,NULL,24.9500,24.9500,NULL,5.0000,5.0000,24.9500,24.9500,24.9500,NULL,NULL,NULL,24.9500,NULL,NULL,NULL,'07',NULL,NULL,'braintree',NULL,NULL,NULL,NULL,'8440',NULL,NULL,NULL,NULL,NULL,'kkvypnsa',NULL,NULL,'VI',NULL,'2018',NULL,NULL,NULL,NULL,NULL,NULL,NULL,NULL,NULL,'kkvypnsa',NULL,'a:9:{s:12:\"method_title\";s:11:\"Credit Card\";s:25:\"avsPostalCodeResponseCode\";s:1:\"M\";s:28:\"avsStreetAddressResponseCode\";s:1:\"M\";s:15:\"cvvResponseCode\";s:1:\"M\";s:26:\"processorAuthorizationCode\";s:6:\"031516\";s:21:\"processorResponseCode\";s:4:\"1000\";s:21:\"processorResponseText\";s:8:\"Approved\";s:9:\"cc_number\";s:9:\"xxxx-8440\";s:7:\"cc_type\";s:4:\"Visa\";}'),(26,26,5.0000,5.0000,NULL,24.9500,NULL,24.9500,24.9500,NULL,5.0000,5.0000,24.9500,24.9500,24.9500,NULL,NULL,NULL,24.9500,NULL,NULL,NULL,'10',NULL,NULL,'braintree',NULL,NULL,NULL,NULL,'5290',NULL,NULL,NULL,NULL,NULL,'5t5qadc0',NULL,NULL,'VI',NULL,'2021',NULL,NULL,NULL,NULL,NULL,NULL,NULL,NULL,NULL,'5t5qadc0',NULL,'a:9:{s:12:\"method_title\";s:11:\"Credit Card\";s:25:\"avsPostalCodeResponseCode\";s:1:\"M\";s:28:\"avsStreetAddressResponseCode\";s:1:\"M\";s:15:\"cvvResponseCode\";s:1:\"M\";s:26:\"processorAuthorizationCode\";s:6:\"004616\";s:21:\"processorResponseCode\";s:4:\"1000\";s:21:\"processorResponseText\";s:8:\"Approved\";s:9:\"cc_number\";s:9:\"xxxx-5290\";s:7:\"cc_type\";s:4:\"Visa\";}'),(27,27,5.0000,5.0000,NULL,24.9500,NULL,24.9500,24.9500,NULL,5.0000,5.0000,24.9500,24.9500,24.9500,NULL,NULL,NULL,24.9500,NULL,NULL,NULL,'06',NULL,NULL,'braintree',NULL,NULL,NULL,NULL,'1007',NULL,NULL,NULL,NULL,NULL,'kxm7cd2q',NULL,NULL,'AE',NULL,'2023',NULL,NULL,NULL,NULL,NULL,NULL,NULL,NULL,NULL,'kxm7cd2q',NULL,'a:9:{s:12:\"method_title\";s:11:\"Credit Card\";s:25:\"avsPostalCodeResponseCode\";s:1:\"N\";s:28:\"avsStreetAddressResponseCode\";s:1:\"N\";s:15:\"cvvResponseCode\";s:1:\"M\";s:26:\"processorAuthorizationCode\";s:6:\"279458\";s:21:\"processorResponseCode\";s:4:\"1000\";s:21:\"processorResponseText\";s:8:\"Approved\";s:9:\"cc_number\";s:9:\"xxxx-1007\";s:7:\"cc_type\";s:16:\"American Express\";}');

--
-- Table structure for table `sales_order_status`
--

CREATE TABLE `sales_order_status` (
  `status` varchar(32) NOT NULL COMMENT 'Status',
  `label` varchar(128) NOT NULL COMMENT 'Label',
  PRIMARY KEY (`status`)
) ENGINE=InnoDB DEFAULT CHARSET=utf8 COMMENT='Sales Order Status Table';

--
-- Dumping data for table `sales_order_status`
--

INSERT INTO `sales_order_status` VALUES ('canceled','Canceled'),('closed','Closed'),('complete','Complete'),('fraud','Suspected Fraud'),('holded','On Hold'),('payment_review','Payment Review'),('paypal_canceled_reversal','PayPal Canceled Reversal'),('paypal_reversed','PayPal Reversed'),('pending','Pending'),('pending_payment','Pending Payment'),('pending_paypal','Pending PayPal'),('processing','Processing');

--
-- Table structure for table `sales_order_status_history`
--

CREATE TABLE `sales_order_status_history` (
  `entity_id` int(10) unsigned NOT NULL AUTO_INCREMENT COMMENT 'Entity Id',
  `parent_id` int(10) unsigned NOT NULL COMMENT 'Parent Id',
  `is_customer_notified` int(11) DEFAULT NULL COMMENT 'Is Customer Notified',
  `is_visible_on_front` smallint(5) unsigned NOT NULL DEFAULT '0' COMMENT 'Is Visible On Front',
  `comment` text COMMENT 'Comment',
  `status` varchar(32) DEFAULT NULL COMMENT 'Status',
  `created_at` timestamp NOT NULL DEFAULT CURRENT_TIMESTAMP COMMENT 'Created At',
  `entity_name` varchar(32) DEFAULT NULL COMMENT 'Shows what entity history is bind to.',
  PRIMARY KEY (`entity_id`),
  KEY `SALES_ORDER_STATUS_HISTORY_PARENT_ID` (`parent_id`),
  KEY `SALES_ORDER_STATUS_HISTORY_CREATED_AT` (`created_at`),
  CONSTRAINT `SALES_ORDER_STATUS_HISTORY_PARENT_ID_SALES_ORDER_ENTITY_ID` FOREIGN KEY (`parent_id`) REFERENCES `sales_order` (`entity_id`) ON DELETE CASCADE
) ENGINE=InnoDB AUTO_INCREMENT=23 DEFAULT CHARSET=utf8 COMMENT='Sales Flat Order Status History';

--
-- Dumping data for table `sales_order_status_history`
--

INSERT INTO `sales_order_status_history` VALUES (1,2,NULL,0,'Authorized amount of $5.00. Transaction ID: \"5acnc3yj\"','processing','2017-01-09 16:39:38','order'),(2,2,NULL,0,'Captured amount of $5.00 online. Transaction ID: \"5acnc3yj\"','processing','2017-01-09 16:40:07','invoice'),(3,3,NULL,0,'Authorized amount of $5.00. Transaction ID: \"nhhxg3qg\"','processing','2017-01-10 07:54:09','order'),(4,3,NULL,0,'Captured amount of $5.00 online. Transaction ID: \"nhhxg3qg\"','processing','2017-01-10 07:55:06','invoice'),(5,4,NULL,0,'Authorized amount of $39.95. Transaction ID: \"qhe11pmd\"','processing','2017-01-10 10:32:20','order'),(6,5,NULL,0,'Authorized amount of $19.95. Transaction ID: \"j8xe06hk\"','processing','2017-01-10 21:01:33','order'),(7,6,NULL,0,'Authorized amount of $19.95. Transaction ID: \"3zvkxwv9\"','processing','2017-01-10 21:05:04','order'),(8,6,NULL,0,'Captured amount of $19.95 online. Transaction ID: \"3zvkxwv9\"','processing','2017-01-10 21:32:33','invoice'),(9,7,NULL,0,'Authorized amount of $19.95. Transaction ID: \"jqxqx5ns\"','processing','2017-02-02 13:04:31','order'),(10,7,NULL,0,'Captured amount of $19.95 online. Transaction ID: \"jqxqx5ns\"','processing','2017-02-02 13:16:46','invoice'),(11,17,NULL,0,'Authorized amount of $39.95. Transaction ID: \"az6cvmat\"','processing','2017-02-20 11:44:21','order'),(12,17,NULL,0,'Captured amount of $39.95 online. Transaction ID: \"az6cvmat\"','processing','2017-02-20 11:46:32','invoice'),(13,18,NULL,0,'Authorized amount of $19.95. Transaction ID: \"1v8dbrj9\"','processing','2017-03-04 15:15:21','order'),(14,19,NULL,0,'Authorized amount of $19.95. Transaction ID: \"c35k77xx\"','processing','2017-04-01 01:25:07','order'),(15,19,NULL,0,'Captured amount of $19.95 online. Transaction ID: \"c35k77xx\"','processing','2017-04-01 01:25:54','invoice'),(16,21,NULL,0,'Authorized amount of $19.95. Transaction ID: \"my4sen3s\"','processing','2017-04-01 02:11:55','order'),(17,22,NULL,0,'Authorized amount of $30.00. Transaction ID: \"c5q4jerb\"','processing','2017-04-01 02:25:09','order'),(18,23,NULL,0,'Authorized amount of $15.00. Transaction ID: \"ajf8drad\"','processing','2017-04-01 02:26:54','order'),(19,24,NULL,0,'Authorized amount of $5.05. Transaction ID: \"4s7wnkre\"','processing','2017-04-10 04:35:10','order'),(20,25,NULL,0,'Captured amount of $24.95 online. Transaction ID: \"kkvypnsa\"','processing','2017-05-01 20:15:24','invoice'),(21,26,NULL,0,'Captured amount of $24.95 online. Transaction ID: \"5t5qadc0\"','processing','2019-01-15 21:46:11','invoice'),(22,27,NULL,0,'Captured amount of $24.95 online. Transaction ID: \"kxm7cd2q\"','processing','2019-01-15 22:03:07','invoice');

--
-- Table structure for table `sales_order_status_label`
--

CREATE TABLE `sales_order_status_label` (
  `status` varchar(32) NOT NULL COMMENT 'Status',
  `store_id` smallint(5) unsigned NOT NULL COMMENT 'Store Id',
  `label` varchar(128) NOT NULL COMMENT 'Label',
  PRIMARY KEY (`status`,`store_id`),
  KEY `SALES_ORDER_STATUS_LABEL_STORE_ID` (`store_id`),
  CONSTRAINT `SALES_ORDER_STATUS_LABEL_STATUS_SALES_ORDER_STATUS_STATUS` FOREIGN KEY (`status`) REFERENCES `sales_order_status` (`status`) ON DELETE CASCADE,
  CONSTRAINT `SALES_ORDER_STATUS_LABEL_STORE_ID_STORE_STORE_ID` FOREIGN KEY (`store_id`) REFERENCES `store` (`store_id`) ON DELETE CASCADE
) ENGINE=InnoDB DEFAULT CHARSET=utf8 COMMENT='Sales Order Status Label Table';

--
-- Dumping data for table `sales_order_status_label`
--


--
-- Table structure for table `sales_order_status_state`
--

CREATE TABLE `sales_order_status_state` (
  `status` varchar(32) NOT NULL COMMENT 'Status',
  `state` varchar(32) NOT NULL COMMENT 'Label',
  `is_default` smallint(5) unsigned NOT NULL DEFAULT '0' COMMENT 'Is Default',
  `visible_on_front` smallint(5) unsigned NOT NULL DEFAULT '0' COMMENT 'Visible on front',
  PRIMARY KEY (`status`,`state`),
  CONSTRAINT `SALES_ORDER_STATUS_STATE_STATUS_SALES_ORDER_STATUS_STATUS` FOREIGN KEY (`status`) REFERENCES `sales_order_status` (`status`) ON DELETE CASCADE
) ENGINE=InnoDB DEFAULT CHARSET=utf8 COMMENT='Sales Order Status Table';

--
-- Dumping data for table `sales_order_status_state`
--

INSERT INTO `sales_order_status_state` VALUES ('canceled','canceled',1,1),('closed','closed',1,1),('complete','complete',1,1),('fraud','payment_review',0,1),('fraud','processing',0,1),('holded','holded',1,1),('payment_review','payment_review',1,1),('pending','new',1,1),('pending_payment','pending_payment',1,0),('processing','processing',1,1);

--
-- Table structure for table `sales_order_tax`
--

